[INFO] fetching crate singe-cufft 0.1.0-alpha.7...
[INFO] testing singe-cufft-0.1.0-alpha.7 against 1.100.0-beta.1+cargoflags=--release for beta-release-1.100-2
[INFO] extracting crate singe-cufft 0.1.0-alpha.7 into /workspace/builds/worker-4-tc2/source
[INFO] started tweaking crates.io crate singe-cufft 0.1.0-alpha.7
[INFO] removed 0 missing examples
[INFO] finished tweaking crates.io crate singe-cufft 0.1.0-alpha.7
[INFO] tweaked toml for crates.io crate singe-cufft 0.1.0-alpha.7 written to /workspace/builds/worker-4-tc2/source/Cargo.toml
[INFO] validating manifest of crates.io crate singe-cufft 0.1.0-alpha.7 on toolchain 1.100.0-beta.1
[INFO] running `Command { std: CARGO_HOME="/workspace/cargo-home" RUSTUP_HOME="/workspace/rustup-home" "/workspace/cargo-home/bin/cargo" "+1.100.0-beta.1" "metadata" "--manifest-path" "Cargo.toml" "--no-deps", kill_on_drop: false }`
[INFO] crate crates.io crate singe-cufft 0.1.0-alpha.7 already has a lockfile, it will not be regenerated
[INFO] running `Command { std: CARGO_HOME="/workspace/cargo-home" RUSTUP_HOME="/workspace/rustup-home" "/workspace/cargo-home/bin/cargo" "+1.100.0-beta.1" "fetch" "--manifest-path" "Cargo.toml", kill_on_drop: false }`
[INFO] running `Command { std: "docker" "create" "-v" "/var/lib/crater-agent-workspace/builds/worker-4-tc2/source:/opt/rustwide/workdir:ro,Z" "-v" "/var/lib/crater-agent-workspace/builds/worker-4-tc2/target:/opt/rustwide/target:rw,Z" "-v" "/var/lib/crater-agent-workspace/cargo-home:/opt/rustwide/cargo-home:ro,Z" "-v" "/var/lib/crater-agent-workspace/rustup-home:/opt/rustwide/rustup-home:ro,Z" "-m" "1610612736" "--network" "none" "ghcr.io/rust-lang/crates-build-env/linux@sha256:77db811e55d90add9212f6832c23229e3de5f1c1f9905e8cb07319ea15df73ac" "sleep" "infinity", kill_on_drop: false }`
[INFO] [stdout] b3d5f33c86b5b9d1423f45939298741edd32639753ccd3366f06a325f2e0f1d9
[INFO] running `Command { std: "docker" "start" "b3d5f33c86b5b9d1423f45939298741edd32639753ccd3366f06a325f2e0f1d9", kill_on_drop: false }`
[INFO] running `Command { std: "docker" "inspect" "b3d5f33c86b5b9d1423f45939298741edd32639753ccd3366f06a325f2e0f1d9", kill_on_drop: false }`
[INFO] running `Command { std: "docker" "exec" "-e" "SOURCE_DIR=/opt/rustwide/workdir" "-e" "CARGO_HOME=/opt/rustwide/cargo-home" "-e" "RUSTUP_HOME=/opt/rustwide/rustup-home" "-e" "CARGO_TARGET_DIR=/opt/rustwide/target" "-w" "/opt/rustwide/workdir" "--user" "0:0" "b3d5f33c86b5b9d1423f45939298741edd32639753ccd3366f06a325f2e0f1d9" "/opt/rustwide/cargo-home/bin/cargo" "+1.100.0-beta.1" "metadata" "--no-deps" "--format-version=1", kill_on_drop: false }`
[INFO] running `Command { std: "docker" "inspect" "b3d5f33c86b5b9d1423f45939298741edd32639753ccd3366f06a325f2e0f1d9", kill_on_drop: false }`
[INFO] running `Command { std: "docker" "exec" "-e" "SOURCE_DIR=/opt/rustwide/workdir" "-e" "CARGO_HOME=/opt/rustwide/cargo-home" "-e" "RUSTUP_HOME=/opt/rustwide/rustup-home" "-e" "CARGO_TARGET_DIR=/opt/rustwide/target" "-e" "CARGO_INCREMENTAL=0" "-e" "RUST_BACKTRACE=full" "-e" "RUSTFLAGS=--cap-lints=warn" "-e" "RUSTDOCFLAGS=--cap-lints=warn" "-w" "/opt/rustwide/workdir" "--user" "0:0" "b3d5f33c86b5b9d1423f45939298741edd32639753ccd3366f06a325f2e0f1d9" "/opt/rustwide/cargo-home/bin/cargo" "+1.100.0-beta.1" "build" "--frozen" "--message-format=json" "--release", kill_on_drop: false }`
[INFO] [stderr]    Compiling quote v1.0.46
[INFO] [stderr]    Compiling memchr v2.8.2
[INFO] [stderr]    Compiling regex-syntax v0.8.11
[INFO] [stderr]    Compiling glob v0.3.3
[INFO] [stderr]    Compiling winnow v1.0.3
[INFO] [stderr]    Compiling serde_json v1.0.150
[INFO] [stderr]    Compiling toml_datetime v1.1.1+spec-1.1.0
[INFO] [stderr]    Compiling cc v1.2.64
[INFO] [stderr]    Compiling tree-sitter-language v0.1.7
[INFO] [stderr]    Compiling serde_core v1.0.228
[INFO] [stderr]    Compiling hybrid-array v0.4.12
[INFO] [stderr]    Compiling num-traits v0.2.19
[INFO] [stderr]    Compiling zerocopy v0.8.52
[INFO] [stderr]    Compiling thiserror v2.0.18
[INFO] [stderr]    Compiling streaming-iterator v0.1.9
[INFO] [stderr]    Compiling hex v0.4.3
[INFO] [stderr]    Compiling bitflags v2.13.0
[INFO] [stderr]    Compiling syn v2.0.118
[INFO] [stderr]    Compiling aho-corasick v1.1.4
[INFO] [stderr]    Compiling crypto-common v0.2.2
[INFO] [stderr]    Compiling block-buffer v0.12.1
[INFO] [stderr]    Compiling tree-sitter-c v0.24.2
[INFO] [stderr]    Compiling toml_parser v1.1.2+spec-1.1.0
[INFO] [stderr]    Compiling num-complex v0.4.6
[INFO] [stderr]    Compiling toml_edit v0.25.12+spec-1.1.0
[INFO] [stderr]    Compiling digest v0.11.3
[INFO] [stderr]    Compiling sha2 v0.11.0
[INFO] [stderr]    Compiling proc-macro-crate v3.5.0
[INFO] [stderr]    Compiling regex-automata v0.4.14
[INFO] [stderr]    Compiling tree-sitter v0.26.9
[INFO] [stderr]    Compiling thiserror-impl v2.0.18
[INFO] [stderr]    Compiling num_enum_derive v0.7.6
[INFO] [stderr]    Compiling zerocopy-derive v0.8.52
[INFO] [stderr]    Compiling serde_derive v1.0.228
[INFO] [stderr]    Compiling num_enum v0.7.6
[INFO] [stderr]    Compiling regex v1.12.4
[INFO] [stderr]    Compiling singe-cuda-find v0.1.0-alpha.8
[INFO] [stderr]    Compiling serde v1.0.228
[INFO] [stderr]    Compiling singe-cuda-sys v0.1.0-alpha.8
[INFO] [stderr]    Compiling singe-cufft-sys v0.1.0-alpha.7
[INFO] [stderr]    Compiling singe-cuda-macros v0.1.0-alpha.9
[INFO] [stderr]    Compiling singe-core v0.1.0-alpha.7
[INFO] [stderr]    Compiling half v2.7.1
[INFO] [stderr]    Compiling singe-cuda v0.1.0-alpha.9
[INFO] [stderr]    Compiling singe-cufft v0.1.0-alpha.7 (/opt/rustwide/workdir)
[INFO] [stdout] warning: unused variable: `err`
[INFO] [stdout]    --> src/plan.rs:972:20
[INFO] [stdout]     |
[INFO] [stdout] 972 |         if let Err(err) = self.cuda_ctx.bind() {
[INFO] [stdout]     |                    ^^^ help: if this is intentional, prefix it with an underscore: `_err`
[INFO] [stdout]     |
[INFO] [stdout]     = note: `#[warn(unused_variables)]` (part of `#[warn(unused)]`) on by default
[INFO] [stdout] 
[INFO] [stdout] 
[INFO] [stdout] warning: unused variable: `err`
[INFO] [stdout]    --> src/plan.rs:978:24
[INFO] [stdout]     |
[INFO] [stdout] 978 |             if let Err(err) = try_ffi!(sys::cufftDestroy(self.raw)) {
[INFO] [stdout]     |                        ^^^ help: if this is intentional, prefix it with an underscore: `_err`
[INFO] [stdout] 
[INFO] [stdout] 
[INFO] [stderr]     Finished `release` profile [optimized] target(s) in 33.82s
[INFO] running `Command { std: "docker" "inspect" "b3d5f33c86b5b9d1423f45939298741edd32639753ccd3366f06a325f2e0f1d9", kill_on_drop: false }`
[INFO] running `Command { std: "docker" "exec" "-e" "SOURCE_DIR=/opt/rustwide/workdir" "-e" "CARGO_HOME=/opt/rustwide/cargo-home" "-e" "RUSTUP_HOME=/opt/rustwide/rustup-home" "-e" "CARGO_TARGET_DIR=/opt/rustwide/target" "-e" "CARGO_INCREMENTAL=0" "-e" "RUST_BACKTRACE=full" "-e" "RUSTFLAGS=--cap-lints=warn" "-e" "RUSTDOCFLAGS=--cap-lints=warn" "-w" "/opt/rustwide/workdir" "--user" "0:0" "b3d5f33c86b5b9d1423f45939298741edd32639753ccd3366f06a325f2e0f1d9" "/opt/rustwide/cargo-home/bin/cargo" "+1.100.0-beta.1" "test" "--frozen" "--no-run" "--message-format=json" "--release", kill_on_drop: false }`
[INFO] [stderr]    Compiling singe-cufft v0.1.0-alpha.7 (/opt/rustwide/workdir)
[INFO] [stdout] warning: unused variable: `err`
[INFO] [stdout]    --> src/plan.rs:972:20
[INFO] [stdout]     |
[INFO] [stdout] 972 |         if let Err(err) = self.cuda_ctx.bind() {
[INFO] [stdout]     |                    ^^^ help: if this is intentional, prefix it with an underscore: `_err`
[INFO] [stdout]     |
[INFO] [stdout]     = note: `#[warn(unused_variables)]` (part of `#[warn(unused)]`) on by default
[INFO] [stdout] 
[INFO] [stdout] 
[INFO] [stdout] warning: unused variable: `err`
[INFO] [stdout]    --> src/plan.rs:978:24
[INFO] [stdout]     |
[INFO] [stdout] 978 |             if let Err(err) = try_ffi!(sys::cufftDestroy(self.raw)) {
[INFO] [stdout]     |                        ^^^ help: if this is intentional, prefix it with an underscore: `_err`
[INFO] [stdout] 
[INFO] [stdout] 
[INFO] [stdout] warning: unused variable: `err`
[INFO] [stdout]    --> src/plan.rs:972:20
[INFO] [stdout]     |
[INFO] [stdout] 972 |         if let Err(err) = self.cuda_ctx.bind() {
[INFO] [stdout]     |                    ^^^ help: if this is intentional, prefix it with an underscore: `_err`
[INFO] [stdout]     |
[INFO] [stdout]     = note: `#[warn(unused_variables)]` (part of `#[warn(unused)]`) on by default
[INFO] [stdout] 
[INFO] [stdout] 
[INFO] [stdout] warning: unused variable: `err`
[INFO] [stdout]    --> src/plan.rs:978:24
[INFO] [stdout]     |
[INFO] [stdout] 978 |             if let Err(err) = try_ffi!(sys::cufftDestroy(self.raw)) {
[INFO] [stdout]     |                        ^^^ help: if this is intentional, prefix it with an underscore: `_err`
[INFO] [stdout] 
[INFO] [stdout] 
[INFO] [stdout] error: linking with `cc` failed: exit status: 1
[INFO] [stdout]   |
[INFO] [stdout]   = note:  "cc" "-m64" "/opt/rustwide/target/release/build/singe-cufft/6553bfd8d43395a0/out/rustczJDp5W/symbols.o" "<2 object files omitted>" "-Wl,--as-needed" "-Wl,-Bstatic" "/opt/rustwide/target/release/build/singe-cufft/1d18ba9ceb5d4fb1/out/libsinge_cufft-1d18ba9ceb5d4fb1.rlib" "/opt/rustwide/target/release/build/singe-cufft-sys/2b04048d442321a6/out/libsinge_cufft_sys-2b04048d442321a6.rlib" "/opt/rustwide/target/release/build/singe-cuda/622da33d03318b25/out/libsinge_cuda-622da33d03318b25.rlib" "/opt/rustwide/target/release/build/bitflags/3abca287fbc4cbf7/out/libbitflags-3abca287fbc4cbf7.rlib" "/opt/rustwide/target/release/build/half/1d7f9d2d2d955cb7/out/libhalf-1d7f9d2d2d955cb7.rlib" "/opt/rustwide/target/release/build/cfg-if/6d8dca19095bb388/out/libcfg_if-6d8dca19095bb388.rlib" "/opt/rustwide/target/release/build/zerocopy/d3fa1240f3fd7784/out/libzerocopy-d3fa1240f3fd7784.rlib" "/opt/rustwide/target/release/build/num-complex/c31e23f5a6f3b189/out/libnum_complex-c31e23f5a6f3b189.rlib" "/opt/rustwide/target/release/build/num-traits/51d4000f8725f0a1/out/libnum_traits-51d4000f8725f0a1.rlib" "/opt/rustwide/target/release/build/thiserror/c9bbc62fd1b3cc2d/out/libthiserror-c9bbc62fd1b3cc2d.rlib" "/opt/rustwide/target/release/build/singe-core/aab9b779d8d20b5b/out/libsinge_core-aab9b779d8d20b5b.rlib" "/opt/rustwide/target/release/build/serde/51fb0f07070b6e7f/out/libserde-51fb0f07070b6e7f.rlib" "/opt/rustwide/target/release/build/serde_core/fc2e9ba380840c21/out/libserde_core-fc2e9ba380840c21.rlib" "/opt/rustwide/target/release/build/singe-cuda-sys/d131b48a871b3a82/out/libsinge_cuda_sys-d131b48a871b3a82.rlib" "/opt/rustwide/target/release/build/num_enum/77dd40eb9d12a84d/out/libnum_enum-77dd40eb9d12a84d.rlib" "<sysroot>/lib/rustlib/x86_64-unknown-linux-gnu/lib/{libstd-*,libpanic_unwind-*,libobject-*,libmemchr-*,libaddr2line-*,libgimli-*,libcfg_if-*,librustc_demangle-*,libstd_detect-*,libhashbrown-*,librustc_std_workspace_alloc-*,libminiz_oxide-*,libadler2-*,libunwind-*,liblibc-*,librustc_std_workspace_core-*,liballoc-*,libcore-*,libcompiler_builtins-*}.rlib" "-Wl,-Bdynamic" "-lgcc_s" "-lutil" "-lrt" "-lpthread" "-lm" "-ldl" "-lc" "-L" "/opt/rustwide/target/release/build/singe-cufft/6553bfd8d43395a0/out/rustczJDp5W/raw-dylibs" "-B<sysroot>/lib/rustlib/x86_64-unknown-linux-gnu/bin/gcc-ld" "-fuse-ld=lld" "-Wl,--eh-frame-hdr" "-Wl,-z,noexecstack" "-L" "<sysroot>/lib/rustlib/x86_64-unknown-linux-gnu/lib" "-o" "/opt/rustwide/target/release/build/singe-cufft/6553bfd8d43395a0/out/one_dimensional_c2c" "-Wl,--gc-sections" "-pie" "-Wl,-z,relro,-z,now" "-Wl,-O1" "-Wl,--strip-debug" "-nodefaultlibs"
[INFO] [stdout]   = note: some arguments are omitted. use `--verbose` to show all linker arguments
[INFO] [stdout]   = note: rust-lld: error: undefined symbol: cudaFree
[INFO] [stdout]           >>> referenced by one_dimensional_c2c.9f4cba32f3ca6775-cgu.0
[INFO] [stdout]           >>>               /opt/rustwide/target/release/build/singe-cufft/6553bfd8d43395a0/out/one_dimensional_c2c.one_dimensional_c2c.9f4cba32f3ca6775-cgu.0.rcgu.o:(core::ptr::drop_glue::<singe_cuda::memory::DeviceMemory<num_complex::Complex<f32>>>)
[INFO] [stdout]           >>> referenced by one_dimensional_c2c.9f4cba32f3ca6775-cgu.0
[INFO] [stdout]           >>>               /opt/rustwide/target/release/build/singe-cufft/6553bfd8d43395a0/out/one_dimensional_c2c.one_dimensional_c2c.9f4cba32f3ca6775-cgu.0.rcgu.o:(one_dimensional_c2c::main)
[INFO] [stdout]           >>> referenced by one_dimensional_c2c.9f4cba32f3ca6775-cgu.0
[INFO] [stdout]           >>>               /opt/rustwide/target/release/build/singe-cufft/6553bfd8d43395a0/out/one_dimensional_c2c.one_dimensional_c2c.9f4cba32f3ca6775-cgu.0.rcgu.o:(one_dimensional_c2c::main)
[INFO] [stdout]           
[INFO] [stdout]           rust-lld: error: undefined symbol: cufftDestroy
[INFO] [stdout]           >>> referenced by singe_cufft.d83c94ef8d16ff9d-cgu.0
[INFO] [stdout]           >>>               singe_cufft-1d18ba9ceb5d4fb1.singe_cufft.d83c94ef8d16ff9d-cgu.0.rcgu.o:(core::ptr::drop_glue::<singe_cufft::plan::Plan>) in archive /opt/rustwide/target/release/build/singe-cufft/1d18ba9ceb5d4fb1/out/libsinge_cufft-1d18ba9ceb5d4fb1.rlib
[INFO] [stdout]           >>> referenced by singe_cufft.d83c94ef8d16ff9d-cgu.0
[INFO] [stdout]           >>>               singe_cufft-1d18ba9ceb5d4fb1.singe_cufft.d83c94ef8d16ff9d-cgu.0.rcgu.o:(<singe_cufft::plan::Handle as core::ops::drop::Drop>::drop) in archive /opt/rustwide/target/release/build/singe-cufft/1d18ba9ceb5d4fb1/out/libsinge_cufft-1d18ba9ceb5d4fb1.rlib
[INFO] [stdout]           
[INFO] [stdout]           rust-lld: error: undefined symbol: cufftSetStream
[INFO] [stdout]           >>> referenced by singe_cufft.d83c94ef8d16ff9d-cgu.0
[INFO] [stdout]           >>>               singe_cufft-1d18ba9ceb5d4fb1.singe_cufft.d83c94ef8d16ff9d-cgu.0.rcgu.o:(<singe_cufft::plan::Plan>::with_stream) in archive /opt/rustwide/target/release/build/singe-cufft/1d18ba9ceb5d4fb1/out/libsinge_cufft-1d18ba9ceb5d4fb1.rlib
[INFO] [stdout]           >>> referenced by singe_cufft.d83c94ef8d16ff9d-cgu.0
[INFO] [stdout]           >>>               singe_cufft-1d18ba9ceb5d4fb1.singe_cufft.d83c94ef8d16ff9d-cgu.0.rcgu.o:(<singe_cufft::plan::Plan>::with_stream) in archive /opt/rustwide/target/release/build/singe-cufft/1d18ba9ceb5d4fb1/out/libsinge_cufft-1d18ba9ceb5d4fb1.rlib
[INFO] [stdout]           
[INFO] [stdout]           rust-lld: error: undefined symbol: cudaMalloc
[INFO] [stdout]           >>> referenced by one_dimensional_c2c.9f4cba32f3ca6775-cgu.0
[INFO] [stdout]           >>>               /opt/rustwide/target/release/build/singe-cufft/6553bfd8d43395a0/out/one_dimensional_c2c.one_dimensional_c2c.9f4cba32f3ca6775-cgu.0.rcgu.o:(one_dimensional_c2c::main)
[INFO] [stdout]           
[INFO] [stdout]           rust-lld: error: undefined symbol: cufftExecC2C
[INFO] [stdout]           >>> referenced by singe_cufft.d83c94ef8d16ff9d-cgu.0
[INFO] [stdout]           >>>               singe_cufft-1d18ba9ceb5d4fb1.singe_cufft.d83c94ef8d16ff9d-cgu.0.rcgu.o:(<singe_cufft::plan::Plan>::execute_c2c_f32_in_place) in archive /opt/rustwide/target/release/build/singe-cufft/1d18ba9ceb5d4fb1/out/libsinge_cufft-1d18ba9ceb5d4fb1.rlib
[INFO] [stdout]           
[INFO] [stdout]           rust-lld: error: undefined symbol: cudaMemcpy
[INFO] [stdout]           >>> referenced by one_dimensional_c2c.9f4cba32f3ca6775-cgu.0
[INFO] [stdout]           >>>               /opt/rustwide/target/release/build/singe-cufft/6553bfd8d43395a0/out/one_dimensional_c2c.one_dimensional_c2c.9f4cba32f3ca6775-cgu.0.rcgu.o:(one_dimensional_c2c::main)
[INFO] [stdout]           >>> referenced by one_dimensional_c2c.9f4cba32f3ca6775-cgu.0
[INFO] [stdout]           >>>               /opt/rustwide/target/release/build/singe-cufft/6553bfd8d43395a0/out/one_dimensional_c2c.one_dimensional_c2c.9f4cba32f3ca6775-cgu.0.rcgu.o:(<singe_cuda::memory::DeviceMemory<num_complex::Complex<f32>>>::copy_to_host_vec)
[INFO] [stdout]           
[INFO] [stdout]           rust-lld: error: undefined symbol: cufftMakePlan1d
[INFO] [stdout]           >>> referenced by singe_cufft.d83c94ef8d16ff9d-cgu.0
[INFO] [stdout]           >>>               singe_cufft-1d18ba9ceb5d4fb1.singe_cufft.d83c94ef8d16ff9d-cgu.0.rcgu.o:(<singe_cufft::plan::Plan>::plan_1d) in archive /opt/rustwide/target/release/build/singe-cufft/1d18ba9ceb5d4fb1/out/libsinge_cufft-1d18ba9ceb5d4fb1.rlib
[INFO] [stdout]           
[INFO] [stdout]           rust-lld: error: undefined symbol: cufftMakePlan2d
[INFO] [stdout]           >>> referenced by singe_cufft.d83c94ef8d16ff9d-cgu.0
[INFO] [stdout]           >>>               singe_cufft-1d18ba9ceb5d4fb1.singe_cufft.d83c94ef8d16ff9d-cgu.0.rcgu.o:(<singe_cufft::plan::Plan>::plan_2d) in archive /opt/rustwide/target/release/build/singe-cufft/1d18ba9ceb5d4fb1/out/libsinge_cufft-1d18ba9ceb5d4fb1.rlib
[INFO] [stdout]           
[INFO] [stdout]           rust-lld: error: undefined symbol: cufftMakePlan3d
[INFO] [stdout]           >>> referenced by singe_cufft.d83c94ef8d16ff9d-cgu.0
[INFO] [stdout]           >>>               singe_cufft-1d18ba9ceb5d4fb1.singe_cufft.d83c94ef8d16ff9d-cgu.0.rcgu.o:(<singe_cufft::plan::Plan>::plan_3d) in archive /opt/rustwide/target/release/build/singe-cufft/1d18ba9ceb5d4fb1/out/libsinge_cufft-1d18ba9ceb5d4fb1.rlib
[INFO] [stdout]           
[INFO] [stdout]           rust-lld: error: undefined symbol: cufftMakePlanMany64
[INFO] [stdout]           >>> referenced by singe_cufft.d83c94ef8d16ff9d-cgu.0
[INFO] [stdout]           >>>               singe_cufft-1d18ba9ceb5d4fb1.singe_cufft.d83c94ef8d16ff9d-cgu.0.rcgu.o:(<singe_cufft::plan::Plan>::plan_many) in archive /opt/rustwide/target/release/build/singe-cufft/1d18ba9ceb5d4fb1/out/libsinge_cufft-1d18ba9ceb5d4fb1.rlib
[INFO] [stdout]           
[INFO] [stdout]           rust-lld: error: undefined symbol: cufftMakePlanMany
[INFO] [stdout]           >>> referenced by singe_cufft.d83c94ef8d16ff9d-cgu.0
[INFO] [stdout]           >>>               singe_cufft-1d18ba9ceb5d4fb1.singe_cufft.d83c94ef8d16ff9d-cgu.0.rcgu.o:(<singe_cufft::plan::Plan>::plan_many) in archive /opt/rustwide/target/release/build/singe-cufft/1d18ba9ceb5d4fb1/out/libsinge_cufft-1d18ba9ceb5d4fb1.rlib
[INFO] [stdout]           
[INFO] [stdout]           rust-lld: error: undefined symbol: cufftCreate
[INFO] [stdout]           >>> referenced by singe_cufft.d83c94ef8d16ff9d-cgu.0
[INFO] [stdout]           >>>               singe_cufft-1d18ba9ceb5d4fb1.singe_cufft.d83c94ef8d16ff9d-cgu.0.rcgu.o:(<singe_cufft::plan::PlanBuilder>::create) in archive /opt/rustwide/target/release/build/singe-cufft/1d18ba9ceb5d4fb1/out/libsinge_cufft-1d18ba9ceb5d4fb1.rlib
[INFO] [stdout]           
[INFO] [stdout]           rust-lld: error: undefined symbol: cuCtxGetCurrent
[INFO] [stdout]           >>> referenced by singe_cuda.fdc60bca2d7f1db3-cgu.06
[INFO] [stdout]           >>>               singe_cuda-622da33d03318b25.singe_cuda.fdc60bca2d7f1db3-cgu.06.rcgu.o:(<singe_cuda::stream::Stream>::synchronize) in archive /opt/rustwide/target/release/build/singe-cuda/622da33d03318b25/out/libsinge_cuda-622da33d03318b25.rlib
[INFO] [stdout]           >>> referenced by singe_cuda.fdc60bca2d7f1db3-cgu.06
[INFO] [stdout]           >>>               singe_cuda-622da33d03318b25.singe_cuda.fdc60bca2d7f1db3-cgu.06.rcgu.o:(<singe_cuda::stream::Stream>::destroy_handle (.llvm.4562600562327778610)) in archive /opt/rustwide/target/release/build/singe-cuda/622da33d03318b25/out/libsinge_cuda-622da33d03318b25.rlib
[INFO] [stdout]           >>> referenced by singe_cuda.fdc60bca2d7f1db3-cgu.07
[INFO] [stdout]           >>>               singe_cuda-622da33d03318b25.singe_cuda.fdc60bca2d7f1db3-cgu.07.rcgu.o:(<singe_cuda::context::Context>::bind) in archive /opt/rustwide/target/release/build/singe-cuda/622da33d03318b25/out/libsinge_cuda-622da33d03318b25.rlib
[INFO] [stdout]           >>> referenced 1 more times
[INFO] [stdout]           
[INFO] [stdout]           rust-lld: error: undefined symbol: cuCtxSetCurrent
[INFO] [stdout]           >>> referenced by singe_cuda.fdc60bca2d7f1db3-cgu.06
[INFO] [stdout]           >>>               singe_cuda-622da33d03318b25.singe_cuda.fdc60bca2d7f1db3-cgu.06.rcgu.o:(<singe_cuda::stream::Stream>::synchronize) in archive /opt/rustwide/target/release/build/singe-cuda/622da33d03318b25/out/libsinge_cuda-622da33d03318b25.rlib
[INFO] [stdout]           >>> referenced by singe_cuda.fdc60bca2d7f1db3-cgu.06
[INFO] [stdout]           >>>               singe_cuda-622da33d03318b25.singe_cuda.fdc60bca2d7f1db3-cgu.06.rcgu.o:(<singe_cuda::stream::Stream>::destroy_handle (.llvm.4562600562327778610)) in archive /opt/rustwide/target/release/build/singe-cuda/622da33d03318b25/out/libsinge_cuda-622da33d03318b25.rlib
[INFO] [stdout]           >>> referenced by singe_cuda.fdc60bca2d7f1db3-cgu.07
[INFO] [stdout]           >>>               singe_cuda-622da33d03318b25.singe_cuda.fdc60bca2d7f1db3-cgu.07.rcgu.o:(<singe_cuda::context::Context>::bind) in archive /opt/rustwide/target/release/build/singe-cuda/622da33d03318b25/out/libsinge_cuda-622da33d03318b25.rlib
[INFO] [stdout]           >>> referenced 1 more times
[INFO] [stdout]           
[INFO] [stdout]           rust-lld: error: undefined symbol: cudaStreamSynchronize
[INFO] [stdout]           >>> referenced by singe_cuda.fdc60bca2d7f1db3-cgu.06
[INFO] [stdout]           >>>               singe_cuda-622da33d03318b25.singe_cuda.fdc60bca2d7f1db3-cgu.06.rcgu.o:(<singe_cuda::stream::Stream>::synchronize) in archive /opt/rustwide/target/release/build/singe-cuda/622da33d03318b25/out/libsinge_cuda-622da33d03318b25.rlib
[INFO] [stdout]           >>> referenced by singe_cuda.fdc60bca2d7f1db3-cgu.06
[INFO] [stdout]           >>>               singe_cuda-622da33d03318b25.singe_cuda.fdc60bca2d7f1db3-cgu.06.rcgu.o:(<singe_cuda::stream::Stream>::destroy_handle (.llvm.4562600562327778610)) in archive /opt/rustwide/target/release/build/singe-cuda/622da33d03318b25/out/libsinge_cuda-622da33d03318b25.rlib
[INFO] [stdout]           
[INFO] [stdout]           rust-lld: error: undefined symbol: cudaStreamDestroy
[INFO] [stdout]           >>> referenced by singe_cuda.fdc60bca2d7f1db3-cgu.06
[INFO] [stdout]           >>>               singe_cuda-622da33d03318b25.singe_cuda.fdc60bca2d7f1db3-cgu.06.rcgu.o:(<singe_cuda::stream::Stream>::destroy_handle (.llvm.4562600562327778610)) in archive /opt/rustwide/target/release/build/singe-cuda/622da33d03318b25/out/libsinge_cuda-622da33d03318b25.rlib
[INFO] [stdout]           >>> referenced by singe_cuda.fdc60bca2d7f1db3-cgu.06
[INFO] [stdout]           >>>               singe_cuda-622da33d03318b25.singe_cuda.fdc60bca2d7f1db3-cgu.06.rcgu.o:(<singe_cuda::stream::Stream>::destroy_handle (.llvm.4562600562327778610)) in archive /opt/rustwide/target/release/build/singe-cuda/622da33d03318b25/out/libsinge_cuda-622da33d03318b25.rlib
[INFO] [stdout]           >>> referenced by singe_cuda.fdc60bca2d7f1db3-cgu.06
[INFO] [stdout]           >>>               singe_cuda-622da33d03318b25.singe_cuda.fdc60bca2d7f1db3-cgu.06.rcgu.o:(<singe_cuda::stream::Stream>::destroy_handle (.llvm.4562600562327778610)) in archive /opt/rustwide/target/release/build/singe-cuda/622da33d03318b25/out/libsinge_cuda-622da33d03318b25.rlib
[INFO] [stdout]           
[INFO] [stdout]           rust-lld: error: undefined symbol: cuInit
[INFO] [stdout]           >>> referenced by singe_cuda.fdc60bca2d7f1db3-cgu.07
[INFO] [stdout]           >>>               singe_cuda-622da33d03318b25.singe_cuda.fdc60bca2d7f1db3-cgu.07.rcgu.o:(<singe_cuda::context::Context>::create_for_device_with_flags) in archive /opt/rustwide/target/release/build/singe-cuda/622da33d03318b25/out/libsinge_cuda-622da33d03318b25.rlib
[INFO] [stdout]           
[INFO] [stdout]           rust-lld: error: undefined symbol: cuCtxCreate_v4
[INFO] [stdout]           >>> referenced by singe_cuda.fdc60bca2d7f1db3-cgu.07
[INFO] [stdout]           >>>               singe_cuda-622da33d03318b25.singe_cuda.fdc60bca2d7f1db3-cgu.07.rcgu.o:(<singe_cuda::context::Context>::create_for_device_with_flags) in archive /opt/rustwide/target/release/build/singe-cuda/622da33d03318b25/out/libsinge_cuda-622da33d03318b25.rlib
[INFO] [stdout]           
[INFO] [stdout]           rust-lld: error: undefined symbol: cudaStreamCreateWithFlags
[INFO] [stdout]           >>> referenced by singe_cuda.fdc60bca2d7f1db3-cgu.07
[INFO] [stdout]           >>>               singe_cuda-622da33d03318b25.singe_cuda.fdc60bca2d7f1db3-cgu.07.rcgu.o:(<singe_cuda::context::Context>::create_stream_with_flags) in archive /opt/rustwide/target/release/build/singe-cuda/622da33d03318b25/out/libsinge_cuda-622da33d03318b25.rlib
[INFO] [stdout]           
[INFO] [stdout]           rust-lld: error: undefined symbol: cuDevicePrimaryCtxRelease_v2
[INFO] [stdout]           >>> referenced by singe_cuda.fdc60bca2d7f1db3-cgu.07
[INFO] [stdout]           >>>               singe_cuda-622da33d03318b25.singe_cuda.fdc60bca2d7f1db3-cgu.07.rcgu.o:(<singe_cuda::context::Context as core::ops::drop::Drop>::drop) in archive /opt/rustwide/target/release/build/singe-cuda/622da33d03318b25/out/libsinge_cuda-622da33d03318b25.rlib
[INFO] [stdout]           
[INFO] [stdout]           rust-lld: error: too many errors emitted, stopping now (use --error-limit=0 to see all errors)
[INFO] [stdout]           collect2: error: ld returned 1 exit status
[INFO] [stdout]           
[INFO] [stdout] 
[INFO] [stdout] 
[INFO] [stderr] error: could not compile `singe-cufft` (example "one_dimensional_c2c") due to 1 previous error
[INFO] [stderr] warning: build failed, waiting for other jobs to finish...
[INFO] [stdout] error: linking with `cc` failed: exit status: 1
[INFO] [stdout]   |
[INFO] [stdout]   = note:  "cc" "-m64" "/opt/rustwide/target/release/build/singe-cufft/502041ee7f21fb82/out/rustcaiyKZn/symbols.o" "<2 object files omitted>" "-Wl,--as-needed" "-Wl,-Bstatic" "/opt/rustwide/target/release/build/singe-cufft/1d18ba9ceb5d4fb1/out/libsinge_cufft-1d18ba9ceb5d4fb1.rlib" "/opt/rustwide/target/release/build/singe-cufft-sys/2b04048d442321a6/out/libsinge_cufft_sys-2b04048d442321a6.rlib" "/opt/rustwide/target/release/build/singe-cuda/622da33d03318b25/out/libsinge_cuda-622da33d03318b25.rlib" "/opt/rustwide/target/release/build/bitflags/3abca287fbc4cbf7/out/libbitflags-3abca287fbc4cbf7.rlib" "/opt/rustwide/target/release/build/half/1d7f9d2d2d955cb7/out/libhalf-1d7f9d2d2d955cb7.rlib" "/opt/rustwide/target/release/build/cfg-if/6d8dca19095bb388/out/libcfg_if-6d8dca19095bb388.rlib" "/opt/rustwide/target/release/build/zerocopy/d3fa1240f3fd7784/out/libzerocopy-d3fa1240f3fd7784.rlib" "/opt/rustwide/target/release/build/num-complex/c31e23f5a6f3b189/out/libnum_complex-c31e23f5a6f3b189.rlib" "/opt/rustwide/target/release/build/num-traits/51d4000f8725f0a1/out/libnum_traits-51d4000f8725f0a1.rlib" "/opt/rustwide/target/release/build/thiserror/c9bbc62fd1b3cc2d/out/libthiserror-c9bbc62fd1b3cc2d.rlib" "/opt/rustwide/target/release/build/singe-core/aab9b779d8d20b5b/out/libsinge_core-aab9b779d8d20b5b.rlib" "/opt/rustwide/target/release/build/serde/51fb0f07070b6e7f/out/libserde-51fb0f07070b6e7f.rlib" "/opt/rustwide/target/release/build/serde_core/fc2e9ba380840c21/out/libserde_core-fc2e9ba380840c21.rlib" "/opt/rustwide/target/release/build/singe-cuda-sys/d131b48a871b3a82/out/libsinge_cuda_sys-d131b48a871b3a82.rlib" "/opt/rustwide/target/release/build/num_enum/77dd40eb9d12a84d/out/libnum_enum-77dd40eb9d12a84d.rlib" "<sysroot>/lib/rustlib/x86_64-unknown-linux-gnu/lib/{libstd-*,libpanic_unwind-*,libobject-*,libmemchr-*,libaddr2line-*,libgimli-*,libcfg_if-*,librustc_demangle-*,libstd_detect-*,libhashbrown-*,librustc_std_workspace_alloc-*,libminiz_oxide-*,libadler2-*,libunwind-*,liblibc-*,librustc_std_workspace_core-*,liballoc-*,libcore-*,libcompiler_builtins-*}.rlib" "-Wl,-Bdynamic" "-lgcc_s" "-lutil" "-lrt" "-lpthread" "-lm" "-ldl" "-lc" "-L" "/opt/rustwide/target/release/build/singe-cufft/502041ee7f21fb82/out/rustcaiyKZn/raw-dylibs" "-B<sysroot>/lib/rustlib/x86_64-unknown-linux-gnu/bin/gcc-ld" "-fuse-ld=lld" "-Wl,--eh-frame-hdr" "-Wl,-z,noexecstack" "-L" "<sysroot>/lib/rustlib/x86_64-unknown-linux-gnu/lib" "-o" "/opt/rustwide/target/release/build/singe-cufft/502041ee7f21fb82/out/three_dimensional_c2c" "-Wl,--gc-sections" "-pie" "-Wl,-z,relro,-z,now" "-Wl,-O1" "-Wl,--strip-debug" "-nodefaultlibs"
[INFO] [stdout]   = note: some arguments are omitted. use `--verbose` to show all linker arguments
[INFO] [stdout]   = note: rust-lld: error: undefined symbol: cudaFree
[INFO] [stdout]           >>> referenced by three_dimensional_c2c.3f1d0996d75fed2d-cgu.0
[INFO] [stdout]           >>>               /opt/rustwide/target/release/build/singe-cufft/502041ee7f21fb82/out/three_dimensional_c2c.three_dimensional_c2c.3f1d0996d75fed2d-cgu.0.rcgu.o:(core::ptr::drop_glue::<singe_cuda::memory::DeviceMemory<num_complex::Complex<f32>>>)
[INFO] [stdout]           >>> referenced by three_dimensional_c2c.3f1d0996d75fed2d-cgu.0
[INFO] [stdout]           >>>               /opt/rustwide/target/release/build/singe-cufft/502041ee7f21fb82/out/three_dimensional_c2c.three_dimensional_c2c.3f1d0996d75fed2d-cgu.0.rcgu.o:(three_dimensional_c2c::main)
[INFO] [stdout]           >>> referenced by three_dimensional_c2c.3f1d0996d75fed2d-cgu.0
[INFO] [stdout]           >>>               /opt/rustwide/target/release/build/singe-cufft/502041ee7f21fb82/out/three_dimensional_c2c.three_dimensional_c2c.3f1d0996d75fed2d-cgu.0.rcgu.o:(three_dimensional_c2c::main)
[INFO] [stdout]           
[INFO] [stdout]           rust-lld: error: undefined symbol: cudaMalloc
[INFO] [stdout]           >>> referenced by three_dimensional_c2c.3f1d0996d75fed2d-cgu.0
[INFO] [stdout]           >>>               /opt/rustwide/target/release/build/singe-cufft/502041ee7f21fb82/out/three_dimensional_c2c.three_dimensional_c2c.3f1d0996d75fed2d-cgu.0.rcgu.o:(three_dimensional_c2c::main)
[INFO] [stdout]           
[INFO] [stdout]           rust-lld: error: undefined symbol: cudaMemcpy
[INFO] [stdout]           >>> referenced by three_dimensional_c2c.3f1d0996d75fed2d-cgu.0
[INFO] [stdout]           >>>               /opt/rustwide/target/release/build/singe-cufft/502041ee7f21fb82/out/three_dimensional_c2c.three_dimensional_c2c.3f1d0996d75fed2d-cgu.0.rcgu.o:(three_dimensional_c2c::main)
[INFO] [stdout]           >>> referenced by three_dimensional_c2c.3f1d0996d75fed2d-cgu.0
[INFO] [stdout]           >>>               /opt/rustwide/target/release/build/singe-cufft/502041ee7f21fb82/out/three_dimensional_c2c.three_dimensional_c2c.3f1d0996d75fed2d-cgu.0.rcgu.o:(<singe_cuda::memory::DeviceMemory<num_complex::Complex<f32>>>::copy_to_host_vec)
[INFO] [stdout]           
[INFO] [stdout]           rust-lld: error: undefined symbol: cufftDestroy
[INFO] [stdout]           >>> referenced by singe_cufft.d83c94ef8d16ff9d-cgu.0
[INFO] [stdout]           >>>               singe_cufft-1d18ba9ceb5d4fb1.singe_cufft.d83c94ef8d16ff9d-cgu.0.rcgu.o:(core::ptr::drop_glue::<singe_cufft::plan::Plan>) in archive /opt/rustwide/target/release/build/singe-cufft/1d18ba9ceb5d4fb1/out/libsinge_cufft-1d18ba9ceb5d4fb1.rlib
[INFO] [stdout]           >>> referenced by singe_cufft.d83c94ef8d16ff9d-cgu.0
[INFO] [stdout]           >>>               singe_cufft-1d18ba9ceb5d4fb1.singe_cufft.d83c94ef8d16ff9d-cgu.0.rcgu.o:(<singe_cufft::plan::Handle as core::ops::drop::Drop>::drop) in archive /opt/rustwide/target/release/build/singe-cufft/1d18ba9ceb5d4fb1/out/libsinge_cufft-1d18ba9ceb5d4fb1.rlib
[INFO] [stdout]           
[INFO] [stdout]           rust-lld: error: undefined symbol: cufftSetStream
[INFO] [stdout]           >>> referenced by singe_cufft.d83c94ef8d16ff9d-cgu.0
[INFO] [stdout]           >>>               singe_cufft-1d18ba9ceb5d4fb1.singe_cufft.d83c94ef8d16ff9d-cgu.0.rcgu.o:(<singe_cufft::plan::Plan>::with_stream) in archive /opt/rustwide/target/release/build/singe-cufft/1d18ba9ceb5d4fb1/out/libsinge_cufft-1d18ba9ceb5d4fb1.rlib
[INFO] [stdout]           >>> referenced by singe_cufft.d83c94ef8d16ff9d-cgu.0
[INFO] [stdout]           >>>               singe_cufft-1d18ba9ceb5d4fb1.singe_cufft.d83c94ef8d16ff9d-cgu.0.rcgu.o:(<singe_cufft::plan::Plan>::with_stream) in archive /opt/rustwide/target/release/build/singe-cufft/1d18ba9ceb5d4fb1/out/libsinge_cufft-1d18ba9ceb5d4fb1.rlib
[INFO] [stdout]           
[INFO] [stdout]           rust-lld: error: undefined symbol: cufftExecC2C
[INFO] [stdout]           >>> referenced by singe_cufft.d83c94ef8d16ff9d-cgu.0
[INFO] [stdout]           >>>               singe_cufft-1d18ba9ceb5d4fb1.singe_cufft.d83c94ef8d16ff9d-cgu.0.rcgu.o:(<singe_cufft::plan::Plan>::execute_c2c_f32_in_place) in archive /opt/rustwide/target/release/build/singe-cufft/1d18ba9ceb5d4fb1/out/libsinge_cufft-1d18ba9ceb5d4fb1.rlib
[INFO] [stdout]           
[INFO] [stdout]           rust-lld: error: undefined symbol: cufftMakePlan1d
[INFO] [stdout]           >>> referenced by singe_cufft.d83c94ef8d16ff9d-cgu.0
[INFO] [stdout]           >>>               singe_cufft-1d18ba9ceb5d4fb1.singe_cufft.d83c94ef8d16ff9d-cgu.0.rcgu.o:(<singe_cufft::plan::Plan>::plan_1d) in archive /opt/rustwide/target/release/build/singe-cufft/1d18ba9ceb5d4fb1/out/libsinge_cufft-1d18ba9ceb5d4fb1.rlib
[INFO] [stdout]           
[INFO] [stdout]           rust-lld: error: undefined symbol: cufftMakePlan2d
[INFO] [stdout]           >>> referenced by singe_cufft.d83c94ef8d16ff9d-cgu.0
[INFO] [stdout]           >>>               singe_cufft-1d18ba9ceb5d4fb1.singe_cufft.d83c94ef8d16ff9d-cgu.0.rcgu.o:(<singe_cufft::plan::Plan>::plan_2d) in archive /opt/rustwide/target/release/build/singe-cufft/1d18ba9ceb5d4fb1/out/libsinge_cufft-1d18ba9ceb5d4fb1.rlib
[INFO] [stdout]           
[INFO] [stdout]           rust-lld: error: undefined symbol: cufftMakePlan3d
[INFO] [stdout]           >>> referenced by singe_cufft.d83c94ef8d16ff9d-cgu.0
[INFO] [stdout]           >>>               singe_cufft-1d18ba9ceb5d4fb1.singe_cufft.d83c94ef8d16ff9d-cgu.0.rcgu.o:(<singe_cufft::plan::Plan>::plan_3d) in archive /opt/rustwide/target/release/build/singe-cufft/1d18ba9ceb5d4fb1/out/libsinge_cufft-1d18ba9ceb5d4fb1.rlib
[INFO] [stdout]           
[INFO] [stdout]           rust-lld: error: undefined symbol: cufftMakePlanMany64
[INFO] [stdout]           >>> referenced by singe_cufft.d83c94ef8d16ff9d-cgu.0
[INFO] [stdout]           >>>               singe_cufft-1d18ba9ceb5d4fb1.singe_cufft.d83c94ef8d16ff9d-cgu.0.rcgu.o:(<singe_cufft::plan::Plan>::plan_many) in archive /opt/rustwide/target/release/build/singe-cufft/1d18ba9ceb5d4fb1/out/libsinge_cufft-1d18ba9ceb5d4fb1.rlib
[INFO] [stdout]           
[INFO] [stdout]           rust-lld: error: undefined symbol: cufftMakePlanMany
[INFO] [stdout]           >>> referenced by singe_cufft.d83c94ef8d16ff9d-cgu.0
[INFO] [stdout]           >>>               singe_cufft-1d18ba9ceb5d4fb1.singe_cufft.d83c94ef8d16ff9d-cgu.0.rcgu.o:(<singe_cufft::plan::Plan>::plan_many) in archive /opt/rustwide/target/release/build/singe-cufft/1d18ba9ceb5d4fb1/out/libsinge_cufft-1d18ba9ceb5d4fb1.rlib
[INFO] [stdout]           
[INFO] [stdout]           rust-lld: error: undefined symbol: cufftCreate
[INFO] [stdout]           >>> referenced by singe_cufft.d83c94ef8d16ff9d-cgu.0
[INFO] [stdout]           >>>               singe_cufft-1d18ba9ceb5d4fb1.singe_cufft.d83c94ef8d16ff9d-cgu.0.rcgu.o:(<singe_cufft::plan::PlanBuilder>::create) in archive /opt/rustwide/target/release/build/singe-cufft/1d18ba9ceb5d4fb1/out/libsinge_cufft-1d18ba9ceb5d4fb1.rlib
[INFO] [stdout]           
[INFO] [stdout]           rust-lld: error: undefined symbol: cuCtxGetCurrent
[INFO] [stdout]           >>> referenced by singe_cuda.fdc60bca2d7f1db3-cgu.06
[INFO] [stdout]           >>>               singe_cuda-622da33d03318b25.singe_cuda.fdc60bca2d7f1db3-cgu.06.rcgu.o:(<singe_cuda::stream::Stream>::synchronize) in archive /opt/rustwide/target/release/build/singe-cuda/622da33d03318b25/out/libsinge_cuda-622da33d03318b25.rlib
[INFO] [stdout]           >>> referenced by singe_cuda.fdc60bca2d7f1db3-cgu.06
[INFO] [stdout]           >>>               singe_cuda-622da33d03318b25.singe_cuda.fdc60bca2d7f1db3-cgu.06.rcgu.o:(<singe_cuda::stream::Stream>::destroy_handle (.llvm.4562600562327778610)) in archive /opt/rustwide/target/release/build/singe-cuda/622da33d03318b25/out/libsinge_cuda-622da33d03318b25.rlib
[INFO] [stdout]           >>> referenced by singe_cuda.fdc60bca2d7f1db3-cgu.07
[INFO] [stdout]           >>>               singe_cuda-622da33d03318b25.singe_cuda.fdc60bca2d7f1db3-cgu.07.rcgu.o:(<singe_cuda::context::Context>::bind) in archive /opt/rustwide/target/release/build/singe-cuda/622da33d03318b25/out/libsinge_cuda-622da33d03318b25.rlib
[INFO] [stdout]           >>> referenced 1 more times
[INFO] [stdout]           
[INFO] [stdout]           rust-lld: error: undefined symbol: cuCtxSetCurrent
[INFO] [stdout]           >>> referenced by singe_cuda.fdc60bca2d7f1db3-cgu.06
[INFO] [stdout]           >>>               singe_cuda-622da33d03318b25.singe_cuda.fdc60bca2d7f1db3-cgu.06.rcgu.o:(<singe_cuda::stream::Stream>::synchronize) in archive /opt/rustwide/target/release/build/singe-cuda/622da33d03318b25/out/libsinge_cuda-622da33d03318b25.rlib
[INFO] [stdout]           >>> referenced by singe_cuda.fdc60bca2d7f1db3-cgu.06
[INFO] [stdout]           >>>               singe_cuda-622da33d03318b25.singe_cuda.fdc60bca2d7f1db3-cgu.06.rcgu.o:(<singe_cuda::stream::Stream>::destroy_handle (.llvm.4562600562327778610)) in archive /opt/rustwide/target/release/build/singe-cuda/622da33d03318b25/out/libsinge_cuda-622da33d03318b25.rlib
[INFO] [stdout]           >>> referenced by singe_cuda.fdc60bca2d7f1db3-cgu.07
[INFO] [stdout]           >>>               singe_cuda-622da33d03318b25.singe_cuda.fdc60bca2d7f1db3-cgu.07.rcgu.o:(<singe_cuda::context::Context>::bind) in archive /opt/rustwide/target/release/build/singe-cuda/622da33d03318b25/out/libsinge_cuda-622da33d03318b25.rlib
[INFO] [stdout]           >>> referenced 1 more times
[INFO] [stdout]           
[INFO] [stdout]           rust-lld: error: undefined symbol: cudaStreamSynchronize
[INFO] [stdout]           >>> referenced by singe_cuda.fdc60bca2d7f1db3-cgu.06
[INFO] [stdout]           >>>               singe_cuda-622da33d03318b25.singe_cuda.fdc60bca2d7f1db3-cgu.06.rcgu.o:(<singe_cuda::stream::Stream>::synchronize) in archive /opt/rustwide/target/release/build/singe-cuda/622da33d03318b25/out/libsinge_cuda-622da33d03318b25.rlib
[INFO] [stdout]           >>> referenced by singe_cuda.fdc60bca2d7f1db3-cgu.06
[INFO] [stdout]           >>>               singe_cuda-622da33d03318b25.singe_cuda.fdc60bca2d7f1db3-cgu.06.rcgu.o:(<singe_cuda::stream::Stream>::destroy_handle (.llvm.4562600562327778610)) in archive /opt/rustwide/target/release/build/singe-cuda/622da33d03318b25/out/libsinge_cuda-622da33d03318b25.rlib
[INFO] [stdout]           
[INFO] [stdout]           rust-lld: error: undefined symbol: cudaStreamDestroy
[INFO] [stdout]           >>> referenced by singe_cuda.fdc60bca2d7f1db3-cgu.06
[INFO] [stdout]           >>>               singe_cuda-622da33d03318b25.singe_cuda.fdc60bca2d7f1db3-cgu.06.rcgu.o:(<singe_cuda::stream::Stream>::destroy_handle (.llvm.4562600562327778610)) in archive /opt/rustwide/target/release/build/singe-cuda/622da33d03318b25/out/libsinge_cuda-622da33d03318b25.rlib
[INFO] [stdout]           >>> referenced by singe_cuda.fdc60bca2d7f1db3-cgu.06
[INFO] [stdout]           >>>               singe_cuda-622da33d03318b25.singe_cuda.fdc60bca2d7f1db3-cgu.06.rcgu.o:(<singe_cuda::stream::Stream>::destroy_handle (.llvm.4562600562327778610)) in archive /opt/rustwide/target/release/build/singe-cuda/622da33d03318b25/out/libsinge_cuda-622da33d03318b25.rlib
[INFO] [stdout]           >>> referenced by singe_cuda.fdc60bca2d7f1db3-cgu.06
[INFO] [stdout]           >>>               singe_cuda-622da33d03318b25.singe_cuda.fdc60bca2d7f1db3-cgu.06.rcgu.o:(<singe_cuda::stream::Stream>::destroy_handle (.llvm.4562600562327778610)) in archive /opt/rustwide/target/release/build/singe-cuda/622da33d03318b25/out/libsinge_cuda-622da33d03318b25.rlib
[INFO] [stdout]           
[INFO] [stdout]           rust-lld: error: undefined symbol: cuInit
[INFO] [stdout]           >>> referenced by singe_cuda.fdc60bca2d7f1db3-cgu.07
[INFO] [stdout]           >>>               singe_cuda-622da33d03318b25.singe_cuda.fdc60bca2d7f1db3-cgu.07.rcgu.o:(<singe_cuda::context::Context>::create_for_device_with_flags) in archive /opt/rustwide/target/release/build/singe-cuda/622da33d03318b25/out/libsinge_cuda-622da33d03318b25.rlib
[INFO] [stdout]           
[INFO] [stdout]           rust-lld: error: undefined symbol: cuCtxCreate_v4
[INFO] [stdout]           >>> referenced by singe_cuda.fdc60bca2d7f1db3-cgu.07
[INFO] [stdout]           >>>               singe_cuda-622da33d03318b25.singe_cuda.fdc60bca2d7f1db3-cgu.07.rcgu.o:(<singe_cuda::context::Context>::create_for_device_with_flags) in archive /opt/rustwide/target/release/build/singe-cuda/622da33d03318b25/out/libsinge_cuda-622da33d03318b25.rlib
[INFO] [stdout]           
[INFO] [stdout]           rust-lld: error: undefined symbol: cudaStreamCreateWithFlags
[INFO] [stdout]           >>> referenced by singe_cuda.fdc60bca2d7f1db3-cgu.07
[INFO] [stdout]           >>>               singe_cuda-622da33d03318b25.singe_cuda.fdc60bca2d7f1db3-cgu.07.rcgu.o:(<singe_cuda::context::Context>::create_stream_with_flags) in archive /opt/rustwide/target/release/build/singe-cuda/622da33d03318b25/out/libsinge_cuda-622da33d03318b25.rlib
[INFO] [stdout]           
[INFO] [stdout]           rust-lld: error: undefined symbol: cuDevicePrimaryCtxRelease_v2
[INFO] [stdout]           >>> referenced by singe_cuda.fdc60bca2d7f1db3-cgu.07
[INFO] [stdout]           >>>               singe_cuda-622da33d03318b25.singe_cuda.fdc60bca2d7f1db3-cgu.07.rcgu.o:(<singe_cuda::context::Context as core::ops::drop::Drop>::drop) in archive /opt/rustwide/target/release/build/singe-cuda/622da33d03318b25/out/libsinge_cuda-622da33d03318b25.rlib
[INFO] [stdout]           
[INFO] [stdout]           rust-lld: error: too many errors emitted, stopping now (use --error-limit=0 to see all errors)
[INFO] [stdout]           collect2: error: ld returned 1 exit status
[INFO] [stdout]           
[INFO] [stdout] 
[INFO] [stdout] 
[INFO] [stderr] error: could not compile `singe-cufft` (example "three_dimensional_c2c") due to 1 previous error
[INFO] [stdout] error: linking with `cc` failed: exit status: 1
[INFO] [stdout]   |
[INFO] [stdout]   = note:  "cc" "-m64" "/opt/rustwide/target/release/build/singe-cufft/69af50e8daebff4b/out/rustcmfHjkQ/symbols.o" "<2 object files omitted>" "-Wl,--as-needed" "-Wl,-Bstatic" "/opt/rustwide/target/release/build/singe-cufft/1d18ba9ceb5d4fb1/out/libsinge_cufft-1d18ba9ceb5d4fb1.rlib" "/opt/rustwide/target/release/build/singe-cufft-sys/2b04048d442321a6/out/libsinge_cufft_sys-2b04048d442321a6.rlib" "/opt/rustwide/target/release/build/singe-cuda/622da33d03318b25/out/libsinge_cuda-622da33d03318b25.rlib" "/opt/rustwide/target/release/build/bitflags/3abca287fbc4cbf7/out/libbitflags-3abca287fbc4cbf7.rlib" "/opt/rustwide/target/release/build/half/1d7f9d2d2d955cb7/out/libhalf-1d7f9d2d2d955cb7.rlib" "/opt/rustwide/target/release/build/cfg-if/6d8dca19095bb388/out/libcfg_if-6d8dca19095bb388.rlib" "/opt/rustwide/target/release/build/zerocopy/d3fa1240f3fd7784/out/libzerocopy-d3fa1240f3fd7784.rlib" "/opt/rustwide/target/release/build/num-complex/c31e23f5a6f3b189/out/libnum_complex-c31e23f5a6f3b189.rlib" "/opt/rustwide/target/release/build/num-traits/51d4000f8725f0a1/out/libnum_traits-51d4000f8725f0a1.rlib" "/opt/rustwide/target/release/build/thiserror/c9bbc62fd1b3cc2d/out/libthiserror-c9bbc62fd1b3cc2d.rlib" "/opt/rustwide/target/release/build/singe-core/aab9b779d8d20b5b/out/libsinge_core-aab9b779d8d20b5b.rlib" "/opt/rustwide/target/release/build/serde/51fb0f07070b6e7f/out/libserde-51fb0f07070b6e7f.rlib" "/opt/rustwide/target/release/build/serde_core/fc2e9ba380840c21/out/libserde_core-fc2e9ba380840c21.rlib" "/opt/rustwide/target/release/build/singe-cuda-sys/d131b48a871b3a82/out/libsinge_cuda_sys-d131b48a871b3a82.rlib" "/opt/rustwide/target/release/build/num_enum/77dd40eb9d12a84d/out/libnum_enum-77dd40eb9d12a84d.rlib" "<sysroot>/lib/rustlib/x86_64-unknown-linux-gnu/lib/{libstd-*,libpanic_unwind-*,libobject-*,libmemchr-*,libaddr2line-*,libgimli-*,libcfg_if-*,librustc_demangle-*,libstd_detect-*,libhashbrown-*,librustc_std_workspace_alloc-*,libminiz_oxide-*,libadler2-*,libunwind-*,liblibc-*,librustc_std_workspace_core-*,liballoc-*,libcore-*,libcompiler_builtins-*}.rlib" "-Wl,-Bdynamic" "-lgcc_s" "-lutil" "-lrt" "-lpthread" "-lm" "-ldl" "-lc" "-L" "/opt/rustwide/target/release/build/singe-cufft/69af50e8daebff4b/out/rustcmfHjkQ/raw-dylibs" "-B<sysroot>/lib/rustlib/x86_64-unknown-linux-gnu/bin/gcc-ld" "-fuse-ld=lld" "-Wl,--eh-frame-hdr" "-Wl,-z,noexecstack" "-L" "<sysroot>/lib/rustlib/x86_64-unknown-linux-gnu/lib" "-o" "/opt/rustwide/target/release/build/singe-cufft/69af50e8daebff4b/out/one_dimensional_r2c_c2r" "-Wl,--gc-sections" "-pie" "-Wl,-z,relro,-z,now" "-Wl,-O1" "-Wl,--strip-debug" "-nodefaultlibs"
[INFO] [stdout]   = note: some arguments are omitted. use `--verbose` to show all linker arguments
[INFO] [stdout]   = note: rust-lld: error: undefined symbol: cudaFree
[INFO] [stdout]           >>> referenced by one_dimensional_r2c_c2r.1e6531b0a3fdecb2-cgu.0
[INFO] [stdout]           >>>               /opt/rustwide/target/release/build/singe-cufft/69af50e8daebff4b/out/one_dimensional_r2c_c2r.one_dimensional_r2c_c2r.1e6531b0a3fdecb2-cgu.0.rcgu.o:(core::ptr::drop_glue::<singe_cuda::memory::DeviceMemory<num_complex::Complex<f32>>>)
[INFO] [stdout]           >>> referenced by one_dimensional_r2c_c2r.1e6531b0a3fdecb2-cgu.0
[INFO] [stdout]           >>>               /opt/rustwide/target/release/build/singe-cufft/69af50e8daebff4b/out/one_dimensional_r2c_c2r.one_dimensional_r2c_c2r.1e6531b0a3fdecb2-cgu.0.rcgu.o:(one_dimensional_r2c_c2r::main)
[INFO] [stdout]           >>> referenced by one_dimensional_r2c_c2r.1e6531b0a3fdecb2-cgu.0
[INFO] [stdout]           >>>               /opt/rustwide/target/release/build/singe-cufft/69af50e8daebff4b/out/one_dimensional_r2c_c2r.one_dimensional_r2c_c2r.1e6531b0a3fdecb2-cgu.0.rcgu.o:(one_dimensional_r2c_c2r::main)
[INFO] [stdout]           >>> referenced 1 more times
[INFO] [stdout]           
[INFO] [stdout]           rust-lld: error: undefined symbol: cufftDestroy
[INFO] [stdout]           >>> referenced by singe_cufft.d83c94ef8d16ff9d-cgu.0
[INFO] [stdout]           >>>               singe_cufft-1d18ba9ceb5d4fb1.singe_cufft.d83c94ef8d16ff9d-cgu.0.rcgu.o:(core::ptr::drop_glue::<singe_cufft::plan::Plan>) in archive /opt/rustwide/target/release/build/singe-cufft/1d18ba9ceb5d4fb1/out/libsinge_cufft-1d18ba9ceb5d4fb1.rlib
[INFO] [stdout]           >>> referenced by singe_cufft.d83c94ef8d16ff9d-cgu.0
[INFO] [stdout]           >>>               singe_cufft-1d18ba9ceb5d4fb1.singe_cufft.d83c94ef8d16ff9d-cgu.0.rcgu.o:(<singe_cufft::plan::Handle as core::ops::drop::Drop>::drop) in archive /opt/rustwide/target/release/build/singe-cufft/1d18ba9ceb5d4fb1/out/libsinge_cufft-1d18ba9ceb5d4fb1.rlib
[INFO] [stdout]           
[INFO] [stdout]           rust-lld: error: undefined symbol: cufftSetStream
[INFO] [stdout]           >>> referenced by singe_cufft.d83c94ef8d16ff9d-cgu.0
[INFO] [stdout]           >>>               singe_cufft-1d18ba9ceb5d4fb1.singe_cufft.d83c94ef8d16ff9d-cgu.0.rcgu.o:(<singe_cufft::plan::Plan>::with_stream) in archive /opt/rustwide/target/release/build/singe-cufft/1d18ba9ceb5d4fb1/out/libsinge_cufft-1d18ba9ceb5d4fb1.rlib
[INFO] [stdout]           >>> referenced by singe_cufft.d83c94ef8d16ff9d-cgu.0
[INFO] [stdout]           >>>               singe_cufft-1d18ba9ceb5d4fb1.singe_cufft.d83c94ef8d16ff9d-cgu.0.rcgu.o:(<singe_cufft::plan::Plan>::with_stream) in archive /opt/rustwide/target/release/build/singe-cufft/1d18ba9ceb5d4fb1/out/libsinge_cufft-1d18ba9ceb5d4fb1.rlib
[INFO] [stdout]           
[INFO] [stdout]           rust-lld: error: undefined symbol: cufftExecC2R
[INFO] [stdout]           >>> referenced by singe_cufft.d83c94ef8d16ff9d-cgu.0
[INFO] [stdout]           >>>               singe_cufft-1d18ba9ceb5d4fb1.singe_cufft.d83c94ef8d16ff9d-cgu.0.rcgu.o:(<singe_cufft::plan::Plan>::execute_c2r_f32) in archive /opt/rustwide/target/release/build/singe-cufft/1d18ba9ceb5d4fb1/out/libsinge_cufft-1d18ba9ceb5d4fb1.rlib
[INFO] [stdout]           
[INFO] [stdout]           rust-lld: error: undefined symbol: cufftExecR2C
[INFO] [stdout]           >>> referenced by singe_cufft.d83c94ef8d16ff9d-cgu.0
[INFO] [stdout]           >>>               singe_cufft-1d18ba9ceb5d4fb1.singe_cufft.d83c94ef8d16ff9d-cgu.0.rcgu.o:(<singe_cufft::plan::Plan>::execute_r2c_f32) in archive /opt/rustwide/target/release/build/singe-cufft/1d18ba9ceb5d4fb1/out/libsinge_cufft-1d18ba9ceb5d4fb1.rlib
[INFO] [stdout]           
[INFO] [stdout]           rust-lld: error: undefined symbol: cufftMakePlan1d
[INFO] [stdout]           >>> referenced by singe_cufft.d83c94ef8d16ff9d-cgu.0
[INFO] [stdout]           >>>               singe_cufft-1d18ba9ceb5d4fb1.singe_cufft.d83c94ef8d16ff9d-cgu.0.rcgu.o:(<singe_cufft::plan::Plan>::plan_1d) in archive /opt/rustwide/target/release/build/singe-cufft/1d18ba9ceb5d4fb1/out/libsinge_cufft-1d18ba9ceb5d4fb1.rlib
[INFO] [stdout]           
[INFO] [stdout]           rust-lld: error: undefined symbol: cufftMakePlan2d
[INFO] [stdout]           >>> referenced by singe_cufft.d83c94ef8d16ff9d-cgu.0
[INFO] [stdout]           >>>               singe_cufft-1d18ba9ceb5d4fb1.singe_cufft.d83c94ef8d16ff9d-cgu.0.rcgu.o:(<singe_cufft::plan::Plan>::plan_2d) in archive /opt/rustwide/target/release/build/singe-cufft/1d18ba9ceb5d4fb1/out/libsinge_cufft-1d18ba9ceb5d4fb1.rlib
[INFO] [stdout]           
[INFO] [stdout]           rust-lld: error: undefined symbol: cufftMakePlan3d
[INFO] [stdout]           >>> referenced by singe_cufft.d83c94ef8d16ff9d-cgu.0
[INFO] [stdout]           >>>               singe_cufft-1d18ba9ceb5d4fb1.singe_cufft.d83c94ef8d16ff9d-cgu.0.rcgu.o:(<singe_cufft::plan::Plan>::plan_3d) in archive /opt/rustwide/target/release/build/singe-cufft/1d18ba9ceb5d4fb1/out/libsinge_cufft-1d18ba9ceb5d4fb1.rlib
[INFO] [stdout]           
[INFO] [stdout]           rust-lld: error: undefined symbol: cuCtxGetCurrent
[INFO] [stdout]           >>> referenced by singe_cuda.fdc60bca2d7f1db3-cgu.06
[INFO] [stdout]           >>>               singe_cuda-622da33d03318b25.singe_cuda.fdc60bca2d7f1db3-cgu.06.rcgu.o:(<singe_cuda::stream::Stream>::synchronize) in archive /opt/rustwide/target/release/build/singe-cuda/622da33d03318b25/out/libsinge_cuda-622da33d03318b25.rlib
[INFO] [stdout]           >>> referenced by singe_cuda.fdc60bca2d7f1db3-cgu.06
[INFO] [stdout]           >>>               singe_cuda-622da33d03318b25.singe_cuda.fdc60bca2d7f1db3-cgu.06.rcgu.o:(<singe_cuda::stream::Stream>::destroy_handle (.llvm.4562600562327778610)) in archive /opt/rustwide/target/release/build/singe-cuda/622da33d03318b25/out/libsinge_cuda-622da33d03318b25.rlib
[INFO] [stdout]           >>> referenced by singe_cuda.fdc60bca2d7f1db3-cgu.07
[INFO] [stdout]           >>>               singe_cuda-622da33d03318b25.singe_cuda.fdc60bca2d7f1db3-cgu.07.rcgu.o:(<singe_cuda::context::Context>::bind) in archive /opt/rustwide/target/release/build/singe-cuda/622da33d03318b25/out/libsinge_cuda-622da33d03318b25.rlib
[INFO] [stdout]           >>> referenced 1 more times
[INFO] [stdout]           
[INFO] [stdout]           rust-lld: error: undefined symbol: cuCtxSetCurrent
[INFO] [stdout]           >>> referenced by singe_cuda.fdc60bca2d7f1db3-cgu.06
[INFO] [stdout]           >>>               singe_cuda-622da33d03318b25.singe_cuda.fdc60bca2d7f1db3-cgu.06.rcgu.o:(<singe_cuda::stream::Stream>::synchronize) in archive /opt/rustwide/target/release/build/singe-cuda/622da33d03318b25/out/libsinge_cuda-622da33d03318b25.rlib
[INFO] [stdout]           >>> referenced by singe_cuda.fdc60bca2d7f1db3-cgu.07
[INFO] [stdout]           >>>               singe_cuda-622da33d03318b25.singe_cuda.fdc60bca2d7f1db3-cgu.07.rcgu.o:(<singe_cuda::context::Context>::bind) in archive /opt/rustwide/target/release/build/singe-cuda/622da33d03318b25/out/libsinge_cuda-622da33d03318b25.rlib
[INFO] [stdout]           >>> referenced by singe_cuda.fdc60bca2d7f1db3-cgu.07
[INFO] [stdout]           >>>               singe_cuda-622da33d03318b25.singe_cuda.fdc60bca2d7f1db3-cgu.07.rcgu.o:(<singe_cuda::context::Context>::create_stream_with_flags) in archive /opt/rustwide/target/release/build/singe-cuda/622da33d03318b25/out/libsinge_cuda-622da33d03318b25.rlib
[INFO] [stdout]           >>> referenced 1 more times
[INFO] [stdout]           
[INFO] [stdout]           rust-lld: error: undefined symbol: cudaMalloc
[INFO] [stdout]           >>> referenced by one_dimensional_r2c_c2r.1e6531b0a3fdecb2-cgu.0
[INFO] [stdout]           >>>               /opt/rustwide/target/release/build/singe-cufft/69af50e8daebff4b/out/one_dimensional_r2c_c2r.one_dimensional_r2c_c2r.1e6531b0a3fdecb2-cgu.0.rcgu.o:(one_dimensional_r2c_c2r::main)
[INFO] [stdout]           >>> referenced by one_dimensional_r2c_c2r.1e6531b0a3fdecb2-cgu.0
[INFO] [stdout]           >>>               /opt/rustwide/target/release/build/singe-cufft/69af50e8daebff4b/out/one_dimensional_r2c_c2r.one_dimensional_r2c_c2r.1e6531b0a3fdecb2-cgu.0.rcgu.o:(one_dimensional_r2c_c2r::main)
[INFO] [stdout]           
[INFO] [stdout]           rust-lld: error: undefined symbol: cudaStreamSynchronize
[INFO] [stdout]           >>> referenced by singe_cuda.fdc60bca2d7f1db3-cgu.06
[INFO] [stdout]           >>>               singe_cuda-622da33d03318b25.singe_cuda.fdc60bca2d7f1db3-cgu.06.rcgu.o:(<singe_cuda::stream::Stream>::synchronize) in archive /opt/rustwide/target/release/build/singe-cuda/622da33d03318b25/out/libsinge_cuda-622da33d03318b25.rlib
[INFO] [stdout]           >>> referenced by singe_cuda.fdc60bca2d7f1db3-cgu.06
[INFO] [stdout]           >>>               singe_cuda-622da33d03318b25.singe_cuda.fdc60bca2d7f1db3-cgu.06.rcgu.o:(<singe_cuda::stream::Stream>::destroy_handle (.llvm.4562600562327778610)) in archive /opt/rustwide/target/release/build/singe-cuda/622da33d03318b25/out/libsinge_cuda-622da33d03318b25.rlib
[INFO] [stdout]           
[INFO] [stdout]           rust-lld: error: undefined symbol: cudaMemcpy
[INFO] [stdout]           >>> referenced by one_dimensional_r2c_c2r.1e6531b0a3fdecb2-cgu.0
[INFO] [stdout]           >>>               /opt/rustwide/target/release/build/singe-cufft/69af50e8daebff4b/out/one_dimensional_r2c_c2r.one_dimensional_r2c_c2r.1e6531b0a3fdecb2-cgu.0.rcgu.o:(one_dimensional_r2c_c2r::main)
[INFO] [stdout]           >>> referenced by one_dimensional_r2c_c2r.1e6531b0a3fdecb2-cgu.0
[INFO] [stdout]           >>>               /opt/rustwide/target/release/build/singe-cufft/69af50e8daebff4b/out/one_dimensional_r2c_c2r.one_dimensional_r2c_c2r.1e6531b0a3fdecb2-cgu.0.rcgu.o:(<singe_cuda::memory::DeviceMemory<f32>>::copy_to_host_vec)
[INFO] [stdout]           
[INFO] [stdout]           rust-lld: error: undefined symbol: cudaMemset
[INFO] [stdout]           >>> referenced by one_dimensional_r2c_c2r.1e6531b0a3fdecb2-cgu.0
[INFO] [stdout]           >>>               /opt/rustwide/target/release/build/singe-cufft/69af50e8daebff4b/out/one_dimensional_r2c_c2r.one_dimensional_r2c_c2r.1e6531b0a3fdecb2-cgu.0.rcgu.o:(one_dimensional_r2c_c2r::main)
[INFO] [stdout]           
[INFO] [stdout]           rust-lld: error: undefined symbol: cufftMakePlanMany64
[INFO] [stdout]           >>> referenced by singe_cufft.d83c94ef8d16ff9d-cgu.0
[INFO] [stdout]           >>>               singe_cufft-1d18ba9ceb5d4fb1.singe_cufft.d83c94ef8d16ff9d-cgu.0.rcgu.o:(<singe_cufft::plan::Plan>::plan_many) in archive /opt/rustwide/target/release/build/singe-cufft/1d18ba9ceb5d4fb1/out/libsinge_cufft-1d18ba9ceb5d4fb1.rlib
[INFO] [stdout]           
[INFO] [stdout]           rust-lld: error: undefined symbol: cuInit
[INFO] [stdout]           >>> referenced by singe_cuda.fdc60bca2d7f1db3-cgu.07
[INFO] [stdout]           >>>               singe_cuda-622da33d03318b25.singe_cuda.fdc60bca2d7f1db3-cgu.07.rcgu.o:(<singe_cuda::context::Context>::create_for_device_with_flags) in archive /opt/rustwide/target/release/build/singe-cuda/622da33d03318b25/out/libsinge_cuda-622da33d03318b25.rlib
[INFO] [stdout]           
[INFO] [stdout]           rust-lld: error: undefined symbol: cuCtxCreate_v4
[INFO] [stdout]           >>> referenced by singe_cuda.fdc60bca2d7f1db3-cgu.07
[INFO] [stdout]           >>>               singe_cuda-622da33d03318b25.singe_cuda.fdc60bca2d7f1db3-cgu.07.rcgu.o:(<singe_cuda::context::Context>::create_for_device_with_flags) in archive /opt/rustwide/target/release/build/singe-cuda/622da33d03318b25/out/libsinge_cuda-622da33d03318b25.rlib
[INFO] [stdout]           
[INFO] [stdout]           rust-lld: error: undefined symbol: cudaStreamCreateWithFlags
[INFO] [stdout]           >>> referenced by singe_cuda.fdc60bca2d7f1db3-cgu.07
[INFO] [stdout]           >>>               singe_cuda-622da33d03318b25.singe_cuda.fdc60bca2d7f1db3-cgu.07.rcgu.o:(<singe_cuda::context::Context>::create_stream_with_flags) in archive /opt/rustwide/target/release/build/singe-cuda/622da33d03318b25/out/libsinge_cuda-622da33d03318b25.rlib
[INFO] [stdout]           
[INFO] [stdout]           rust-lld: error: undefined symbol: cuDevicePrimaryCtxRelease_v2
[INFO] [stdout]           >>> referenced by singe_cuda.fdc60bca2d7f1db3-cgu.07
[INFO] [stdout]           >>>               singe_cuda-622da33d03318b25.singe_cuda.fdc60bca2d7f1db3-cgu.07.rcgu.o:(<singe_cuda::context::Context as core::ops::drop::Drop>::drop) in archive /opt/rustwide/target/release/build/singe-cuda/622da33d03318b25/out/libsinge_cuda-622da33d03318b25.rlib
[INFO] [stdout]           
[INFO] [stdout]           rust-lld: error: undefined symbol: cuCtxDestroy_v2
[INFO] [stdout]           >>> referenced by singe_cuda.fdc60bca2d7f1db3-cgu.07
[INFO] [stdout]           >>>               singe_cuda-622da33d03318b25.singe_cuda.fdc60bca2d7f1db3-cgu.07.rcgu.o:(<singe_cuda::context::Context as core::ops::drop::Drop>::drop) in archive /opt/rustwide/target/release/build/singe-cuda/622da33d03318b25/out/libsinge_cuda-622da33d03318b25.rlib
[INFO] [stdout]           
[INFO] [stdout]           rust-lld: error: too many errors emitted, stopping now (use --error-limit=0 to see all errors)
[INFO] [stdout]           collect2: error: ld returned 1 exit status
[INFO] [stdout]           
[INFO] [stdout] 
[INFO] [stdout] 
[INFO] [stdout] error: linking with `cc` failed: exit status: 1
[INFO] [stdout]   |
[INFO] [stdout]   = note:  "cc" "-m64" "/opt/rustwide/target/release/build/singe-cufft/8e82ee41d7fedd91/out/rustcoUwdIM/symbols.o" "<2 object files omitted>" "-Wl,--as-needed" "-Wl,-Bstatic" "/opt/rustwide/target/release/build/singe-cufft/1d18ba9ceb5d4fb1/out/libsinge_cufft-1d18ba9ceb5d4fb1.rlib" "/opt/rustwide/target/release/build/singe-cufft-sys/2b04048d442321a6/out/libsinge_cufft_sys-2b04048d442321a6.rlib" "/opt/rustwide/target/release/build/singe-cuda/622da33d03318b25/out/libsinge_cuda-622da33d03318b25.rlib" "/opt/rustwide/target/release/build/bitflags/3abca287fbc4cbf7/out/libbitflags-3abca287fbc4cbf7.rlib" "/opt/rustwide/target/release/build/half/1d7f9d2d2d955cb7/out/libhalf-1d7f9d2d2d955cb7.rlib" "/opt/rustwide/target/release/build/cfg-if/6d8dca19095bb388/out/libcfg_if-6d8dca19095bb388.rlib" "/opt/rustwide/target/release/build/zerocopy/d3fa1240f3fd7784/out/libzerocopy-d3fa1240f3fd7784.rlib" "/opt/rustwide/target/release/build/num-complex/c31e23f5a6f3b189/out/libnum_complex-c31e23f5a6f3b189.rlib" "/opt/rustwide/target/release/build/num-traits/51d4000f8725f0a1/out/libnum_traits-51d4000f8725f0a1.rlib" "/opt/rustwide/target/release/build/thiserror/c9bbc62fd1b3cc2d/out/libthiserror-c9bbc62fd1b3cc2d.rlib" "/opt/rustwide/target/release/build/singe-core/aab9b779d8d20b5b/out/libsinge_core-aab9b779d8d20b5b.rlib" "/opt/rustwide/target/release/build/serde/51fb0f07070b6e7f/out/libserde-51fb0f07070b6e7f.rlib" "/opt/rustwide/target/release/build/serde_core/fc2e9ba380840c21/out/libserde_core-fc2e9ba380840c21.rlib" "/opt/rustwide/target/release/build/singe-cuda-sys/d131b48a871b3a82/out/libsinge_cuda_sys-d131b48a871b3a82.rlib" "/opt/rustwide/target/release/build/num_enum/77dd40eb9d12a84d/out/libnum_enum-77dd40eb9d12a84d.rlib" "<sysroot>/lib/rustlib/x86_64-unknown-linux-gnu/lib/{libstd-*,libpanic_unwind-*,libobject-*,libmemchr-*,libaddr2line-*,libgimli-*,libcfg_if-*,librustc_demangle-*,libstd_detect-*,libhashbrown-*,librustc_std_workspace_alloc-*,libminiz_oxide-*,libadler2-*,libunwind-*,liblibc-*,librustc_std_workspace_core-*,liballoc-*,libcore-*,libcompiler_builtins-*}.rlib" "-Wl,-Bdynamic" "-lgcc_s" "-lutil" "-lrt" "-lpthread" "-lm" "-ldl" "-lc" "-L" "/opt/rustwide/target/release/build/singe-cufft/8e82ee41d7fedd91/out/rustcoUwdIM/raw-dylibs" "-B<sysroot>/lib/rustlib/x86_64-unknown-linux-gnu/bin/gcc-ld" "-fuse-ld=lld" "-Wl,--eh-frame-hdr" "-Wl,-z,noexecstack" "-L" "<sysroot>/lib/rustlib/x86_64-unknown-linux-gnu/lib" "-o" "/opt/rustwide/target/release/build/singe-cufft/8e82ee41d7fedd91/out/two_dimensional_c2r_r2c" "-Wl,--gc-sections" "-pie" "-Wl,-z,relro,-z,now" "-Wl,-O1" "-Wl,--strip-debug" "-nodefaultlibs"
[INFO] [stdout]   = note: some arguments are omitted. use `--verbose` to show all linker arguments
[INFO] [stdout]   = note: rust-lld: error: undefined symbol: cudaFree
[INFO] [stdout]           >>> referenced by two_dimensional_c2r_r2c.d389d0ea5f9da33e-cgu.0
[INFO] [stdout]           >>>               /opt/rustwide/target/release/build/singe-cufft/8e82ee41d7fedd91/out/two_dimensional_c2r_r2c.two_dimensional_c2r_r2c.d389d0ea5f9da33e-cgu.0.rcgu.o:(core::ptr::drop_glue::<singe_cuda::memory::DeviceMemory<num_complex::Complex<f32>>>)
[INFO] [stdout]           >>> referenced by two_dimensional_c2r_r2c.d389d0ea5f9da33e-cgu.0
[INFO] [stdout]           >>>               /opt/rustwide/target/release/build/singe-cufft/8e82ee41d7fedd91/out/two_dimensional_c2r_r2c.two_dimensional_c2r_r2c.d389d0ea5f9da33e-cgu.0.rcgu.o:(two_dimensional_c2r_r2c::main)
[INFO] [stdout]           >>> referenced by two_dimensional_c2r_r2c.d389d0ea5f9da33e-cgu.0
[INFO] [stdout]           >>>               /opt/rustwide/target/release/build/singe-cufft/8e82ee41d7fedd91/out/two_dimensional_c2r_r2c.two_dimensional_c2r_r2c.d389d0ea5f9da33e-cgu.0.rcgu.o:(two_dimensional_c2r_r2c::main)
[INFO] [stdout]           >>> referenced 1 more times
[INFO] [stdout]           
[INFO] [stdout]           rust-lld: error: undefined symbol: cudaMalloc
[INFO] [stdout]           >>> referenced by two_dimensional_c2r_r2c.d389d0ea5f9da33e-cgu.0
[INFO] [stdout]           >>>               /opt/rustwide/target/release/build/singe-cufft/8e82ee41d7fedd91/out/two_dimensional_c2r_r2c.two_dimensional_c2r_r2c.d389d0ea5f9da33e-cgu.0.rcgu.o:(two_dimensional_c2r_r2c::main)
[INFO] [stdout]           >>> referenced by two_dimensional_c2r_r2c.d389d0ea5f9da33e-cgu.0
[INFO] [stdout]           >>>               /opt/rustwide/target/release/build/singe-cufft/8e82ee41d7fedd91/out/two_dimensional_c2r_r2c.two_dimensional_c2r_r2c.d389d0ea5f9da33e-cgu.0.rcgu.o:(two_dimensional_c2r_r2c::main)
[INFO] [stdout]           
[INFO] [stdout]           rust-lld: error: undefined symbol: cudaMemcpy
[INFO] [stdout]           >>> referenced by two_dimensional_c2r_r2c.d389d0ea5f9da33e-cgu.0
[INFO] [stdout]           >>>               /opt/rustwide/target/release/build/singe-cufft/8e82ee41d7fedd91/out/two_dimensional_c2r_r2c.two_dimensional_c2r_r2c.d389d0ea5f9da33e-cgu.0.rcgu.o:(two_dimensional_c2r_r2c::main)
[INFO] [stdout]           >>> referenced by two_dimensional_c2r_r2c.d389d0ea5f9da33e-cgu.0
[INFO] [stdout]           >>>               /opt/rustwide/target/release/build/singe-cufft/8e82ee41d7fedd91/out/two_dimensional_c2r_r2c.two_dimensional_c2r_r2c.d389d0ea5f9da33e-cgu.0.rcgu.o:(<singe_cuda::memory::DeviceMemory<num_complex::Complex<f32>>>::copy_to_host_vec)
[INFO] [stdout]           
[INFO] [stdout]           rust-lld: error: undefined symbol: cudaMemset
[INFO] [stdout]           >>> referenced by two_dimensional_c2r_r2c.d389d0ea5f9da33e-cgu.0
[INFO] [stdout]           >>>               /opt/rustwide/target/release/build/singe-cufft/8e82ee41d7fedd91/out/two_dimensional_c2r_r2c.two_dimensional_c2r_r2c.d389d0ea5f9da33e-cgu.0.rcgu.o:(two_dimensional_c2r_r2c::main)
[INFO] [stdout]           
[INFO] [stdout]           rust-lld: error: undefined symbol: cufftDestroy
[INFO] [stdout]           >>> referenced by singe_cufft.d83c94ef8d16ff9d-cgu.0
[INFO] [stdout]           >>>               singe_cufft-1d18ba9ceb5d4fb1.singe_cufft.d83c94ef8d16ff9d-cgu.0.rcgu.o:(core::ptr::drop_glue::<singe_cufft::plan::Plan>) in archive /opt/rustwide/target/release/build/singe-cufft/1d18ba9ceb5d4fb1/out/libsinge_cufft-1d18ba9ceb5d4fb1.rlib
[INFO] [stdout]           >>> referenced by singe_cufft.d83c94ef8d16ff9d-cgu.0
[INFO] [stdout]           >>>               singe_cufft-1d18ba9ceb5d4fb1.singe_cufft.d83c94ef8d16ff9d-cgu.0.rcgu.o:(<singe_cufft::plan::Handle as core::ops::drop::Drop>::drop) in archive /opt/rustwide/target/release/build/singe-cufft/1d18ba9ceb5d4fb1/out/libsinge_cufft-1d18ba9ceb5d4fb1.rlib
[INFO] [stdout]           
[INFO] [stdout]           rust-lld: error: undefined symbol: cufftSetStream
[INFO] [stdout]           >>> referenced by singe_cufft.d83c94ef8d16ff9d-cgu.0
[INFO] [stdout]           >>>               singe_cufft-1d18ba9ceb5d4fb1.singe_cufft.d83c94ef8d16ff9d-cgu.0.rcgu.o:(<singe_cufft::plan::Plan>::with_stream) in archive /opt/rustwide/target/release/build/singe-cufft/1d18ba9ceb5d4fb1/out/libsinge_cufft-1d18ba9ceb5d4fb1.rlib
[INFO] [stdout]           >>> referenced by singe_cufft.d83c94ef8d16ff9d-cgu.0
[INFO] [stdout]           >>>               singe_cufft-1d18ba9ceb5d4fb1.singe_cufft.d83c94ef8d16ff9d-cgu.0.rcgu.o:(<singe_cufft::plan::Plan>::with_stream) in archive /opt/rustwide/target/release/build/singe-cufft/1d18ba9ceb5d4fb1/out/libsinge_cufft-1d18ba9ceb5d4fb1.rlib
[INFO] [stdout]           
[INFO] [stdout]           rust-lld: error: undefined symbol: cufftExecC2R
[INFO] [stdout]           >>> referenced by singe_cufft.d83c94ef8d16ff9d-cgu.0
[INFO] [stdout]           >>>               singe_cufft-1d18ba9ceb5d4fb1.singe_cufft.d83c94ef8d16ff9d-cgu.0.rcgu.o:(<singe_cufft::plan::Plan>::execute_c2r_f32) in archive /opt/rustwide/target/release/build/singe-cufft/1d18ba9ceb5d4fb1/out/libsinge_cufft-1d18ba9ceb5d4fb1.rlib
[INFO] [stdout]           
[INFO] [stdout]           rust-lld: error: undefined symbol: cufftExecR2C
[INFO] [stdout]           >>> referenced by singe_cufft.d83c94ef8d16ff9d-cgu.0
[INFO] [stdout]           >>>               singe_cufft-1d18ba9ceb5d4fb1.singe_cufft.d83c94ef8d16ff9d-cgu.0.rcgu.o:(<singe_cufft::plan::Plan>::execute_r2c_f32) in archive /opt/rustwide/target/release/build/singe-cufft/1d18ba9ceb5d4fb1/out/libsinge_cufft-1d18ba9ceb5d4fb1.rlib
[INFO] [stdout]           
[INFO] [stdout]           rust-lld: error: undefined symbol: cufftMakePlan1d
[INFO] [stdout]           >>> referenced by singe_cufft.d83c94ef8d16ff9d-cgu.0
[INFO] [stdout]           >>>               singe_cufft-1d18ba9ceb5d4fb1.singe_cufft.d83c94ef8d16ff9d-cgu.0.rcgu.o:(<singe_cufft::plan::Plan>::plan_1d) in archive /opt/rustwide/target/release/build/singe-cufft/1d18ba9ceb5d4fb1/out/libsinge_cufft-1d18ba9ceb5d4fb1.rlib
[INFO] [stdout]           
[INFO] [stdout]           rust-lld: error: undefined symbol: cufftMakePlan2d
[INFO] [stdout]           >>> referenced by singe_cufft.d83c94ef8d16ff9d-cgu.0
[INFO] [stdout]           >>>               singe_cufft-1d18ba9ceb5d4fb1.singe_cufft.d83c94ef8d16ff9d-cgu.0.rcgu.o:(<singe_cufft::plan::Plan>::plan_2d) in archive /opt/rustwide/target/release/build/singe-cufft/1d18ba9ceb5d4fb1/out/libsinge_cufft-1d18ba9ceb5d4fb1.rlib
[INFO] [stdout]           
[INFO] [stdout]           rust-lld: error: undefined symbol: cufftMakePlan3d
[INFO] [stdout]           >>> referenced by singe_cufft.d83c94ef8d16ff9d-cgu.0
[INFO] [stdout]           >>>               singe_cufft-1d18ba9ceb5d4fb1.singe_cufft.d83c94ef8d16ff9d-cgu.0.rcgu.o:(<singe_cufft::plan::Plan>::plan_3d) in archive /opt/rustwide/target/release/build/singe-cufft/1d18ba9ceb5d4fb1/out/libsinge_cufft-1d18ba9ceb5d4fb1.rlib
[INFO] [stdout]           
[INFO] [stdout]           rust-lld: error: undefined symbol: cufftMakePlanMany64
[INFO] [stdout]           >>> referenced by singe_cufft.d83c94ef8d16ff9d-cgu.0
[INFO] [stdout]           >>>               singe_cufft-1d18ba9ceb5d4fb1.singe_cufft.d83c94ef8d16ff9d-cgu.0.rcgu.o:(<singe_cufft::plan::Plan>::plan_many) in archive /opt/rustwide/target/release/build/singe-cufft/1d18ba9ceb5d4fb1/out/libsinge_cufft-1d18ba9ceb5d4fb1.rlib
[INFO] [stdout]           
[INFO] [stdout]           rust-lld: error: undefined symbol: cufftMakePlanMany
[INFO] [stdout]           >>> referenced by singe_cufft.d83c94ef8d16ff9d-cgu.0
[INFO] [stdout]           >>>               singe_cufft-1d18ba9ceb5d4fb1.singe_cufft.d83c94ef8d16ff9d-cgu.0.rcgu.o:(<singe_cufft::plan::Plan>::plan_many) in archive /opt/rustwide/target/release/build/singe-cufft/1d18ba9ceb5d4fb1/out/libsinge_cufft-1d18ba9ceb5d4fb1.rlib
[INFO] [stdout]           
[INFO] [stdout]           rust-lld: error: undefined symbol: cufftCreate
[INFO] [stdout]           >>> referenced by singe_cufft.d83c94ef8d16ff9d-cgu.0
[INFO] [stdout]           >>>               singe_cufft-1d18ba9ceb5d4fb1.singe_cufft.d83c94ef8d16ff9d-cgu.0.rcgu.o:(<singe_cufft::plan::PlanBuilder>::create) in archive /opt/rustwide/target/release/build/singe-cufft/1d18ba9ceb5d4fb1/out/libsinge_cufft-1d18ba9ceb5d4fb1.rlib
[INFO] [stdout]           
[INFO] [stdout]           rust-lld: error: undefined symbol: cuCtxGetCurrent
[INFO] [stdout]           >>> referenced by singe_cuda.fdc60bca2d7f1db3-cgu.06
[INFO] [stdout]           >>>               singe_cuda-622da33d03318b25.singe_cuda.fdc60bca2d7f1db3-cgu.06.rcgu.o:(<singe_cuda::stream::Stream>::synchronize) in archive /opt/rustwide/target/release/build/singe-cuda/622da33d03318b25/out/libsinge_cuda-622da33d03318b25.rlib
[INFO] [stdout]           >>> referenced by singe_cuda.fdc60bca2d7f1db3-cgu.06
[INFO] [stdout]           >>>               singe_cuda-622da33d03318b25.singe_cuda.fdc60bca2d7f1db3-cgu.06.rcgu.o:(<singe_cuda::stream::Stream>::destroy_handle (.llvm.4562600562327778610)) in archive /opt/rustwide/target/release/build/singe-cuda/622da33d03318b25/out/libsinge_cuda-622da33d03318b25.rlib
[INFO] [stdout]           >>> referenced by singe_cuda.fdc60bca2d7f1db3-cgu.07
[INFO] [stdout]           >>>               singe_cuda-622da33d03318b25.singe_cuda.fdc60bca2d7f1db3-cgu.07.rcgu.o:(<singe_cuda::context::Context>::bind) in archive /opt/rustwide/target/release/build/singe-cuda/622da33d03318b25/out/libsinge_cuda-622da33d03318b25.rlib
[INFO] [stdout]           >>> referenced 1 more times
[INFO] [stdout]           
[INFO] [stdout]           rust-lld: error: undefined symbol: cuCtxSetCurrent
[INFO] [stdout]           >>> referenced by singe_cuda.fdc60bca2d7f1db3-cgu.06
[INFO] [stdout]           >>>               singe_cuda-622da33d03318b25.singe_cuda.fdc60bca2d7f1db3-cgu.06.rcgu.o:(<singe_cuda::stream::Stream>::synchronize) in archive /opt/rustwide/target/release/build/singe-cuda/622da33d03318b25/out/libsinge_cuda-622da33d03318b25.rlib
[INFO] [stdout]           >>> referenced by singe_cuda.fdc60bca2d7f1db3-cgu.06
[INFO] [stdout]           >>>               singe_cuda-622da33d03318b25.singe_cuda.fdc60bca2d7f1db3-cgu.06.rcgu.o:(<singe_cuda::stream::Stream>::destroy_handle (.llvm.4562600562327778610)) in archive /opt/rustwide/target/release/build/singe-cuda/622da33d03318b25/out/libsinge_cuda-622da33d03318b25.rlib
[INFO] [stdout]           >>> referenced by singe_cuda.fdc60bca2d7f1db3-cgu.07
[INFO] [stdout]           >>>               singe_cuda-622da33d03318b25.singe_cuda.fdc60bca2d7f1db3-cgu.07.rcgu.o:(<singe_cuda::context::Context>::bind) in archive /opt/rustwide/target/release/build/singe-cuda/622da33d03318b25/out/libsinge_cuda-622da33d03318b25.rlib
[INFO] [stdout]           >>> referenced 1 more times
[INFO] [stdout]           
[INFO] [stdout]           rust-lld: error: undefined symbol: cudaStreamSynchronize
[INFO] [stdout]           >>> referenced by singe_cuda.fdc60bca2d7f1db3-cgu.06
[INFO] [stdout]           >>>               singe_cuda-622da33d03318b25.singe_cuda.fdc60bca2d7f1db3-cgu.06.rcgu.o:(<singe_cuda::stream::Stream>::synchronize) in archive /opt/rustwide/target/release/build/singe-cuda/622da33d03318b25/out/libsinge_cuda-622da33d03318b25.rlib
[INFO] [stdout]           >>> referenced by singe_cuda.fdc60bca2d7f1db3-cgu.06
[INFO] [stdout]           >>>               singe_cuda-622da33d03318b25.singe_cuda.fdc60bca2d7f1db3-cgu.06.rcgu.o:(<singe_cuda::stream::Stream>::destroy_handle (.llvm.4562600562327778610)) in archive /opt/rustwide/target/release/build/singe-cuda/622da33d03318b25/out/libsinge_cuda-622da33d03318b25.rlib
[INFO] [stdout]           
[INFO] [stdout]           rust-lld: error: undefined symbol: cudaStreamDestroy
[INFO] [stdout]           >>> referenced by singe_cuda.fdc60bca2d7f1db3-cgu.06
[INFO] [stdout]           >>>               singe_cuda-622da33d03318b25.singe_cuda.fdc60bca2d7f1db3-cgu.06.rcgu.o:(<singe_cuda::stream::Stream>::destroy_handle (.llvm.4562600562327778610)) in archive /opt/rustwide/target/release/build/singe-cuda/622da33d03318b25/out/libsinge_cuda-622da33d03318b25.rlib
[INFO] [stdout]           >>> referenced by singe_cuda.fdc60bca2d7f1db3-cgu.06
[INFO] [stdout]           >>>               singe_cuda-622da33d03318b25.singe_cuda.fdc60bca2d7f1db3-cgu.06.rcgu.o:(<singe_cuda::stream::Stream>::destroy_handle (.llvm.4562600562327778610)) in archive /opt/rustwide/target/release/build/singe-cuda/622da33d03318b25/out/libsinge_cuda-622da33d03318b25.rlib
[INFO] [stdout]           >>> referenced by singe_cuda.fdc60bca2d7f1db3-cgu.06
[INFO] [stdout]           >>>               singe_cuda-622da33d03318b25.singe_cuda.fdc60bca2d7f1db3-cgu.06.rcgu.o:(<singe_cuda::stream::Stream>::destroy_handle (.llvm.4562600562327778610)) in archive /opt/rustwide/target/release/build/singe-cuda/622da33d03318b25/out/libsinge_cuda-622da33d03318b25.rlib
[INFO] [stdout]           
[INFO] [stdout]           rust-lld: error: undefined symbol: cuInit
[INFO] [stdout]           >>> referenced by singe_cuda.fdc60bca2d7f1db3-cgu.07
[INFO] [stdout]           >>>               singe_cuda-622da33d03318b25.singe_cuda.fdc60bca2d7f1db3-cgu.07.rcgu.o:(<singe_cuda::context::Context>::create_for_device_with_flags) in archive /opt/rustwide/target/release/build/singe-cuda/622da33d03318b25/out/libsinge_cuda-622da33d03318b25.rlib
[INFO] [stdout]           
[INFO] [stdout]           rust-lld: error: undefined symbol: cuCtxCreate_v4
[INFO] [stdout]           >>> referenced by singe_cuda.fdc60bca2d7f1db3-cgu.07
[INFO] [stdout]           >>>               singe_cuda-622da33d03318b25.singe_cuda.fdc60bca2d7f1db3-cgu.07.rcgu.o:(<singe_cuda::context::Context>::create_for_device_with_flags) in archive /opt/rustwide/target/release/build/singe-cuda/622da33d03318b25/out/libsinge_cuda-622da33d03318b25.rlib
[INFO] [stdout]           
[INFO] [stdout]           rust-lld: error: too many errors emitted, stopping now (use --error-limit=0 to see all errors)
[INFO] [stdout]           collect2: error: ld returned 1 exit status
[INFO] [stdout]           
[INFO] [stdout] 
[INFO] [stdout] 
[INFO] [stderr] error: could not compile `singe-cufft` (example "one_dimensional_r2c_c2r") due to 1 previous error
[INFO] [stderr] error: could not compile `singe-cufft` (example "two_dimensional_c2r_r2c") due to 1 previous error
[INFO] running `Command { std: "docker" "inspect" "b3d5f33c86b5b9d1423f45939298741edd32639753ccd3366f06a325f2e0f1d9", kill_on_drop: false }`
[INFO] running `Command { std: "docker" "rm" "-f" "b3d5f33c86b5b9d1423f45939298741edd32639753ccd3366f06a325f2e0f1d9", kill_on_drop: false }`
[INFO] [stdout] b3d5f33c86b5b9d1423f45939298741edd32639753ccd3366f06a325f2e0f1d9
