[INFO] fetching crate simplersble 1.2.1-dev67...
[INFO] testing simplersble-1.2.1-dev67 against 1.100.0-beta.1+cargoflags=--release for beta-release-1.100-2
[INFO] extracting crate simplersble 1.2.1-dev67 into /workspace/builds/worker-6-tc2/source
[INFO] started tweaking crates.io crate simplersble 1.2.1-dev67
[INFO] finished tweaking crates.io crate simplersble 1.2.1-dev67
[INFO] tweaked toml for crates.io crate simplersble 1.2.1-dev67 written to /workspace/builds/worker-6-tc2/source/Cargo.toml
[INFO] validating manifest of crates.io crate simplersble 1.2.1-dev67 on toolchain 1.100.0-beta.1
[INFO] running `Command { std: CARGO_HOME="/workspace/cargo-home" RUSTUP_HOME="/workspace/rustup-home" "/workspace/cargo-home/bin/cargo" "+1.100.0-beta.1" "metadata" "--manifest-path" "Cargo.toml" "--no-deps", kill_on_drop: false }`
[INFO] crate crates.io crate simplersble 1.2.1-dev67 already has a lockfile, it will not be regenerated
[INFO] running `Command { std: CARGO_HOME="/workspace/cargo-home" RUSTUP_HOME="/workspace/rustup-home" "/workspace/cargo-home/bin/cargo" "+1.100.0-beta.1" "fetch" "--manifest-path" "Cargo.toml", kill_on_drop: false }`
[INFO] running `Command { std: "docker" "create" "-v" "/var/lib/crater-agent-workspace/builds/worker-6-tc2/source:/opt/rustwide/workdir:ro,Z" "-v" "/var/lib/crater-agent-workspace/builds/worker-6-tc2/target:/opt/rustwide/target:rw,Z" "-v" "/var/lib/crater-agent-workspace/cargo-home:/opt/rustwide/cargo-home:ro,Z" "-v" "/var/lib/crater-agent-workspace/rustup-home:/opt/rustwide/rustup-home:ro,Z" "-m" "1610612736" "--network" "none" "ghcr.io/rust-lang/crates-build-env/linux@sha256:77db811e55d90add9212f6832c23229e3de5f1c1f9905e8cb07319ea15df73ac" "sleep" "infinity", kill_on_drop: false }`
[INFO] [stdout] 1c28fb320ed26292fc9ccef3ed769d1d688349710b3544d6afb3b3cdda7a3bc1
[INFO] running `Command { std: "docker" "start" "1c28fb320ed26292fc9ccef3ed769d1d688349710b3544d6afb3b3cdda7a3bc1", kill_on_drop: false }`
[INFO] running `Command { std: "docker" "inspect" "1c28fb320ed26292fc9ccef3ed769d1d688349710b3544d6afb3b3cdda7a3bc1", kill_on_drop: false }`
[INFO] running `Command { std: "docker" "exec" "-e" "SOURCE_DIR=/opt/rustwide/workdir" "-e" "CARGO_HOME=/opt/rustwide/cargo-home" "-e" "RUSTUP_HOME=/opt/rustwide/rustup-home" "-e" "CARGO_TARGET_DIR=/opt/rustwide/target" "-w" "/opt/rustwide/workdir" "--user" "0:0" "1c28fb320ed26292fc9ccef3ed769d1d688349710b3544d6afb3b3cdda7a3bc1" "/opt/rustwide/cargo-home/bin/cargo" "+1.100.0-beta.1" "metadata" "--no-deps" "--format-version=1", kill_on_drop: false }`
[INFO] running `Command { std: "docker" "inspect" "1c28fb320ed26292fc9ccef3ed769d1d688349710b3544d6afb3b3cdda7a3bc1", kill_on_drop: false }`
[INFO] running `Command { std: "docker" "exec" "-e" "SOURCE_DIR=/opt/rustwide/workdir" "-e" "CARGO_HOME=/opt/rustwide/cargo-home" "-e" "RUSTUP_HOME=/opt/rustwide/rustup-home" "-e" "CARGO_TARGET_DIR=/opt/rustwide/target" "-e" "CARGO_INCREMENTAL=0" "-e" "RUST_BACKTRACE=full" "-e" "RUSTFLAGS=--cap-lints=warn" "-e" "RUSTDOCFLAGS=--cap-lints=warn" "-w" "/opt/rustwide/workdir" "--user" "0:0" "1c28fb320ed26292fc9ccef3ed769d1d688349710b3544d6afb3b3cdda7a3bc1" "/opt/rustwide/cargo-home/bin/cargo" "+1.100.0-beta.1" "build" "--frozen" "--message-format=json" "--release", kill_on_drop: false }`
[INFO] [stderr]    Compiling proc-macro2 v1.0.106
[INFO] [stderr]    Compiling hashbrown v0.17.0
[INFO] [stderr]    Compiling scratch v1.0.9
[INFO] [stderr]    Compiling cc v1.2.61
[INFO] [stderr]    Compiling termcolor v1.4.1
[INFO] [stderr]    Compiling unicode-width v0.2.2
[INFO] [stderr]    Compiling cxxbridge-flags v1.0.194
[INFO] [stderr]    Compiling parking_lot_core v0.9.12
[INFO] [stderr]    Compiling parking_lot v0.12.5
[INFO] [stderr]    Compiling codespan-reporting v0.13.1
[INFO] [stderr]    Compiling indexmap v2.14.0
[INFO] [stderr]    Compiling quote v1.0.45
[INFO] [stderr]    Compiling cmake v0.1.58
[INFO] [stderr]    Compiling syn v2.0.117
[INFO] [stderr]    Compiling link-cplusplus v1.0.12
[INFO] [stderr]    Compiling cxx v1.0.194
[INFO] [stderr]    Compiling cxx-build v1.0.194
[INFO] [stderr]    Compiling futures-macro v0.3.32
[INFO] [stderr]    Compiling tokio-macros v2.7.0
[INFO] [stderr]    Compiling cxxbridge-macro v1.0.194
[INFO] [stderr]    Compiling futures-util v0.3.32
[INFO] [stderr]    Compiling tokio v1.52.1
[INFO] [stderr]    Compiling simplersble v1.2.1-dev67 (/opt/rustwide/workdir)
[INFO] [stderr]    Compiling futures-executor v0.3.32
[INFO] [stderr]    Compiling futures v0.3.32
[INFO] [stderr] error: could not compile `tokio` (lib)
[INFO] [stderr] 
[INFO] [stderr] Caused by:
[INFO] [stderr]   process didn't exit successfully: `/opt/rustwide/rustup-home/toolchains/1.100.0-beta.1-x86_64-unknown-linux-gnu/bin/rustc --crate-name tokio --edition=2021 /opt/rustwide/cargo-home/registry/src/index.crates.io-1949cf8c6b5b557f/tokio-1.52.1/src/lib.rs --error-format=json --json=diagnostic-rendered-ansi,artifacts,future-incompat,unused-externs-silent --crate-type lib --emit=dep-info,metadata,link -C opt-level=3 -C embed-bitcode=no --cfg 'feature="bytes"' --cfg 'feature="default"' --cfg 'feature="fs"' --cfg 'feature="full"' --cfg 'feature="io-std"' --cfg 'feature="io-util"' --cfg 'feature="libc"' --cfg 'feature="macros"' --cfg 'feature="mio"' --cfg 'feature="net"' --cfg 'feature="parking_lot"' --cfg 'feature="process"' --cfg 'feature="rt"' --cfg 'feature="rt-multi-thread"' --cfg 'feature="signal"' --cfg 'feature="signal-hook-registry"' --cfg 'feature="socket2"' --cfg 'feature="sync"' --cfg 'feature="time"' --cfg 'feature="tokio-macros"' --check-cfg 'cfg(docsrs,test)' --check-cfg 'cfg(feature, values("bytes", "default", "fs", "full", "io-std", "io-uring", "io-util", "libc", "macros", "mio", "net", "parking_lot", "process", "rt", "rt-multi-thread", "signal", "signal-hook-registry", "socket2", "sync", "taskdump", "test-util", "time", "tokio-macros", "tracing", "windows-sys"))' -C metadata=28fe4f4e8490bccb -C extra-filename=-9f5f6f16cf52ed90 --out-dir /opt/rustwide/target/release/build/tokio/9f5f6f16cf52ed90/out -C strip=debuginfo -L dependency=/opt/rustwide/target/release/build/cfg-if/6d8dca19095bb388/out -L dependency=/opt/rustwide/target/release/build/errno/4f9c146176600aa7/out -L dependency=/opt/rustwide/target/release/build/libc/9127009e093ab63a/out -L dependency=/opt/rustwide/target/release/build/lock_api/0c6a3406bef68330/out -L dependency=/opt/rustwide/target/release/build/parking_lot_core/94d1b730fadb13c1/out -L dependency=/opt/rustwide/target/release/build/scopeguard/5f9373ec660020b4/out -L dependency=/opt/rustwide/target/release/build/smallvec/841086f162eea166/out --extern bytes=/opt/rustwide/target/release/build/bytes/4eeb723b82a97eeb/out/libbytes-4eeb723b82a97eeb.rmeta --extern libc=/opt/rustwide/target/release/build/libc/9127009e093ab63a/out/liblibc-9127009e093ab63a.rmeta --extern mio=/opt/rustwide/target/release/build/mio/8a7d37a8f4f4fa6c/out/libmio-8a7d37a8f4f4fa6c.rmeta --extern parking_lot=/opt/rustwide/target/release/build/parking_lot/350e405ad957c61c/out/libparking_lot-350e405ad957c61c.rmeta --extern pin_project_lite=/opt/rustwide/target/release/build/pin-project-lite/9a89bb36c0c56875/out/libpin_project_lite-9a89bb36c0c56875.rmeta --extern signal_hook_registry=/opt/rustwide/target/release/build/signal-hook-registry/e4a9764ff21d3abc/out/libsignal_hook_registry-e4a9764ff21d3abc.rmeta --extern socket2=/opt/rustwide/target/release/build/socket2/fe5468fb79b8252d/out/libsocket2-fe5468fb79b8252d.rmeta --extern tokio_macros=/opt/rustwide/target/release/build/tokio-macros/bf2f23e7cc5a5432/out/libtokio_macros-bf2f23e7cc5a5432.so --cap-lints allow --cap-lints=warn --force-warn=unused_crate_dependencies` (signal: 9, SIGKILL: kill)
[INFO] [stderr] warning: build failed, waiting for other jobs to finish...
[INFO] [stderr] error: failed to run custom build command for `simplersble v1.2.1-dev67 (/opt/rustwide/workdir)`
[INFO] [stderr] note: To improve backtraces for build dependencies, set the CARGO_PROFILE_RELEASE_BUILD_OVERRIDE_DEBUG=true environment variable to enable debug information generation.
[INFO] [stderr] 
[INFO] [stderr] Caused by:
[INFO] [stderr]   process didn't exit successfully: `/opt/rustwide/target/release/build/simplersble/436fbc95fedaa842/out/build_script_build` (exit status: 101)
[INFO] [stderr]   --- stdout
[INFO] [stderr]   cargo:rerun-if-changed=build.rs
[INFO] [stderr]   cargo:rerun-if-changed=src/lib.rs
[INFO] [stderr]   cargo:rerun-if-changed=src/bindings/Bindings.hpp
[INFO] [stderr]   cargo:rerun-if-changed=src/bindings/Bindings.cpp
[INFO] [stderr]   cargo:rerun-if-env-changed=SIMPLERSBLE_PLAIN
[INFO] [stderr]   cargo:rustc-check-cfg=cfg(simplersble_plain)
[INFO] [stderr]   CMAKE_TOOLCHAIN_FILE_x86_64-unknown-linux-gnu = None
[INFO] [stderr]   CMAKE_TOOLCHAIN_FILE_x86_64_unknown_linux_gnu = None
[INFO] [stderr]   HOST_CMAKE_TOOLCHAIN_FILE = None
[INFO] [stderr]   CMAKE_TOOLCHAIN_FILE = None
[INFO] [stderr]   CMAKE_GENERATOR_x86_64-unknown-linux-gnu = None
[INFO] [stderr]   CMAKE_GENERATOR_x86_64_unknown_linux_gnu = None
[INFO] [stderr]   HOST_CMAKE_GENERATOR = None
[INFO] [stderr]   CMAKE_GENERATOR = None
[INFO] [stderr]   CMAKE_PREFIX_PATH_x86_64-unknown-linux-gnu = None
[INFO] [stderr]   CMAKE_PREFIX_PATH_x86_64_unknown_linux_gnu = None
[INFO] [stderr]   HOST_CMAKE_PREFIX_PATH = None
[INFO] [stderr]   CMAKE_PREFIX_PATH = None
[INFO] [stderr]   CMAKE_x86_64-unknown-linux-gnu = None
[INFO] [stderr]   CMAKE_x86_64_unknown_linux_gnu = None
[INFO] [stderr]   HOST_CMAKE = None
[INFO] [stderr]   CMAKE = None
[INFO] [stderr]   -- The CXX compiler identification is GNU 15.2.0
[INFO] [stderr]   -- The C compiler identification is GNU 15.2.0
[INFO] [stderr]   -- Detecting CXX compiler ABI info
[INFO] [stderr]   -- Detecting CXX compiler ABI info - done
[INFO] [stderr]   -- Check for working CXX compiler: /usr/bin/c++ - skipped
[INFO] [stderr]   -- Detecting CXX compile features
[INFO] [stderr]   -- Detecting CXX compile features - done
[INFO] [stderr]   -- Detecting C compiler ABI info
[INFO] [stderr]   -- Detecting C compiler ABI info - done
[INFO] [stderr]   -- Check for working C compiler: /usr/bin/cc - skipped
[INFO] [stderr]   -- Detecting C compile features
[INFO] [stderr]   -- Detecting C compile features - done
[INFO] [stderr]   -- Performing Test COMPILER_HAS_HIDDEN_VISIBILITY
[INFO] [stderr]   -- Performing Test COMPILER_HAS_HIDDEN_VISIBILITY - Success
[INFO] [stderr]   -- Performing Test COMPILER_HAS_HIDDEN_INLINE_VISIBILITY
[INFO] [stderr]   -- Performing Test COMPILER_HAS_HIDDEN_INLINE_VISIBILITY - Success
[INFO] [stderr]   -- Performing Test COMPILER_HAS_DEPRECATED_ATTR
[INFO] [stderr]   -- Performing Test COMPILER_HAS_DEPRECATED_ATTR - Success
[INFO] [stderr]   -- Linux Host Detected
[INFO] [stderr]   -- Found PkgConfig: /usr/bin/pkg-config (found version "2.5.1")
[INFO] [stderr]   -- Performing Test CMAKE_HAVE_LIBC_PTHREAD
[INFO] [stderr]   -- Performing Test CMAKE_HAVE_LIBC_PTHREAD - Success
[INFO] [stderr]   -- Found Threads: TRUE
[INFO] [stderr]   -- Applying definition: SIMPLEBLE_LOG_LEVEL=SIMPLEBLE_LOG_LEVEL_INFO
[INFO] [stderr]   -- Applying definition: SIMPLEBLE_VERSION="1.2.1-dev67"
[INFO] [stderr]   -- Applying definition: FMT_HEADER_ONLY
[INFO] [stderr]   -- Applying definition: SIMPLEDBUS_LOG_LEVEL=FATAL
[INFO] [stderr]   -- Applying definition: SIMPLEBLUEZ_LOG_LEVEL=FATAL
[INFO] [stderr]   -- Configuring done (4.5s)
[INFO] [stderr]   -- Generating done (0.1s)
[INFO] [stderr]   -- Build files have been written to: /opt/rustwide/target/release/build/simplersble/666d6b84d1d52ad0/out/build
[INFO] [stderr]   [  1%] Building CXX object CMakeFiles/simpleble.dir/src/frontends/base/Characteristic.cpp.o
[INFO] [stderr]   [  2%] Building CXX object CMakeFiles/simpleble.dir/src/frontends/base/Descriptor.cpp.o
[INFO] [stderr]   [  3%] Building CXX object CMakeFiles/simpleble.dir/src/frontends/base/Adapter.cpp.o
[INFO] [stderr]   [  4%] Building CXX object CMakeFiles/simpleble.dir/src/backends/common/AdapterBase.cpp.o
[INFO] [stderr]   [  5%] Building CXX object CMakeFiles/simpleble.dir/src/backends/common/DescriptorBase.cpp.o
[INFO] [stderr]   [  6%] Building CXX object CMakeFiles/simpleble.dir/src/backends/simulator/AdapterSimulator.cpp.o
[INFO] [stderr]   [  7%] Building CXX object CMakeFiles/simpleble.dir/src/frontends/base/Peripheral.cpp.o
[INFO] [stderr]   [  8%] Building CXX object CMakeFiles/simpleble.dir/src/frontends/base/LocalService.cpp.o
[INFO] [stderr]   [ 10%] Building CXX object CMakeFiles/simpleble.dir/src/frontends/base/Advanced.cpp.o
[INFO] [stderr]   [ 10%] Building CXX object CMakeFiles/simpleble.dir/src/backends/common/CharacteristicBase.cpp.o
[INFO] [stderr]   [ 11%] Building CXX object CMakeFiles/simpleble.dir/src/frontends/base/LocalCharacteristic.cpp.o
[INFO] [stderr]   [ 12%] Building CXX object CMakeFiles/simpleble.dir/src/frontends/base/LocalPeripheral.cpp.o
[INFO] [stderr]   [ 13%] Building CXX object CMakeFiles/simpleble.dir/src/backends/common/ServiceBase.cpp.o
[INFO] [stderr]   [ 14%] Building CXX object CMakeFiles/simpleble.dir/src/frontends/base/Backend.cpp.o
[INFO] [stderr]   [ 15%] Building CXX object CMakeFiles/simpleble.dir/src/frontends/base/Service.cpp.o
[INFO] [stderr]   [ 16%] Building CXX object CMakeFiles/simpleble.dir/src/backends/simulator/BackendSimulator.cpp.o
[INFO] [stderr]   [ 17%] Building CXX object CMakeFiles/simpleble.dir/src/backends/simulator/LocalPeripheralSimulator.cpp.o
[INFO] [stderr]   [ 18%] Building CXX object CMakeFiles/simpleble.dir/src/backends/simulator/PeripheralSimulator.cpp.o
[INFO] [stderr]   [ 19%] Building CXX object CMakeFiles/simpleble.dir/src/backends/simulator/SimulationAdapter.cpp.o
[INFO] [stderr]   [ 20%] Building CXX object CMakeFiles/simpleble.dir/src/backends/simulator/SimulationConnection.cpp.o
[INFO] [stderr]   [ 21%] Building CXX object CMakeFiles/simpleble.dir/src/backends/simulator/SimulationDevice.cpp.o
[INFO] [stderr]   [ 22%] Building CXX object CMakeFiles/simpleble.dir/src/backends/simulator/SimulationEnvironment.cpp.o
[INFO] [stderr]   [ 23%] Building CXX object CMakeFiles/simpleble.dir/src/backends/simulator/SimulationLink.cpp.o
[INFO] [stderr]   [ 24%] Building CXX object CMakeFiles/simpleble.dir/src/backends/simulator/core/ConnectionCore.cpp.o
[INFO] [stderr]   [ 25%] Building CXX object CMakeFiles/simpleble.dir/src/backends/simulator/core/DeviceCore.cpp.o
[INFO] [stderr]   [ 26%] Building CXX object CMakeFiles/simpleble.dir/src/backends/simulator/core/EnvironmentCore.cpp.o
[INFO] [stderr] 
[INFO] [stderr]   --- stderr
[INFO] [stderr]   running: cd "/opt/rustwide/target/release/build/simplersble/666d6b84d1d52ad0/out/build" && CMAKE_PREFIX_PATH="" LC_ALL="C" "cmake" "/opt/rustwide/workdir/simpleble" "-B" "/opt/rustwide/target/release/build/simplersble/666d6b84d1d52ad0/out/build" "-DSIMPLEBLE_PLAIN=OFF" "-DCMAKE_INSTALL_PREFIX=/opt/rustwide/target/release/build/simplersble/666d6b84d1d52ad0/out" "-DCMAKE_C_FLAGS= -ffunction-sections -fdata-sections -fPIC -m64 -w" "-DCMAKE_C_COMPILER=/usr/bin/cc" "-DCMAKE_CXX_FLAGS= -ffunction-sections -fdata-sections -fPIC -m64 -w" "-DCMAKE_CXX_COMPILER=/usr/bin/c++" "-DCMAKE_ASM_FLAGS= -ffunction-sections -fdata-sections -fPIC -m64 -w" "-DCMAKE_ASM_COMPILER=/usr/bin/cc" "-DCMAKE_BUILD_TYPE=Release"
[INFO] [stderr]   CMake Warning:
[INFO] [stderr]     Manually-specified variables were not used by the project:
[INFO] [stderr] 
[INFO] [stderr]       CMAKE_ASM_COMPILER
[INFO] [stderr]       CMAKE_ASM_FLAGS
[INFO] [stderr] 
[INFO] [stderr] 
[INFO] [stderr]   running: cd "/opt/rustwide/target/release/build/simplersble/666d6b84d1d52ad0/out/build" && LC_ALL="C" MAKEFLAGS="-j --jobserver-fds=4,5 --jobserver-auth=4,5" "cmake" "--build" "/opt/rustwide/target/release/build/simplersble/666d6b84d1d52ad0/out/build" "--target" "install" "--config" "Release"
[INFO] [stderr]   c++: fatal error: Killed signal terminated program cc1plus
[INFO] [stderr]   compilation terminated.
[INFO] [stderr]   gmake[2]: *** [CMakeFiles/simpleble.dir/build.make:79: CMakeFiles/simpleble.dir/src/frontends/base/Advanced.cpp.o] Error 1
[INFO] [stderr]   gmake[2]: *** Waiting for unfinished jobs....
[INFO] [stderr]   c++: fatal error: Killed signal terminated program cc1plus
[INFO] [stderr]   compilation terminated.
[INFO] [stderr]   gmake[2]: *** [CMakeFiles/simpleble.dir/build.make:93: CMakeFiles/simpleble.dir/src/frontends/base/Adapter.cpp.o] Error 1
[INFO] [stderr]   c++: fatal error: Killed signal terminated program cc1plus
[INFO] [stderr]   compilation terminated.
[INFO] [stderr]   gmake[2]: *** [CMakeFiles/simpleble.dir/build.make:275: CMakeFiles/simpleble.dir/src/backends/simulator/AdapterSimulator.cpp.o] Error 1
[INFO] [stderr]   c++: fatal error: Killed signal terminated program cc1plus
[INFO] [stderr]   compilation terminated.
[INFO] [stderr]   gmake[2]: *** [CMakeFiles/simpleble.dir/build.make:205: CMakeFiles/simpleble.dir/src/frontends/base/Backend.cpp.o] Error 1
[INFO] [stderr]   gmake[1]: *** [CMakeFiles/Makefile2:87: CMakeFiles/simpleble.dir/all] Error 2
[INFO] [stderr]   gmake: *** [Makefile:136: all] Error 2
[INFO] [stderr] 
[INFO] [stderr]   thread 'main' (478) panicked at /opt/rustwide/cargo-home/registry/src/index.crates.io-1949cf8c6b5b557f/cmake-0.1.58/src/lib.rs:1132:5:
[INFO] [stderr] 
[INFO] [stderr]   command did not execute successfully, got: exit status: 2
[INFO] [stderr] 
[INFO] [stderr]   build script failed, must exit now
[INFO] [stderr]   stack backtrace:
[INFO] [stderr]      0:     0x60838414aae1 - <<std[617be2ca0a6fd877]::sys::backtrace::BacktraceLock>::print::DisplayBacktrace as core[a373ad73a504971]::fmt::Display>::fmt
[INFO] [stderr]      1:     0x60838416084a - core[a373ad73a504971]::fmt::write
[INFO] [stderr]      2:     0x608384150d9c - <std[617be2ca0a6fd877]::sys::stdio::unix::Stderr as core[a373ad73a504971]::io::write::Write>::write_fmt
[INFO] [stderr]      3:     0x608384127706 - std[617be2ca0a6fd877]::panicking::default_hook::{closure#0}
[INFO] [stderr]      4:     0x608384143d81 - std[617be2ca0a6fd877]::panicking::default_hook
[INFO] [stderr]      5:     0x6083841440ab - std[617be2ca0a6fd877]::panicking::panic_with_hook
[INFO] [stderr]      6:     0x6083841277b2 - std[617be2ca0a6fd877]::panicking::panic_handler::{closure#0}
[INFO] [stderr]      7:     0x60838411ff69 - std[617be2ca0a6fd877]::sys::backtrace::__rust_end_short_backtrace::<std[617be2ca0a6fd877]::panicking::panic_handler::{closure#0}, !>
[INFO] [stderr]      8:     0x60838412824d - __rustc[ea4f61d10b84890b]::rust_begin_unwind
[INFO] [stderr]      9:     0x60838416106c - core[a373ad73a504971]::panicking::panic_fmt
[INFO] [stderr]     10:     0x6083840a5b57 - cmake[dfeff9908592fd78]::fail
[INFO] [stderr]     11:     0x6083840a57e3 - cmake[dfeff9908592fd78]::run
[INFO] [stderr]     12:     0x6083840ab7b5 - <cmake[dfeff9908592fd78]::Config>::build
[INFO] [stderr]     13:     0x608383e60a5d - build_script_build[7465648aa047f90a]::compile_simpleble
[INFO] [stderr]     14:     0x608383e61741 - build_script_build[7465648aa047f90a]::main
[INFO] [stderr]     15:     0x608383e62dd3 - <fn() as core[a373ad73a504971]::ops::function::FnOnce<()>>::call_once
[INFO] [stderr]     16:     0x608383e5fcd6 - std[617be2ca0a6fd877]::sys::backtrace::__rust_begin_short_backtrace::<fn(), ()>
[INFO] [stderr]     17:     0x608383e60219 - std[617be2ca0a6fd877]::rt::lang_start::<()>::{closure#0}
[INFO] [stderr]     18:     0x608384143078 - std[617be2ca0a6fd877]::rt::lang_start_internal
[INFO] [stderr]     19:     0x608383e5f731 - std[617be2ca0a6fd877]::rt::lang_start::<()>
[INFO] [stderr]     20:     0x608383e62f15 - main
[INFO] [stderr]     21:     0x705e92477601 - <unknown>
[INFO] [stderr]     22:     0x705e92477718 - __libc_start_main
[INFO] [stderr]     23:     0x608383e5d845 - _start
[INFO] [stderr]     24:                0x0 - <unknown>
[INFO] running `Command { std: "docker" "inspect" "1c28fb320ed26292fc9ccef3ed769d1d688349710b3544d6afb3b3cdda7a3bc1", kill_on_drop: false }`
[INFO] running `Command { std: "docker" "rm" "-f" "1c28fb320ed26292fc9ccef3ed769d1d688349710b3544d6afb3b3cdda7a3bc1", kill_on_drop: false }`
[INFO] [stdout] 1c28fb320ed26292fc9ccef3ed769d1d688349710b3544d6afb3b3cdda7a3bc1
