[INFO] fetching crate simpledb 0.1.7...
[INFO] testing simpledb-0.1.7 against 1.100.0-beta.1+cargoflags=--release for beta-release-1.100-2
[INFO] extracting crate simpledb 0.1.7 into /workspace/builds/worker-7-tc2/source
[INFO] started tweaking crates.io crate simpledb 0.1.7
[INFO] finished tweaking crates.io crate simpledb 0.1.7
[INFO] tweaked toml for crates.io crate simpledb 0.1.7 written to /workspace/builds/worker-7-tc2/source/Cargo.toml
[INFO] validating manifest of crates.io crate simpledb 0.1.7 on toolchain 1.100.0-beta.1
[INFO] running `Command { std: CARGO_HOME="/workspace/cargo-home" RUSTUP_HOME="/workspace/rustup-home" "/workspace/cargo-home/bin/cargo" "+1.100.0-beta.1" "metadata" "--manifest-path" "Cargo.toml" "--no-deps", kill_on_drop: false }`
[INFO] crate crates.io crate simpledb 0.1.7 already has a lockfile, it will not be regenerated
[INFO] running `Command { std: CARGO_HOME="/workspace/cargo-home" RUSTUP_HOME="/workspace/rustup-home" "/workspace/cargo-home/bin/cargo" "+1.100.0-beta.1" "fetch" "--manifest-path" "Cargo.toml", kill_on_drop: false }`
[INFO] [stderr] warning: `package.homepage` is redundant with `package.repository`
[INFO] [stderr]   --> Cargo.toml:26:12
[INFO] [stderr]    |
[INFO] [stderr] 26 | homepage = "https://github.com/leizongmin/simpledb"
[INFO] [stderr]    |            ^^^^^^^^^^^^^^^^^^^^^^^^^^^^^^^^^^^^^^^^
[INFO] [stderr] ...
[INFO] [stderr] 31 | repository = "https://github.com/leizongmin/simpledb"
[INFO] [stderr]    |              ----------------------------------------
[INFO] [stderr]    |
[INFO] [stderr]    = note: `cargo::redundant_homepage` is set to `warn` by default
[INFO] [stderr] help: consider removing `package.homepage`
[INFO] [stderr] warning: `simpledb` (manifest) generated 1 warning
[INFO] running `Command { std: "docker" "create" "-v" "/var/lib/crater-agent-workspace/builds/worker-7-tc2/source:/opt/rustwide/workdir:ro,Z" "-v" "/var/lib/crater-agent-workspace/builds/worker-7-tc2/target:/opt/rustwide/target:rw,Z" "-v" "/var/lib/crater-agent-workspace/cargo-home:/opt/rustwide/cargo-home:ro,Z" "-v" "/var/lib/crater-agent-workspace/rustup-home:/opt/rustwide/rustup-home:ro,Z" "-m" "1610612736" "--network" "none" "ghcr.io/rust-lang/crates-build-env/linux@sha256:77db811e55d90add9212f6832c23229e3de5f1c1f9905e8cb07319ea15df73ac" "sleep" "infinity", kill_on_drop: false }`
[INFO] [stdout] e61e5c6c265f9204e4f6fa15c1e009450a4fb355b3e8ba459bfc1764ec54c672
[INFO] running `Command { std: "docker" "start" "e61e5c6c265f9204e4f6fa15c1e009450a4fb355b3e8ba459bfc1764ec54c672", kill_on_drop: false }`
[INFO] running `Command { std: "docker" "inspect" "e61e5c6c265f9204e4f6fa15c1e009450a4fb355b3e8ba459bfc1764ec54c672", kill_on_drop: false }`
[INFO] running `Command { std: "docker" "exec" "-e" "SOURCE_DIR=/opt/rustwide/workdir" "-e" "CARGO_HOME=/opt/rustwide/cargo-home" "-e" "RUSTUP_HOME=/opt/rustwide/rustup-home" "-e" "CARGO_TARGET_DIR=/opt/rustwide/target" "-w" "/opt/rustwide/workdir" "--user" "0:0" "e61e5c6c265f9204e4f6fa15c1e009450a4fb355b3e8ba459bfc1764ec54c672" "/opt/rustwide/cargo-home/bin/cargo" "+1.100.0-beta.1" "metadata" "--no-deps" "--format-version=1", kill_on_drop: false }`
[INFO] running `Command { std: "docker" "inspect" "e61e5c6c265f9204e4f6fa15c1e009450a4fb355b3e8ba459bfc1764ec54c672", kill_on_drop: false }`
[INFO] running `Command { std: "docker" "exec" "-e" "SOURCE_DIR=/opt/rustwide/workdir" "-e" "CARGO_HOME=/opt/rustwide/cargo-home" "-e" "RUSTUP_HOME=/opt/rustwide/rustup-home" "-e" "CARGO_TARGET_DIR=/opt/rustwide/target" "-e" "CARGO_INCREMENTAL=0" "-e" "RUST_BACKTRACE=full" "-e" "RUSTFLAGS=--cap-lints=warn" "-e" "RUSTDOCFLAGS=--cap-lints=warn" "-w" "/opt/rustwide/workdir" "--user" "0:0" "e61e5c6c265f9204e4f6fa15c1e009450a4fb355b3e8ba459bfc1764ec54c672" "/opt/rustwide/cargo-home/bin/cargo" "+1.100.0-beta.1" "build" "--frozen" "--message-format=json" "--release", kill_on_drop: false }`
[INFO] [stderr] warning: `package.homepage` is redundant with `package.repository`
[INFO] [stderr]   --> Cargo.toml:26:12
[INFO] [stderr]    |
[INFO] [stderr] 26 | homepage = "https://github.com/leizongmin/simpledb"
[INFO] [stderr]    |            ^^^^^^^^^^^^^^^^^^^^^^^^^^^^^^^^^^^^^^^^
[INFO] [stderr] ...
[INFO] [stderr] 31 | repository = "https://github.com/leizongmin/simpledb"
[INFO] [stderr]    |              ----------------------------------------
[INFO] [stderr]    |
[INFO] [stderr]    = note: `cargo::redundant_homepage` is set to `warn` by default
[INFO] [stderr] help: consider removing `package.homepage`
[INFO] [stderr] warning: `simpledb` (manifest) generated 1 warning
[INFO] [stderr]    Compiling libc v0.2.98
[INFO] [stderr]    Compiling glob v0.3.0
[INFO] [stderr]    Compiling memchr v2.3.3
[INFO] [stderr]    Compiling proc-macro2 v1.0.51
[INFO] [stderr]    Compiling unicode-ident v1.0.6
[INFO] [stderr]    Compiling bitflags v1.2.1
[INFO] [stderr]    Compiling cfg-if v1.0.0
[INFO] [stderr]    Compiling syn v1.0.107
[INFO] [stderr]    Compiling pkg-config v0.3.26
[INFO] [stderr]    Compiling regex-syntax v0.6.28
[INFO] [stderr]    Compiling bindgen v0.64.0
[INFO] [stderr]    Compiling peeking_take_while v0.1.2
[INFO] [stderr]    Compiling lazycell v1.2.1
[INFO] [stderr]    Compiling rustc-hash v1.1.0
[INFO] [stderr]    Compiling lazy_static v1.4.0
[INFO] [stderr]    Compiling shlex v1.1.0
[INFO] [stderr]    Compiling libloading v0.7.0
[INFO] [stderr]    Compiling bytes v1.4.0
[INFO] [stderr]    Compiling nom v7.1.3
[INFO] [stderr]    Compiling clang-sys v1.2.0
[INFO] [stderr]    Compiling quote v1.0.7
[INFO] [stderr]    Compiling jobserver v0.1.21
[INFO] [stderr]    Compiling cc v1.0.54
[INFO] [stderr]    Compiling lz4-sys v1.9.4
[INFO] [stderr]    Compiling zstd-sys v2.0.7+zstd.1.5.4
[INFO] [stderr]    Compiling regex v1.7.1
[INFO] [stderr]    Compiling cexpr v0.6.0
[INFO] [stderr]    Compiling librocksdb-sys v0.10.0+7.9.2
[INFO] [stderr] warning: librocksdb-sys@0.10.0+7.9.2: cargo:warning=c++: fatal error: Killed signal terminated program cc1plus
[INFO] [stderr] warning: librocksdb-sys@0.10.0+7.9.2: compilation terminated.
[INFO] [stderr] warning: librocksdb-sys@0.10.0+7.9.2: compilation terminated.
[INFO] [stderr] warning: librocksdb-sys@0.10.0+7.9.2: c++: fatal error: Killed signal terminated program cc1plus
[INFO] [stderr] warning: librocksdb-sys@0.10.0+7.9.2: compilation terminated.
[INFO] [stderr] warning: librocksdb-sys@0.10.0+7.9.2: In file included from rocksdb/db/blob/blob_file_meta.cc:6:
[INFO] [stderr] warning: librocksdb-sys@0.10.0+7.9.2: rocksdb/db/blob/blob_file_meta.h:28:7: error: 'uint64_t' has not been declared
[INFO] [stderr] warning: librocksdb-sys@0.10.0+7.9.2:    28 |       uint64_t blob_file_number, uint64_t total_blob_count,
[INFO] [stderr] warning: librocksdb-sys@0.10.0+7.9.2:       |       ^~~~~~~~
[INFO] [stderr] warning: librocksdb-sys@0.10.0+7.9.2: rocksdb/db/blob/blob_file_meta.h:15:1: note: 'uint64_t' is defined in header '<cstdint>'; this is probably fixable by adding '#include <cstdint>'
[INFO] [stderr] warning: librocksdb-sys@0.10.0+7.9.2:    14 | #include "rocksdb/rocksdb_namespace.h"
[INFO] [stderr] warning: librocksdb-sys@0.10.0+7.9.2:   +++ |+#include <cstdint>
[INFO] [stderr] warning: librocksdb-sys@0.10.0+7.9.2:    15 | 
[INFO] [stderr] warning: librocksdb-sys@0.10.0+7.9.2: rocksdb/db/blob/blob_file_meta.h:28:34: error: 'uint64_t' has not been declared
[INFO] [stderr] warning: librocksdb-sys@0.10.0+7.9.2:    28 |       uint64_t blob_file_number, uint64_t total_blob_count,
[INFO] [stderr] warning: librocksdb-sys@0.10.0+7.9.2:       |                                  ^~~~~~~~
[INFO] [stderr] warning: librocksdb-sys@0.10.0+7.9.2: rocksdb/db/blob/blob_file_meta.h:28:34: note: 'uint64_t' is defined in header '<cstdint>'; this is probably fixable by adding '#include <cstdint>'
[INFO] [stderr] warning: librocksdb-sys@0.10.0+7.9.2: rocksdb/db/blob/blob_file_meta.h:29:7: error: 'uint64_t' has not been declared
[INFO] [stderr] warning: librocksdb-sys@0.10.0+7.9.2:    29 |       uint64_t total_blob_bytes, std::string checksum_method,
[INFO] [stderr] warning: librocksdb-sys@0.10.0+7.9.2:       |       ^~~~~~~~
[INFO] [stderr] warning: librocksdb-sys@0.10.0+7.9.2: rocksdb/db/blob/blob_file_meta.h:29:7: note: 'uint64_t' is defined in header '<cstdint>'; this is probably fixable by adding '#include <cstdint>'
[INFO] [stderr] warning: librocksdb-sys@0.10.0+7.9.2: rocksdb/db/blob/blob_file_meta.h:38:7: error: 'uint64_t' has not been declared
[INFO] [stderr] warning: librocksdb-sys@0.10.0+7.9.2:    38 |       uint64_t blob_file_number, uint64_t total_blob_count,
[INFO] [stderr] warning: librocksdb-sys@0.10.0+7.9.2:       |       ^~~~~~~~
[INFO] [stderr] warning: librocksdb-sys@0.10.0+7.9.2: rocksdb/db/blob/blob_file_meta.h:38:7: note: 'uint64_t' is defined in header '<cstdint>'; this is probably fixable by adding '#include <cstdint>'
[INFO] [stderr] warning: librocksdb-sys@0.10.0+7.9.2: rocksdb/db/blob/blob_file_meta.h:38:34: error: 'uint64_t' has not been declared
[INFO] [stderr] warning: librocksdb-sys@0.10.0+7.9.2:    38 |       uint64_t blob_file_number, uint64_t total_blob_count,
[INFO] [stderr] warning: librocksdb-sys@0.10.0+7.9.2:       |                                  ^~~~~~~~
[INFO] [stderr] warning: librocksdb-sys@0.10.0+7.9.2: rocksdb/db/blob/blob_file_meta.h:38:34: note: 'uint64_t' is defined in header '<cstdint>'; this is probably fixable by adding '#include <cstdint>'
[INFO] [stderr] warning: librocksdb-sys@0.10.0+7.9.2: rocksdb/db/blob/blob_file_meta.h:39:7: error: 'uint64_t' has not been declared
[INFO] [stderr] warning: librocksdb-sys@0.10.0+7.9.2:    39 |       uint64_t total_blob_bytes, std::string checksum_method,
[INFO] [stderr] warning: librocksdb-sys@0.10.0+7.9.2:       |       ^~~~~~~~
[INFO] [stderr] warning: librocksdb-sys@0.10.0+7.9.2: rocksdb/db/blob/blob_file_meta.h:39:7: note: 'uint64_t' is defined in header '<cstdint>'; this is probably fixable by adding '#include <cstdint>'
[INFO] [stderr] warning: librocksdb-sys@0.10.0+7.9.2: rocksdb/db/blob/blob_file_meta.h:54:3: error: 'uint64_t' does not name a type
[INFO] [stderr] warning: librocksdb-sys@0.10.0+7.9.2:    54 |   uint64_t GetBlobFileSize() const;
[INFO] [stderr] warning: librocksdb-sys@0.10.0+7.9.2:       |   ^~~~~~~~
[INFO] [stderr] warning: librocksdb-sys@0.10.0+7.9.2: rocksdb/db/blob/blob_file_meta.h:54:3: note: 'uint64_t' is defined in header '<cstdint>'; this is probably fixable by adding '#include <cstdint>'
[INFO] [stderr] warning: librocksdb-sys@0.10.0+7.9.2: rocksdb/db/blob/blob_file_meta.h:55:3: error: 'uint64_t' does not name a type
[INFO] [stderr] warning: librocksdb-sys@0.10.0+7.9.2:    55 |   uint64_t GetBlobFileNumber() const { return blob_file_number_; }
[INFO] [stderr] warning: librocksdb-sys@0.10.0+7.9.2:       |   ^~~~~~~~
[INFO] [stderr] warning: librocksdb-sys@0.10.0+7.9.2: rocksdb/db/blob/blob_file_meta.h:55:3: note: 'uint64_t' is defined in header '<cstdint>'; this is probably fixable by adding '#include <cstdint>'
[INFO] [stderr] warning: librocksdb-sys@0.10.0+7.9.2: rocksdb/db/blob/blob_file_meta.h:56:3: error: 'uint64_t' does not name a type
[INFO] [stderr] warning: librocksdb-sys@0.10.0+7.9.2:    56 |   uint64_t GetTotalBlobCount() const { return total_blob_count_; }
[INFO] [stderr] warning: librocksdb-sys@0.10.0+7.9.2:       |   ^~~~~~~~
[INFO] [stderr] warning: librocksdb-sys@0.10.0+7.9.2: rocksdb/db/blob/blob_file_meta.h:56:3: note: 'uint64_t' is defined in header '<cstdint>'; this is probably fixable by adding '#include <cstdint>'
[INFO] [stderr] warning: librocksdb-sys@0.10.0+7.9.2: rocksdb/db/blob/blob_file_meta.h:57:3: error: 'uint64_t' does not name a type
[INFO] [stderr] warning: librocksdb-sys@0.10.0+7.9.2:    57 |   uint64_t GetTotalBlobBytes() const { return total_blob_bytes_; }
[INFO] [stderr] warning: librocksdb-sys@0.10.0+7.9.2:       |   ^~~~~~~~
[INFO] [stderr] warning: librocksdb-sys@0.10.0+7.9.2: rocksdb/db/blob/blob_file_meta.h:57:3: note: 'uint64_t' is defined in header '<cstdint>'; this is probably fixable by adding '#include <cstdint>'
[INFO] [stderr] warning: librocksdb-sys@0.10.0+7.9.2: rocksdb/db/blob/blob_file_meta.h:64:34: error: expected ')' before 'blob_file_number'
[INFO] [stderr] warning: librocksdb-sys@0.10.0+7.9.2:    64 |   SharedBlobFileMetaData(uint64_t blob_file_number, uint64_t total_blob_count,
[INFO] [stderr] warning: librocksdb-sys@0.10.0+7.9.2:       |                         ~        ^~~~~~~~~~~~~~~~~
[INFO] [stderr] warning: librocksdb-sys@0.10.0+7.9.2:       |                                  )
[INFO] [stderr] warning: librocksdb-sys@0.10.0+7.9.2: rocksdb/db/blob/blob_file_meta.h:75:3: error: 'uint64_t' does not name a type
[INFO] [stderr] warning: librocksdb-sys@0.10.0+7.9.2:    75 |   uint64_t blob_file_number_;
[INFO] [stderr] warning: librocksdb-sys@0.10.0+7.9.2:       |   ^~~~~~~~
[INFO] [stderr] warning: librocksdb-sys@0.10.0+7.9.2: rocksdb/db/blob/blob_file_meta.h:75:3: note: 'uint64_t' is defined in header '<cstdint>'; this is probably fixable by adding '#include <cstdint>'
[INFO] [stderr] warning: librocksdb-sys@0.10.0+7.9.2: rocksdb/db/blob/blob_file_meta.h:76:3: error: 'uint64_t' does not name a type
[INFO] [stderr] warning: librocksdb-sys@0.10.0+7.9.2:    76 |   uint64_t total_blob_count_;
[INFO] [stderr] warning: librocksdb-sys@0.10.0+7.9.2:       |   ^~~~~~~~
[INFO] [stderr] warning: librocksdb-sys@0.10.0+7.9.2: rocksdb/db/blob/blob_file_meta.h:76:3: note: 'uint64_t' is defined in header '<cstdint>'; this is probably fixable by adding '#include <cstdint>'
[INFO] [stderr] warning: librocksdb-sys@0.10.0+7.9.2: rocksdb/db/blob/blob_file_meta.h:77:3: error: 'uint64_t' does not name a type
[INFO] [stderr] warning: librocksdb-sys@0.10.0+7.9.2:    77 |   uint64_t total_blob_bytes_;
[INFO] [stderr] warning: librocksdb-sys@0.10.0+7.9.2:       |   ^~~~~~~~
[INFO] [stderr] warning: librocksdb-sys@0.10.0+7.9.2: rocksdb/db/blob/blob_file_meta.h:77:3: note: 'uint64_t' is defined in header '<cstdint>'; this is probably fixable by adding '#include <cstdint>'
[INFO] [stderr] warning: librocksdb-sys@0.10.0+7.9.2: rocksdb/db/blob/blob_file_meta.h: In static member function 'static std::shared_ptr<rocksdb::SharedBlobFileMetaData> rocksdb::SharedBlobFileMetaData::Create(int, int, int, std::string, std::string)':
[INFO] [stderr] warning: librocksdb-sys@0.10.0+7.9.2: rocksdb/db/blob/blob_file_meta.h:33:62: error: no matching function for call to 'rocksdb::SharedBlobFileMetaData::SharedBlobFileMetaData(int&, int&, int&, std::remove_reference<std::__cxx11::basic_string<char>&>::type, std::remove_reference<std::__cxx11::basic_string<char>&>::type)'
[INFO] [stderr] warning: librocksdb-sys@0.10.0+7.9.2:    33 |         std::move(checksum_method), std::move(checksum_value)));
[INFO] [stderr] warning: librocksdb-sys@0.10.0+7.9.2:       |                                                              ^
[INFO] [stderr] warning: librocksdb-sys@0.10.0+7.9.2: rocksdb/db/blob/blob_file_meta.h:33:62: note: there are 2 candidates
[INFO] [stderr] warning: librocksdb-sys@0.10.0+7.9.2: rocksdb/db/blob/blob_file_meta.h:51:3: note: candidate 1: 'rocksdb::SharedBlobFileMetaData::SharedBlobFileMetaData(rocksdb::SharedBlobFileMetaData&&)' (deleted)
[INFO] [stderr] warning: librocksdb-sys@0.10.0+7.9.2:    51 |   SharedBlobFileMetaData(SharedBlobFileMetaData&&) = delete;
[INFO] [stderr] warning: librocksdb-sys@0.10.0+7.9.2:       |   ^~~~~~~~~~~~~~~~~~~~~~
[INFO] [stderr] warning: librocksdb-sys@0.10.0+7.9.2: rocksdb/db/blob/blob_file_meta.h:51:3: note: candidate expects 1 argument, 5 provided
[INFO] [stderr] warning: librocksdb-sys@0.10.0+7.9.2: rocksdb/db/blob/blob_file_meta.h:48:3: note: candidate 2: 'rocksdb::SharedBlobFileMetaData::SharedBlobFileMetaData(const rocksdb::SharedBlobFileMetaData&)' (deleted)
[INFO] [stderr] warning: librocksdb-sys@0.10.0+7.9.2:    48 |   SharedBlobFileMetaData(const SharedBlobFileMetaData&) = delete;
[INFO] [stderr] warning: librocksdb-sys@0.10.0+7.9.2:       |   ^~~~~~~~~~~~~~~~~~~~~~
[INFO] [stderr] warning: librocksdb-sys@0.10.0+7.9.2: rocksdb/db/blob/blob_file_meta.h:48:3: note: candidate expects 1 argument, 5 provided
[INFO] [stderr] warning: librocksdb-sys@0.10.0+7.9.2: rocksdb/db/blob/blob_file_meta.h: In static member function 'static std::shared_ptr<rocksdb::SharedBlobFileMetaData> rocksdb::SharedBlobFileMetaData::Create(int, int, int, std::string, std::string, Deleter)':
[INFO] [stderr] warning: librocksdb-sys@0.10.0+7.9.2: rocksdb/db/blob/blob_file_meta.h:44:61: error: no matching function for call to 'rocksdb::SharedBlobFileMetaData::SharedBlobFileMetaData(int&, int&, int&, std::remove_reference<std::__cxx11::basic_string<char>&>::type, std::remove_reference<std::__cxx11::basic_string<char>&>::type)' [-Wtemplate-body]
[INFO] [stderr] warning: librocksdb-sys@0.10.0+7.9.2:    44 |                                    std::move(checksum_value)),
[INFO] [stderr] warning: librocksdb-sys@0.10.0+7.9.2:       |                                                             ^
[INFO] [stderr] warning: librocksdb-sys@0.10.0+7.9.2: rocksdb/db/blob/blob_file_meta.h:44:61: note: there are 2 candidates
[INFO] [stderr] warning: librocksdb-sys@0.10.0+7.9.2: rocksdb/db/blob/blob_file_meta.h:51:3: note: candidate 1: 'rocksdb::SharedBlobFileMetaData::SharedBlobFileMetaData(rocksdb::SharedBlobFileMetaData&&)' (deleted)
[INFO] [stderr] warning: librocksdb-sys@0.10.0+7.9.2:    51 |   SharedBlobFileMetaData(SharedBlobFileMetaData&&) = delete;
[INFO] [stderr] warning: librocksdb-sys@0.10.0+7.9.2:       |   ^~~~~~~~~~~~~~~~~~~~~~
[INFO] [stderr] warning: librocksdb-sys@0.10.0+7.9.2: rocksdb/db/blob/blob_file_meta.h:51:3: note: candidate expects 1 argument, 5 provided
[INFO] [stderr] warning: librocksdb-sys@0.10.0+7.9.2: rocksdb/db/blob/blob_file_meta.h:48:3: note: candidate 2: 'rocksdb::SharedBlobFileMetaData::SharedBlobFileMetaData(const rocksdb::SharedBlobFileMetaData&)' (deleted)
[INFO] [stderr] warning: librocksdb-sys@0.10.0+7.9.2:    48 |   SharedBlobFileMetaData(const SharedBlobFileMetaData&) = delete;
[INFO] [stderr] warning: librocksdb-sys@0.10.0+7.9.2:       |   ^~~~~~~~~~~~~~~~~~~~~~
[INFO] [stderr] warning: librocksdb-sys@0.10.0+7.9.2: rocksdb/db/blob/blob_file_meta.h:48:3: note: candidate expects 1 argument, 5 provided
[INFO] [stderr] warning: librocksdb-sys@0.10.0+7.9.2: rocksdb/db/blob/blob_file_meta.h: At global scope:
[INFO] [stderr] warning: librocksdb-sys@0.10.0+7.9.2: rocksdb/db/blob/blob_file_meta.h:95:41: error: 'uint64_t' was not declared in this scope
[INFO] [stderr] warning: librocksdb-sys@0.10.0+7.9.2:    95 |   using LinkedSsts = std::unordered_set<uint64_t>;
[INFO] [stderr] warning: librocksdb-sys@0.10.0+7.9.2:       |                                         ^~~~~~~~
[INFO] [stderr] warning: librocksdb-sys@0.10.0+7.9.2: rocksdb/db/blob/blob_file_meta.h:95:41: note: 'uint64_t' is defined in header '<cstdint>'; this is probably fixable by adding '#include <cstdint>'
[INFO] [stderr] warning: librocksdb-sys@0.10.0+7.9.2: rocksdb/db/blob/blob_file_meta.h:95:49: error: template argument 1 is invalid
[INFO] [stderr] warning: librocksdb-sys@0.10.0+7.9.2:    95 |   using LinkedSsts = std::unordered_set<uint64_t>;
[INFO] [stderr] warning: librocksdb-sys@0.10.0+7.9.2:       |                                                 ^
[INFO] [stderr] warning: librocksdb-sys@0.10.0+7.9.2: rocksdb/db/blob/blob_file_meta.h:95:49: error: template argument 2 is invalid
[INFO] [stderr] warning: librocksdb-sys@0.10.0+7.9.2: rocksdb/db/blob/blob_file_meta.h:95:49: error: template argument 3 is invalid
[INFO] [stderr] warning: librocksdb-sys@0.10.0+7.9.2: rocksdb/db/blob/blob_file_meta.h:95:49: error: template argument 4 is invalid
[INFO] [stderr] warning: librocksdb-sys@0.10.0+7.9.2: rocksdb/db/blob/blob_file_meta.h:99:7: error: 'LinkedSsts' has not been declared
[INFO] [stderr] warning: librocksdb-sys@0.10.0+7.9.2:    99 |       LinkedSsts linked_ssts, uint64_t garbage_blob_count,
[INFO] [stderr] warning: librocksdb-sys@0.10.0+7.9.2:       |       ^~~~~~~~~~
[INFO] [stderr] warning: librocksdb-sys@0.10.0+7.9.2: rocksdb/db/blob/blob_file_meta.h:99:31: error: 'uint64_t' has not been declared
[INFO] [stderr] warning: librocksdb-sys@0.10.0+7.9.2:    99 |       LinkedSsts linked_ssts, uint64_t garbage_blob_count,
[INFO] [stderr] warning: librocksdb-sys@0.10.0+7.9.2:       |                               ^~~~~~~~
[INFO] [stderr] warning: librocksdb-sys@0.10.0+7.9.2: rocksdb/db/blob/blob_file_meta.h:99:31: note: 'uint64_t' is defined in header '<cstdint>'; this is probably fixable by adding '#include <cstdint>'
[INFO] [stderr] warning: librocksdb-sys@0.10.0+7.9.2: rocksdb/db/blob/blob_file_meta.h:100:7: error: 'uint64_t' has not been declared
[INFO] [stderr] warning: librocksdb-sys@0.10.0+7.9.2:   100 |       uint64_t garbage_blob_bytes) {
[INFO] [stderr] warning: librocksdb-sys@0.10.0+7.9.2:       |       ^~~~~~~~
[INFO] [stderr] warning: librocksdb-sys@0.10.0+7.9.2: rocksdb/db/blob/blob_file_meta.h:100:7: note: 'uint64_t' is defined in header '<cstdint>'; this is probably fixable by adding '#include <cstdint>'
[INFO] [stderr] warning: librocksdb-sys@0.10.0+7.9.2: rocksdb/db/blob/blob_file_meta.h:116:3: error: 'uint64_t' does not name a type
[INFO] [stderr] warning: librocksdb-sys@0.10.0+7.9.2:   116 |   uint64_t GetBlobFileSize() const {
[INFO] [stderr] warning: librocksdb-sys@0.10.0+7.9.2:       |   ^~~~~~~~
[INFO] [stderr] warning: librocksdb-sys@0.10.0+7.9.2: rocksdb/db/blob/blob_file_meta.h:116:3: note: 'uint64_t' is defined in header '<cstdint>'; this is probably fixable by adding '#include <cstdint>'
[INFO] [stderr] warning: librocksdb-sys@0.10.0+7.9.2: rocksdb/db/blob/blob_file_meta.h:121:3: error: 'uint64_t' does not name a type
[INFO] [stderr] warning: librocksdb-sys@0.10.0+7.9.2:   121 |   uint64_t GetBlobFileNumber() const {
[INFO] [stderr] warning: librocksdb-sys@0.10.0+7.9.2:       |   ^~~~~~~~
[INFO] [stderr] warning: librocksdb-sys@0.10.0+7.9.2: rocksdb/db/blob/blob_file_meta.h:121:3: note: 'uint64_t' is defined in header '<cstdint>'; this is probably fixable by adding '#include <cstdint>'
[INFO] [stderr] warning: librocksdb-sys@0.10.0+7.9.2: rocksdb/db/blob/blob_file_meta.h:125:3: error: 'uint64_t' does not name a type
[INFO] [stderr] warning: librocksdb-sys@0.10.0+7.9.2:   125 |   uint64_t GetTotalBlobCount() const {
[INFO] [stderr] warning: librocksdb-sys@0.10.0+7.9.2:       |   ^~~~~~~~
[INFO] [stderr] warning: librocksdb-sys@0.10.0+7.9.2: rocksdb/db/blob/blob_file_meta.h:125:3: note: 'uint64_t' is defined in header '<cstdint>'; this is probably fixable by adding '#include <cstdint>'
[INFO] [stderr] warning: librocksdb-sys@0.10.0+7.9.2: rocksdb/db/blob/blob_file_meta.h:129:3: error: 'uint64_t' does not name a type
[INFO] [stderr] warning: librocksdb-sys@0.10.0+7.9.2:   129 |   uint64_t GetTotalBlobBytes() const {
[INFO] [stderr] warning: librocksdb-sys@0.10.0+7.9.2:       |   ^~~~~~~~
[INFO] [stderr] warning: librocksdb-sys@0.10.0+7.9.2: rocksdb/db/blob/blob_file_meta.h:129:3: note: 'uint64_t' is defined in header '<cstdint>'; this is probably fixable by adding '#include <cstdint>'
[INFO] [stderr] warning: librocksdb-sys@0.10.0+7.9.2: rocksdb/db/blob/blob_file_meta.h:142:9: error: 'LinkedSsts' does not name a type
[INFO] [stderr] warning: librocksdb-sys@0.10.0+7.9.2:   142 |   const LinkedSsts& GetLinkedSsts() const { return linked_ssts_; }
[INFO] [stderr] warning: librocksdb-sys@0.10.0+7.9.2:       |         ^~~~~~~~~~
[INFO] [stderr] warning: librocksdb-sys@0.10.0+7.9.2: rocksdb/db/blob/blob_file_meta.h:144:3: error: 'uint64_t' does not name a type
[INFO] [stderr] warning: librocksdb-sys@0.10.0+7.9.2:   144 |   uint64_t GetGarbageBlobCount() const { return garbage_blob_count_; }
[INFO] [stderr] warning: librocksdb-sys@0.10.0+7.9.2:       |   ^~~~~~~~
[INFO] [stderr] warning: librocksdb-sys@0.10.0+7.9.2: rocksdb/db/blob/blob_file_meta.h:144:3: note: 'uint64_t' is defined in header '<cstdint>'; this is probably fixable by adding '#include <cstdint>'
[INFO] [stderr] warning: librocksdb-sys@0.10.0+7.9.2: rocksdb/db/blob/blob_file_meta.h:145:3: error: 'uint64_t' does not name a type
[INFO] [stderr] warning: librocksdb-sys@0.10.0+7.9.2:   145 |   uint64_t GetGarbageBlobBytes() const { return garbage_blob_bytes_; }
[INFO] [stderr] warning: librocksdb-sys@0.10.0+7.9.2:       |   ^~~~~~~~
[INFO] [stderr] warning: librocksdb-sys@0.10.0+7.9.2: rocksdb/db/blob/blob_file_meta.h:145:3: note: 'uint64_t' is defined in header '<cstdint>'; this is probably fixable by adding '#include <cstdint>'
[INFO] [stderr] warning: librocksdb-sys@0.10.0+7.9.2: rocksdb/db/blob/blob_file_meta.h:151:20: error: 'LinkedSsts' has not been declared
[INFO] [stderr] warning: librocksdb-sys@0.10.0+7.9.2:   151 |                    LinkedSsts linked_ssts, uint64_t garbage_blob_count,
[INFO] [stderr] warning: librocksdb-sys@0.10.0+7.9.2:       |                    ^~~~~~~~~~
[INFO] [stderr] warning: librocksdb-sys@0.10.0+7.9.2: rocksdb/db/blob/blob_file_meta.h:151:44: error: 'uint64_t' has not been declared
[INFO] [stderr] warning: librocksdb-sys@0.10.0+7.9.2:   151 |                    LinkedSsts linked_ssts, uint64_t garbage_blob_count,
[INFO] [stderr] warning: librocksdb-sys@0.10.0+7.9.2:       |                                            ^~~~~~~~
[INFO] [stderr] warning: librocksdb-sys@0.10.0+7.9.2: rocksdb/db/blob/blob_file_meta.h:151:44: note: 'uint64_t' is defined in header '<cstdint>'; this is probably fixable by adding '#include <cstdint>'
[INFO] [stderr] warning: librocksdb-sys@0.10.0+7.9.2: rocksdb/db/blob/blob_file_meta.h:152:20: error: 'uint64_t' has not been declared
[INFO] [stderr] warning: librocksdb-sys@0.10.0+7.9.2:   152 |                    uint64_t garbage_blob_bytes)
[INFO] [stderr] warning: librocksdb-sys@0.10.0+7.9.2:       |                    ^~~~~~~~
[INFO] [stderr] warning: librocksdb-sys@0.10.0+7.9.2: rocksdb/db/blob/blob_file_meta.h:152:20: note: 'uint64_t' is defined in header '<cstdint>'; this is probably fixable by adding '#include <cstdint>'
[INFO] [stderr] warning: librocksdb-sys@0.10.0+7.9.2: rocksdb/db/blob/blob_file_meta.h:163:3: error: 'LinkedSsts' does not name a type
[INFO] [stderr] warning: librocksdb-sys@0.10.0+7.9.2:   163 |   LinkedSsts linked_ssts_;
[INFO] [stderr] warning: librocksdb-sys@0.10.0+7.9.2:       |   ^~~~~~~~~~
[INFO] [stderr] warning: librocksdb-sys@0.10.0+7.9.2: rocksdb/db/blob/blob_file_meta.h:164:3: error: 'uint64_t' does not name a type
[INFO] [stderr] warning: librocksdb-sys@0.10.0+7.9.2:   164 |   uint64_t garbage_blob_count_;
[INFO] [stderr] warning: librocksdb-sys@0.10.0+7.9.2:       |   ^~~~~~~~
[INFO] [stderr] warning: librocksdb-sys@0.10.0+7.9.2: rocksdb/db/blob/blob_file_meta.h:164:3: note: 'uint64_t' is defined in header '<cstdint>'; this is probably fixable by adding '#include <cstdint>'
[INFO] [stderr] warning: librocksdb-sys@0.10.0+7.9.2: rocksdb/db/blob/blob_file_meta.h:165:3: error: 'uint64_t' does not name a type
[INFO] [stderr] warning: librocksdb-sys@0.10.0+7.9.2:   165 |   uint64_t garbage_blob_bytes_;
[INFO] [stderr] warning: librocksdb-sys@0.10.0+7.9.2:       |   ^~~~~~~~
[INFO] [stderr] warning: librocksdb-sys@0.10.0+7.9.2: rocksdb/db/blob/blob_file_meta.h:165:3: note: 'uint64_t' is defined in header '<cstdint>'; this is probably fixable by adding '#include <cstdint>'
[INFO] [stderr] warning: librocksdb-sys@0.10.0+7.9.2: rocksdb/db/blob/blob_file_meta.h: In constructor 'rocksdb::BlobFileMetaData::BlobFileMetaData(std::shared_ptr<rocksdb::SharedBlobFileMetaData>, int, int, int)':
[INFO] [stderr] warning: librocksdb-sys@0.10.0+7.9.2: rocksdb/db/blob/blob_file_meta.h:154:9: error: class 'rocksdb::BlobFileMetaData' does not have any field named 'linked_ssts_'
[INFO] [stderr] warning: librocksdb-sys@0.10.0+7.9.2:   154 |         linked_ssts_(std::move(linked_ssts)),
[INFO] [stderr] warning: librocksdb-sys@0.10.0+7.9.2:       |         ^~~~~~~~~~~~
[INFO] [stderr] warning: librocksdb-sys@0.10.0+7.9.2: rocksdb/db/blob/blob_file_meta.h:155:9: error: class 'rocksdb::BlobFileMetaData' does not have any field named 'garbage_blob_count_'
[INFO] [stderr] warning: librocksdb-sys@0.10.0+7.9.2:   155 |         garbage_blob_count_(garbage_blob_count),
[INFO] [stderr] warning: librocksdb-sys@0.10.0+7.9.2:       |         ^~~~~~~~~~~~~~~~~~~
[INFO] [stderr] warning: librocksdb-sys@0.10.0+7.9.2: rocksdb/db/blob/blob_file_meta.h:156:9: error: class 'rocksdb::BlobFileMetaData' does not have any field named 'garbage_blob_bytes_'
[INFO] [stderr] warning: librocksdb-sys@0.10.0+7.9.2:   156 |         garbage_blob_bytes_(garbage_blob_bytes) {
[INFO] [stderr] warning: librocksdb-sys@0.10.0+7.9.2:       |         ^~~~~~~~~~~~~~~~~~~
[INFO] [stderr] warning: librocksdb-sys@0.10.0+7.9.2: c++: fatal error: Killed signal terminated program cc1plus
[INFO] [stderr] warning: librocksdb-sys@0.10.0+7.9.2: compilation terminated.
[INFO] [stderr] warning: librocksdb-sys@0.10.0+7.9.2: c++: fatal error: Killed signal terminated program cc1plus
[INFO] [stderr] warning: librocksdb-sys@0.10.0+7.9.2: compilation terminated.
[INFO] [stderr] warning: librocksdb-sys@0.10.0+7.9.2: c++: fatal error: Killed signal terminated program cc1plus
[INFO] [stderr] warning: librocksdb-sys@0.10.0+7.9.2: compilation terminated.
[INFO] [stderr] warning: librocksdb-sys@0.10.0+7.9.2: rocksdb/db/blob/blob_file_meta.cc: At global scope:
[INFO] [stderr] warning: librocksdb-sys@0.10.0+7.9.2: rocksdb/db/blob/blob_file_meta.cc:15:10: error: no declaration matches 'uint64_t rocksdb::SharedBlobFileMetaData::GetBlobFileSize() const'
[INFO] [stderr] warning: librocksdb-sys@0.10.0+7.9.2:    15 | uint64_t SharedBlobFileMetaData::GetBlobFileSize() const {
[INFO] [stderr] warning: librocksdb-sys@0.10.0+7.9.2:       |          ^~~~~~~~~~~~~~~~~~~~~~
[INFO] [stderr] warning: librocksdb-sys@0.10.0+7.9.2: rocksdb/db/blob/blob_file_meta.cc:15:10: note: no functions named 'uint64_t rocksdb::SharedBlobFileMetaData::GetBlobFileSize() const'
[INFO] [stderr] warning: librocksdb-sys@0.10.0+7.9.2: rocksdb/db/blob/blob_file_meta.h:25:7: note: 'class rocksdb::SharedBlobFileMetaData' defined here
[INFO] [stderr] warning: librocksdb-sys@0.10.0+7.9.2:    25 | class SharedBlobFileMetaData {
[INFO] [stderr] warning: librocksdb-sys@0.10.0+7.9.2:       |       ^~~~~~~~~~~~~~~~~~~~~~
[INFO] [stderr] warning: librocksdb-sys@0.10.0+7.9.2: rocksdb/db/blob/blob_file_meta.cc: In function 'std::ostream& rocksdb::operator<<(std::ostream&, const SharedBlobFileMetaData&)':
[INFO] [stderr] warning: librocksdb-sys@0.10.0+7.9.2: rocksdb/db/blob/blob_file_meta.cc:28:45: error: 'const class rocksdb::SharedBlobFileMetaData' has no member named 'GetBlobFileNumber'
[INFO] [stderr] warning: librocksdb-sys@0.10.0+7.9.2:    28 |   os << "blob_file_number: " << shared_meta.GetBlobFileNumber()
[INFO] [stderr] warning: librocksdb-sys@0.10.0+7.9.2:       |                                             ^~~~~~~~~~~~~~~~~
[INFO] [stderr] warning: librocksdb-sys@0.10.0+7.9.2: rocksdb/db/blob/blob_file_meta.cc:29:46: error: 'const class rocksdb::SharedBlobFileMetaData' has no member named 'GetTotalBlobCount'
[INFO] [stderr] warning: librocksdb-sys@0.10.0+7.9.2:    29 |      << " total_blob_count: " << shared_meta.GetTotalBlobCount()
[INFO] [stderr] warning: librocksdb-sys@0.10.0+7.9.2:       |                                              ^~~~~~~~~~~~~~~~~
[INFO] [stderr] warning: librocksdb-sys@0.10.0+7.9.2: rocksdb/db/blob/blob_file_meta.cc:30:46: error: 'const class rocksdb::SharedBlobFileMetaData' has no member named 'GetTotalBlobBytes'
[INFO] [stderr] warning: librocksdb-sys@0.10.0+7.9.2:    30 |      << " total_blob_bytes: " << shared_meta.GetTotalBlobBytes()
[INFO] [stderr] warning: librocksdb-sys@0.10.0+7.9.2:       |                                              ^~~~~~~~~~~~~~~~~
[INFO] [stderr] warning: librocksdb-sys@0.10.0+7.9.2: rocksdb/db/blob/blob_file_meta.cc: In function 'std::ostream& rocksdb::operator<<(std::ostream&, const BlobFileMetaData&)':
[INFO] [stderr] warning: librocksdb-sys@0.10.0+7.9.2: rocksdb/db/blob/blob_file_meta.cc:51:36: error: 'const class rocksdb::BlobFileMetaData' has no member named 'GetLinkedSsts'
[INFO] [stderr] warning: librocksdb-sys@0.10.0+7.9.2:    51 |   for (uint64_t file_number : meta.GetLinkedSsts()) {
[INFO] [stderr] warning: librocksdb-sys@0.10.0+7.9.2:       |                                    ^~~~~~~~~~~~~
[INFO] [stderr] warning: librocksdb-sys@0.10.0+7.9.2: rocksdb/db/blob/blob_file_meta.cc:56:41: error: 'const class rocksdb::BlobFileMetaData' has no member named 'GetGarbageBlobCount'
[INFO] [stderr] warning: librocksdb-sys@0.10.0+7.9.2:    56 |   os << " garbage_blob_count: " << meta.GetGarbageBlobCount()
[INFO] [stderr] warning: librocksdb-sys@0.10.0+7.9.2:       |                                         ^~~~~~~~~~~~~~~~~~~
[INFO] [stderr] warning: librocksdb-sys@0.10.0+7.9.2: rocksdb/db/blob/blob_file_meta.cc:57:41: error: 'const class rocksdb::BlobFileMetaData' has no member named 'GetGarbageBlobBytes'
[INFO] [stderr] warning: librocksdb-sys@0.10.0+7.9.2:    57 |      << " garbage_blob_bytes: " << meta.GetGarbageBlobBytes();
[INFO] [stderr] warning: librocksdb-sys@0.10.0+7.9.2:       |                                         ^~~~~~~~~~~~~~~~~~~
[INFO] [stderr] error: failed to run custom build command for `librocksdb-sys v0.10.0+7.9.2`
[INFO] [stderr] note: To improve backtraces for build dependencies, set the CARGO_PROFILE_RELEASE_BUILD_OVERRIDE_DEBUG=true environment variable to enable debug information generation.
[INFO] [stderr] 
[INFO] [stderr] Caused by:
[INFO] [stderr]   process didn't exit successfully: `/opt/rustwide/target/release/build/librocksdb-sys/559c433c0e3d6447/out/build_script_build` (exit status: 1)
[INFO] [stderr]   --- stdout
[INFO] [stderr]   cargo:rerun-if-env-changed=ROCKSDB_COMPILE
[INFO] [stderr]   cargo:rerun-if-env-changed=ROCKSDB_LIB_DIR
[INFO] [stderr]   cargo:rerun-if-env-changed=ROCKSDB_STATIC
[INFO] [stderr]   cargo:rerun-if-changed=rocksdb/
[INFO] [stderr]   TARGET = Some("x86_64-unknown-linux-gnu")
[INFO] [stderr]   OPT_LEVEL = Some("3")
[INFO] [stderr]   HOST = Some("x86_64-unknown-linux-gnu")
[INFO] [stderr]   CXX_x86_64-unknown-linux-gnu = None
[INFO] [stderr]   CXX_x86_64_unknown_linux_gnu = None
[INFO] [stderr]   HOST_CXX = None
[INFO] [stderr]   CXX = None
[INFO] [stderr]   CXXFLAGS_x86_64-unknown-linux-gnu = None
[INFO] [stderr]   CXXFLAGS_x86_64_unknown_linux_gnu = None
[INFO] [stderr]   HOST_CXXFLAGS = None
[INFO] [stderr]   CXXFLAGS = None
[INFO] [stderr]   CRATE_CC_NO_DEFAULTS = None
[INFO] [stderr]   DEBUG = Some("false")
[INFO] [stderr]   CARGO_CFG_TARGET_FEATURE = Some("fxsr,sse,sse2")
[INFO] [stderr]   CXX_x86_64-unknown-linux-gnu = None
[INFO] [stderr]   CXX_x86_64_unknown_linux_gnu = None
[INFO] [stderr]   HOST_CXX = None
[INFO] [stderr]   CXX = None
[INFO] [stderr]   CXXFLAGS_x86_64-unknown-linux-gnu = None
[INFO] [stderr]   CXXFLAGS_x86_64_unknown_linux_gnu = None
[INFO] [stderr]   HOST_CXXFLAGS = None
[INFO] [stderr]   CXXFLAGS = None
[INFO] [stderr]   CRATE_CC_NO_DEFAULTS = None
[INFO] [stderr]   CARGO_CFG_TARGET_FEATURE = Some("fxsr,sse,sse2")
[INFO] [stderr]   CXX_x86_64-unknown-linux-gnu = None
[INFO] [stderr]   CXX_x86_64_unknown_linux_gnu = None
[INFO] [stderr]   HOST_CXX = None
[INFO] [stderr]   CXX = None
[INFO] [stderr]   CXXFLAGS_x86_64-unknown-linux-gnu = None
[INFO] [stderr]   CXXFLAGS_x86_64_unknown_linux_gnu = None
[INFO] [stderr]   HOST_CXXFLAGS = None
[INFO] [stderr]   CXXFLAGS = None
[INFO] [stderr]   CRATE_CC_NO_DEFAULTS = None
[INFO] [stderr]   CARGO_CFG_TARGET_FEATURE = Some("fxsr,sse,sse2")
[INFO] [stderr]   running: "c++" "-O3" "-ffunction-sections" "-fdata-sections" "-fPIC" "-m64" "-I" "rocksdb/include/" "-I" "rocksdb/" "-I" "rocksdb/third-party/gtest-1.8.1/fused-src/" "-I" "/opt/rustwide/target/release/build/lz4-sys/3a26e42dbec55e14/out/include" "-I" "/opt/rustwide/cargo-home/registry/src/index.crates.io-1949cf8c6b5b557f/zstd-sys-2.0.7+zstd.1.5.4/zstd/lib" "-I" "." "-Wall" "-Wextra" "-std=c++17" "-Wsign-compare" "-Wshadow" "-Wno-unused-parameter" "-Wno-unused-variable" "-Woverloaded-virtual" "-Wnon-virtual-dtor" "-Wno-missing-field-initializers" "-Wno-strict-aliasing" "-Wno-invalid-offsetof" "-msse2" "-std=c++17" "-DLZ4=1" "-DZSTD=1" "-DNDEBUG=1" "-DOS_LINUX" "-DROCKSDB_PLATFORM_POSIX" "-DROCKSDB_LIB_IO_POSIX" "-DROCKSDB_SUPPORT_THREAD_LOCAL" "-o" "/opt/rustwide/target/release/build/librocksdb-sys/98b51c1082d2b6f7/out/rocksdb/cache/clock_cache.o" "-c" "rocksdb/cache/clock_cache.cc"
[INFO] [stderr]   running: "c++" "-O3" "-ffunction-sections" "-fdata-sections" "-fPIC" "-m64" "-I" "rocksdb/include/" "-I" "rocksdb/" "-I" "rocksdb/third-party/gtest-1.8.1/fused-src/" "-I" "/opt/rustwide/target/release/build/lz4-sys/3a26e42dbec55e14/out/include" "-I" "/opt/rustwide/cargo-home/registry/src/index.crates.io-1949cf8c6b5b557f/zstd-sys-2.0.7+zstd.1.5.4/zstd/lib" "-I" "." "-Wall" "-Wextra" "-std=c++17" "-Wsign-compare" "-Wshadow" "-Wno-unused-parameter" "-Wno-unused-variable" "-Woverloaded-virtual" "-Wnon-virtual-dtor" "-Wno-missing-field-initializers" "-Wno-strict-aliasing" "-Wno-invalid-offsetof" "-msse2" "-std=c++17" "-DLZ4=1" "-DZSTD=1" "-DNDEBUG=1" "-DOS_LINUX" "-DROCKSDB_PLATFORM_POSIX" "-DROCKSDB_LIB_IO_POSIX" "-DROCKSDB_SUPPORT_THREAD_LOCAL" "-o" "/opt/rustwide/target/release/build/librocksdb-sys/98b51c1082d2b6f7/out/rocksdb/cache/cache_entry_roles.o" "-c" "rocksdb/cache/cache_entry_roles.cc"
[INFO] [stderr]   running: "c++" "-O3" "-ffunction-sections" "-fdata-sections" "-fPIC" "-m64" "-I" "rocksdb/include/" "-I" "rocksdb/" "-I" "rocksdb/third-party/gtest-1.8.1/fused-src/" "-I" "/opt/rustwide/target/release/build/lz4-sys/3a26e42dbec55e14/out/include" "-I" "/opt/rustwide/cargo-home/registry/src/index.crates.io-1949cf8c6b5b557f/zstd-sys-2.0.7+zstd.1.5.4/zstd/lib" "-I" "." "-Wall" "-Wextra" "-std=c++17" "-Wsign-compare" "-Wshadow" "-Wno-unused-parameter" "-Wno-unused-variable" "-Woverloaded-virtual" "-Wnon-virtual-dtor" "-Wno-missing-field-initializers" "-Wno-strict-aliasing" "-Wno-invalid-offsetof" "-msse2" "-std=c++17" "-DLZ4=1" "-DZSTD=1" "-DNDEBUG=1" "-DOS_LINUX" "-DROCKSDB_PLATFORM_POSIX" "-DROCKSDB_LIB_IO_POSIX" "-DROCKSDB_SUPPORT_THREAD_LOCAL" "-o" "/opt/rustwide/target/release/build/librocksdb-sys/98b51c1082d2b6f7/out/rocksdb/db/blob/blob_file_addition.o" "-c" "rocksdb/db/blob/blob_file_addition.cc"
[INFO] [stderr]   running: "c++" "-O3" "-ffunction-sections" "-fdata-sections" "-fPIC" "-m64" "-I" "rocksdb/include/" "-I" "rocksdb/" "-I" "rocksdb/third-party/gtest-1.8.1/fused-src/" "-I" "/opt/rustwide/target/release/build/lz4-sys/3a26e42dbec55e14/out/include" "-I" "/opt/rustwide/cargo-home/registry/src/index.crates.io-1949cf8c6b5b557f/zstd-sys-2.0.7+zstd.1.5.4/zstd/lib" "-I" "." "-Wall" "-Wextra" "-std=c++17" "-Wsign-compare" "-Wshadow" "-Wno-unused-parameter" "-Wno-unused-variable" "-Woverloaded-virtual" "-Wnon-virtual-dtor" "-Wno-missing-field-initializers" "-Wno-strict-aliasing" "-Wno-invalid-offsetof" "-msse2" "-std=c++17" "-DLZ4=1" "-DZSTD=1" "-DNDEBUG=1" "-DOS_LINUX" "-DROCKSDB_PLATFORM_POSIX" "-DROCKSDB_LIB_IO_POSIX" "-DROCKSDB_SUPPORT_THREAD_LOCAL" "-o" "/opt/rustwide/target/release/build/librocksdb-sys/98b51c1082d2b6f7/out/rocksdb/cache/sharded_cache.o" "-c" "rocksdb/cache/sharded_cache.cc"
[INFO] [stderr]   running: "c++" "-O3" "-ffunction-sections" "-fdata-sections" "-fPIC" "-m64" "-I" "rocksdb/include/" "-I" "rocksdb/" "-I" "rocksdb/third-party/gtest-1.8.1/fused-src/" "-I" "/opt/rustwide/target/release/build/lz4-sys/3a26e42dbec55e14/out/include" "-I" "/opt/rustwide/cargo-home/registry/src/index.crates.io-1949cf8c6b5b557f/zstd-sys-2.0.7+zstd.1.5.4/zstd/lib" "-I" "." "-Wall" "-Wextra" "-std=c++17" "-Wsign-compare" "-Wshadow" "-Wno-unused-parameter" "-Wno-unused-variable" "-Woverloaded-virtual" "-Wnon-virtual-dtor" "-Wno-missing-field-initializers" "-Wno-strict-aliasing" "-Wno-invalid-offsetof" "-msse2" "-std=c++17" "-DLZ4=1" "-DZSTD=1" "-DNDEBUG=1" "-DOS_LINUX" "-DROCKSDB_PLATFORM_POSIX" "-DROCKSDB_LIB_IO_POSIX" "-DROCKSDB_SUPPORT_THREAD_LOCAL" "-o" "/opt/rustwide/target/release/build/librocksdb-sys/98b51c1082d2b6f7/out/rocksdb/cache/cache_key.o" "-c" "rocksdb/cache/cache_key.cc"
[INFO] [stderr]   running: "c++" "-O3" "-ffunction-sections" "-fdata-sections" "-fPIC" "-m64" "-I" "rocksdb/include/" "-I" "rocksdb/" "-I" "rocksdb/third-party/gtest-1.8.1/fused-src/" "-I" "/opt/rustwide/target/release/build/lz4-sys/3a26e42dbec55e14/out/include" "-I" "/opt/rustwide/cargo-home/registry/src/index.crates.io-1949cf8c6b5b557f/zstd-sys-2.0.7+zstd.1.5.4/zstd/lib" "-I" "." "-Wall" "-Wextra" "-std=c++17" "-Wsign-compare" "-Wshadow" "-Wno-unused-parameter" "-Wno-unused-variable" "-Woverloaded-virtual" "-Wnon-virtual-dtor" "-Wno-missing-field-initializers" "-Wno-strict-aliasing" "-Wno-invalid-offsetof" "-msse2" "-std=c++17" "-DLZ4=1" "-DZSTD=1" "-DNDEBUG=1" "-DOS_LINUX" "-DROCKSDB_PLATFORM_POSIX" "-DROCKSDB_LIB_IO_POSIX" "-DROCKSDB_SUPPORT_THREAD_LOCAL" "-o" "/opt/rustwide/target/release/build/librocksdb-sys/98b51c1082d2b6f7/out/rocksdb/db/blob/blob_fetcher.o" "-c" "rocksdb/db/blob/blob_fetcher.cc"
[INFO] [stderr]   running: "c++" "-O3" "-ffunction-sections" "-fdata-sections" "-fPIC" "-m64" "-I" "rocksdb/include/" "-I" "rocksdb/" "-I" "rocksdb/third-party/gtest-1.8.1/fused-src/" "-I" "/opt/rustwide/target/release/build/lz4-sys/3a26e42dbec55e14/out/include" "-I" "/opt/rustwide/cargo-home/registry/src/index.crates.io-1949cf8c6b5b557f/zstd-sys-2.0.7+zstd.1.5.4/zstd/lib" "-I" "." "-Wall" "-Wextra" "-std=c++17" "-Wsign-compare" "-Wshadow" "-Wno-unused-parameter" "-Wno-unused-variable" "-Woverloaded-virtual" "-Wnon-virtual-dtor" "-Wno-missing-field-initializers" "-Wno-strict-aliasing" "-Wno-invalid-offsetof" "-msse2" "-std=c++17" "-DLZ4=1" "-DZSTD=1" "-DNDEBUG=1" "-DOS_LINUX" "-DROCKSDB_PLATFORM_POSIX" "-DROCKSDB_LIB_IO_POSIX" "-DROCKSDB_SUPPORT_THREAD_LOCAL" "-o" "/opt/rustwide/target/release/build/librocksdb-sys/98b51c1082d2b6f7/out/rocksdb/db/blob/blob_contents.o" "-c" "rocksdb/db/blob/blob_contents.cc"
[INFO] [stderr]   running: "c++" "-O3" "-ffunction-sections" "-fdata-sections" "-fPIC" "-m64" "-I" "rocksdb/include/" "-I" "rocksdb/" "-I" "rocksdb/third-party/gtest-1.8.1/fused-src/" "-I" "/opt/rustwide/target/release/build/lz4-sys/3a26e42dbec55e14/out/include" "-I" "/opt/rustwide/cargo-home/registry/src/index.crates.io-1949cf8c6b5b557f/zstd-sys-2.0.7+zstd.1.5.4/zstd/lib" "-I" "." "-Wall" "-Wextra" "-std=c++17" "-Wsign-compare" "-Wshadow" "-Wno-unused-parameter" "-Wno-unused-variable" "-Woverloaded-virtual" "-Wnon-virtual-dtor" "-Wno-missing-field-initializers" "-Wno-strict-aliasing" "-Wno-invalid-offsetof" "-msse2" "-std=c++17" "-DLZ4=1" "-DZSTD=1" "-DNDEBUG=1" "-DOS_LINUX" "-DROCKSDB_PLATFORM_POSIX" "-DROCKSDB_LIB_IO_POSIX" "-DROCKSDB_SUPPORT_THREAD_LOCAL" "-o" "/opt/rustwide/target/release/build/librocksdb-sys/98b51c1082d2b6f7/out/rocksdb/cache/lru_cache.o" "-c" "rocksdb/cache/lru_cache.cc"
[INFO] [stderr]   running: "c++" "-O3" "-ffunction-sections" "-fdata-sections" "-fPIC" "-m64" "-I" "rocksdb/include/" "-I" "rocksdb/" "-I" "rocksdb/third-party/gtest-1.8.1/fused-src/" "-I" "/opt/rustwide/target/release/build/lz4-sys/3a26e42dbec55e14/out/include" "-I" "/opt/rustwide/cargo-home/registry/src/index.crates.io-1949cf8c6b5b557f/zstd-sys-2.0.7+zstd.1.5.4/zstd/lib" "-I" "." "-Wall" "-Wextra" "-std=c++17" "-Wsign-compare" "-Wshadow" "-Wno-unused-parameter" "-Wno-unused-variable" "-Woverloaded-virtual" "-Wnon-virtual-dtor" "-Wno-missing-field-initializers" "-Wno-strict-aliasing" "-Wno-invalid-offsetof" "-msse2" "-std=c++17" "-DLZ4=1" "-DZSTD=1" "-DNDEBUG=1" "-DOS_LINUX" "-DROCKSDB_PLATFORM_POSIX" "-DROCKSDB_LIB_IO_POSIX" "-DROCKSDB_SUPPORT_THREAD_LOCAL" "-o" "/opt/rustwide/target/release/build/librocksdb-sys/98b51c1082d2b6f7/out/rocksdb/db/arena_wrapped_db_iter.o" "-c" "rocksdb/db/arena_wrapped_db_iter.cc"
[INFO] [stderr]   running: "c++" "-O3" "-ffunction-sections" "-fdata-sections" "-fPIC" "-m64" "-I" "rocksdb/include/" "-I" "rocksdb/" "-I" "rocksdb/third-party/gtest-1.8.1/fused-src/" "-I" "/opt/rustwide/target/release/build/lz4-sys/3a26e42dbec55e14/out/include" "-I" "/opt/rustwide/cargo-home/registry/src/index.crates.io-1949cf8c6b5b557f/zstd-sys-2.0.7+zstd.1.5.4/zstd/lib" "-I" "." "-Wall" "-Wextra" "-std=c++17" "-Wsign-compare" "-Wshadow" "-Wno-unused-parameter" "-Wno-unused-variable" "-Woverloaded-virtual" "-Wnon-virtual-dtor" "-Wno-missing-field-initializers" "-Wno-strict-aliasing" "-Wno-invalid-offsetof" "-msse2" "-std=c++17" "-DLZ4=1" "-DZSTD=1" "-DNDEBUG=1" "-DOS_LINUX" "-DROCKSDB_PLATFORM_POSIX" "-DROCKSDB_LIB_IO_POSIX" "-DROCKSDB_SUPPORT_THREAD_LOCAL" "-o" "/opt/rustwide/target/release/build/librocksdb-sys/98b51c1082d2b6f7/out/rocksdb/cache/compressed_secondary_cache.o" "-c" "rocksdb/cache/compressed_secondary_cache.cc"
[INFO] [stderr]   running: "c++" "-O3" "-ffunction-sections" "-fdata-sections" "-fPIC" "-m64" "-I" "rocksdb/include/" "-I" "rocksdb/" "-I" "rocksdb/third-party/gtest-1.8.1/fused-src/" "-I" "/opt/rustwide/target/release/build/lz4-sys/3a26e42dbec55e14/out/include" "-I" "/opt/rustwide/cargo-home/registry/src/index.crates.io-1949cf8c6b5b557f/zstd-sys-2.0.7+zstd.1.5.4/zstd/lib" "-I" "." "-Wall" "-Wextra" "-std=c++17" "-Wsign-compare" "-Wshadow" "-Wno-unused-parameter" "-Wno-unused-variable" "-Woverloaded-virtual" "-Wnon-virtual-dtor" "-Wno-missing-field-initializers" "-Wno-strict-aliasing" "-Wno-invalid-offsetof" "-msse2" "-std=c++17" "-DLZ4=1" "-DZSTD=1" "-DNDEBUG=1" "-DOS_LINUX" "-DROCKSDB_PLATFORM_POSIX" "-DROCKSDB_LIB_IO_POSIX" "-DROCKSDB_SUPPORT_THREAD_LOCAL" "-o" "/opt/rustwide/target/release/build/librocksdb-sys/98b51c1082d2b6f7/out/rocksdb/cache/charged_cache.o" "-c" "rocksdb/cache/charged_cache.cc"
[INFO] [stderr]   running: "c++" "-O3" "-ffunction-sections" "-fdata-sections" "-fPIC" "-m64" "-I" "rocksdb/include/" "-I" "rocksdb/" "-I" "rocksdb/third-party/gtest-1.8.1/fused-src/" "-I" "/opt/rustwide/target/release/build/lz4-sys/3a26e42dbec55e14/out/include" "-I" "/opt/rustwide/cargo-home/registry/src/index.crates.io-1949cf8c6b5b557f/zstd-sys-2.0.7+zstd.1.5.4/zstd/lib" "-I" "." "-Wall" "-Wextra" "-std=c++17" "-Wsign-compare" "-Wshadow" "-Wno-unused-parameter" "-Wno-unused-variable" "-Woverloaded-virtual" "-Wnon-virtual-dtor" "-Wno-missing-field-initializers" "-Wno-strict-aliasing" "-Wno-invalid-offsetof" "-msse2" "-std=c++17" "-DLZ4=1" "-DZSTD=1" "-DNDEBUG=1" "-DOS_LINUX" "-DROCKSDB_PLATFORM_POSIX" "-DROCKSDB_LIB_IO_POSIX" "-DROCKSDB_SUPPORT_THREAD_LOCAL" "-o" "/opt/rustwide/target/release/build/librocksdb-sys/98b51c1082d2b6f7/out/rocksdb/cache/cache_reservation_manager.o" "-c" "rocksdb/cache/cache_reservation_manager.cc"
[INFO] [stderr]   running: "c++" "-O3" "-ffunction-sections" "-fdata-sections" "-fPIC" "-m64" "-I" "rocksdb/include/" "-I" "rocksdb/" "-I" "rocksdb/third-party/gtest-1.8.1/fused-src/" "-I" "/opt/rustwide/target/release/build/lz4-sys/3a26e42dbec55e14/out/include" "-I" "/opt/rustwide/cargo-home/registry/src/index.crates.io-1949cf8c6b5b557f/zstd-sys-2.0.7+zstd.1.5.4/zstd/lib" "-I" "." "-Wall" "-Wextra" "-std=c++17" "-Wsign-compare" "-Wshadow" "-Wno-unused-parameter" "-Wno-unused-variable" "-Woverloaded-virtual" "-Wnon-virtual-dtor" "-Wno-missing-field-initializers" "-Wno-strict-aliasing" "-Wno-invalid-offsetof" "-msse2" "-std=c++17" "-DLZ4=1" "-DZSTD=1" "-DNDEBUG=1" "-DOS_LINUX" "-DROCKSDB_PLATFORM_POSIX" "-DROCKSDB_LIB_IO_POSIX" "-DROCKSDB_SUPPORT_THREAD_LOCAL" "-o" "/opt/rustwide/target/release/build/librocksdb-sys/98b51c1082d2b6f7/out/rocksdb/cache/secondary_cache.o" "-c" "rocksdb/cache/secondary_cache.cc"
[INFO] [stderr]   running: "c++" "-O3" "-ffunction-sections" "-fdata-sections" "-fPIC" "-m64" "-I" "rocksdb/include/" "-I" "rocksdb/" "-I" "rocksdb/third-party/gtest-1.8.1/fused-src/" "-I" "/opt/rustwide/target/release/build/lz4-sys/3a26e42dbec55e14/out/include" "-I" "/opt/rustwide/cargo-home/registry/src/index.crates.io-1949cf8c6b5b557f/zstd-sys-2.0.7+zstd.1.5.4/zstd/lib" "-I" "." "-Wall" "-Wextra" "-std=c++17" "-Wsign-compare" "-Wshadow" "-Wno-unused-parameter" "-Wno-unused-variable" "-Woverloaded-virtual" "-Wnon-virtual-dtor" "-Wno-missing-field-initializers" "-Wno-strict-aliasing" "-Wno-invalid-offsetof" "-msse2" "-std=c++17" "-DLZ4=1" "-DZSTD=1" "-DNDEBUG=1" "-DOS_LINUX" "-DROCKSDB_PLATFORM_POSIX" "-DROCKSDB_LIB_IO_POSIX" "-DROCKSDB_SUPPORT_THREAD_LOCAL" "-o" "/opt/rustwide/target/release/build/librocksdb-sys/98b51c1082d2b6f7/out/rocksdb/db/blob/blob_file_builder.o" "-c" "rocksdb/db/blob/blob_file_builder.cc"
[INFO] [stderr]   running: "c++" "-O3" "-ffunction-sections" "-fdata-sections" "-fPIC" "-m64" "-I" "rocksdb/include/" "-I" "rocksdb/" "-I" "rocksdb/third-party/gtest-1.8.1/fused-src/" "-I" "/opt/rustwide/target/release/build/lz4-sys/3a26e42dbec55e14/out/include" "-I" "/opt/rustwide/cargo-home/registry/src/index.crates.io-1949cf8c6b5b557f/zstd-sys-2.0.7+zstd.1.5.4/zstd/lib" "-I" "." "-Wall" "-Wextra" "-std=c++17" "-Wsign-compare" "-Wshadow" "-Wno-unused-parameter" "-Wno-unused-variable" "-Woverloaded-virtual" "-Wnon-virtual-dtor" "-Wno-missing-field-initializers" "-Wno-strict-aliasing" "-Wno-invalid-offsetof" "-msse2" "-std=c++17" "-DLZ4=1" "-DZSTD=1" "-DNDEBUG=1" "-DOS_LINUX" "-DROCKSDB_PLATFORM_POSIX" "-DROCKSDB_LIB_IO_POSIX" "-DROCKSDB_SUPPORT_THREAD_LOCAL" "-o" "/opt/rustwide/target/release/build/librocksdb-sys/98b51c1082d2b6f7/out/rocksdb/db/blob/blob_file_cache.o" "-c" "rocksdb/db/blob/blob_file_cache.cc"
[INFO] [stderr]   running: "c++" "-O3" "-ffunction-sections" "-fdata-sections" "-fPIC" "-m64" "-I" "rocksdb/include/" "-I" "rocksdb/" "-I" "rocksdb/third-party/gtest-1.8.1/fused-src/" "-I" "/opt/rustwide/target/release/build/lz4-sys/3a26e42dbec55e14/out/include" "-I" "/opt/rustwide/cargo-home/registry/src/index.crates.io-1949cf8c6b5b557f/zstd-sys-2.0.7+zstd.1.5.4/zstd/lib" "-I" "." "-Wall" "-Wextra" "-std=c++17" "-Wsign-compare" "-Wshadow" "-Wno-unused-parameter" "-Wno-unused-variable" "-Woverloaded-virtual" "-Wnon-virtual-dtor" "-Wno-missing-field-initializers" "-Wno-strict-aliasing" "-Wno-invalid-offsetof" "-msse2" "-std=c++17" "-DLZ4=1" "-DZSTD=1" "-DNDEBUG=1" "-DOS_LINUX" "-DROCKSDB_PLATFORM_POSIX" "-DROCKSDB_LIB_IO_POSIX" "-DROCKSDB_SUPPORT_THREAD_LOCAL" "-o" "/opt/rustwide/target/release/build/librocksdb-sys/98b51c1082d2b6f7/out/rocksdb/cache/cache.o" "-c" "rocksdb/cache/cache.cc"
[INFO] [stderr]   exit status: 0
[INFO] [stderr]   running: "c++" "-O3" "-ffunction-sections" "-fdata-sections" "-fPIC" "-m64" "-I" "rocksdb/include/" "-I" "rocksdb/" "-I" "rocksdb/third-party/gtest-1.8.1/fused-src/" "-I" "/opt/rustwide/target/release/build/lz4-sys/3a26e42dbec55e14/out/include" "-I" "/opt/rustwide/cargo-home/registry/src/index.crates.io-1949cf8c6b5b557f/zstd-sys-2.0.7+zstd.1.5.4/zstd/lib" "-I" "." "-Wall" "-Wextra" "-std=c++17" "-Wsign-compare" "-Wshadow" "-Wno-unused-parameter" "-Wno-unused-variable" "-Woverloaded-virtual" "-Wnon-virtual-dtor" "-Wno-missing-field-initializers" "-Wno-strict-aliasing" "-Wno-invalid-offsetof" "-msse2" "-std=c++17" "-DLZ4=1" "-DZSTD=1" "-DNDEBUG=1" "-DOS_LINUX" "-DROCKSDB_PLATFORM_POSIX" "-DROCKSDB_LIB_IO_POSIX" "-DROCKSDB_SUPPORT_THREAD_LOCAL" "-o" "/opt/rustwide/target/release/build/librocksdb-sys/98b51c1082d2b6f7/out/rocksdb/db/blob/blob_file_garbage.o" "-c" "rocksdb/db/blob/blob_file_garbage.cc"
[INFO] [stderr]   exit status: 0
[INFO] [stderr]   running: "c++" "-O3" "-ffunction-sections" "-fdata-sections" "-fPIC" "-m64" "-I" "rocksdb/include/" "-I" "rocksdb/" "-I" "rocksdb/third-party/gtest-1.8.1/fused-src/" "-I" "/opt/rustwide/target/release/build/lz4-sys/3a26e42dbec55e14/out/include" "-I" "/opt/rustwide/cargo-home/registry/src/index.crates.io-1949cf8c6b5b557f/zstd-sys-2.0.7+zstd.1.5.4/zstd/lib" "-I" "." "-Wall" "-Wextra" "-std=c++17" "-Wsign-compare" "-Wshadow" "-Wno-unused-parameter" "-Wno-unused-variable" "-Woverloaded-virtual" "-Wnon-virtual-dtor" "-Wno-missing-field-initializers" "-Wno-strict-aliasing" "-Wno-invalid-offsetof" "-msse2" "-std=c++17" "-DLZ4=1" "-DZSTD=1" "-DNDEBUG=1" "-DOS_LINUX" "-DROCKSDB_PLATFORM_POSIX" "-DROCKSDB_LIB_IO_POSIX" "-DROCKSDB_SUPPORT_THREAD_LOCAL" "-o" "/opt/rustwide/target/release/build/librocksdb-sys/98b51c1082d2b6f7/out/rocksdb/db/blob/blob_file_meta.o" "-c" "rocksdb/db/blob/blob_file_meta.cc"
[INFO] [stderr]   exit status: 0
[INFO] [stderr]   running: "c++" "-O3" "-ffunction-sections" "-fdata-sections" "-fPIC" "-m64" "-I" "rocksdb/include/" "-I" "rocksdb/" "-I" "rocksdb/third-party/gtest-1.8.1/fused-src/" "-I" "/opt/rustwide/target/release/build/lz4-sys/3a26e42dbec55e14/out/include" "-I" "/opt/rustwide/cargo-home/registry/src/index.crates.io-1949cf8c6b5b557f/zstd-sys-2.0.7+zstd.1.5.4/zstd/lib" "-I" "." "-Wall" "-Wextra" "-std=c++17" "-Wsign-compare" "-Wshadow" "-Wno-unused-parameter" "-Wno-unused-variable" "-Woverloaded-virtual" "-Wnon-virtual-dtor" "-Wno-missing-field-initializers" "-Wno-strict-aliasing" "-Wno-invalid-offsetof" "-msse2" "-std=c++17" "-DLZ4=1" "-DZSTD=1" "-DNDEBUG=1" "-DOS_LINUX" "-DROCKSDB_PLATFORM_POSIX" "-DROCKSDB_LIB_IO_POSIX" "-DROCKSDB_SUPPORT_THREAD_LOCAL" "-o" "/opt/rustwide/target/release/build/librocksdb-sys/98b51c1082d2b6f7/out/rocksdb/db/blob/blob_file_reader.o" "-c" "rocksdb/db/blob/blob_file_reader.cc"
[INFO] [stderr]   cargo:warning=cargo:warning=c++: fatal error: Killed signal terminated program cc1plus
[INFO] [stderr]   cargo:warning=compilation terminated.
[INFO] [stderr]   c++: fatal error: Killed signal terminated program cc1plus
[INFO] [stderr]   cargo:warning=compilation terminated.
[INFO] [stderr]   cargo:warning=c++: fatal error: Killed signal terminated program cc1plus
[INFO] [stderr]   cargo:warning=compilation terminated.
[INFO] [stderr]   exit status: 1
[INFO] [stderr]   exit status: 1
[INFO] [stderr]   exit status: 1
[INFO] [stderr]   running: "c++" "-O3" "-ffunction-sections" "-fdata-sections" "-fPIC" "-m64" "-I" "rocksdb/include/" "-I" "rocksdb/" "-I" "rocksdb/third-party/gtest-1.8.1/fused-src/" "-I" "/opt/rustwide/target/release/build/lz4-sys/3a26e42dbec55e14/out/include" "-I" "/opt/rustwide/cargo-home/registry/src/index.crates.io-1949cf8c6b5b557f/zstd-sys-2.0.7+zstd.1.5.4/zstd/lib" "-I" "." "-Wall" "-Wextra" "-std=c++17" "-Wsign-compare" "-Wshadow" "-Wno-unused-parameter" "-Wno-unused-variable" "-Woverloaded-virtual" "-Wnon-virtual-dtor" "-Wno-missing-field-initializers" "-Wno-strict-aliasing" "-Wno-invalid-offsetof" "-msse2" "-std=c++17" "-DLZ4=1" "-DZSTD=1" "-DNDEBUG=1" "-DOS_LINUX" "-DROCKSDB_PLATFORM_POSIX" "-DROCKSDB_LIB_IO_POSIX" "-DROCKSDB_SUPPORT_THREAD_LOCAL" "-o" "/opt/rustwide/target/release/build/librocksdb-sys/98b51c1082d2b6f7/out/rocksdb/db/blob/blob_garbage_meter.o" "-c" "rocksdb/db/blob/blob_garbage_meter.cc"
[INFO] [stderr]   exit status: 0
[INFO] [stderr]   cargo:warning=In file included from rocksdb/db/blob/blob_file_meta.cc:6:
[INFO] [stderr]   cargo:warning=rocksdb/db/blob/blob_file_meta.h:28:7: error: 'uint64_t' has not been declared
[INFO] [stderr]   cargo:warning=   28 |       uint64_t blob_file_number, uint64_t total_blob_count,
[INFO] [stderr]   cargo:warning=      |       ^~~~~~~~
[INFO] [stderr]   cargo:warning=rocksdb/db/blob/blob_file_meta.h:15:1: note: 'uint64_t' is defined in header '<cstdint>'; this is probably fixable by adding '#include <cstdint>'
[INFO] [stderr]   cargo:warning=   14 | #include "rocksdb/rocksdb_namespace.h"
[INFO] [stderr]   cargo:warning=  +++ |+#include <cstdint>
[INFO] [stderr]   cargo:warning=   15 | 
[INFO] [stderr]   cargo:warning=rocksdb/db/blob/blob_file_meta.h:28:34: error: 'uint64_t' has not been declared
[INFO] [stderr]   cargo:warning=   28 |       uint64_t blob_file_number, uint64_t total_blob_count,
[INFO] [stderr]   cargo:warning=      |                                  ^~~~~~~~
[INFO] [stderr]   cargo:warning=rocksdb/db/blob/blob_file_meta.h:28:34: note: 'uint64_t' is defined in header '<cstdint>'; this is probably fixable by adding '#include <cstdint>'
[INFO] [stderr]   cargo:warning=rocksdb/db/blob/blob_file_meta.h:29:7: error: 'uint64_t' has not been declared
[INFO] [stderr]   cargo:warning=   29 |       uint64_t total_blob_bytes, std::string checksum_method,
[INFO] [stderr]   cargo:warning=      |       ^~~~~~~~
[INFO] [stderr]   cargo:warning=rocksdb/db/blob/blob_file_meta.h:29:7: note: 'uint64_t' is defined in header '<cstdint>'; this is probably fixable by adding '#include <cstdint>'
[INFO] [stderr]   cargo:warning=rocksdb/db/blob/blob_file_meta.h:38:7: error: 'uint64_t' has not been declared
[INFO] [stderr]   cargo:warning=   38 |       uint64_t blob_file_number, uint64_t total_blob_count,
[INFO] [stderr]   cargo:warning=      |       ^~~~~~~~
[INFO] [stderr]   cargo:warning=rocksdb/db/blob/blob_file_meta.h:38:7: note: 'uint64_t' is defined in header '<cstdint>'; this is probably fixable by adding '#include <cstdint>'
[INFO] [stderr]   cargo:warning=rocksdb/db/blob/blob_file_meta.h:38:34: error: 'uint64_t' has not been declared
[INFO] [stderr]   cargo:warning=   38 |       uint64_t blob_file_number, uint64_t total_blob_count,
[INFO] [stderr]   cargo:warning=      |                                  ^~~~~~~~
[INFO] [stderr]   cargo:warning=rocksdb/db/blob/blob_file_meta.h:38:34: note: 'uint64_t' is defined in header '<cstdint>'; this is probably fixable by adding '#include <cstdint>'
[INFO] [stderr]   cargo:warning=rocksdb/db/blob/blob_file_meta.h:39:7: error: 'uint64_t' has not been declared
[INFO] [stderr]   cargo:warning=   39 |       uint64_t total_blob_bytes, std::string checksum_method,
[INFO] [stderr]   cargo:warning=      |       ^~~~~~~~
[INFO] [stderr]   cargo:warning=rocksdb/db/blob/blob_file_meta.h:39:7: note: 'uint64_t' is defined in header '<cstdint>'; this is probably fixable by adding '#include <cstdint>'
[INFO] [stderr]   cargo:warning=rocksdb/db/blob/blob_file_meta.h:54:3: error: 'uint64_t' does not name a type
[INFO] [stderr]   cargo:warning=   54 |   uint64_t GetBlobFileSize() const;
[INFO] [stderr]   cargo:warning=      |   ^~~~~~~~
[INFO] [stderr]   cargo:warning=rocksdb/db/blob/blob_file_meta.h:54:3: note: 'uint64_t' is defined in header '<cstdint>'; this is probably fixable by adding '#include <cstdint>'
[INFO] [stderr]   cargo:warning=rocksdb/db/blob/blob_file_meta.h:55:3: error: 'uint64_t' does not name a type
[INFO] [stderr]   cargo:warning=   55 |   uint64_t GetBlobFileNumber() const { return blob_file_number_; }
[INFO] [stderr]   cargo:warning=      |   ^~~~~~~~
[INFO] [stderr]   cargo:warning=rocksdb/db/blob/blob_file_meta.h:55:3: note: 'uint64_t' is defined in header '<cstdint>'; this is probably fixable by adding '#include <cstdint>'
[INFO] [stderr]   cargo:warning=rocksdb/db/blob/blob_file_meta.h:56:3: error: 'uint64_t' does not name a type
[INFO] [stderr]   cargo:warning=   56 |   uint64_t GetTotalBlobCount() const { return total_blob_count_; }
[INFO] [stderr]   cargo:warning=      |   ^~~~~~~~
[INFO] [stderr]   cargo:warning=rocksdb/db/blob/blob_file_meta.h:56:3: note: 'uint64_t' is defined in header '<cstdint>'; this is probably fixable by adding '#include <cstdint>'
[INFO] [stderr]   cargo:warning=rocksdb/db/blob/blob_file_meta.h:57:3: error: 'uint64_t' does not name a type
[INFO] [stderr]   cargo:warning=   57 |   uint64_t GetTotalBlobBytes() const { return total_blob_bytes_; }
[INFO] [stderr]   cargo:warning=      |   ^~~~~~~~
[INFO] [stderr]   cargo:warning=rocksdb/db/blob/blob_file_meta.h:57:3: note: 'uint64_t' is defined in header '<cstdint>'; this is probably fixable by adding '#include <cstdint>'
[INFO] [stderr]   cargo:warning=rocksdb/db/blob/blob_file_meta.h:64:34: error: expected ')' before 'blob_file_number'
[INFO] [stderr]   cargo:warning=   64 |   SharedBlobFileMetaData(uint64_t blob_file_number, uint64_t total_blob_count,
[INFO] [stderr]   cargo:warning=      |                         ~        ^~~~~~~~~~~~~~~~~
[INFO] [stderr]   cargo:warning=      |                                  )
[INFO] [stderr]   cargo:warning=rocksdb/db/blob/blob_file_meta.h:75:3: error: 'uint64_t' does not name a type
[INFO] [stderr]   cargo:warning=   75 |   uint64_t blob_file_number_;
[INFO] [stderr]   cargo:warning=      |   ^~~~~~~~
[INFO] [stderr]   cargo:warning=rocksdb/db/blob/blob_file_meta.h:75:3: note: 'uint64_t' is defined in header '<cstdint>'; this is probably fixable by adding '#include <cstdint>'
[INFO] [stderr]   cargo:warning=rocksdb/db/blob/blob_file_meta.h:76:3: error: 'uint64_t' does not name a type
[INFO] [stderr]   cargo:warning=   76 |   uint64_t total_blob_count_;
[INFO] [stderr]   cargo:warning=      |   ^~~~~~~~
[INFO] [stderr]   cargo:warning=rocksdb/db/blob/blob_file_meta.h:76:3: note: 'uint64_t' is defined in header '<cstdint>'; this is probably fixable by adding '#include <cstdint>'
[INFO] [stderr]   cargo:warning=rocksdb/db/blob/blob_file_meta.h:77:3: error: 'uint64_t' does not name a type
[INFO] [stderr]   cargo:warning=   77 |   uint64_t total_blob_bytes_;
[INFO] [stderr]   cargo:warning=      |   ^~~~~~~~
[INFO] [stderr]   cargo:warning=rocksdb/db/blob/blob_file_meta.h:77:3: note: 'uint64_t' is defined in header '<cstdint>'; this is probably fixable by adding '#include <cstdint>'
[INFO] [stderr]   cargo:warning=rocksdb/db/blob/blob_file_meta.h: In static member function 'static std::shared_ptr<rocksdb::SharedBlobFileMetaData> rocksdb::SharedBlobFileMetaData::Create(int, int, int, std::string, std::string)':
[INFO] [stderr]   cargo:warning=rocksdb/db/blob/blob_file_meta.h:33:62: error: no matching function for call to 'rocksdb::SharedBlobFileMetaData::SharedBlobFileMetaData(int&, int&, int&, std::remove_reference<std::__cxx11::basic_string<char>&>::type, std::remove_reference<std::__cxx11::basic_string<char>&>::type)'
[INFO] [stderr]   cargo:warning=   33 |         std::move(checksum_method), std::move(checksum_value)));
[INFO] [stderr]   cargo:warning=      |                                                              ^
[INFO] [stderr]   cargo:warning=rocksdb/db/blob/blob_file_meta.h:33:62: note: there are 2 candidates
[INFO] [stderr]   cargo:warning=rocksdb/db/blob/blob_file_meta.h:51:3: note: candidate 1: 'rocksdb::SharedBlobFileMetaData::SharedBlobFileMetaData(rocksdb::SharedBlobFileMetaData&&)' (deleted)
[INFO] [stderr]   cargo:warning=   51 |   SharedBlobFileMetaData(SharedBlobFileMetaData&&) = delete;
[INFO] [stderr]   cargo:warning=      |   ^~~~~~~~~~~~~~~~~~~~~~
[INFO] [stderr]   cargo:warning=rocksdb/db/blob/blob_file_meta.h:51:3: note: candidate expects 1 argument, 5 provided
[INFO] [stderr]   cargo:warning=rocksdb/db/blob/blob_file_meta.h:48:3: note: candidate 2: 'rocksdb::SharedBlobFileMetaData::SharedBlobFileMetaData(const rocksdb::SharedBlobFileMetaData&)' (deleted)
[INFO] [stderr]   cargo:warning=   48 |   SharedBlobFileMetaData(const SharedBlobFileMetaData&) = delete;
[INFO] [stderr]   cargo:warning=      |   ^~~~~~~~~~~~~~~~~~~~~~
[INFO] [stderr]   cargo:warning=rocksdb/db/blob/blob_file_meta.h:48:3: note: candidate expects 1 argument, 5 provided
[INFO] [stderr]   cargo:warning=rocksdb/db/blob/blob_file_meta.h: In static member function 'static std::shared_ptr<rocksdb::SharedBlobFileMetaData> rocksdb::SharedBlobFileMetaData::Create(int, int, int, std::string, std::string, Deleter)':
[INFO] [stderr]   cargo:warning=rocksdb/db/blob/blob_file_meta.h:44:61: error: no matching function for call to 'rocksdb::SharedBlobFileMetaData::SharedBlobFileMetaData(int&, int&, int&, std::remove_reference<std::__cxx11::basic_string<char>&>::type, std::remove_reference<std::__cxx11::basic_string<char>&>::type)' [-Wtemplate-body]
[INFO] [stderr]   cargo:warning=   44 |                                    std::move(checksum_value)),
[INFO] [stderr]   cargo:warning=      |                                                             ^
[INFO] [stderr]   cargo:warning=rocksdb/db/blob/blob_file_meta.h:44:61: note: there are 2 candidates
[INFO] [stderr]   cargo:warning=rocksdb/db/blob/blob_file_meta.h:51:3: note: candidate 1: 'rocksdb::SharedBlobFileMetaData::SharedBlobFileMetaData(rocksdb::SharedBlobFileMetaData&&)' (deleted)
[INFO] [stderr]   cargo:warning=   51 |   SharedBlobFileMetaData(SharedBlobFileMetaData&&) = delete;
[INFO] [stderr]   cargo:warning=      |   ^~~~~~~~~~~~~~~~~~~~~~
[INFO] [stderr]   cargo:warning=rocksdb/db/blob/blob_file_meta.h:51:3: note: candidate expects 1 argument, 5 provided
[INFO] [stderr]   cargo:warning=rocksdb/db/blob/blob_file_meta.h:48:3: note: candidate 2: 'rocksdb::SharedBlobFileMetaData::SharedBlobFileMetaData(const rocksdb::SharedBlobFileMetaData&)' (deleted)
[INFO] [stderr]   cargo:warning=   48 |   SharedBlobFileMetaData(const SharedBlobFileMetaData&) = delete;
[INFO] [stderr]   cargo:warning=      |   ^~~~~~~~~~~~~~~~~~~~~~
[INFO] [stderr]   cargo:warning=rocksdb/db/blob/blob_file_meta.h:48:3: note: candidate expects 1 argument, 5 provided
[INFO] [stderr]   cargo:warning=rocksdb/db/blob/blob_file_meta.h: At global scope:
[INFO] [stderr]   cargo:warning=rocksdb/db/blob/blob_file_meta.h:95:41: error: 'uint64_t' was not declared in this scope
[INFO] [stderr]   cargo:warning=   95 |   using LinkedSsts = std::unordered_set<uint64_t>;
[INFO] [stderr]   cargo:warning=      |                                         ^~~~~~~~
[INFO] [stderr]   cargo:warning=rocksdb/db/blob/blob_file_meta.h:95:41: note: 'uint64_t' is defined in header '<cstdint>'; this is probably fixable by adding '#include <cstdint>'
[INFO] [stderr]   cargo:warning=rocksdb/db/blob/blob_file_meta.h:95:49: error: template argument 1 is invalid
[INFO] [stderr]   cargo:warning=   95 |   using LinkedSsts = std::unordered_set<uint64_t>;
[INFO] [stderr]   cargo:warning=      |                                                 ^
[INFO] [stderr]   cargo:warning=rocksdb/db/blob/blob_file_meta.h:95:49: error: template argument 2 is invalid
[INFO] [stderr]   cargo:warning=rocksdb/db/blob/blob_file_meta.h:95:49: error: template argument 3 is invalid
[INFO] [stderr]   cargo:warning=rocksdb/db/blob/blob_file_meta.h:95:49: error: template argument 4 is invalid
[INFO] [stderr]   cargo:warning=rocksdb/db/blob/blob_file_meta.h:99:7: error: 'LinkedSsts' has not been declared
[INFO] [stderr]   cargo:warning=   99 |       LinkedSsts linked_ssts, uint64_t garbage_blob_count,
[INFO] [stderr]   cargo:warning=      |       ^~~~~~~~~~
[INFO] [stderr]   cargo:warning=rocksdb/db/blob/blob_file_meta.h:99:31: error: 'uint64_t' has not been declared
[INFO] [stderr]   cargo:warning=   99 |       LinkedSsts linked_ssts, uint64_t garbage_blob_count,
[INFO] [stderr]   cargo:warning=      |                               ^~~~~~~~
[INFO] [stderr]   cargo:warning=rocksdb/db/blob/blob_file_meta.h:99:31: note: 'uint64_t' is defined in header '<cstdint>'; this is probably fixable by adding '#include <cstdint>'
[INFO] [stderr]   cargo:warning=rocksdb/db/blob/blob_file_meta.h:100:7: error: 'uint64_t' has not been declared
[INFO] [stderr]   cargo:warning=  100 |       uint64_t garbage_blob_bytes) {
[INFO] [stderr]   cargo:warning=      |       ^~~~~~~~
[INFO] [stderr]   cargo:warning=rocksdb/db/blob/blob_file_meta.h:100:7: note: 'uint64_t' is defined in header '<cstdint>'; this is probably fixable by adding '#include <cstdint>'
[INFO] [stderr]   cargo:warning=rocksdb/db/blob/blob_file_meta.h:116:3: error: 'uint64_t' does not name a type
[INFO] [stderr]   cargo:warning=  116 |   uint64_t GetBlobFileSize() const {
[INFO] [stderr]   cargo:warning=      |   ^~~~~~~~
[INFO] [stderr]   cargo:warning=rocksdb/db/blob/blob_file_meta.h:116:3: note: 'uint64_t' is defined in header '<cstdint>'; this is probably fixable by adding '#include <cstdint>'
[INFO] [stderr]   cargo:warning=rocksdb/db/blob/blob_file_meta.h:121:3: error: 'uint64_t' does not name a type
[INFO] [stderr]   cargo:warning=  121 |   uint64_t GetBlobFileNumber() const {
[INFO] [stderr]   cargo:warning=      |   ^~~~~~~~
[INFO] [stderr]   cargo:warning=rocksdb/db/blob/blob_file_meta.h:121:3: note: 'uint64_t' is defined in header '<cstdint>'; this is probably fixable by adding '#include <cstdint>'
[INFO] [stderr]   cargo:warning=rocksdb/db/blob/blob_file_meta.h:125:3: error: 'uint64_t' does not name a type
[INFO] [stderr]   cargo:warning=  125 |   uint64_t GetTotalBlobCount() const {
[INFO] [stderr]   cargo:warning=      |   ^~~~~~~~
[INFO] [stderr]   cargo:warning=rocksdb/db/blob/blob_file_meta.h:125:3: note: 'uint64_t' is defined in header '<cstdint>'; this is probably fixable by adding '#include <cstdint>'
[INFO] [stderr]   cargo:warning=rocksdb/db/blob/blob_file_meta.h:129:3: error: 'uint64_t' does not name a type
[INFO] [stderr]   cargo:warning=  129 |   uint64_t GetTotalBlobBytes() const {
[INFO] [stderr]   cargo:warning=      |   ^~~~~~~~
[INFO] [stderr]   cargo:warning=rocksdb/db/blob/blob_file_meta.h:129:3: note: 'uint64_t' is defined in header '<cstdint>'; this is probably fixable by adding '#include <cstdint>'
[INFO] [stderr]   cargo:warning=rocksdb/db/blob/blob_file_meta.h:142:9: error: 'LinkedSsts' does not name a type
[INFO] [stderr]   cargo:warning=  142 |   const LinkedSsts& GetLinkedSsts() const { return linked_ssts_; }
[INFO] [stderr]   cargo:warning=      |         ^~~~~~~~~~
[INFO] [stderr]   cargo:warning=rocksdb/db/blob/blob_file_meta.h:144:3: error: 'uint64_t' does not name a type
[INFO] [stderr]   cargo:warning=  144 |   uint64_t GetGarbageBlobCount() const { return garbage_blob_count_; }
[INFO] [stderr]   cargo:warning=      |   ^~~~~~~~
[INFO] [stderr]   cargo:warning=rocksdb/db/blob/blob_file_meta.h:144:3: note: 'uint64_t' is defined in header '<cstdint>'; this is probably fixable by adding '#include <cstdint>'
[INFO] [stderr]   cargo:warning=rocksdb/db/blob/blob_file_meta.h:145:3: error: 'uint64_t' does not name a type
[INFO] [stderr]   cargo:warning=  145 |   uint64_t GetGarbageBlobBytes() const { return garbage_blob_bytes_; }
[INFO] [stderr]   cargo:warning=      |   ^~~~~~~~
[INFO] [stderr]   cargo:warning=rocksdb/db/blob/blob_file_meta.h:145:3: note: 'uint64_t' is defined in header '<cstdint>'; this is probably fixable by adding '#include <cstdint>'
[INFO] [stderr]   cargo:warning=rocksdb/db/blob/blob_file_meta.h:151:20: error: 'LinkedSsts' has not been declared
[INFO] [stderr]   cargo:warning=  151 |                    LinkedSsts linked_ssts, uint64_t garbage_blob_count,
[INFO] [stderr]   cargo:warning=      |                    ^~~~~~~~~~
[INFO] [stderr]   cargo:warning=rocksdb/db/blob/blob_file_meta.h:151:44: error: 'uint64_t' has not been declared
[INFO] [stderr]   cargo:warning=  151 |                    LinkedSsts linked_ssts, uint64_t garbage_blob_count,
[INFO] [stderr]   cargo:warning=      |                                            ^~~~~~~~
[INFO] [stderr]   cargo:warning=rocksdb/db/blob/blob_file_meta.h:151:44: note: 'uint64_t' is defined in header '<cstdint>'; this is probably fixable by adding '#include <cstdint>'
[INFO] [stderr]   cargo:warning=rocksdb/db/blob/blob_file_meta.h:152:20: error: 'uint64_t' has not been declared
[INFO] [stderr]   cargo:warning=  152 |                    uint64_t garbage_blob_bytes)
[INFO] [stderr]   cargo:warning=      |                    ^~~~~~~~
[INFO] [stderr]   cargo:warning=rocksdb/db/blob/blob_file_meta.h:152:20: note: 'uint64_t' is defined in header '<cstdint>'; this is probably fixable by adding '#include <cstdint>'
[INFO] [stderr]   cargo:warning=rocksdb/db/blob/blob_file_meta.h:163:3: error: 'LinkedSsts' does not name a type
[INFO] [stderr]   cargo:warning=  163 |   LinkedSsts linked_ssts_;
[INFO] [stderr]   cargo:warning=      |   ^~~~~~~~~~
[INFO] [stderr]   cargo:warning=rocksdb/db/blob/blob_file_meta.h:164:3: error: 'uint64_t' does not name a type
[INFO] [stderr]   cargo:warning=  164 |   uint64_t garbage_blob_count_;
[INFO] [stderr]   cargo:warning=      |   ^~~~~~~~
[INFO] [stderr]   cargo:warning=rocksdb/db/blob/blob_file_meta.h:164:3: note: 'uint64_t' is defined in header '<cstdint>'; this is probably fixable by adding '#include <cstdint>'
[INFO] [stderr]   cargo:warning=rocksdb/db/blob/blob_file_meta.h:165:3: error: 'uint64_t' does not name a type
[INFO] [stderr]   cargo:warning=  165 |   uint64_t garbage_blob_bytes_;
[INFO] [stderr]   cargo:warning=      |   ^~~~~~~~
[INFO] [stderr]   cargo:warning=rocksdb/db/blob/blob_file_meta.h:165:3: note: 'uint64_t' is defined in header '<cstdint>'; this is probably fixable by adding '#include <cstdint>'
[INFO] [stderr]   cargo:warning=rocksdb/db/blob/blob_file_meta.h: In constructor 'rocksdb::BlobFileMetaData::BlobFileMetaData(std::shared_ptr<rocksdb::SharedBlobFileMetaData>, int, int, int)':
[INFO] [stderr]   cargo:warning=rocksdb/db/blob/blob_file_meta.h:154:9: error: class 'rocksdb::BlobFileMetaData' does not have any field named 'linked_ssts_'
[INFO] [stderr]   cargo:warning=  154 |         linked_ssts_(std::move(linked_ssts)),
[INFO] [stderr]   cargo:warning=      |         ^~~~~~~~~~~~
[INFO] [stderr]   cargo:warning=rocksdb/db/blob/blob_file_meta.h:155:9: error: class 'rocksdb::BlobFileMetaData' does not have any field named 'garbage_blob_count_'
[INFO] [stderr]   cargo:warning=  155 |         garbage_blob_count_(garbage_blob_count),
[INFO] [stderr]   cargo:warning=      |         ^~~~~~~~~~~~~~~~~~~
[INFO] [stderr]   cargo:warning=rocksdb/db/blob/blob_file_meta.h:156:9: error: class 'rocksdb::BlobFileMetaData' does not have any field named 'garbage_blob_bytes_'
[INFO] [stderr]   cargo:warning=  156 |         garbage_blob_bytes_(garbage_blob_bytes) {
[INFO] [stderr]   cargo:warning=      |         ^~~~~~~~~~~~~~~~~~~
[INFO] [stderr]   exit status: 0
[INFO] [stderr]   cargo:warning=c++: fatal error: Killed signal terminated program cc1plus
[INFO] [stderr]   cargo:warning=compilation terminated.
[INFO] [stderr]   exit status: 1
[INFO] [stderr]   cargo:warning=c++: fatal error: Killed signal terminated program cc1plus
[INFO] [stderr]   cargo:warning=compilation terminated.
[INFO] [stderr]   exit status: 1
[INFO] [stderr]   cargo:warning=c++: fatal error: Killed signal terminated program cc1plus
[INFO] [stderr]   cargo:warning=compilation terminated.
[INFO] [stderr]   exit status: 1
[INFO] [stderr]   cargo:warning=rocksdb/db/blob/blob_file_meta.cc: At global scope:
[INFO] [stderr]   cargo:warning=rocksdb/db/blob/blob_file_meta.cc:15:10: error: no declaration matches 'uint64_t rocksdb::SharedBlobFileMetaData::GetBlobFileSize() const'
[INFO] [stderr]   cargo:warning=   15 | uint64_t SharedBlobFileMetaData::GetBlobFileSize() const {
[INFO] [stderr]   cargo:warning=      |          ^~~~~~~~~~~~~~~~~~~~~~
[INFO] [stderr]   cargo:warning=rocksdb/db/blob/blob_file_meta.cc:15:10: note: no functions named 'uint64_t rocksdb::SharedBlobFileMetaData::GetBlobFileSize() const'
[INFO] [stderr]   cargo:warning=rocksdb/db/blob/blob_file_meta.h:25:7: note: 'class rocksdb::SharedBlobFileMetaData' defined here
[INFO] [stderr]   cargo:warning=   25 | class SharedBlobFileMetaData {
[INFO] [stderr]   cargo:warning=      |       ^~~~~~~~~~~~~~~~~~~~~~
[INFO] [stderr]   cargo:warning=rocksdb/db/blob/blob_file_meta.cc: In function 'std::ostream& rocksdb::operator<<(std::ostream&, const SharedBlobFileMetaData&)':
[INFO] [stderr]   cargo:warning=rocksdb/db/blob/blob_file_meta.cc:28:45: error: 'const class rocksdb::SharedBlobFileMetaData' has no member named 'GetBlobFileNumber'
[INFO] [stderr]   cargo:warning=   28 |   os << "blob_file_number: " << shared_meta.GetBlobFileNumber()
[INFO] [stderr]   cargo:warning=      |                                             ^~~~~~~~~~~~~~~~~
[INFO] [stderr]   cargo:warning=rocksdb/db/blob/blob_file_meta.cc:29:46: error: 'const class rocksdb::SharedBlobFileMetaData' has no member named 'GetTotalBlobCount'
[INFO] [stderr]   cargo:warning=   29 |      << " total_blob_count: " << shared_meta.GetTotalBlobCount()
[INFO] [stderr]   cargo:warning=      |                                              ^~~~~~~~~~~~~~~~~
[INFO] [stderr]   cargo:warning=rocksdb/db/blob/blob_file_meta.cc:30:46: error: 'const class rocksdb::SharedBlobFileMetaData' has no member named 'GetTotalBlobBytes'
[INFO] [stderr]   cargo:warning=   30 |      << " total_blob_bytes: " << shared_meta.GetTotalBlobBytes()
[INFO] [stderr]   cargo:warning=      |                                              ^~~~~~~~~~~~~~~~~
[INFO] [stderr]   cargo:warning=rocksdb/db/blob/blob_file_meta.cc: In function 'std::ostream& rocksdb::operator<<(std::ostream&, const BlobFileMetaData&)':
[INFO] [stderr]   cargo:warning=rocksdb/db/blob/blob_file_meta.cc:51:36: error: 'const class rocksdb::BlobFileMetaData' has no member named 'GetLinkedSsts'
[INFO] [stderr]   cargo:warning=   51 |   for (uint64_t file_number : meta.GetLinkedSsts()) {
[INFO] [stderr]   cargo:warning=      |                                    ^~~~~~~~~~~~~
[INFO] [stderr]   cargo:warning=rocksdb/db/blob/blob_file_meta.cc:56:41: error: 'const class rocksdb::BlobFileMetaData' has no member named 'GetGarbageBlobCount'
[INFO] [stderr]   cargo:warning=   56 |   os << " garbage_blob_count: " << meta.GetGarbageBlobCount()
[INFO] [stderr]   cargo:warning=      |                                         ^~~~~~~~~~~~~~~~~~~
[INFO] [stderr]   cargo:warning=rocksdb/db/blob/blob_file_meta.cc:57:41: error: 'const class rocksdb::BlobFileMetaData' has no member named 'GetGarbageBlobBytes'
[INFO] [stderr]   cargo:warning=   57 |      << " garbage_blob_bytes: " << meta.GetGarbageBlobBytes();
[INFO] [stderr]   cargo:warning=      |                                         ^~~~~~~~~~~~~~~~~~~
[INFO] [stderr]   exit status: 1
[INFO] [stderr]   exit status: 0
[INFO] [stderr]   exit status: 0
[INFO] [stderr]   exit status: 0
[INFO] [stderr]   exit status: 0
[INFO] [stderr]   exit status: 0
[INFO] [stderr]   exit status: 0
[INFO] [stderr]   exit status: 0
[INFO] [stderr]   exit status: 0
[INFO] [stderr] 
[INFO] [stderr]   --- stderr
[INFO] [stderr]   error: 'rustfmt' is not installed for the toolchain '1.100.0-beta.1-x86_64-unknown-linux-gnu'.
[INFO] [stderr]   help: run `rustup component add --toolchain 1.100.0-beta.1-x86_64-unknown-linux-gnu rustfmt` to install it
[INFO] [stderr]   Failed to run rustfmt: Internal rustfmt error (non-fatal, continuing)
[INFO] [stderr] 
[INFO] [stderr] 
[INFO] [stderr]   error occurred: Command "c++" "-O3" "-ffunction-sections" "-fdata-sections" "-fPIC" "-m64" "-I" "rocksdb/include/" "-I" "rocksdb/" "-I" "rocksdb/third-party/gtest-1.8.1/fused-src/" "-I" "/opt/rustwide/target/release/build/lz4-sys/3a26e42dbec55e14/out/include" "-I" "/opt/rustwide/cargo-home/registry/src/index.crates.io-1949cf8c6b5b557f/zstd-sys-2.0.7+zstd.1.5.4/zstd/lib" "-I" "." "-Wall" "-Wextra" "-std=c++17" "-Wsign-compare" "-Wshadow" "-Wno-unused-parameter" "-Wno-unused-variable" "-Woverloaded-virtual" "-Wnon-virtual-dtor" "-Wno-missing-field-initializers" "-Wno-strict-aliasing" "-Wno-invalid-offsetof" "-msse2" "-std=c++17" "-DLZ4=1" "-DZSTD=1" "-DNDEBUG=1" "-DOS_LINUX" "-DROCKSDB_PLATFORM_POSIX" "-DROCKSDB_LIB_IO_POSIX" "-DROCKSDB_SUPPORT_THREAD_LOCAL" "-o" "/opt/rustwide/target/release/build/librocksdb-sys/98b51c1082d2b6f7/out/rocksdb/cache/clock_cache.o" "-c" "rocksdb/cache/clock_cache.cc" with args "c++" did not execute successfully (status code exit status: 1).
[INFO] [stderr] 
[INFO] [stderr] 
[INFO] running `Command { std: "docker" "inspect" "e61e5c6c265f9204e4f6fa15c1e009450a4fb355b3e8ba459bfc1764ec54c672", kill_on_drop: false }`
[INFO] running `Command { std: "docker" "rm" "-f" "e61e5c6c265f9204e4f6fa15c1e009450a4fb355b3e8ba459bfc1764ec54c672", kill_on_drop: false }`
[INFO] [stdout] e61e5c6c265f9204e4f6fa15c1e009450a4fb355b3e8ba459bfc1764ec54c672
