[INFO] fetching crate simkey 1.0.0...
[INFO] testing simkey-1.0.0 against 1.100.0-beta.1+cargoflags=--release for beta-release-1.100-2
[INFO] extracting crate simkey 1.0.0 into /workspace/builds/worker-2-tc2/source
[INFO] started tweaking crates.io crate simkey 1.0.0
[INFO] finished tweaking crates.io crate simkey 1.0.0
[INFO] tweaked toml for crates.io crate simkey 1.0.0 written to /workspace/builds/worker-2-tc2/source/Cargo.toml
[INFO] validating manifest of crates.io crate simkey 1.0.0 on toolchain 1.100.0-beta.1
[INFO] running `Command { std: CARGO_HOME="/workspace/cargo-home" RUSTUP_HOME="/workspace/rustup-home" "/workspace/cargo-home/bin/cargo" "+1.100.0-beta.1" "metadata" "--manifest-path" "Cargo.toml" "--no-deps", kill_on_drop: false }`
[INFO] crate crates.io crate simkey 1.0.0 already has a lockfile, it will not be regenerated
[INFO] running `Command { std: CARGO_HOME="/workspace/cargo-home" RUSTUP_HOME="/workspace/rustup-home" "/workspace/cargo-home/bin/cargo" "+1.100.0-beta.1" "fetch" "--manifest-path" "Cargo.toml", kill_on_drop: false }`
[INFO] running `Command { std: "docker" "create" "-v" "/var/lib/crater-agent-workspace/builds/worker-2-tc2/source:/opt/rustwide/workdir:ro,Z" "-v" "/var/lib/crater-agent-workspace/builds/worker-2-tc2/target:/opt/rustwide/target:rw,Z" "-v" "/var/lib/crater-agent-workspace/cargo-home:/opt/rustwide/cargo-home:ro,Z" "-v" "/var/lib/crater-agent-workspace/rustup-home:/opt/rustwide/rustup-home:ro,Z" "-m" "1610612736" "--network" "none" "ghcr.io/rust-lang/crates-build-env/linux@sha256:77db811e55d90add9212f6832c23229e3de5f1c1f9905e8cb07319ea15df73ac" "sleep" "infinity", kill_on_drop: false }`
[INFO] [stdout] 31857fb6914b444f534a35f9ea4027d5f3cec0b9b47e19fd3daec0034a6884bc
[INFO] running `Command { std: "docker" "start" "31857fb6914b444f534a35f9ea4027d5f3cec0b9b47e19fd3daec0034a6884bc", kill_on_drop: false }`
[INFO] running `Command { std: "docker" "inspect" "31857fb6914b444f534a35f9ea4027d5f3cec0b9b47e19fd3daec0034a6884bc", kill_on_drop: false }`
[INFO] running `Command { std: "docker" "exec" "-e" "SOURCE_DIR=/opt/rustwide/workdir" "-e" "CARGO_HOME=/opt/rustwide/cargo-home" "-e" "RUSTUP_HOME=/opt/rustwide/rustup-home" "-e" "CARGO_TARGET_DIR=/opt/rustwide/target" "-w" "/opt/rustwide/workdir" "--user" "0:0" "31857fb6914b444f534a35f9ea4027d5f3cec0b9b47e19fd3daec0034a6884bc" "/opt/rustwide/cargo-home/bin/cargo" "+1.100.0-beta.1" "metadata" "--no-deps" "--format-version=1", kill_on_drop: false }`
[INFO] running `Command { std: "docker" "inspect" "31857fb6914b444f534a35f9ea4027d5f3cec0b9b47e19fd3daec0034a6884bc", kill_on_drop: false }`
[INFO] running `Command { std: "docker" "exec" "-e" "SOURCE_DIR=/opt/rustwide/workdir" "-e" "CARGO_HOME=/opt/rustwide/cargo-home" "-e" "RUSTUP_HOME=/opt/rustwide/rustup-home" "-e" "CARGO_TARGET_DIR=/opt/rustwide/target" "-e" "CARGO_INCREMENTAL=0" "-e" "RUST_BACKTRACE=full" "-e" "RUSTFLAGS=--cap-lints=warn" "-e" "RUSTDOCFLAGS=--cap-lints=warn" "-w" "/opt/rustwide/workdir" "--user" "0:0" "31857fb6914b444f534a35f9ea4027d5f3cec0b9b47e19fd3daec0034a6884bc" "/opt/rustwide/cargo-home/bin/cargo" "+1.100.0-beta.1" "build" "--frozen" "--message-format=json" "--release", kill_on_drop: false }`
[INFO] [stderr]    Compiling winapi v0.3.9
[INFO] [stderr]    Compiling simkey v1.0.0 (/opt/rustwide/workdir)
[INFO] [stdout] error[E0433]: cannot find `shared` in `winapi`
[INFO] [stdout]  --> src/windows/common.rs:6:13
[INFO] [stdout]   |
[INFO] [stdout] 6 | use winapi::shared::minwindef::{DWORD, LPARAM, LRESULT, WPARAM};
[INFO] [stdout]   |             ^^^^^^ could not find `shared` in `winapi`
[INFO] [stdout] 
[INFO] [stdout] 
[INFO] [stdout] error[E0433]: cannot find `um` in `winapi`
[INFO] [stdout]  --> src/windows/common.rs:7:13
[INFO] [stdout]   |
[INFO] [stdout] 7 | use winapi::um::errhandlingapi::GetLastError;
[INFO] [stdout]   |             ^^ could not find `um` in `winapi`
[INFO] [stdout] 
[INFO] [stdout] 
[INFO] [stdout] error[E0433]: cannot find `um` in `winapi`
[INFO] [stdout]  --> src/windows/common.rs:8:13
[INFO] [stdout]   |
[INFO] [stdout] 8 | use winapi::um::winuser::{
[INFO] [stdout]   |             ^^ could not find `um` in `winapi`
[INFO] [stdout] 
[INFO] [stdout] 
[INFO] [stdout] error[E0433]: cannot find `shared` in `winapi`
[INFO] [stdout]  --> src/windows/keycodes.rs:2:13
[INFO] [stdout]   |
[INFO] [stdout] 2 | use winapi::shared::minwindef::WORD;
[INFO] [stdout]   |             ^^^^^^ could not find `shared` in `winapi`
[INFO] [stdout] 
[INFO] [stdout] 
[INFO] [stdout] error[E0433]: cannot find `shared` in `winapi`
[INFO] [stdout]  --> src/windows/listen.rs:6:13
[INFO] [stdout]   |
[INFO] [stdout] 6 | use winapi::shared::minwindef::{LPARAM, LRESULT, WPARAM};
[INFO] [stdout]   |             ^^^^^^ could not find `shared` in `winapi`
[INFO] [stdout] 
[INFO] [stdout] 
[INFO] [stdout] error[E0433]: cannot find `um` in `winapi`
[INFO] [stdout]  --> src/windows/listen.rs:7:13
[INFO] [stdout]   |
[INFO] [stdout] 7 | use winapi::um::winuser::{CallNextHookEx, GetMessageA, HC_ACTION};
[INFO] [stdout]   |             ^^ could not find `um` in `winapi`
[INFO] [stdout] 
[INFO] [stdout] 
[INFO] [stdout] error[E0408]: variable `WM_SYSKEYDOWN` is not bound in all patterns
[INFO] [stdout]   --> src/windows/common.rs:20:9
[INFO] [stdout]    |
[INFO] [stdout] 20 |         Ok(WM_KEYDOWN) | Ok(WM_SYSKEYDOWN) => {
[INFO] [stdout]    |         ^^^^^^^^^^^^^^      ------------- variable not in all patterns
[INFO] [stdout]    |         |
[INFO] [stdout]    |         pattern doesn't bind `WM_SYSKEYDOWN`
[INFO] [stdout]    |
[INFO] [stdout] help: you might have meant to use the similarly named previously used binding `WM_KEYDOWN`
[INFO] [stdout]    |
[INFO] [stdout] 20 -         Ok(WM_KEYDOWN) | Ok(WM_SYSKEYDOWN) => {
[INFO] [stdout] 20 +         Ok(WM_KEYDOWN) | Ok(WM_KEYDOWN) => {
[INFO] [stdout]    |
[INFO] [stdout] 
[INFO] [stdout] 
[INFO] [stdout] error[E0408]: variable `WM_KEYDOWN` is not bound in all patterns
[INFO] [stdout]   --> src/windows/common.rs:20:26
[INFO] [stdout]    |
[INFO] [stdout] 20 |         Ok(WM_KEYDOWN) | Ok(WM_SYSKEYDOWN) => {
[INFO] [stdout]    |            ----------    ^^^^^^^^^^^^^^^^^ pattern doesn't bind `WM_KEYDOWN`
[INFO] [stdout]    |            |
[INFO] [stdout]    |            variable not in all patterns
[INFO] [stdout]    |
[INFO] [stdout] help: you might have meant to use the similarly named previously used binding `WM_SYSKEYDOWN`
[INFO] [stdout]    |
[INFO] [stdout] 20 |         Ok(WM_SYSKEYDOWN) | Ok(WM_SYSKEYDOWN) => {
[INFO] [stdout]    |               +++
[INFO] [stdout] 
[INFO] [stdout] 
[INFO] [stdout] error[E0408]: variable `WM_SYSKEYUP` is not bound in all patterns
[INFO] [stdout]   --> src/windows/common.rs:24:9
[INFO] [stdout]    |
[INFO] [stdout] 24 |         Ok(WM_KEYUP) | Ok(WM_SYSKEYUP) => {
[INFO] [stdout]    |         ^^^^^^^^^^^^      ----------- variable not in all patterns
[INFO] [stdout]    |         |
[INFO] [stdout]    |         pattern doesn't bind `WM_SYSKEYUP`
[INFO] [stdout]    |
[INFO] [stdout] help: you might have meant to use the similarly named previously used binding `WM_KEYUP`
[INFO] [stdout]    |
[INFO] [stdout] 24 -         Ok(WM_KEYUP) | Ok(WM_SYSKEYUP) => {
[INFO] [stdout] 24 +         Ok(WM_KEYUP) | Ok(WM_KEYUP) => {
[INFO] [stdout]    |
[INFO] [stdout] 
[INFO] [stdout] 
[INFO] [stdout] error[E0408]: variable `WM_KEYUP` is not bound in all patterns
[INFO] [stdout]   --> src/windows/common.rs:24:24
[INFO] [stdout]    |
[INFO] [stdout] 24 |         Ok(WM_KEYUP) | Ok(WM_SYSKEYUP) => {
[INFO] [stdout]    |            --------    ^^^^^^^^^^^^^^^ pattern doesn't bind `WM_KEYUP`
[INFO] [stdout]    |            |
[INFO] [stdout]    |            variable not in all patterns
[INFO] [stdout]    |
[INFO] [stdout] help: if you meant to match on a unit struct, unit variant or a `const` item, consider making the path in the pattern qualified: `path::to::ModOrType::WM_KEYUP`
[INFO] [stdout]   --> src/windows/common.rs:24:12
[INFO] [stdout]    |
[INFO] [stdout] 24 |         Ok(WM_KEYUP) | Ok(WM_SYSKEYUP) => {
[INFO] [stdout]    |            ^^^^^^^^
[INFO] [stdout] 
[INFO] [stdout] 
[INFO] [stdout] Some errors have detailed explanations: E0408, E0433.
[INFO] [stdout] 
[INFO] [stderr] error: could not compile `simkey` (lib) due to 10 previous errors
[INFO] [stdout] For more information about an error, try `rustc --explain E0408`.
[INFO] [stdout] 
[INFO] running `Command { std: "docker" "inspect" "31857fb6914b444f534a35f9ea4027d5f3cec0b9b47e19fd3daec0034a6884bc", kill_on_drop: false }`
[INFO] running `Command { std: "docker" "rm" "-f" "31857fb6914b444f534a35f9ea4027d5f3cec0b9b47e19fd3daec0034a6884bc", kill_on_drop: false }`
[INFO] [stdout] 31857fb6914b444f534a35f9ea4027d5f3cec0b9b47e19fd3daec0034a6884bc
