[INFO] fetching crate simapi-sys 0.2.0...
[INFO] testing simapi-sys-0.2.0 against 1.100.0-beta.1+cargoflags=--release for beta-release-1.100-2
[INFO] extracting crate simapi-sys 0.2.0 into /workspace/builds/worker-3-tc2/source
[INFO] started tweaking crates.io crate simapi-sys 0.2.0
[INFO] finished tweaking crates.io crate simapi-sys 0.2.0
[INFO] tweaked toml for crates.io crate simapi-sys 0.2.0 written to /workspace/builds/worker-3-tc2/source/Cargo.toml
[INFO] validating manifest of crates.io crate simapi-sys 0.2.0 on toolchain 1.100.0-beta.1
[INFO] running `Command { std: CARGO_HOME="/workspace/cargo-home" RUSTUP_HOME="/workspace/rustup-home" "/workspace/cargo-home/bin/cargo" "+1.100.0-beta.1" "metadata" "--manifest-path" "Cargo.toml" "--no-deps", kill_on_drop: false }`
[INFO] crate crates.io crate simapi-sys 0.2.0 already has a lockfile, it will not be regenerated
[INFO] running `Command { std: CARGO_HOME="/workspace/cargo-home" RUSTUP_HOME="/workspace/rustup-home" "/workspace/cargo-home/bin/cargo" "+1.100.0-beta.1" "fetch" "--manifest-path" "Cargo.toml", kill_on_drop: false }`
[INFO] running `Command { std: "docker" "create" "-v" "/var/lib/crater-agent-workspace/builds/worker-3-tc2/source:/opt/rustwide/workdir:ro,Z" "-v" "/var/lib/crater-agent-workspace/builds/worker-3-tc2/target:/opt/rustwide/target:rw,Z" "-v" "/var/lib/crater-agent-workspace/cargo-home:/opt/rustwide/cargo-home:ro,Z" "-v" "/var/lib/crater-agent-workspace/rustup-home:/opt/rustwide/rustup-home:ro,Z" "-m" "1610612736" "--network" "none" "ghcr.io/rust-lang/crates-build-env/linux@sha256:77db811e55d90add9212f6832c23229e3de5f1c1f9905e8cb07319ea15df73ac" "sleep" "infinity", kill_on_drop: false }`
[INFO] [stdout] 291a1e247546a94fb596470ad01bd80f2a8867fe1a5582459d3ae5963515c84f
[INFO] running `Command { std: "docker" "start" "291a1e247546a94fb596470ad01bd80f2a8867fe1a5582459d3ae5963515c84f", kill_on_drop: false }`
[INFO] running `Command { std: "docker" "inspect" "291a1e247546a94fb596470ad01bd80f2a8867fe1a5582459d3ae5963515c84f", kill_on_drop: false }`
[INFO] running `Command { std: "docker" "exec" "-e" "SOURCE_DIR=/opt/rustwide/workdir" "-e" "CARGO_HOME=/opt/rustwide/cargo-home" "-e" "RUSTUP_HOME=/opt/rustwide/rustup-home" "-e" "CARGO_TARGET_DIR=/opt/rustwide/target" "-w" "/opt/rustwide/workdir" "--user" "0:0" "291a1e247546a94fb596470ad01bd80f2a8867fe1a5582459d3ae5963515c84f" "/opt/rustwide/cargo-home/bin/cargo" "+1.100.0-beta.1" "metadata" "--no-deps" "--format-version=1", kill_on_drop: false }`
[INFO] running `Command { std: "docker" "inspect" "291a1e247546a94fb596470ad01bd80f2a8867fe1a5582459d3ae5963515c84f", kill_on_drop: false }`
[INFO] running `Command { std: "docker" "exec" "-e" "SOURCE_DIR=/opt/rustwide/workdir" "-e" "CARGO_HOME=/opt/rustwide/cargo-home" "-e" "RUSTUP_HOME=/opt/rustwide/rustup-home" "-e" "CARGO_TARGET_DIR=/opt/rustwide/target" "-e" "CARGO_INCREMENTAL=0" "-e" "RUST_BACKTRACE=full" "-e" "RUSTFLAGS=--cap-lints=warn" "-e" "RUSTDOCFLAGS=--cap-lints=warn" "-w" "/opt/rustwide/workdir" "--user" "0:0" "291a1e247546a94fb596470ad01bd80f2a8867fe1a5582459d3ae5963515c84f" "/opt/rustwide/cargo-home/bin/cargo" "+1.100.0-beta.1" "build" "--frozen" "--message-format=json" "--release", kill_on_drop: false }`
[INFO] [stderr]    Compiling glob v0.3.4
[INFO] [stderr]    Compiling libc v0.2.189
[INFO] [stderr]    Compiling prettyplease v0.3.0
[INFO] [stderr]    Compiling memchr v2.8.3
[INFO] [stderr]    Compiling minimal-lexical v0.2.1
[INFO] [stderr]    Compiling cfg-if v1.0.5
[INFO] [stderr]    Compiling regex-syntax v0.8.11
[INFO] [stderr]    Compiling bindgen v0.73.2
[INFO] [stderr]    Compiling bitflags v2.13.2
[INFO] [stderr]    Compiling rustc-hash v2.1.3
[INFO] [stderr]    Compiling quote v1.0.47
[INFO] [stderr]    Compiling cc v1.5.1
[INFO] [stderr]    Compiling libloading v0.8.9
[INFO] [stderr]    Compiling syn v3.0.6
[INFO] [stderr]    Compiling nom v7.1.3
[INFO] [stderr]    Compiling clang-sys v1.9.1
[INFO] [stderr]    Compiling cmake v0.1.58
[INFO] [stderr]    Compiling regex-automata v0.4.18
[INFO] [stderr]    Compiling cexpr v0.6.0
[INFO] [stderr]    Compiling regex v1.13.1
[INFO] [stderr]    Compiling simapi-sys v0.2.0 (/opt/rustwide/workdir)
[INFO] [stderr] error: failed to run custom build command for `simapi-sys v0.2.0 (/opt/rustwide/workdir)`
[INFO] [stderr] note: To improve backtraces for build dependencies, set the CARGO_PROFILE_RELEASE_BUILD_OVERRIDE_DEBUG=true environment variable to enable debug information generation.
[INFO] [stderr] 
[INFO] [stderr] Caused by:
[INFO] [stderr]   process didn't exit successfully: `/opt/rustwide/target/release/build/simapi-sys/ebd2a28d337b1cf8/out/build_script_build` (exit status: 101)
[INFO] [stderr]   --- stdout
[INFO] [stderr]   cargo:rerun-if-changed=build.rs
[INFO] [stderr]   cargo:rerun-if-changed=wrapper.h
[INFO] [stderr]   cargo:rerun-if-changed=third_party/simapi
[INFO] [stderr]   CMAKE_TOOLCHAIN_FILE_x86_64-unknown-linux-gnu = None
[INFO] [stderr]   CMAKE_TOOLCHAIN_FILE_x86_64_unknown_linux_gnu = None
[INFO] [stderr]   HOST_CMAKE_TOOLCHAIN_FILE = None
[INFO] [stderr]   CMAKE_TOOLCHAIN_FILE = None
[INFO] [stderr]   CMAKE_GENERATOR_x86_64-unknown-linux-gnu = None
[INFO] [stderr]   CMAKE_GENERATOR_x86_64_unknown_linux_gnu = None
[INFO] [stderr]   HOST_CMAKE_GENERATOR = None
[INFO] [stderr]   CMAKE_GENERATOR = None
[INFO] [stderr]   CMAKE_PREFIX_PATH_x86_64-unknown-linux-gnu = None
[INFO] [stderr]   CMAKE_PREFIX_PATH_x86_64_unknown_linux_gnu = None
[INFO] [stderr]   HOST_CMAKE_PREFIX_PATH = None
[INFO] [stderr]   CMAKE_PREFIX_PATH = None
[INFO] [stderr]   CMAKE_x86_64-unknown-linux-gnu = None
[INFO] [stderr]   CMAKE_x86_64_unknown_linux_gnu = None
[INFO] [stderr]   HOST_CMAKE = None
[INFO] [stderr]   CMAKE = None
[INFO] [stderr]   -- The C compiler identification is GNU 15.2.0
[INFO] [stderr]   -- The CXX compiler identification is GNU 15.2.0
[INFO] [stderr]   -- Detecting C compiler ABI info
[INFO] [stderr]   -- Detecting C compiler ABI info - done
[INFO] [stderr]   -- Check for working C compiler: /usr/bin/cc - skipped
[INFO] [stderr]   -- Detecting C compile features
[INFO] [stderr]   -- Detecting C compile features - done
[INFO] [stderr]   -- Detecting CXX compiler ABI info
[INFO] [stderr]   -- Detecting CXX compiler ABI info - done
[INFO] [stderr]   -- Check for working CXX compiler: /usr/bin/c++ - skipped
[INFO] [stderr]   -- Detecting CXX compile features
[INFO] [stderr]   -- Detecting CXX compile features - done
[INFO] [stderr]   -- Found PkgConfig: /usr/bin/pkg-config (found version "2.5.1")
[INFO] [stderr]   -- Checking for module 'libprocps'
[INFO] [stderr]   --   Package 'libprocps' not found
[INFO] [stderr]   -- Checking for module 'libproc2'
[INFO] [stderr]   --   Package 'libproc2' not found
[INFO] [stderr]   -- Configuring done (1.7s)
[INFO] [stderr]   -- Generating done (0.0s)
[INFO] [stderr]   -- Build files have been written to: /opt/rustwide/target/release/build/simapi-sys/d1a423efce9efaaf/out/build
[INFO] [stderr]   [  7%] Building C object CMakeFiles/simapi.dir/simapi/mapping/acmapper.c.o
[INFO] [stderr]   [ 14%] Building C object CMakeFiles/simapi.dir/simapi/mapping/rf2mapper.c.o
[INFO] [stderr]   [ 21%] Building C object CMakeFiles/simapi.dir/simapi/mapping/scs2mapper.c.o
[INFO] [stderr]   [ 28%] Building C object CMakeFiles/simapi.dir/simapi/getpid.c.o
[INFO] [stderr]   [ 35%] Building C object CMakeFiles/simapi.dir/simapi/mapping/outgaugemapper.c.o
[INFO] [stderr]   [ 42%] Building C object CMakeFiles/simapi.dir/simapi/simmapper.c.o
[INFO] [stderr]   [ 50%] Building C object CMakeFiles/simapi.dir/simapi/mapping/pcars2mapper.c.o
[INFO] [stderr]   [ 57%] Building C object CMakeFiles/simapi.dir/simapi/mapping/dirt2mapper.c.o
[INFO] [stderr]   [ 64%] Building C object CMakeFiles/simapi.dir/simapi/mapping/forzamapper.c.o
[INFO] [stderr]   [ 71%] Building C object CMakeFiles/simapi.dir/simapi/mapping/rbrmapper.c.o
[INFO] [stderr]   [ 78%] Building C object CMakeFiles/simapi.dir/simapi/mapping/r3emapper.c.o
[INFO] [stderr]   [ 85%] Building C object CMakeFiles/simapi.dir/simapi/mapping/f12018mapper.c.o
[INFO] [stderr]   [ 92%] Building C object CMakeFiles/simapi.dir/simapi/mapping/wreckfest2mapper.c.o
[INFO] [stderr] 
[INFO] [stderr]   --- stderr
[INFO] [stderr]   running: cd "/opt/rustwide/target/release/build/simapi-sys/d1a423efce9efaaf/out/build" && CMAKE_PREFIX_PATH="" LC_ALL="C" "cmake" "/opt/rustwide/workdir/third_party/simapi" "-B" "/opt/rustwide/target/release/build/simapi-sys/d1a423efce9efaaf/out/build" "-DBUILD_SIMD=OFF" "-DCMAKE_INSTALL_PREFIX=/opt/rustwide/target/release/build/simapi-sys/d1a423efce9efaaf/out" "-DCMAKE_C_FLAGS= -ffunction-sections -fdata-sections -fPIC -m64 -w" "-DCMAKE_C_COMPILER=/usr/bin/cc" "-DCMAKE_CXX_FLAGS= -ffunction-sections -fdata-sections -fPIC -m64 -w" "-DCMAKE_CXX_COMPILER=/usr/bin/c++" "-DCMAKE_ASM_FLAGS= -ffunction-sections -fdata-sections -fPIC -m64 -w" "-DCMAKE_ASM_COMPILER=/usr/bin/cc" "-DCMAKE_BUILD_TYPE=Release"
[INFO] [stderr]   CMake Warning:
[INFO] [stderr]     Manually-specified variables were not used by the project:
[INFO] [stderr] 
[INFO] [stderr]       CMAKE_ASM_COMPILER
[INFO] [stderr]       CMAKE_ASM_FLAGS
[INFO] [stderr] 
[INFO] [stderr] 
[INFO] [stderr]   running: cd "/opt/rustwide/target/release/build/simapi-sys/d1a423efce9efaaf/out/build" && LC_ALL="C" MAKEFLAGS="-j --jobserver-fds=4,5 --jobserver-auth=4,5" "cmake" "--build" "/opt/rustwide/target/release/build/simapi-sys/d1a423efce9efaaf/out/build" "--target" "install" "--config" "Release"
[INFO] [stderr]   /opt/rustwide/workdir/third_party/simapi/simapi/getpid.c:13:10: fatal error: libproc2/pids.h: No such file or directory
[INFO] [stderr]      13 | #include <libproc2/pids.h>
[INFO] [stderr]         |          ^~~~~~~~~~~~~~~~~
[INFO] [stderr]   compilation terminated.
[INFO] [stderr]   gmake[2]: *** [CMakeFiles/simapi.dir/build.make:93: CMakeFiles/simapi.dir/simapi/getpid.c.o] Error 1
[INFO] [stderr]   gmake[2]: *** Waiting for unfinished jobs....
[INFO] [stderr]   gmake[1]: *** [CMakeFiles/Makefile2:87: CMakeFiles/simapi.dir/all] Error 2
[INFO] [stderr]   gmake: *** [Makefile:136: all] Error 2
[INFO] [stderr] 
[INFO] [stderr]   thread 'main' (445) panicked at /opt/rustwide/cargo-home/registry/src/index.crates.io-1949cf8c6b5b557f/cmake-0.1.58/src/lib.rs:1132:5:
[INFO] [stderr] 
[INFO] [stderr]   command did not execute successfully, got: exit status: 2
[INFO] [stderr] 
[INFO] [stderr]   build script failed, must exit now
[INFO] [stderr]   stack backtrace:
[INFO] [stderr]      0:     0x58fb88044ab1 - <<std[617be2ca0a6fd877]::sys::backtrace::BacktraceLock>::print::DisplayBacktrace as core[a373ad73a504971]::fmt::Display>::fmt
[INFO] [stderr]      1:     0x58fb8805c76a - core[a373ad73a504971]::fmt::write
[INFO] [stderr]      2:     0x58fb8804ab2c - <std[617be2ca0a6fd877]::sys::stdio::unix::Stderr as core[a373ad73a504971]::io::write::Write>::write_fmt
[INFO] [stderr]      3:     0x58fb8801e606 - std[617be2ca0a6fd877]::panicking::default_hook::{closure#0}
[INFO] [stderr]      4:     0x58fb8803c391 - std[617be2ca0a6fd877]::panicking::default_hook
[INFO] [stderr]      5:     0x58fb8803c6bb - std[617be2ca0a6fd877]::panicking::panic_with_hook
[INFO] [stderr]      6:     0x58fb8801e6b2 - std[617be2ca0a6fd877]::panicking::panic_handler::{closure#0}
[INFO] [stderr]      7:     0x58fb88017209 - std[617be2ca0a6fd877]::sys::backtrace::__rust_end_short_backtrace::<std[617be2ca0a6fd877]::panicking::panic_handler::{closure#0}, !>
[INFO] [stderr]      8:     0x58fb8801f2ad - __rustc[ea4f61d10b84890b]::rust_begin_unwind
[INFO] [stderr]      9:     0x58fb8805cf8c - core[a373ad73a504971]::panicking::panic_fmt
[INFO] [stderr]     10:     0x58fb87fa1b87 - cmake[a726eee5b66ece9c]::fail
[INFO] [stderr]     11:     0x58fb87fa1813 - cmake[a726eee5b66ece9c]::run
[INFO] [stderr]     12:     0x58fb87fa77e5 - <cmake[a726eee5b66ece9c]::Config>::build
[INFO] [stderr]     13:     0x58fb87aa1010 - build_script_build[d09bff47da7c24f6]::main
[INFO] [stderr]     14:     0x58fb87aa2eeb - <fn() as core[a373ad73a504971]::ops::function::FnOnce<()>>::call_once
[INFO] [stderr]     15:     0x58fb87aa096e - std[617be2ca0a6fd877]::sys::backtrace::__rust_begin_short_backtrace::<fn(), ()>
[INFO] [stderr]     16:     0x58fb87aa0979 - std[617be2ca0a6fd877]::rt::lang_start::<()>::{closure#0}
[INFO] [stderr]     17:     0x58fb8803b688 - std[617be2ca0a6fd877]::rt::lang_start_internal
[INFO] [stderr]     18:     0x58fb87aa0331 - std[617be2ca0a6fd877]::rt::lang_start::<()>
[INFO] [stderr]     19:     0x58fb87aa3045 - main
[INFO] [stderr]     20:     0x78fc37b58601 - <unknown>
[INFO] [stderr]     21:     0x78fc37b58718 - __libc_start_main
[INFO] [stderr]     22:     0x58fb87a9e525 - _start
[INFO] [stderr]     23:                0x0 - <unknown>
[INFO] running `Command { std: "docker" "inspect" "291a1e247546a94fb596470ad01bd80f2a8867fe1a5582459d3ae5963515c84f", kill_on_drop: false }`
[INFO] running `Command { std: "docker" "rm" "-f" "291a1e247546a94fb596470ad01bd80f2a8867fe1a5582459d3ae5963515c84f", kill_on_drop: false }`
[INFO] [stdout] 291a1e247546a94fb596470ad01bd80f2a8867fe1a5582459d3ae5963515c84f
