[INFO] fetching crate sim-nest 0.2.6...
[INFO] testing sim-nest-0.2.6 against 1.100.0-beta.1+cargoflags=--release for beta-release-1.100-2
[INFO] extracting crate sim-nest 0.2.6 into /workspace/builds/worker-7-tc2/source
[INFO] removed /workspace/builds/worker-7-tc2/source/rust-toolchain.toml
[INFO] started tweaking crates.io crate sim-nest 0.2.6
[INFO] removed 0 missing examples
[INFO] removed 0 missing tests
[INFO] finished tweaking crates.io crate sim-nest 0.2.6
[INFO] tweaked toml for crates.io crate sim-nest 0.2.6 written to /workspace/builds/worker-7-tc2/source/Cargo.toml
[INFO] validating manifest of crates.io crate sim-nest 0.2.6 on toolchain 1.100.0-beta.1
[INFO] running `Command { std: CARGO_HOME="/workspace/cargo-home" RUSTUP_HOME="/workspace/rustup-home" "/workspace/cargo-home/bin/cargo" "+1.100.0-beta.1" "metadata" "--manifest-path" "Cargo.toml" "--no-deps", kill_on_drop: false }`
[INFO] crate crates.io crate sim-nest 0.2.6 already has a lockfile, it will not be regenerated
[INFO] running `Command { std: CARGO_HOME="/workspace/cargo-home" RUSTUP_HOME="/workspace/rustup-home" "/workspace/cargo-home/bin/cargo" "+1.100.0-beta.1" "fetch" "--manifest-path" "Cargo.toml", kill_on_drop: false }`
[INFO] [stderr] warning: `package.homepage` is redundant with `package.repository`
[INFO] [stderr]     --> Cargo.toml:1526:12
[INFO] [stderr]      |
[INFO] [stderr] 1526 | homepage = "https://github.com/sim-nest/sim-sdk"
[INFO] [stderr]      |            ^^^^^^^^^^^^^^^^^^^^^^^^^^^^^^^^^^^^^
[INFO] [stderr] ...
[INFO] [stderr] 1532 | repository = "https://github.com/sim-nest/sim-sdk"
[INFO] [stderr]      |              -------------------------------------
[INFO] [stderr]      |
[INFO] [stderr]      = note: `cargo::redundant_homepage` is set to `warn` by default
[INFO] [stderr] help: consider removing `package.homepage`
[INFO] [stderr] warning: `sim-nest` (manifest) generated 1 warning
[INFO] running `Command { std: "docker" "create" "-v" "/var/lib/crater-agent-workspace/builds/worker-7-tc2/source:/opt/rustwide/workdir:ro,Z" "-v" "/var/lib/crater-agent-workspace/builds/worker-7-tc2/target:/opt/rustwide/target:rw,Z" "-v" "/var/lib/crater-agent-workspace/cargo-home:/opt/rustwide/cargo-home:ro,Z" "-v" "/var/lib/crater-agent-workspace/rustup-home:/opt/rustwide/rustup-home:ro,Z" "-m" "1610612736" "--network" "none" "ghcr.io/rust-lang/crates-build-env/linux@sha256:77db811e55d90add9212f6832c23229e3de5f1c1f9905e8cb07319ea15df73ac" "sleep" "infinity", kill_on_drop: false }`
[INFO] [stdout] 12a0d97f4be76f8ef5349f4cd4fde525ff500233b97304b17c66762b26b6b870
[INFO] running `Command { std: "docker" "start" "12a0d97f4be76f8ef5349f4cd4fde525ff500233b97304b17c66762b26b6b870", kill_on_drop: false }`
[INFO] running `Command { std: "docker" "inspect" "12a0d97f4be76f8ef5349f4cd4fde525ff500233b97304b17c66762b26b6b870", kill_on_drop: false }`
[INFO] running `Command { std: "docker" "exec" "-e" "SOURCE_DIR=/opt/rustwide/workdir" "-e" "CARGO_HOME=/opt/rustwide/cargo-home" "-e" "RUSTUP_HOME=/opt/rustwide/rustup-home" "-e" "CARGO_TARGET_DIR=/opt/rustwide/target" "-w" "/opt/rustwide/workdir" "--user" "0:0" "12a0d97f4be76f8ef5349f4cd4fde525ff500233b97304b17c66762b26b6b870" "/opt/rustwide/cargo-home/bin/cargo" "+1.100.0-beta.1" "metadata" "--no-deps" "--format-version=1", kill_on_drop: false }`
[INFO] running `Command { std: "docker" "inspect" "12a0d97f4be76f8ef5349f4cd4fde525ff500233b97304b17c66762b26b6b870", kill_on_drop: false }`
[INFO] running `Command { std: "docker" "exec" "-e" "SOURCE_DIR=/opt/rustwide/workdir" "-e" "CARGO_HOME=/opt/rustwide/cargo-home" "-e" "RUSTUP_HOME=/opt/rustwide/rustup-home" "-e" "CARGO_TARGET_DIR=/opt/rustwide/target" "-e" "CARGO_INCREMENTAL=0" "-e" "RUST_BACKTRACE=full" "-e" "RUSTFLAGS=--cap-lints=warn" "-e" "RUSTDOCFLAGS=--cap-lints=warn" "-w" "/opt/rustwide/workdir" "--user" "0:0" "12a0d97f4be76f8ef5349f4cd4fde525ff500233b97304b17c66762b26b6b870" "/opt/rustwide/cargo-home/bin/cargo" "+1.100.0-beta.1" "build" "--frozen" "--message-format=json" "--release", kill_on_drop: false }`
[INFO] [stderr] warning: `package.homepage` is redundant with `package.repository`
[INFO] [stderr]     --> Cargo.toml:1526:12
[INFO] [stderr]      |
[INFO] [stderr] 1526 | homepage = "https://github.com/sim-nest/sim-sdk"
[INFO] [stderr]      |            ^^^^^^^^^^^^^^^^^^^^^^^^^^^^^^^^^^^^^
[INFO] [stderr] ...
[INFO] [stderr] 1532 | repository = "https://github.com/sim-nest/sim-sdk"
[INFO] [stderr]      |              -------------------------------------
[INFO] [stderr]      |
[INFO] [stderr]      = note: `cargo::redundant_homepage` is set to `warn` by default
[INFO] [stderr] help: consider removing `package.homepage`
[INFO] [stderr] warning: `sim-nest` (manifest) generated 1 warning
[INFO] [stderr]    Compiling proc-macro2 v1.0.107
[INFO] [stderr]    Compiling toml_parser v1.1.3+spec-1.1.0
[INFO] [stderr]    Compiling inventory v0.3.24
[INFO] [stderr]    Compiling toml_edit v0.25.13+spec-1.1.0
[INFO] [stderr]    Compiling quote v1.0.47
[INFO] [stderr]    Compiling syn v2.0.119
[INFO] [stderr]    Compiling proc-macro-crate v3.5.0
[INFO] [stderr]    Compiling thiserror-impl v1.0.69
[INFO] [stderr]    Compiling sim-citizen-derive v0.4.0
[INFO] [stderr]    Compiling thiserror v1.0.69
[INFO] [stderr]    Compiling sim-kernel v0.4.0
[INFO] [stderr]    Compiling sim-value v0.4.0
[INFO] [stderr]    Compiling sim-table-core v0.3.0
[INFO] [stderr]    Compiling sim-config v0.3.0
[INFO] [stderr]    Compiling sim-cookbook v0.4.0
[INFO] [stderr]    Compiling sim-cookbook-build v0.2.0
[INFO] [stderr]    Compiling sim-citizen v0.4.0
[INFO] [stderr]    Compiling sim-lib-net-core v0.4.0
[INFO] [stderr]    Compiling sim-codec v0.3.0
[INFO] [stderr]    Compiling sim-lib-numbers-core v0.5.0
[INFO] [stderr]    Compiling sim-codec-lisp v0.4.0
[INFO] [stderr]    Compiling sim-lib-numbers-arith v0.5.0
[INFO] [stderr]    Compiling sim-lib-core v0.4.0
[INFO] [stderr]    Compiling sim-lib-numbers-f64 v0.5.0
[INFO] [stderr]    Compiling sim-shape v0.4.1
[INFO] [stderr]    Compiling sim-run-loaders v0.4.0
[INFO] [stderr]    Compiling sim-nest v0.2.6 (/opt/rustwide/workdir)
[INFO] [stderr]     Finished `release` profile [optimized] target(s) in 2m 43s
[INFO] running `Command { std: "docker" "inspect" "12a0d97f4be76f8ef5349f4cd4fde525ff500233b97304b17c66762b26b6b870", kill_on_drop: false }`
[INFO] running `Command { std: "docker" "exec" "-e" "SOURCE_DIR=/opt/rustwide/workdir" "-e" "CARGO_HOME=/opt/rustwide/cargo-home" "-e" "RUSTUP_HOME=/opt/rustwide/rustup-home" "-e" "CARGO_TARGET_DIR=/opt/rustwide/target" "-e" "CARGO_INCREMENTAL=0" "-e" "RUST_BACKTRACE=full" "-e" "RUSTFLAGS=--cap-lints=warn" "-e" "RUSTDOCFLAGS=--cap-lints=warn" "-w" "/opt/rustwide/workdir" "--user" "0:0" "12a0d97f4be76f8ef5349f4cd4fde525ff500233b97304b17c66762b26b6b870" "/opt/rustwide/cargo-home/bin/cargo" "+1.100.0-beta.1" "test" "--frozen" "--no-run" "--message-format=json" "--release", kill_on_drop: false }`
[INFO] [stderr] warning: `package.homepage` is redundant with `package.repository`
[INFO] [stderr]     --> Cargo.toml:1526:12
[INFO] [stderr]      |
[INFO] [stderr] 1526 | homepage = "https://github.com/sim-nest/sim-sdk"
[INFO] [stderr]      |            ^^^^^^^^^^^^^^^^^^^^^^^^^^^^^^^^^^^^^
[INFO] [stderr] ...
[INFO] [stderr] 1532 | repository = "https://github.com/sim-nest/sim-sdk"
[INFO] [stderr]      |              -------------------------------------
[INFO] [stderr]      |
[INFO] [stderr]      = note: `cargo::redundant_homepage` is set to `warn` by default
[INFO] [stderr] help: consider removing `package.homepage`
[INFO] [stderr] warning: `sim-nest` (manifest) generated 1 warning
[INFO] [stderr]    Compiling aho-corasick v1.1.5
[INFO] [stderr]    Compiling syn v3.0.3
[INFO] [stderr]    Compiling wasm-encoder v0.257.1
[INFO] [stderr]    Compiling bstr v1.13.1
[INFO] [stderr]    Compiling sim-kernel v0.4.0
[INFO] [stderr]    Compiling sim-storage-port v0.2.0
[INFO] [stderr]    Compiling sim-table-fs v0.2.2
[INFO] [stderr]    Compiling sim-lib-exec v0.3.0
[INFO] [stderr]    Compiling sim-lib-view-worktable v0.1.1
[INFO] [stderr]    Compiling regex-automata v0.4.18
[INFO] [stderr]    Compiling wast v257.0.1
[INFO] [stderr]    Compiling thiserror-impl v2.0.19
[INFO] [stderr]    Compiling thiserror v2.0.19
[INFO] [stderr]    Compiling regex v1.13.1
[INFO] [stderr]    Compiling globset v0.4.20
[INFO] [stderr]    Compiling sim-value v0.4.0
[INFO] [stderr]    Compiling sim-lib-journal v0.3.0
[INFO] [stderr]    Compiling sim-table-core v0.3.0
[INFO] [stderr]    Compiling sim-config v0.3.0
[INFO] [stderr]    Compiling sim-citizen v0.4.0
[INFO] [stderr]    Compiling sim-cookbook v0.4.0
[INFO] [stderr]    Compiling sim-shape v0.4.1
[INFO] [stderr]    Compiling sim-lib-net-core v0.4.0
[INFO] [stderr]    Compiling sim-codec v0.3.0
[INFO] [stderr]    Compiling sim-lib-numbers-core v0.5.0
[INFO] [stderr]    Compiling sim-lib-numbers-arith v0.5.0
[INFO] [stderr]    Compiling sim-run-loaders v0.4.0
[INFO] [stderr]    Compiling sim-lib-core v0.4.0
[INFO] [stderr]    Compiling wat v1.257.1
[INFO] [stderr]    Compiling sim-lib-expedition-book v0.1.1
[INFO] [stderr]    Compiling sim-lib-capability-pack v0.1.1
[INFO] [stderr]    Compiling sim-lib-numbers-f64 v0.5.0
[INFO] [stderr]    Compiling sim-codec-lisp v0.4.0
[INFO] [stderr]    Compiling sim-nest v0.2.6 (/opt/rustwide/workdir)
[INFO] [stdout] error[E0433]: cannot find `expr_tree_core` in `sim`
[INFO] [stdout]   --> tests/expr_tree_features.rs:30:21
[INFO] [stdout]    |
[INFO] [stdout] 30 |     assert_eq!(sim::expr_tree_core::crate_identity(), "sim-expr-tree-core");
[INFO] [stdout]    |                     ^^^^^^^^^^^^^^ could not find `expr_tree_core` in `sim`
[INFO] [stdout] 
[INFO] [stdout] 
[INFO] [stdout] error[E0433]: cannot find `expr_tree_calc` in `sim`
[INFO] [stdout]   --> tests/expr_tree_features.rs:31:21
[INFO] [stdout]    |
[INFO] [stdout] 31 |     assert_eq!(sim::expr_tree_calc::crate_identity(), "sim-expr-tree-calc");
[INFO] [stdout]    |                     ^^^^^^^^^^^^^^ could not find `expr_tree_calc` in `sim`
[INFO] [stdout] 
[INFO] [stdout] 
[INFO] [stdout] error[E0433]: cannot find `expr_tree` in `sim`
[INFO] [stdout]   --> tests/expr_tree_features.rs:32:21
[INFO] [stdout]    |
[INFO] [stdout] 32 |     assert_eq!(sim::expr_tree::crate_identity(), "sim-lib-expr-tree");
[INFO] [stdout]    |                     ^^^^^^^^^ could not find `expr_tree` in `sim`
[INFO] [stdout] 
[INFO] [stdout] 
[INFO] [stdout] error[E0433]: cannot find `view_expr_tree` in `sim`
[INFO] [stdout]   --> tests/expr_tree_features.rs:34:14
[INFO] [stdout]    |
[INFO] [stdout] 34 |         sim::view_expr_tree::crate_identity(),
[INFO] [stdout]    |              ^^^^^^^^^^^^^^ could not find `view_expr_tree` in `sim`
[INFO] [stdout] 
[INFO] [stdout] 
[INFO] [stdout] error[E0433]: cannot find `expr_tree_server` in `sim`
[INFO] [stdout]   --> tests/expr_tree_features.rs:38:14
[INFO] [stdout]    |
[INFO] [stdout] 38 |         sim::expr_tree_server::crate_identity(),
[INFO] [stdout]    |              ^^^^^^^^^^^^^^^^ could not find `expr_tree_server` in `sim`
[INFO] [stdout] 
[INFO] [stdout] 
[INFO] [stdout] For more information about this error, try `rustc --explain E0433`.
[INFO] [stdout] 
[INFO] [stderr] error: could not compile `sim-nest` (test "expr_tree_features") due to 5 previous errors
[INFO] [stderr] warning: build failed, waiting for other jobs to finish...
[INFO] running `Command { std: "docker" "inspect" "12a0d97f4be76f8ef5349f4cd4fde525ff500233b97304b17c66762b26b6b870", kill_on_drop: false }`
[INFO] running `Command { std: "docker" "rm" "-f" "12a0d97f4be76f8ef5349f4cd4fde525ff500233b97304b17c66762b26b6b870", kill_on_drop: false }`
[INFO] [stdout] 12a0d97f4be76f8ef5349f4cd4fde525ff500233b97304b17c66762b26b6b870
