[INFO] fetching crate siguldry-pkcs11 2.2.0...
[INFO] testing siguldry-pkcs11-2.2.0 against 1.99.0-beta.8+cargoflags=--release for beta-release-1.100-2
[INFO] extracting crate siguldry-pkcs11 2.2.0 into /workspace/builds/worker-6-tc1/source
[INFO] started tweaking crates.io crate siguldry-pkcs11 2.2.0
[INFO] removed 0 missing tests
[INFO] finished tweaking crates.io crate siguldry-pkcs11 2.2.0
[INFO] tweaked toml for crates.io crate siguldry-pkcs11 2.2.0 written to /workspace/builds/worker-6-tc1/source/Cargo.toml
[INFO] validating manifest of crates.io crate siguldry-pkcs11 2.2.0 on toolchain 1.99.0-beta.8
[INFO] running `Command { std: CARGO_HOME="/workspace/cargo-home" RUSTUP_HOME="/workspace/rustup-home" "/workspace/cargo-home/bin/cargo" "+1.99.0-beta.8" "metadata" "--manifest-path" "Cargo.toml" "--no-deps", kill_on_drop: false }`
[INFO] crate crates.io crate siguldry-pkcs11 2.2.0 already has a lockfile, it will not be regenerated
[INFO] running `Command { std: CARGO_HOME="/workspace/cargo-home" RUSTUP_HOME="/workspace/rustup-home" "/workspace/cargo-home/bin/cargo" "+1.99.0-beta.8" "fetch" "--manifest-path" "Cargo.toml", kill_on_drop: false }`
[INFO] [stderr] warning: Cargo.toml: `lints.rust.future-incompatible` is deprecated in favor of `lints.rust.future_incompatible` and will not work in a future edition
[INFO] [stderr] warning: Cargo.toml: `lints.rust.nonstandard-style` is deprecated in favor of `lints.rust.nonstandard_style` and will not work in a future edition
[INFO] [stderr] warning: Cargo.toml: `lints.rust.rust-2018-idioms` is deprecated in favor of `lints.rust.rust_2018_idioms` and will not work in a future edition
[INFO] [stderr] warning: `siguldry-pkcs11` (manifest) generated 3 warnings
[INFO] [stderr]     Updating crates.io index
[INFO] [stderr]     Blocking waiting for file lock on package cache
[INFO] [stderr]  Downloading crates ...
[INFO] [stderr]   Downloaded tracing-test-macro v0.2.6
[INFO] [stderr]   Downloaded tokio-openssl v0.6.5
[INFO] [stderr]   Downloaded tracing-test v0.2.6
[INFO] [stderr]   Downloaded annotate-snippets v0.11.5
[INFO] [stderr]   Downloaded asn1_derive v0.24.1
[INFO] [stderr]   Downloaded bit-set v0.9.1
[INFO] [stderr]   Downloaded linktime-proc-macro v0.2.3
[INFO] [stderr]   Downloaded xxhash-rust v0.8.18
[INFO] [stderr]   Downloaded lalrpop-util v0.23.1
[INFO] [stderr]   Downloaded ctor v1.0.13
[INFO] [stderr]   Downloaded asn1 v0.24.1
[INFO] [stderr]   Downloaded generic-array v1.4.5
[INFO] [stderr]   Downloaded buffered-reader v1.4.1
[INFO] [stderr]   Downloaded link-section v0.19.3
[INFO] [stderr]   Downloaded ossl v1.5.2
[INFO] [stderr]   Downloaded siguldry v0.9.0
[INFO] [stderr]   Downloaded cryptoki v0.12.1
[INFO] [stderr]   Downloaded lalrpop v0.23.1
[INFO] [stderr]   Downloaded cryptoki-sys v0.5.0
[INFO] [stderr]   Downloaded sequoia-openpgp v2.4.1
[INFO] running `Command { std: "docker" "create" "-v" "/var/lib/crater-agent-workspace/builds/worker-6-tc1/source:/opt/rustwide/workdir:ro,Z" "-v" "/var/lib/crater-agent-workspace/builds/worker-6-tc1/target:/opt/rustwide/target:rw,Z" "-v" "/var/lib/crater-agent-workspace/cargo-home:/opt/rustwide/cargo-home:ro,Z" "-v" "/var/lib/crater-agent-workspace/rustup-home:/opt/rustwide/rustup-home:ro,Z" "-m" "1610612736" "--network" "none" "ghcr.io/rust-lang/crates-build-env/linux@sha256:77db811e55d90add9212f6832c23229e3de5f1c1f9905e8cb07319ea15df73ac" "sleep" "infinity", kill_on_drop: false }`
[INFO] [stdout] ab7e046987cfd711d6156f85d9ee3693f2076fde20a8e1e007b3152285a29b0d
[INFO] running `Command { std: "docker" "start" "ab7e046987cfd711d6156f85d9ee3693f2076fde20a8e1e007b3152285a29b0d", kill_on_drop: false }`
[INFO] running `Command { std: "docker" "inspect" "ab7e046987cfd711d6156f85d9ee3693f2076fde20a8e1e007b3152285a29b0d", kill_on_drop: false }`
[INFO] running `Command { std: "docker" "exec" "-e" "SOURCE_DIR=/opt/rustwide/workdir" "-e" "CARGO_HOME=/opt/rustwide/cargo-home" "-e" "RUSTUP_HOME=/opt/rustwide/rustup-home" "-e" "CARGO_TARGET_DIR=/opt/rustwide/target" "-w" "/opt/rustwide/workdir" "--user" "0:0" "ab7e046987cfd711d6156f85d9ee3693f2076fde20a8e1e007b3152285a29b0d" "/opt/rustwide/cargo-home/bin/cargo" "+1.99.0-beta.8" "metadata" "--no-deps" "--format-version=1", kill_on_drop: false }`
[INFO] running `Command { std: "docker" "inspect" "ab7e046987cfd711d6156f85d9ee3693f2076fde20a8e1e007b3152285a29b0d", kill_on_drop: false }`
[INFO] running `Command { std: "docker" "exec" "-e" "SOURCE_DIR=/opt/rustwide/workdir" "-e" "CARGO_HOME=/opt/rustwide/cargo-home" "-e" "RUSTUP_HOME=/opt/rustwide/rustup-home" "-e" "CARGO_TARGET_DIR=/opt/rustwide/target" "-e" "CARGO_INCREMENTAL=0" "-e" "RUST_BACKTRACE=full" "-e" "RUSTFLAGS=--cap-lints=warn" "-e" "RUSTDOCFLAGS=--cap-lints=warn" "-w" "/opt/rustwide/workdir" "--user" "0:0" "ab7e046987cfd711d6156f85d9ee3693f2076fde20a8e1e007b3152285a29b0d" "/opt/rustwide/cargo-home/bin/cargo" "+1.99.0-beta.8" "build" "--frozen" "--message-format=json" "--release", kill_on_drop: false }`
[INFO] [stderr] warning: Cargo.toml: `lints.rust.future-incompatible` is deprecated in favor of `lints.rust.future_incompatible` and will not work in a future edition
[INFO] [stderr] warning: Cargo.toml: `lints.rust.nonstandard-style` is deprecated in favor of `lints.rust.nonstandard_style` and will not work in a future edition
[INFO] [stderr] warning: Cargo.toml: `lints.rust.rust-2018-idioms` is deprecated in favor of `lints.rust.rust_2018_idioms` and will not work in a future edition
[INFO] [stderr] warning: `siguldry-pkcs11` (manifest) generated 3 warnings
[INFO] [stderr]    Compiling proc-macro2 v1.0.107
[INFO] [stderr]    Compiling cfg-if v1.0.4
[INFO] [stderr]    Compiling glob v0.3.4
[INFO] [stderr]    Compiling either v1.18.0
[INFO] [stderr]    Compiling regex-syntax v0.8.11
[INFO] [stderr]    Compiling log v0.4.34
[INFO] [stderr]    Compiling prettyplease v0.2.37
[INFO] [stderr]    Compiling memchr v2.8.3
[INFO] [stderr]    Compiling minimal-lexical v0.2.1
[INFO] [stderr]    Compiling unicode-width v0.2.2
[INFO] [stderr]    Compiling bindgen v0.72.1
[INFO] [stderr]    Compiling anstyle v1.0.14
[INFO] [stderr]    Compiling bitflags v2.13.1
[INFO] [stderr]    Compiling rustc-hash v2.1.3
[INFO] [stderr]    Compiling find-msvc-tools v0.1.11
[INFO] [stderr]    Compiling generic-array v0.14.7
[INFO] [stderr]    Compiling libloading v0.8.9
[INFO] [stderr]    Compiling typenum v1.20.1
[INFO] [stderr]    Compiling parking_lot_core v0.9.12
[INFO] [stderr]    Compiling scopeguard v1.2.0
[INFO] [stderr]    Compiling cc v1.4.4
[INFO] [stderr]    Compiling itertools v0.13.0
[INFO] [stderr]    Compiling smallvec v1.15.2
[INFO] [stderr]    Compiling lock_api v0.4.14
[INFO] [stderr]    Compiling aho-corasick v1.1.5
[INFO] [stderr]    Compiling siphasher v1.0.3
[INFO] [stderr]    Compiling foldhash v0.1.5
[INFO] [stderr]    Compiling equivalent v1.0.2
[INFO] [stderr]    Compiling lalrpop-util v0.23.1
[INFO] [stderr]    Compiling hashbrown v0.17.1
[INFO] [stderr]    Compiling phf_shared v0.13.1
[INFO] [stderr]    Compiling hashbrown v0.15.5
[INFO] [stderr]    Compiling quote v1.0.47
[INFO] [stderr]    Compiling annotate-snippets v0.11.5
[INFO] [stderr]    Compiling same-file v1.0.6
[INFO] [stderr]    Compiling clang-sys v1.9.1
[INFO] [stderr]    Compiling bit-vec v0.9.1
[INFO] [stderr]    Compiling syn v2.0.119
[INFO] [stderr]    Compiling syn v3.0.4
[INFO] [stderr]    Compiling nom v7.1.3
[INFO] [stderr]    Compiling parking_lot v0.12.5
[INFO] [stderr]    Compiling fixedbitset v0.5.7
[INFO] [stderr]    Compiling term v1.2.1
[INFO] [stderr]    Compiling indexmap v2.14.0
[INFO] [stderr]    Compiling keccak v0.1.6
[INFO] [stderr]    Compiling precomputed-hash v0.1.1
[INFO] [stderr]    Compiling new_debug_unreachable v1.0.6
[INFO] [stderr]    Compiling bit-set v0.9.1
[INFO] [stderr]    Compiling string_cache v0.9.0
[INFO] [stderr]    Compiling ascii-canvas v4.0.0
[INFO] [stderr]    Compiling walkdir v2.5.0
[INFO] [stderr]    Compiling ena v0.14.4
[INFO] [stderr]    Compiling itertools v0.14.0
[INFO] [stderr]    Compiling errno v0.3.14
[INFO] [stderr]    Compiling unicode-xid v0.2.6
[INFO] [stderr]    Compiling signal-hook-registry v1.4.8
[INFO] [stderr]    Compiling mio v1.2.2
[INFO] [stderr]    Compiling sha1collisiondetection v0.3.4
[INFO] [stderr]    Compiling crypto-common v0.1.7
[INFO] [stderr]    Compiling block-buffer v0.10.4
[INFO] [stderr]    Compiling openssl v0.10.81
[INFO] [stderr]    Compiling thiserror v2.0.20
[INFO] [stderr]    Compiling regex-automata v0.4.18
[INFO] [stderr]    Compiling digest v0.10.7
[INFO] [stderr]    Compiling autocfg v1.5.1
[INFO] [stderr]    Compiling sha3 v0.10.9
[INFO] [stderr]    Compiling anyhow v1.0.104
[INFO] [stderr]    Compiling rand_core v0.6.4
[INFO] [stderr]    Compiling base64ct v1.8.3
[INFO] [stderr]    Compiling petgraph v0.8.3
[INFO] [stderr]    Compiling num-traits v0.2.19
[INFO] [stderr]    Compiling generic-array v1.4.5
[INFO] [stderr]    Compiling winnow v1.0.4
[INFO] [stderr]    Compiling password-hash v0.5.0
[INFO] [stderr]    Compiling link-section v0.19.3
[INFO] [stderr]    Compiling cryptoki-sys v0.5.0
[INFO] [stderr]    Compiling cpufeatures v0.2.17
[INFO] [stderr]    Compiling tokio-openssl v0.6.5
[INFO] [stderr]    Compiling blake2 v0.10.6
[INFO] [stderr]    Compiling zerocopy v0.8.56
[INFO] [stderr]    Compiling linktime-proc-macro v0.2.3
[INFO] [stderr]    Compiling slab v0.4.12
[INFO] [stderr]    Compiling toml_parser v1.1.3+spec-1.1.0
[INFO] [stderr]    Compiling getrandom v0.4.3
[INFO] [stderr]    Compiling argon2 v0.5.3
[INFO] [stderr]    Compiling serde_spanned v1.1.1
[INFO] [stderr]    Compiling ctor v1.0.13
[INFO] [stderr]    Compiling cexpr v0.6.0
[INFO] [stderr]    Compiling toml_datetime v1.1.1+spec-1.1.0
[INFO] [stderr]    Compiling buffered-reader v1.4.1
[INFO] [stderr]    Compiling memsec v0.7.0
[INFO] [stderr]    Compiling toml_writer v1.1.2+spec-1.1.0
[INFO] [stderr]    Compiling dyn-clone v1.0.20
[INFO] [stderr]    Compiling xxhash-rust v0.8.18
[INFO] [stderr]    Compiling zeroize v1.9.0
[INFO] [stderr]    Compiling sharded-slab v0.1.7
[INFO] [stderr]    Compiling toml v1.1.6+spec-1.1.0
[INFO] [stderr]    Compiling secrecy v0.10.3
[INFO] [stderr]    Compiling regex v1.13.1
[INFO] [stderr]    Compiling uuid v1.26.1
[INFO] [stderr]    Compiling thread_local v1.1.10
[INFO] [stderr]    Compiling hex v0.4.3
[INFO] [stderr]    Compiling lalrpop v0.23.1
[INFO] [stderr]    Compiling cryptoki v0.12.1
[INFO] [stderr]    Compiling chrono v0.4.45
[INFO] [stderr]    Compiling synstructure v0.13.2
[INFO] [stderr]    Compiling zerofrom-derive v0.1.7
[INFO] [stderr]    Compiling yoke-derive v0.8.2
[INFO] [stderr]    Compiling tracing-attributes v0.1.31
[INFO] [stderr]    Compiling openssl-macros v0.1.1
[INFO] [stderr]    Compiling asn1_derive v0.24.1
[INFO] [stderr]    Compiling zerocopy-derive v0.8.56
[INFO] [stderr]    Compiling zerovec-derive v0.11.6
[INFO] [stderr]    Compiling displaydoc v0.2.7
[INFO] [stderr]    Compiling tokio-macros v2.7.2
[INFO] [stderr]    Compiling thiserror-impl v2.0.20
[INFO] [stderr]    Compiling futures-macro v0.3.34
[INFO] [stderr]    Compiling serde_derive v1.0.229
[INFO] [stderr]    Compiling futures-util v0.3.34
[INFO] [stderr]    Compiling tokio v1.53.1
[INFO] [stderr]    Compiling asn1 v0.24.1
[INFO] [stderr]    Compiling zerofrom v0.1.8
[INFO] [stderr]    Compiling tracing v0.1.44
[INFO] [stderr]    Compiling yoke v0.8.3
[INFO] [stderr]    Compiling zerovec v0.11.8
[INFO] [stderr]    Compiling zerotrie v0.2.5
[INFO] [stderr]    Compiling matchers v0.2.0
[INFO] [stderr]    Compiling tracing-subscriber v0.3.23
[INFO] [stderr]    Compiling tinystr v0.8.4
[INFO] [stderr]    Compiling potential_utf v0.1.6
[INFO] [stderr]    Compiling icu_locale_core v2.3.0
[INFO] [stderr]    Compiling icu_collections v2.3.0
[INFO] [stderr]    Compiling icu_provider v2.3.1
[INFO] [stderr]    Compiling serde v1.0.229
[INFO] [stderr]    Compiling icu_normalizer v2.3.0
[INFO] [stderr]    Compiling icu_properties v2.3.0
[INFO] [stderr]    Compiling idna_adapter v1.2.2
[INFO] [stderr]    Compiling idna v1.1.0
[INFO] [stderr]    Compiling openssl-sys v0.9.117
[INFO] [stderr]    Compiling ossl v1.5.2
[INFO] [stderr]    Compiling tokio-util v0.7.19
[INFO] [stderr]    Compiling sequoia-openpgp v2.4.1
[INFO] [stderr]    Compiling siguldry v0.9.0
[INFO] [stderr]    Compiling siguldry-pkcs11 v2.2.0 (/opt/rustwide/workdir)
[INFO] [stderr]     Finished `release` profile [optimized] target(s) in 2m 44s
[INFO] running `Command { std: "docker" "inspect" "ab7e046987cfd711d6156f85d9ee3693f2076fde20a8e1e007b3152285a29b0d", kill_on_drop: false }`
[INFO] running `Command { std: "docker" "exec" "-e" "SOURCE_DIR=/opt/rustwide/workdir" "-e" "CARGO_HOME=/opt/rustwide/cargo-home" "-e" "RUSTUP_HOME=/opt/rustwide/rustup-home" "-e" "CARGO_TARGET_DIR=/opt/rustwide/target" "-e" "CARGO_INCREMENTAL=0" "-e" "RUST_BACKTRACE=full" "-e" "RUSTFLAGS=--cap-lints=warn" "-e" "RUSTDOCFLAGS=--cap-lints=warn" "-w" "/opt/rustwide/workdir" "--user" "0:0" "ab7e046987cfd711d6156f85d9ee3693f2076fde20a8e1e007b3152285a29b0d" "/opt/rustwide/cargo-home/bin/cargo" "+1.99.0-beta.8" "test" "--frozen" "--no-run" "--message-format=json" "--release", kill_on_drop: false }`
[INFO] [stderr] warning: Cargo.toml: `lints.rust.future-incompatible` is deprecated in favor of `lints.rust.future_incompatible` and will not work in a future edition
[INFO] [stderr] warning: Cargo.toml: `lints.rust.nonstandard-style` is deprecated in favor of `lints.rust.nonstandard_style` and will not work in a future edition
[INFO] [stderr] warning: Cargo.toml: `lints.rust.rust-2018-idioms` is deprecated in favor of `lints.rust.rust_2018_idioms` and will not work in a future edition
[INFO] [stderr] warning: `siguldry-pkcs11` (manifest) generated 3 warnings
[INFO] [stderr]    Compiling bitflags v2.13.1
[INFO] [stderr]    Compiling tracing-core v0.1.36
[INFO] [stderr]    Compiling log v0.4.34
[INFO] [stderr]    Compiling nu-ansi-term v0.50.3
[INFO] [stderr]    Compiling tracing-test-macro v0.2.6
[INFO] [stderr]    Compiling openssl v0.10.81
[INFO] [stderr]    Compiling rustix v1.1.4
[INFO] [stderr]    Compiling cryptoki v0.12.1
[INFO] [stderr]    Compiling tracing v0.1.44
[INFO] [stderr]    Compiling tracing-log v0.2.0
[INFO] [stderr]    Compiling tracing-subscriber v0.3.23
[INFO] [stderr]    Compiling tempfile v3.27.0
[INFO] [stderr]    Compiling tracing-test v0.2.6
[INFO] [stderr]    Compiling tokio-openssl v0.6.5
[INFO] [stderr]    Compiling siguldry v0.9.0
[INFO] [stderr]    Compiling siguldry-pkcs11 v2.2.0 (/opt/rustwide/workdir)
[INFO] [stdout] error[E0432]: unresolved import `siguldry_test`
[INFO] [stdout]  --> tests/sigul_imported_keys.rs:4:5
[INFO] [stdout]   |
[INFO] [stdout] 4 | use siguldry_test::{InstanceBuilder, keys};
[INFO] [stdout]   |     ^^^^^^^^^^^^^ use of unresolved module or unlinked crate `siguldry_test`
[INFO] [stdout]   |
[INFO] [stdout]   = help: if you wanted to use a crate named `siguldry_test`, use `cargo add siguldry_test` to add it to your `Cargo.toml`
[INFO] [stdout] 
[INFO] [stdout] 
[INFO] [stdout] error[E0432]: unresolved import `siguldry_test`
[INFO] [stdout]   --> tests/token_info.rs:13:5
[INFO] [stdout]    |
[INFO] [stdout] 13 | use siguldry_test::{InstanceBuilder, keys};
[INFO] [stdout]    |     ^^^^^^^^^^^^^ use of unresolved module or unlinked crate `siguldry_test`
[INFO] [stdout]    |
[INFO] [stdout]    = help: if you wanted to use a crate named `siguldry_test`, use `cargo add siguldry_test` to add it to your `Cargo.toml`
[INFO] [stdout] 
[INFO] [stdout] 
[INFO] [stdout] warning: method call on a diverging inference variable
[INFO] [stdout]   --> tests/token_info.rs:35:14
[INFO] [stdout]    |
[INFO] [stdout] 35 |     instance.halt().await?;
[INFO] [stdout]    |              ^^^^
[INFO] [stdout]    |
[INFO] [stdout]    = help: consider providing a type annotation
[INFO] [stdout]    = warning: this was previously accepted by the compiler but is being phased out; it will become a hard error in a future release!
[INFO] [stdout]    = note: for more information, see issue #156047 <https://github.com/rust-lang/rust/issues/156047>
[INFO] [stdout]    = note: `-W method-call-on-diverging-infer-var` implied by `-W future-incompatible`
[INFO] [stdout]    = help: to override `-W future-incompatible` add `#[allow(method_call_on_diverging_infer_var)]`
[INFO] [stdout] 
[INFO] [stdout] 
[INFO] [stdout] error[E0432]: unresolved import `siguldry_test`
[INFO] [stdout]   --> tests/signing.rs:14:5
[INFO] [stdout]    |
[INFO] [stdout] 14 | use siguldry_test::{InstanceBuilder, keys};
[INFO] [stdout]    |     ^^^^^^^^^^^^^ use of unresolved module or unlinked crate `siguldry_test`
[INFO] [stdout]    |
[INFO] [stdout]    = help: if you wanted to use a crate named `siguldry_test`, use `cargo add siguldry_test` to add it to your `Cargo.toml`
[INFO] [stdout] 
[INFO] [stdout] 
[INFO] [stdout] error[E0599]: no method named `halt` found for type `!` in the current scope
[INFO] [stdout]   --> tests/token_info.rs:35:14
[INFO] [stdout]    |
[INFO] [stdout] 35 |     instance.halt().await?;
[INFO] [stdout]    |              ^^^^
[INFO] [stdout]    |
[INFO] [stdout] help: there is a method `lt` with a similar name, but with different arguments
[INFO] [stdout]   --> /rustc/dfb0accb7f508ae8be965d8629557221c889dd98/library/core/src/cmp.rs:1422:4
[INFO] [stdout] 
[INFO] [stdout] 
[INFO] [stdout] warning: method call on a diverging inference variable
[INFO] [stdout]   --> tests/token_info.rs:84:14
[INFO] [stdout]    |
[INFO] [stdout] 84 |     instance.halt().await?;
[INFO] [stdout]    |              ^^^^
[INFO] [stdout]    |
[INFO] [stdout]    = help: consider providing a type annotation
[INFO] [stdout]    = warning: this was previously accepted by the compiler but is being phased out; it will become a hard error in a future release!
[INFO] [stdout]    = note: for more information, see issue #156047 <https://github.com/rust-lang/rust/issues/156047>
[INFO] [stdout] 
[INFO] [stdout] 
[INFO] [stdout] error[E0599]: no method named `halt` found for type `!` in the current scope
[INFO] [stdout]   --> tests/token_info.rs:84:14
[INFO] [stdout]    |
[INFO] [stdout] 84 |     instance.halt().await?;
[INFO] [stdout]    |              ^^^^
[INFO] [stdout]    |
[INFO] [stdout] help: there is a method `lt` with a similar name, but with different arguments
[INFO] [stdout]   --> /rustc/dfb0accb7f508ae8be965d8629557221c889dd98/library/core/src/cmp.rs:1422:4
[INFO] [stdout] 
[INFO] [stdout] 
[INFO] [stdout] warning: method call on a diverging inference variable
[INFO] [stdout]    --> tests/token_info.rs:119:14
[INFO] [stdout]     |
[INFO] [stdout] 119 |     instance.halt().await?;
[INFO] [stdout]     |              ^^^^
[INFO] [stdout]     |
[INFO] [stdout]     = help: consider providing a type annotation
[INFO] [stdout]     = warning: this was previously accepted by the compiler but is being phased out; it will become a hard error in a future release!
[INFO] [stdout]     = note: for more information, see issue #156047 <https://github.com/rust-lang/rust/issues/156047>
[INFO] [stdout] 
[INFO] [stdout] 
[INFO] [stdout] error[E0599]: no method named `halt` found for type `!` in the current scope
[INFO] [stdout]    --> tests/token_info.rs:119:14
[INFO] [stdout]     |
[INFO] [stdout] 119 |     instance.halt().await?;
[INFO] [stdout]     |              ^^^^
[INFO] [stdout]     |
[INFO] [stdout] help: there is a method `lt` with a similar name, but with different arguments
[INFO] [stdout]    --> /rustc/dfb0accb7f508ae8be965d8629557221c889dd98/library/core/src/cmp.rs:1422:4
[INFO] [stdout] 
[INFO] [stdout] 
[INFO] [stdout] Some errors have detailed explanations: E0432, E0599.
[INFO] [stdout] 
[INFO] [stdout] For more information about an error, try `rustc --explain E0432`.
[INFO] [stdout] 
[INFO] [stdout] error[E0433]: cannot find `fs` in `tokio`
[INFO] [stdout]    --> tests/sigul_imported_keys.rs:23:12
[INFO] [stdout]     |
[INFO] [stdout]  23 |     tokio::fs::write(&data_path, data).await?;
[INFO] [stdout]     |            ^^ could not find `fs` in `tokio`
[INFO] [stdout]     |
[INFO] [stdout] note: found an item that was configured out
[INFO] [stdout]    --> /opt/rustwide/cargo-home/registry/src/index.crates.io-1949cf8c6b5b557f/tokio-1.53.1/src/lib.rs:523:13
[INFO] [stdout]     |
[INFO] [stdout] 523 |     pub mod fs;
[INFO] [stdout]     |             ^^
[INFO] [stdout]     |
[INFO] [stdout]    ::: /opt/rustwide/cargo-home/registry/src/index.crates.io-1949cf8c6b5b557f/tokio-1.53.1/src/macros/cfg.rs:132:19
[INFO] [stdout]     |
[INFO] [stdout] 132 |             #[cfg(feature = "fs")]
[INFO] [stdout]     |                   -------------- the item is gated behind the `fs` feature
[INFO] [stdout] help: consider importing this module
[INFO] [stdout]     |
[INFO] [stdout]   4 + use std::fs;
[INFO] [stdout]     |
[INFO] [stdout] help: if you import `fs`, refer to it directly
[INFO] [stdout]     |
[INFO] [stdout]  23 -     tokio::fs::write(&data_path, data).await?;
[INFO] [stdout]  23 +     fs::write(&data_path, data).await?;
[INFO] [stdout]     |
[INFO] [stdout] 
[INFO] [stdout] 
[INFO] [stdout] error[E0433]: cannot find `fs` in `tokio`
[INFO] [stdout]    --> tests/sigul_imported_keys.rs:37:12
[INFO] [stdout]     |
[INFO] [stdout]  37 |     tokio::fs::write(&certificate_path, cert.certificate.as_bytes()).await?;
[INFO] [stdout]     |            ^^ could not find `fs` in `tokio`
[INFO] [stdout]     |
[INFO] [stdout] note: found an item that was configured out
[INFO] [stdout]    --> /opt/rustwide/cargo-home/registry/src/index.crates.io-1949cf8c6b5b557f/tokio-1.53.1/src/lib.rs:523:13
[INFO] [stdout]     |
[INFO] [stdout] 523 |     pub mod fs;
[INFO] [stdout]     |             ^^
[INFO] [stdout]     |
[INFO] [stdout]    ::: /opt/rustwide/cargo-home/registry/src/index.crates.io-1949cf8c6b5b557f/tokio-1.53.1/src/macros/cfg.rs:132:19
[INFO] [stdout]     |
[INFO] [stdout] 132 |             #[cfg(feature = "fs")]
[INFO] [stdout]     |                   -------------- the item is gated behind the `fs` feature
[INFO] [stdout] help: consider importing this module
[INFO] [stdout]     |
[INFO] [stdout]   4 + use std::fs;
[INFO] [stdout]     |
[INFO] [stdout] help: if you import `fs`, refer to it directly
[INFO] [stdout]     |
[INFO] [stdout]  37 -     tokio::fs::write(&certificate_path, cert.certificate.as_bytes()).await?;
[INFO] [stdout]  37 +     fs::write(&certificate_path, cert.certificate.as_bytes()).await?;
[INFO] [stdout]     |
[INFO] [stdout] 
[INFO] [stdout] 
[INFO] [stdout] error[E0433]: cannot find `fs` in `tokio`
[INFO] [stdout]    --> tests/sigul_imported_keys.rs:39:12
[INFO] [stdout]     |
[INFO] [stdout]  39 |     tokio::fs::create_dir(&gnupg_home).await?;
[INFO] [stdout]     |            ^^ could not find `fs` in `tokio`
[INFO] [stdout]     |
[INFO] [stdout] note: found an item that was configured out
[INFO] [stdout]    --> /opt/rustwide/cargo-home/registry/src/index.crates.io-1949cf8c6b5b557f/tokio-1.53.1/src/lib.rs:523:13
[INFO] [stdout]     |
[INFO] [stdout] 523 |     pub mod fs;
[INFO] [stdout]     |             ^^
[INFO] [stdout]     |
[INFO] [stdout]    ::: /opt/rustwide/cargo-home/registry/src/index.crates.io-1949cf8c6b5b557f/tokio-1.53.1/src/macros/cfg.rs:132:19
[INFO] [stdout]     |
[INFO] [stdout] 132 |             #[cfg(feature = "fs")]
[INFO] [stdout]     |                   -------------- the item is gated behind the `fs` feature
[INFO] [stdout] help: consider importing this module
[INFO] [stdout]     |
[INFO] [stdout]   4 + use std::fs;
[INFO] [stdout]     |
[INFO] [stdout] help: if you import `fs`, refer to it directly
[INFO] [stdout]     |
[INFO] [stdout]  39 -     tokio::fs::create_dir(&gnupg_home).await?;
[INFO] [stdout]  39 +     fs::create_dir(&gnupg_home).await?;
[INFO] [stdout]     |
[INFO] [stdout] 
[INFO] [stdout] 
[INFO] [stdout] error[E0433]: cannot find `fs` in `tokio`
[INFO] [stdout]    --> tests/sigul_imported_keys.rs:41:12
[INFO] [stdout]     |
[INFO] [stdout]  41 |     tokio::fs::write(
[INFO] [stdout]     |            ^^ could not find `fs` in `tokio`
[INFO] [stdout]     |
[INFO] [stdout] note: found an item that was configured out
[INFO] [stdout]    --> /opt/rustwide/cargo-home/registry/src/index.crates.io-1949cf8c6b5b557f/tokio-1.53.1/src/lib.rs:523:13
[INFO] [stdout]     |
[INFO] [stdout] 523 |     pub mod fs;
[INFO] [stdout]     |             ^^
[INFO] [stdout]     |
[INFO] [stdout]    ::: /opt/rustwide/cargo-home/registry/src/index.crates.io-1949cf8c6b5b557f/tokio-1.53.1/src/macros/cfg.rs:132:19
[INFO] [stdout]     |
[INFO] [stdout] 132 |             #[cfg(feature = "fs")]
[INFO] [stdout]     |                   -------------- the item is gated behind the `fs` feature
[INFO] [stdout] help: consider importing this module
[INFO] [stdout]     |
[INFO] [stdout]   4 + use std::fs;
[INFO] [stdout]     |
[INFO] [stdout] help: if you import `fs`, refer to it directly
[INFO] [stdout]     |
[INFO] [stdout]  41 -     tokio::fs::write(
[INFO] [stdout]  41 +     fs::write(
[INFO] [stdout]     |
[INFO] [stdout] 
[INFO] [stdout] 
[INFO] [stdout] error[E0433]: cannot find `fs` in `tokio`
[INFO] [stdout]    --> tests/sigul_imported_keys.rs:48:12
[INFO] [stdout]     |
[INFO] [stdout]  48 |     tokio::fs::write(
[INFO] [stdout]     |            ^^ could not find `fs` in `tokio`
[INFO] [stdout]     |
[INFO] [stdout] note: found an item that was configured out
[INFO] [stdout]    --> /opt/rustwide/cargo-home/registry/src/index.crates.io-1949cf8c6b5b557f/tokio-1.53.1/src/lib.rs:523:13
[INFO] [stdout]     |
[INFO] [stdout] 523 |     pub mod fs;
[INFO] [stdout]     |             ^^
[INFO] [stdout]     |
[INFO] [stdout]    ::: /opt/rustwide/cargo-home/registry/src/index.crates.io-1949cf8c6b5b557f/tokio-1.53.1/src/macros/cfg.rs:132:19
[INFO] [stdout]     |
[INFO] [stdout] 132 |             #[cfg(feature = "fs")]
[INFO] [stdout]     |                   -------------- the item is gated behind the `fs` feature
[INFO] [stdout] help: consider importing this module
[INFO] [stdout]     |
[INFO] [stdout]   4 + use std::fs;
[INFO] [stdout]     |
[INFO] [stdout] help: if you import `fs`, refer to it directly
[INFO] [stdout]     |
[INFO] [stdout]  48 -     tokio::fs::write(
[INFO] [stdout]  48 +     fs::write(
[INFO] [stdout]     |
[INFO] [stdout] 
[INFO] [stdout] 
[INFO] [stdout] error[E0433]: cannot find `fs` in `tokio`
[INFO] [stdout]    --> tests/sigul_imported_keys.rs:154:12
[INFO] [stdout]     |
[INFO] [stdout] 154 |     tokio::fs::write(&data_path, data).await?;
[INFO] [stdout]     |            ^^ could not find `fs` in `tokio`
[INFO] [stdout]     |
[INFO] [stdout] note: found an item that was configured out
[INFO] [stdout]    --> /opt/rustwide/cargo-home/registry/src/index.crates.io-1949cf8c6b5b557f/tokio-1.53.1/src/lib.rs:523:13
[INFO] [stdout]     |
[INFO] [stdout] 523 |     pub mod fs;
[INFO] [stdout]     |             ^^
[INFO] [stdout]     |
[INFO] [stdout]    ::: /opt/rustwide/cargo-home/registry/src/index.crates.io-1949cf8c6b5b557f/tokio-1.53.1/src/macros/cfg.rs:132:19
[INFO] [stdout]     |
[INFO] [stdout] 132 |             #[cfg(feature = "fs")]
[INFO] [stdout]     |                   -------------- the item is gated behind the `fs` feature
[INFO] [stdout] help: consider importing this module
[INFO] [stdout]     |
[INFO] [stdout]   4 + use std::fs;
[INFO] [stdout]     |
[INFO] [stdout] help: if you import `fs`, refer to it directly
[INFO] [stdout]     |
[INFO] [stdout] 154 -     tokio::fs::write(&data_path, data).await?;
[INFO] [stdout] 154 +     fs::write(&data_path, data).await?;
[INFO] [stdout]     |
[INFO] [stdout] 
[INFO] [stdout] 
[INFO] [stderr] error: could not compile `siguldry-pkcs11` (test "token_info") due to 4 previous errors; 6 warnings emitted
[INFO] [stdout] error[E0433]: cannot find `fs` in `tokio`
[INFO] [stdout]    --> tests/sigul_imported_keys.rs:168:12
[INFO] [stdout]     |
[INFO] [stdout] 168 |     tokio::fs::write(&certificate_path, cert.certificate.as_bytes()).await?;
[INFO] [stdout]     |            ^^ could not find `fs` in `tokio`
[INFO] [stdout]     |
[INFO] [stdout] note: found an item that was configured out
[INFO] [stdout]    --> /opt/rustwide/cargo-home/registry/src/index.crates.io-1949cf8c6b5b557f/tokio-1.53.1/src/lib.rs:523:13
[INFO] [stdout]     |
[INFO] [stdout] 523 |     pub mod fs;
[INFO] [stdout]     |             ^^
[INFO] [stdout]     |
[INFO] [stdout]    ::: /opt/rustwide/cargo-home/registry/src/index.crates.io-1949cf8c6b5b557f/tokio-1.53.1/src/macros/cfg.rs:132:19
[INFO] [stdout]     |
[INFO] [stdout] 132 |             #[cfg(feature = "fs")]
[INFO] [stdout]     |                   -------------- the item is gated behind the `fs` feature
[INFO] [stdout] help: consider importing this module
[INFO] [stdout]     |
[INFO] [stdout]   4 + use std::fs;
[INFO] [stdout]     |
[INFO] [stdout] help: if you import `fs`, refer to it directly
[INFO] [stdout]     |
[INFO] [stdout] 168 -     tokio::fs::write(&certificate_path, cert.certificate.as_bytes()).await?;
[INFO] [stdout] 168 +     fs::write(&certificate_path, cert.certificate.as_bytes()).await?;
[INFO] [stdout]     |
[INFO] [stdout] 
[INFO] [stdout] 
[INFO] [stderr] warning: build failed, waiting for other jobs to finish...
[INFO] [stdout] error[E0433]: cannot find `fs` in `tokio`
[INFO] [stdout]    --> tests/sigul_imported_keys.rs:170:12
[INFO] [stdout]     |
[INFO] [stdout] 170 |     tokio::fs::create_dir(&gnupg_home).await?;
[INFO] [stdout]     |            ^^ could not find `fs` in `tokio`
[INFO] [stdout]     |
[INFO] [stdout] note: found an item that was configured out
[INFO] [stdout]    --> /opt/rustwide/cargo-home/registry/src/index.crates.io-1949cf8c6b5b557f/tokio-1.53.1/src/lib.rs:523:13
[INFO] [stdout]     |
[INFO] [stdout] 523 |     pub mod fs;
[INFO] [stdout]     |             ^^
[INFO] [stdout]     |
[INFO] [stdout]    ::: /opt/rustwide/cargo-home/registry/src/index.crates.io-1949cf8c6b5b557f/tokio-1.53.1/src/macros/cfg.rs:132:19
[INFO] [stdout]     |
[INFO] [stdout] 132 |             #[cfg(feature = "fs")]
[INFO] [stdout]     |                   -------------- the item is gated behind the `fs` feature
[INFO] [stdout] help: consider importing this module
[INFO] [stdout]     |
[INFO] [stdout]   4 + use std::fs;
[INFO] [stdout]     |
[INFO] [stdout] help: if you import `fs`, refer to it directly
[INFO] [stdout]     |
[INFO] [stdout] 170 -     tokio::fs::create_dir(&gnupg_home).await?;
[INFO] [stdout] 170 +     fs::create_dir(&gnupg_home).await?;
[INFO] [stdout]     |
[INFO] [stdout] 
[INFO] [stdout] 
[INFO] [stdout] error[E0433]: cannot find `fs` in `tokio`
[INFO] [stdout]    --> tests/sigul_imported_keys.rs:172:12
[INFO] [stdout]     |
[INFO] [stdout] 172 |     tokio::fs::write(
[INFO] [stdout]     |            ^^ could not find `fs` in `tokio`
[INFO] [stdout]     |
[INFO] [stdout] note: found an item that was configured out
[INFO] [stdout]    --> /opt/rustwide/cargo-home/registry/src/index.crates.io-1949cf8c6b5b557f/tokio-1.53.1/src/lib.rs:523:13
[INFO] [stdout]     |
[INFO] [stdout] 523 |     pub mod fs;
[INFO] [stdout]     |             ^^
[INFO] [stdout]     |
[INFO] [stdout]    ::: /opt/rustwide/cargo-home/registry/src/index.crates.io-1949cf8c6b5b557f/tokio-1.53.1/src/macros/cfg.rs:132:19
[INFO] [stdout]     |
[INFO] [stdout] 132 |             #[cfg(feature = "fs")]
[INFO] [stdout]     |                   -------------- the item is gated behind the `fs` feature
[INFO] [stdout] help: consider importing this module
[INFO] [stdout]     |
[INFO] [stdout]   4 + use std::fs;
[INFO] [stdout]     |
[INFO] [stdout] help: if you import `fs`, refer to it directly
[INFO] [stdout]     |
[INFO] [stdout] 172 -     tokio::fs::write(
[INFO] [stdout] 172 +     fs::write(
[INFO] [stdout]     |
[INFO] [stdout] 
[INFO] [stdout] 
[INFO] [stdout] error[E0433]: cannot find `fs` in `tokio`
[INFO] [stdout]    --> tests/sigul_imported_keys.rs:179:12
[INFO] [stdout]     |
[INFO] [stdout] 179 |     tokio::fs::write(
[INFO] [stdout]     |            ^^ could not find `fs` in `tokio`
[INFO] [stdout]     |
[INFO] [stdout] note: found an item that was configured out
[INFO] [stdout]    --> /opt/rustwide/cargo-home/registry/src/index.crates.io-1949cf8c6b5b557f/tokio-1.53.1/src/lib.rs:523:13
[INFO] [stdout]     |
[INFO] [stdout] 523 |     pub mod fs;
[INFO] [stdout]     |             ^^
[INFO] [stdout]     |
[INFO] [stdout]    ::: /opt/rustwide/cargo-home/registry/src/index.crates.io-1949cf8c6b5b557f/tokio-1.53.1/src/macros/cfg.rs:132:19
[INFO] [stdout]     |
[INFO] [stdout] 132 |             #[cfg(feature = "fs")]
[INFO] [stdout]     |                   -------------- the item is gated behind the `fs` feature
[INFO] [stdout] help: consider importing this module
[INFO] [stdout]     |
[INFO] [stdout]   4 + use std::fs;
[INFO] [stdout]     |
[INFO] [stdout] help: if you import `fs`, refer to it directly
[INFO] [stdout]     |
[INFO] [stdout] 179 -     tokio::fs::write(
[INFO] [stdout] 179 +     fs::write(
[INFO] [stdout]     |
[INFO] [stdout] 
[INFO] [stdout] 
[INFO] [stdout] warning: method call on a diverging inference variable
[INFO] [stdout]   --> tests/sigul_imported_keys.rs:33:10
[INFO] [stdout]    |
[INFO] [stdout] 33 |         .openpgp_certificates()
[INFO] [stdout]    |          ^^^^^^^^^^^^^^^^^^^^
[INFO] [stdout]    |
[INFO] [stdout]    = help: consider providing a type annotation
[INFO] [stdout]    = warning: this was previously accepted by the compiler but is being phased out; it will become a hard error in a future release!
[INFO] [stdout]    = note: for more information, see issue #156047 <https://github.com/rust-lang/rust/issues/156047>
[INFO] [stdout]    = note: `-W method-call-on-diverging-infer-var` implied by `-W future-incompatible`
[INFO] [stdout]    = help: to override `-W future-incompatible` add `#[allow(method_call_on_diverging_infer_var)]`
[INFO] [stdout] 
[INFO] [stdout] 
[INFO] [stdout] error[E0599]: no method named `openpgp_certificates` found for type `!` in the current scope
[INFO] [stdout]   --> tests/sigul_imported_keys.rs:33:10
[INFO] [stdout]    |
[INFO] [stdout] 32 |       let cert = expected_pubkey
[INFO] [stdout]    |  ________________-
[INFO] [stdout] 33 | |         .openpgp_certificates()
[INFO] [stdout]    | |         -^^^^^^^^^^^^^^^^^^^^ method not found in `!`
[INFO] [stdout]    | |_________|
[INFO] [stdout]    |
[INFO] [stdout] 
[INFO] [stdout] 
[INFO] [stdout] warning: method call on a diverging inference variable
[INFO] [stdout]    --> tests/sigul_imported_keys.rs:164:10
[INFO] [stdout]     |
[INFO] [stdout] 164 |         .openpgp_certificates()
[INFO] [stdout]     |          ^^^^^^^^^^^^^^^^^^^^
[INFO] [stdout]     |
[INFO] [stdout]     = help: consider providing a type annotation
[INFO] [stdout]     = warning: this was previously accepted by the compiler but is being phased out; it will become a hard error in a future release!
[INFO] [stdout]     = note: for more information, see issue #156047 <https://github.com/rust-lang/rust/issues/156047>
[INFO] [stdout] 
[INFO] [stdout] 
[INFO] [stdout] error[E0599]: no method named `openpgp_certificates` found for type `!` in the current scope
[INFO] [stdout]    --> tests/sigul_imported_keys.rs:164:10
[INFO] [stdout]     |
[INFO] [stdout] 163 |       let cert = expected_pubkey
[INFO] [stdout]     |  ________________-
[INFO] [stdout] 164 | |         .openpgp_certificates()
[INFO] [stdout]     | |         -^^^^^^^^^^^^^^^^^^^^ method not found in `!`
[INFO] [stdout]     | |_________|
[INFO] [stdout]     |
[INFO] [stdout] 
[INFO] [stdout] 
[INFO] [stdout] Some errors have detailed explanations: E0432, E0433, E0599.
[INFO] [stdout] 
[INFO] [stdout] For more information about an error, try `rustc --explain E0432`.
[INFO] [stdout] 
[INFO] [stdout] error[E0433]: cannot find `fs` in `tokio`
[INFO] [stdout]    --> tests/signing.rs:711:12
[INFO] [stdout]     |
[INFO] [stdout] 711 |     tokio::fs::write(&data_path, data).await?;
[INFO] [stdout]     |            ^^ could not find `fs` in `tokio`
[INFO] [stdout]     |
[INFO] [stdout] note: found an item that was configured out
[INFO] [stdout]    --> /opt/rustwide/cargo-home/registry/src/index.crates.io-1949cf8c6b5b557f/tokio-1.53.1/src/lib.rs:523:13
[INFO] [stdout]     |
[INFO] [stdout] 523 |     pub mod fs;
[INFO] [stdout]     |             ^^
[INFO] [stdout]     |
[INFO] [stdout]    ::: /opt/rustwide/cargo-home/registry/src/index.crates.io-1949cf8c6b5b557f/tokio-1.53.1/src/macros/cfg.rs:132:19
[INFO] [stdout]     |
[INFO] [stdout] 132 |             #[cfg(feature = "fs")]
[INFO] [stdout]     |                   -------------- the item is gated behind the `fs` feature
[INFO] [stdout] help: consider importing this module
[INFO] [stdout]     |
[INFO] [stdout]   6 + use std::fs;
[INFO] [stdout]     |
[INFO] [stdout] help: if you import `fs`, refer to it directly
[INFO] [stdout]     |
[INFO] [stdout] 711 -     tokio::fs::write(&data_path, data).await?;
[INFO] [stdout] 711 +     fs::write(&data_path, data).await?;
[INFO] [stdout]     |
[INFO] [stdout] 
[INFO] [stdout] 
[INFO] [stdout] error[E0433]: cannot find `fs` in `tokio`
[INFO] [stdout]    --> tests/signing.rs:724:12
[INFO] [stdout]     |
[INFO] [stdout] 724 |     tokio::fs::write(&certificate_path, cert.certificate.as_bytes()).await?;
[INFO] [stdout]     |            ^^ could not find `fs` in `tokio`
[INFO] [stdout]     |
[INFO] [stdout] note: found an item that was configured out
[INFO] [stdout]    --> /opt/rustwide/cargo-home/registry/src/index.crates.io-1949cf8c6b5b557f/tokio-1.53.1/src/lib.rs:523:13
[INFO] [stdout]     |
[INFO] [stdout] 523 |     pub mod fs;
[INFO] [stdout]     |             ^^
[INFO] [stdout]     |
[INFO] [stdout]    ::: /opt/rustwide/cargo-home/registry/src/index.crates.io-1949cf8c6b5b557f/tokio-1.53.1/src/macros/cfg.rs:132:19
[INFO] [stdout]     |
[INFO] [stdout] 132 |             #[cfg(feature = "fs")]
[INFO] [stdout]     |                   -------------- the item is gated behind the `fs` feature
[INFO] [stdout] help: consider importing this module
[INFO] [stdout]     |
[INFO] [stdout]   6 + use std::fs;
[INFO] [stdout]     |
[INFO] [stdout] help: if you import `fs`, refer to it directly
[INFO] [stdout]     |
[INFO] [stdout] 724 -     tokio::fs::write(&certificate_path, cert.certificate.as_bytes()).await?;
[INFO] [stdout] 724 +     fs::write(&certificate_path, cert.certificate.as_bytes()).await?;
[INFO] [stdout]     |
[INFO] [stdout] 
[INFO] [stdout] 
[INFO] [stdout] error[E0433]: cannot find `fs` in `tokio`
[INFO] [stdout]    --> tests/signing.rs:726:12
[INFO] [stdout]     |
[INFO] [stdout] 726 |     tokio::fs::create_dir(&gnupg_home).await?;
[INFO] [stdout]     |            ^^ could not find `fs` in `tokio`
[INFO] [stdout]     |
[INFO] [stdout] note: found an item that was configured out
[INFO] [stdout]    --> /opt/rustwide/cargo-home/registry/src/index.crates.io-1949cf8c6b5b557f/tokio-1.53.1/src/lib.rs:523:13
[INFO] [stdout]     |
[INFO] [stdout] 523 |     pub mod fs;
[INFO] [stdout]     |             ^^
[INFO] [stdout]     |
[INFO] [stdout]    ::: /opt/rustwide/cargo-home/registry/src/index.crates.io-1949cf8c6b5b557f/tokio-1.53.1/src/macros/cfg.rs:132:19
[INFO] [stdout]     |
[INFO] [stdout] 132 |             #[cfg(feature = "fs")]
[INFO] [stdout]     |                   -------------- the item is gated behind the `fs` feature
[INFO] [stdout] help: consider importing this module
[INFO] [stdout]     |
[INFO] [stdout]   6 + use std::fs;
[INFO] [stdout]     |
[INFO] [stdout] help: if you import `fs`, refer to it directly
[INFO] [stdout]     |
[INFO] [stdout] 726 -     tokio::fs::create_dir(&gnupg_home).await?;
[INFO] [stdout] 726 +     fs::create_dir(&gnupg_home).await?;
[INFO] [stdout]     |
[INFO] [stdout] 
[INFO] [stdout] 
[INFO] [stdout] error[E0433]: cannot find `fs` in `tokio`
[INFO] [stdout]    --> tests/signing.rs:728:12
[INFO] [stdout]     |
[INFO] [stdout] 728 |     tokio::fs::write(
[INFO] [stdout]     |            ^^ could not find `fs` in `tokio`
[INFO] [stdout]     |
[INFO] [stdout] note: found an item that was configured out
[INFO] [stdout]    --> /opt/rustwide/cargo-home/registry/src/index.crates.io-1949cf8c6b5b557f/tokio-1.53.1/src/lib.rs:523:13
[INFO] [stdout]     |
[INFO] [stdout] 523 |     pub mod fs;
[INFO] [stdout]     |             ^^
[INFO] [stdout]     |
[INFO] [stdout]    ::: /opt/rustwide/cargo-home/registry/src/index.crates.io-1949cf8c6b5b557f/tokio-1.53.1/src/macros/cfg.rs:132:19
[INFO] [stdout]     |
[INFO] [stdout] 132 |             #[cfg(feature = "fs")]
[INFO] [stdout]     |                   -------------- the item is gated behind the `fs` feature
[INFO] [stdout] help: consider importing this module
[INFO] [stdout]     |
[INFO] [stdout]   6 + use std::fs;
[INFO] [stdout]     |
[INFO] [stdout] help: if you import `fs`, refer to it directly
[INFO] [stdout]     |
[INFO] [stdout] 728 -     tokio::fs::write(
[INFO] [stdout] 728 +     fs::write(
[INFO] [stdout]     |
[INFO] [stdout] 
[INFO] [stdout] 
[INFO] [stdout] error[E0433]: cannot find `fs` in `tokio`
[INFO] [stdout]    --> tests/signing.rs:735:12
[INFO] [stdout]     |
[INFO] [stdout] 735 |     tokio::fs::write(
[INFO] [stdout]     |            ^^ could not find `fs` in `tokio`
[INFO] [stdout]     |
[INFO] [stdout] note: found an item that was configured out
[INFO] [stdout]    --> /opt/rustwide/cargo-home/registry/src/index.crates.io-1949cf8c6b5b557f/tokio-1.53.1/src/lib.rs:523:13
[INFO] [stdout]     |
[INFO] [stdout] 523 |     pub mod fs;
[INFO] [stdout]     |             ^^
[INFO] [stdout]     |
[INFO] [stdout]    ::: /opt/rustwide/cargo-home/registry/src/index.crates.io-1949cf8c6b5b557f/tokio-1.53.1/src/macros/cfg.rs:132:19
[INFO] [stdout]     |
[INFO] [stdout] 132 |             #[cfg(feature = "fs")]
[INFO] [stdout]     |                   -------------- the item is gated behind the `fs` feature
[INFO] [stdout] help: consider importing this module
[INFO] [stdout]     |
[INFO] [stdout]   6 + use std::fs;
[INFO] [stdout]     |
[INFO] [stdout] help: if you import `fs`, refer to it directly
[INFO] [stdout]     |
[INFO] [stdout] 735 -     tokio::fs::write(
[INFO] [stdout] 735 +     fs::write(
[INFO] [stdout]     |
[INFO] [stdout] 
[INFO] [stdout] 
[INFO] [stdout] error[E0433]: cannot find `fs` in `tokio`
[INFO] [stdout]    --> tests/signing.rs:829:12
[INFO] [stdout]     |
[INFO] [stdout] 829 |     tokio::fs::write(&data_path, data).await?;
[INFO] [stdout]     |            ^^ could not find `fs` in `tokio`
[INFO] [stdout]     |
[INFO] [stdout] note: found an item that was configured out
[INFO] [stdout]    --> /opt/rustwide/cargo-home/registry/src/index.crates.io-1949cf8c6b5b557f/tokio-1.53.1/src/lib.rs:523:13
[INFO] [stdout]     |
[INFO] [stdout] 523 |     pub mod fs;
[INFO] [stdout]     |             ^^
[INFO] [stdout]     |
[INFO] [stdout]    ::: /opt/rustwide/cargo-home/registry/src/index.crates.io-1949cf8c6b5b557f/tokio-1.53.1/src/macros/cfg.rs:132:19
[INFO] [stdout]     |
[INFO] [stdout] 132 |             #[cfg(feature = "fs")]
[INFO] [stdout]     |                   -------------- the item is gated behind the `fs` feature
[INFO] [stdout] help: consider importing this module
[INFO] [stdout]     |
[INFO] [stdout]   6 + use std::fs;
[INFO] [stdout]     |
[INFO] [stdout] help: if you import `fs`, refer to it directly
[INFO] [stdout]     |
[INFO] [stdout] 829 -     tokio::fs::write(&data_path, data).await?;
[INFO] [stdout] 829 +     fs::write(&data_path, data).await?;
[INFO] [stdout]     |
[INFO] [stdout] 
[INFO] [stdout] 
[INFO] [stdout] error[E0433]: cannot find `fs` in `tokio`
[INFO] [stdout]    --> tests/signing.rs:842:12
[INFO] [stdout]     |
[INFO] [stdout] 842 |     tokio::fs::write(&certificate_path, cert.certificate.as_bytes()).await?;
[INFO] [stdout]     |            ^^ could not find `fs` in `tokio`
[INFO] [stdout]     |
[INFO] [stdout] note: found an item that was configured out
[INFO] [stdout]    --> /opt/rustwide/cargo-home/registry/src/index.crates.io-1949cf8c6b5b557f/tokio-1.53.1/src/lib.rs:523:13
[INFO] [stdout]     |
[INFO] [stdout] 523 |     pub mod fs;
[INFO] [stdout]     |             ^^
[INFO] [stdout]     |
[INFO] [stdout]    ::: /opt/rustwide/cargo-home/registry/src/index.crates.io-1949cf8c6b5b557f/tokio-1.53.1/src/macros/cfg.rs:132:19
[INFO] [stdout]     |
[INFO] [stdout] 132 |             #[cfg(feature = "fs")]
[INFO] [stdout]     |                   -------------- the item is gated behind the `fs` feature
[INFO] [stdout] help: consider importing this module
[INFO] [stdout]     |
[INFO] [stdout]   6 + use std::fs;
[INFO] [stdout]     |
[INFO] [stdout] help: if you import `fs`, refer to it directly
[INFO] [stdout]     |
[INFO] [stdout] 842 -     tokio::fs::write(&certificate_path, cert.certificate.as_bytes()).await?;
[INFO] [stdout] 842 +     fs::write(&certificate_path, cert.certificate.as_bytes()).await?;
[INFO] [stdout]     |
[INFO] [stdout] 
[INFO] [stdout] 
[INFO] [stdout] error[E0433]: cannot find `fs` in `tokio`
[INFO] [stdout]    --> tests/signing.rs:844:12
[INFO] [stdout]     |
[INFO] [stdout] 844 |     tokio::fs::write(&password_path, keys::PGP_KEY_PASSWORD.as_bytes()).await?;
[INFO] [stdout]     |            ^^ could not find `fs` in `tokio`
[INFO] [stdout]     |
[INFO] [stdout] note: found an item that was configured out
[INFO] [stdout]    --> /opt/rustwide/cargo-home/registry/src/index.crates.io-1949cf8c6b5b557f/tokio-1.53.1/src/lib.rs:523:13
[INFO] [stdout]     |
[INFO] [stdout] 523 |     pub mod fs;
[INFO] [stdout]     |             ^^
[INFO] [stdout]     |
[INFO] [stdout]    ::: /opt/rustwide/cargo-home/registry/src/index.crates.io-1949cf8c6b5b557f/tokio-1.53.1/src/macros/cfg.rs:132:19
[INFO] [stdout]     |
[INFO] [stdout] 132 |             #[cfg(feature = "fs")]
[INFO] [stdout]     |                   -------------- the item is gated behind the `fs` feature
[INFO] [stdout] help: consider importing this module
[INFO] [stdout]     |
[INFO] [stdout]   6 + use std::fs;
[INFO] [stdout]     |
[INFO] [stdout] help: if you import `fs`, refer to it directly
[INFO] [stdout]     |
[INFO] [stdout] 844 -     tokio::fs::write(&password_path, keys::PGP_KEY_PASSWORD.as_bytes()).await?;
[INFO] [stdout] 844 +     fs::write(&password_path, keys::PGP_KEY_PASSWORD.as_bytes()).await?;
[INFO] [stdout]     |
[INFO] [stdout] 
[INFO] [stdout] 
[INFO] [stdout] error[E0433]: cannot find `fs` in `tokio`
[INFO] [stdout]    --> tests/signing.rs:884:12
[INFO] [stdout]     |
[INFO] [stdout] 884 |     tokio::fs::create_dir_all(&cryptoki_config_dir).await?;
[INFO] [stdout]     |            ^^ could not find `fs` in `tokio`
[INFO] [stdout]     |
[INFO] [stdout] note: found an item that was configured out
[INFO] [stdout]    --> /opt/rustwide/cargo-home/registry/src/index.crates.io-1949cf8c6b5b557f/tokio-1.53.1/src/lib.rs:523:13
[INFO] [stdout]     |
[INFO] [stdout] 523 |     pub mod fs;
[INFO] [stdout]     |             ^^
[INFO] [stdout]     |
[INFO] [stdout]    ::: /opt/rustwide/cargo-home/registry/src/index.crates.io-1949cf8c6b5b557f/tokio-1.53.1/src/macros/cfg.rs:132:19
[INFO] [stdout]     |
[INFO] [stdout] 132 |             #[cfg(feature = "fs")]
[INFO] [stdout]     |                   -------------- the item is gated behind the `fs` feature
[INFO] [stdout] help: consider importing this module
[INFO] [stdout]     |
[INFO] [stdout]   6 + use std::fs;
[INFO] [stdout]     |
[INFO] [stdout] help: if you import `fs`, refer to it directly
[INFO] [stdout]     |
[INFO] [stdout] 884 -     tokio::fs::create_dir_all(&cryptoki_config_dir).await?;
[INFO] [stdout] 884 +     fs::create_dir_all(&cryptoki_config_dir).await?;
[INFO] [stdout]     |
[INFO] [stdout] 
[INFO] [stdout] 
[INFO] [stdout] error[E0433]: cannot find `fs` in `tokio`
[INFO] [stdout]    --> tests/signing.rs:886:12
[INFO] [stdout]     |
[INFO] [stdout] 886 |     tokio::fs::write(
[INFO] [stdout]     |            ^^ could not find `fs` in `tokio`
[INFO] [stdout]     |
[INFO] [stdout] note: found an item that was configured out
[INFO] [stdout]    --> /opt/rustwide/cargo-home/registry/src/index.crates.io-1949cf8c6b5b557f/tokio-1.53.1/src/lib.rs:523:13
[INFO] [stdout]     |
[INFO] [stdout] 523 |     pub mod fs;
[INFO] [stdout]     |             ^^
[INFO] [stdout]     |
[INFO] [stdout]    ::: /opt/rustwide/cargo-home/registry/src/index.crates.io-1949cf8c6b5b557f/tokio-1.53.1/src/macros/cfg.rs:132:19
[INFO] [stdout]     |
[INFO] [stdout] 132 |             #[cfg(feature = "fs")]
[INFO] [stdout]     |                   -------------- the item is gated behind the `fs` feature
[INFO] [stdout] help: consider importing this module
[INFO] [stdout]     |
[INFO] [stdout]   6 + use std::fs;
[INFO] [stdout]     |
[INFO] [stdout] help: if you import `fs`, refer to it directly
[INFO] [stdout]     |
[INFO] [stdout] 886 -     tokio::fs::write(
[INFO] [stdout] 886 +     fs::write(
[INFO] [stdout]     |
[INFO] [stdout] 
[INFO] [stdout] 
[INFO] [stdout] error[E0433]: cannot find `fs` in `tokio`
[INFO] [stdout]    --> tests/signing.rs:952:12
[INFO] [stdout]     |
[INFO] [stdout] 952 |     tokio::fs::write(&data_path, data).await?;
[INFO] [stdout]     |            ^^ could not find `fs` in `tokio`
[INFO] [stdout]     |
[INFO] [stdout] note: found an item that was configured out
[INFO] [stdout]    --> /opt/rustwide/cargo-home/registry/src/index.crates.io-1949cf8c6b5b557f/tokio-1.53.1/src/lib.rs:523:13
[INFO] [stdout]     |
[INFO] [stdout] 523 |     pub mod fs;
[INFO] [stdout]     |             ^^
[INFO] [stdout]     |
[INFO] [stdout]    ::: /opt/rustwide/cargo-home/registry/src/index.crates.io-1949cf8c6b5b557f/tokio-1.53.1/src/macros/cfg.rs:132:19
[INFO] [stdout]     |
[INFO] [stdout] 132 |             #[cfg(feature = "fs")]
[INFO] [stdout]     |                   -------------- the item is gated behind the `fs` feature
[INFO] [stdout] help: consider importing this module
[INFO] [stdout]     |
[INFO] [stdout]   6 + use std::fs;
[INFO] [stdout]     |
[INFO] [stdout] help: if you import `fs`, refer to it directly
[INFO] [stdout]     |
[INFO] [stdout] 952 -     tokio::fs::write(&data_path, data).await?;
[INFO] [stdout] 952 +     fs::write(&data_path, data).await?;
[INFO] [stdout]     |
[INFO] [stdout] 
[INFO] [stdout] 
[INFO] [stdout] error[E0433]: cannot find `fs` in `tokio`
[INFO] [stdout]    --> tests/signing.rs:965:12
[INFO] [stdout]     |
[INFO] [stdout] 965 |     tokio::fs::write(&certificate_path, cert.certificate.as_bytes()).await?;
[INFO] [stdout]     |            ^^ could not find `fs` in `tokio`
[INFO] [stdout]     |
[INFO] [stdout] note: found an item that was configured out
[INFO] [stdout]    --> /opt/rustwide/cargo-home/registry/src/index.crates.io-1949cf8c6b5b557f/tokio-1.53.1/src/lib.rs:523:13
[INFO] [stdout]     |
[INFO] [stdout] 523 |     pub mod fs;
[INFO] [stdout]     |             ^^
[INFO] [stdout]     |
[INFO] [stdout]    ::: /opt/rustwide/cargo-home/registry/src/index.crates.io-1949cf8c6b5b557f/tokio-1.53.1/src/macros/cfg.rs:132:19
[INFO] [stdout]     |
[INFO] [stdout] 132 |             #[cfg(feature = "fs")]
[INFO] [stdout]     |                   -------------- the item is gated behind the `fs` feature
[INFO] [stdout] help: consider importing this module
[INFO] [stdout]     |
[INFO] [stdout]   6 + use std::fs;
[INFO] [stdout]     |
[INFO] [stdout] help: if you import `fs`, refer to it directly
[INFO] [stdout]     |
[INFO] [stdout] 965 -     tokio::fs::write(&certificate_path, cert.certificate.as_bytes()).await?;
[INFO] [stdout] 965 +     fs::write(&certificate_path, cert.certificate.as_bytes()).await?;
[INFO] [stdout]     |
[INFO] [stdout] 
[INFO] [stdout] 
[INFO] [stdout] error[E0433]: cannot find `fs` in `tokio`
[INFO] [stdout]    --> tests/signing.rs:967:12
[INFO] [stdout]     |
[INFO] [stdout] 967 |     tokio::fs::write(&password_path, keys::ED25519_KEY_PASSWORD.as_bytes()).await?;
[INFO] [stdout]     |            ^^ could not find `fs` in `tokio`
[INFO] [stdout]     |
[INFO] [stdout] note: found an item that was configured out
[INFO] [stdout]    --> /opt/rustwide/cargo-home/registry/src/index.crates.io-1949cf8c6b5b557f/tokio-1.53.1/src/lib.rs:523:13
[INFO] [stdout]     |
[INFO] [stdout] 523 |     pub mod fs;
[INFO] [stdout]     |             ^^
[INFO] [stdout]     |
[INFO] [stdout]    ::: /opt/rustwide/cargo-home/registry/src/index.crates.io-1949cf8c6b5b557f/tokio-1.53.1/src/macros/cfg.rs:132:19
[INFO] [stdout]     |
[INFO] [stdout] 132 |             #[cfg(feature = "fs")]
[INFO] [stdout]     |                   -------------- the item is gated behind the `fs` feature
[INFO] [stdout] help: consider importing this module
[INFO] [stdout]     |
[INFO] [stdout]   6 + use std::fs;
[INFO] [stdout]     |
[INFO] [stdout] help: if you import `fs`, refer to it directly
[INFO] [stdout]     |
[INFO] [stdout] 967 -     tokio::fs::write(&password_path, keys::ED25519_KEY_PASSWORD.as_bytes()).await?;
[INFO] [stdout] 967 +     fs::write(&password_path, keys::ED25519_KEY_PASSWORD.as_bytes()).await?;
[INFO] [stdout]     |
[INFO] [stdout] 
[INFO] [stdout] 
[INFO] [stdout] error[E0433]: cannot find `fs` in `tokio`
[INFO] [stdout]     --> tests/signing.rs:1007:12
[INFO] [stdout]      |
[INFO] [stdout] 1007 |     tokio::fs::create_dir_all(&cryptoki_config_dir).await?;
[INFO] [stdout]      |            ^^ could not find `fs` in `tokio`
[INFO] [stdout]      |
[INFO] [stdout] note: found an item that was configured out
[INFO] [stdout]     --> /opt/rustwide/cargo-home/registry/src/index.crates.io-1949cf8c6b5b557f/tokio-1.53.1/src/lib.rs:523:13
[INFO] [stdout]      |
[INFO] [stdout]  523 |     pub mod fs;
[INFO] [stdout]      |             ^^
[INFO] [stdout]      |
[INFO] [stdout]     ::: /opt/rustwide/cargo-home/registry/src/index.crates.io-1949cf8c6b5b557f/tokio-1.53.1/src/macros/cfg.rs:132:19
[INFO] [stdout]      |
[INFO] [stdout]  132 |             #[cfg(feature = "fs")]
[INFO] [stdout]      |                   -------------- the item is gated behind the `fs` feature
[INFO] [stdout] help: consider importing this module
[INFO] [stdout]      |
[INFO] [stdout]    6 + use std::fs;
[INFO] [stdout]      |
[INFO] [stdout] help: if you import `fs`, refer to it directly
[INFO] [stdout]      |
[INFO] [stdout] 1007 -     tokio::fs::create_dir_all(&cryptoki_config_dir).await?;
[INFO] [stdout] 1007 +     fs::create_dir_all(&cryptoki_config_dir).await?;
[INFO] [stdout]      |
[INFO] [stdout] 
[INFO] [stdout] 
[INFO] [stderr] error: could not compile `siguldry-pkcs11` (test "sigul_imported_keys") due to 13 previous errors; 4 warnings emitted
[INFO] [stdout] error[E0433]: cannot find `fs` in `tokio`
[INFO] [stdout]     --> tests/signing.rs:1009:12
[INFO] [stdout]      |
[INFO] [stdout] 1009 |     tokio::fs::write(
[INFO] [stdout]      |            ^^ could not find `fs` in `tokio`
[INFO] [stdout]      |
[INFO] [stdout] note: found an item that was configured out
[INFO] [stdout]     --> /opt/rustwide/cargo-home/registry/src/index.crates.io-1949cf8c6b5b557f/tokio-1.53.1/src/lib.rs:523:13
[INFO] [stdout]      |
[INFO] [stdout]  523 |     pub mod fs;
[INFO] [stdout]      |             ^^
[INFO] [stdout]      |
[INFO] [stdout]     ::: /opt/rustwide/cargo-home/registry/src/index.crates.io-1949cf8c6b5b557f/tokio-1.53.1/src/macros/cfg.rs:132:19
[INFO] [stdout]      |
[INFO] [stdout]  132 |             #[cfg(feature = "fs")]
[INFO] [stdout]      |                   -------------- the item is gated behind the `fs` feature
[INFO] [stdout] help: consider importing this module
[INFO] [stdout]      |
[INFO] [stdout]    6 + use std::fs;
[INFO] [stdout]      |
[INFO] [stdout] help: if you import `fs`, refer to it directly
[INFO] [stdout]      |
[INFO] [stdout] 1009 -     tokio::fs::write(
[INFO] [stdout] 1009 +     fs::write(
[INFO] [stdout]      |
[INFO] [stdout] 
[INFO] [stdout] 
[INFO] [stdout] error[E0433]: cannot find `fs` in `tokio`
[INFO] [stdout]     --> tests/signing.rs:1075:12
[INFO] [stdout]      |
[INFO] [stdout] 1075 |     tokio::fs::write(&data_path, data).await?;
[INFO] [stdout]      |            ^^ could not find `fs` in `tokio`
[INFO] [stdout]      |
[INFO] [stdout] note: found an item that was configured out
[INFO] [stdout]     --> /opt/rustwide/cargo-home/registry/src/index.crates.io-1949cf8c6b5b557f/tokio-1.53.1/src/lib.rs:523:13
[INFO] [stdout]      |
[INFO] [stdout]  523 |     pub mod fs;
[INFO] [stdout]      |             ^^
[INFO] [stdout]      |
[INFO] [stdout]     ::: /opt/rustwide/cargo-home/registry/src/index.crates.io-1949cf8c6b5b557f/tokio-1.53.1/src/macros/cfg.rs:132:19
[INFO] [stdout]      |
[INFO] [stdout]  132 |             #[cfg(feature = "fs")]
[INFO] [stdout]      |                   -------------- the item is gated behind the `fs` feature
[INFO] [stdout] help: consider importing this module
[INFO] [stdout]      |
[INFO] [stdout]    6 + use std::fs;
[INFO] [stdout]      |
[INFO] [stdout] help: if you import `fs`, refer to it directly
[INFO] [stdout]      |
[INFO] [stdout] 1075 -     tokio::fs::write(&data_path, data).await?;
[INFO] [stdout] 1075 +     fs::write(&data_path, data).await?;
[INFO] [stdout]      |
[INFO] [stdout] 
[INFO] [stdout] 
[INFO] [stdout] error[E0433]: cannot find `fs` in `tokio`
[INFO] [stdout]     --> tests/signing.rs:1088:12
[INFO] [stdout]      |
[INFO] [stdout] 1088 |     tokio::fs::write(&certificate_path, cert.certificate.as_bytes()).await?;
[INFO] [stdout]      |            ^^ could not find `fs` in `tokio`
[INFO] [stdout]      |
[INFO] [stdout] note: found an item that was configured out
[INFO] [stdout]     --> /opt/rustwide/cargo-home/registry/src/index.crates.io-1949cf8c6b5b557f/tokio-1.53.1/src/lib.rs:523:13
[INFO] [stdout]      |
[INFO] [stdout]  523 |     pub mod fs;
[INFO] [stdout]      |             ^^
[INFO] [stdout]      |
[INFO] [stdout]     ::: /opt/rustwide/cargo-home/registry/src/index.crates.io-1949cf8c6b5b557f/tokio-1.53.1/src/macros/cfg.rs:132:19
[INFO] [stdout]      |
[INFO] [stdout]  132 |             #[cfg(feature = "fs")]
[INFO] [stdout]      |                   -------------- the item is gated behind the `fs` feature
[INFO] [stdout] help: consider importing this module
[INFO] [stdout]      |
[INFO] [stdout]    6 + use std::fs;
[INFO] [stdout]      |
[INFO] [stdout] help: if you import `fs`, refer to it directly
[INFO] [stdout]      |
[INFO] [stdout] 1088 -     tokio::fs::write(&certificate_path, cert.certificate.as_bytes()).await?;
[INFO] [stdout] 1088 +     fs::write(&certificate_path, cert.certificate.as_bytes()).await?;
[INFO] [stdout]      |
[INFO] [stdout] 
[INFO] [stdout] 
[INFO] [stdout] error[E0433]: cannot find `fs` in `tokio`
[INFO] [stdout]     --> tests/signing.rs:1090:12
[INFO] [stdout]      |
[INFO] [stdout] 1090 |     tokio::fs::write(
[INFO] [stdout]      |            ^^ could not find `fs` in `tokio`
[INFO] [stdout]      |
[INFO] [stdout] note: found an item that was configured out
[INFO] [stdout]     --> /opt/rustwide/cargo-home/registry/src/index.crates.io-1949cf8c6b5b557f/tokio-1.53.1/src/lib.rs:523:13
[INFO] [stdout]      |
[INFO] [stdout]  523 |     pub mod fs;
[INFO] [stdout]      |             ^^
[INFO] [stdout]      |
[INFO] [stdout]     ::: /opt/rustwide/cargo-home/registry/src/index.crates.io-1949cf8c6b5b557f/tokio-1.53.1/src/macros/cfg.rs:132:19
[INFO] [stdout]      |
[INFO] [stdout]  132 |             #[cfg(feature = "fs")]
[INFO] [stdout]      |                   -------------- the item is gated behind the `fs` feature
[INFO] [stdout] help: consider importing this module
[INFO] [stdout]      |
[INFO] [stdout]    6 + use std::fs;
[INFO] [stdout]      |
[INFO] [stdout] help: if you import `fs`, refer to it directly
[INFO] [stdout]      |
[INFO] [stdout] 1090 -     tokio::fs::write(
[INFO] [stdout] 1090 +     fs::write(
[INFO] [stdout]      |
[INFO] [stdout] 
[INFO] [stdout] 
[INFO] [stdout] error[E0433]: cannot find `fs` in `tokio`
[INFO] [stdout]     --> tests/signing.rs:1134:12
[INFO] [stdout]      |
[INFO] [stdout] 1134 |     tokio::fs::create_dir_all(&cryptoki_config_dir).await?;
[INFO] [stdout]      |            ^^ could not find `fs` in `tokio`
[INFO] [stdout]      |
[INFO] [stdout] note: found an item that was configured out
[INFO] [stdout]     --> /opt/rustwide/cargo-home/registry/src/index.crates.io-1949cf8c6b5b557f/tokio-1.53.1/src/lib.rs:523:13
[INFO] [stdout]      |
[INFO] [stdout]  523 |     pub mod fs;
[INFO] [stdout]      |             ^^
[INFO] [stdout]      |
[INFO] [stdout]     ::: /opt/rustwide/cargo-home/registry/src/index.crates.io-1949cf8c6b5b557f/tokio-1.53.1/src/macros/cfg.rs:132:19
[INFO] [stdout]      |
[INFO] [stdout]  132 |             #[cfg(feature = "fs")]
[INFO] [stdout]      |                   -------------- the item is gated behind the `fs` feature
[INFO] [stdout] help: consider importing this module
[INFO] [stdout]      |
[INFO] [stdout]    6 + use std::fs;
[INFO] [stdout]      |
[INFO] [stdout] help: if you import `fs`, refer to it directly
[INFO] [stdout]      |
[INFO] [stdout] 1134 -     tokio::fs::create_dir_all(&cryptoki_config_dir).await?;
[INFO] [stdout] 1134 +     fs::create_dir_all(&cryptoki_config_dir).await?;
[INFO] [stdout]      |
[INFO] [stdout] 
[INFO] [stdout] 
[INFO] [stdout] error[E0433]: cannot find `fs` in `tokio`
[INFO] [stdout]     --> tests/signing.rs:1136:12
[INFO] [stdout]      |
[INFO] [stdout] 1136 |     tokio::fs::write(
[INFO] [stdout]      |            ^^ could not find `fs` in `tokio`
[INFO] [stdout]      |
[INFO] [stdout] note: found an item that was configured out
[INFO] [stdout]     --> /opt/rustwide/cargo-home/registry/src/index.crates.io-1949cf8c6b5b557f/tokio-1.53.1/src/lib.rs:523:13
[INFO] [stdout]      |
[INFO] [stdout]  523 |     pub mod fs;
[INFO] [stdout]      |             ^^
[INFO] [stdout]      |
[INFO] [stdout]     ::: /opt/rustwide/cargo-home/registry/src/index.crates.io-1949cf8c6b5b557f/tokio-1.53.1/src/macros/cfg.rs:132:19
[INFO] [stdout]      |
[INFO] [stdout]  132 |             #[cfg(feature = "fs")]
[INFO] [stdout]      |                   -------------- the item is gated behind the `fs` feature
[INFO] [stdout] help: consider importing this module
[INFO] [stdout]      |
[INFO] [stdout]    6 + use std::fs;
[INFO] [stdout]      |
[INFO] [stdout] help: if you import `fs`, refer to it directly
[INFO] [stdout]      |
[INFO] [stdout] 1136 -     tokio::fs::write(
[INFO] [stdout] 1136 +     fs::write(
[INFO] [stdout]      |
[INFO] [stdout] 
[INFO] [stdout] 
[INFO] [stdout] error[E0433]: cannot find `fs` in `tokio`
[INFO] [stdout]     --> tests/signing.rs:1309:12
[INFO] [stdout]      |
[INFO] [stdout] 1309 |     tokio::fs::write(&certificate_path, certificate.certificate.as_bytes()).await?;
[INFO] [stdout]      |            ^^ could not find `fs` in `tokio`
[INFO] [stdout]      |
[INFO] [stdout] note: found an item that was configured out
[INFO] [stdout]     --> /opt/rustwide/cargo-home/registry/src/index.crates.io-1949cf8c6b5b557f/tokio-1.53.1/src/lib.rs:523:13
[INFO] [stdout]      |
[INFO] [stdout]  523 |     pub mod fs;
[INFO] [stdout]      |             ^^
[INFO] [stdout]      |
[INFO] [stdout]     ::: /opt/rustwide/cargo-home/registry/src/index.crates.io-1949cf8c6b5b557f/tokio-1.53.1/src/macros/cfg.rs:132:19
[INFO] [stdout]      |
[INFO] [stdout]  132 |             #[cfg(feature = "fs")]
[INFO] [stdout]      |                   -------------- the item is gated behind the `fs` feature
[INFO] [stdout] help: consider importing this module
[INFO] [stdout]      |
[INFO] [stdout]    6 + use std::fs;
[INFO] [stdout]      |
[INFO] [stdout] help: if you import `fs`, refer to it directly
[INFO] [stdout]      |
[INFO] [stdout] 1309 -     tokio::fs::write(&certificate_path, certificate.certificate.as_bytes()).await?;
[INFO] [stdout] 1309 +     fs::write(&certificate_path, certificate.certificate.as_bytes()).await?;
[INFO] [stdout]      |
[INFO] [stdout] 
[INFO] [stdout] 
[INFO] [stdout] error[E0433]: cannot find `fs` in `tokio`
[INFO] [stdout]     --> tests/signing.rs:1313:12
[INFO] [stdout]      |
[INFO] [stdout] 1313 |     tokio::fs::create_dir(&nss_dir).await?;
[INFO] [stdout]      |            ^^ could not find `fs` in `tokio`
[INFO] [stdout]      |
[INFO] [stdout] note: found an item that was configured out
[INFO] [stdout]     --> /opt/rustwide/cargo-home/registry/src/index.crates.io-1949cf8c6b5b557f/tokio-1.53.1/src/lib.rs:523:13
[INFO] [stdout]      |
[INFO] [stdout]  523 |     pub mod fs;
[INFO] [stdout]      |             ^^
[INFO] [stdout]      |
[INFO] [stdout]     ::: /opt/rustwide/cargo-home/registry/src/index.crates.io-1949cf8c6b5b557f/tokio-1.53.1/src/macros/cfg.rs:132:19
[INFO] [stdout]      |
[INFO] [stdout]  132 |             #[cfg(feature = "fs")]
[INFO] [stdout]      |                   -------------- the item is gated behind the `fs` feature
[INFO] [stdout] help: consider importing this module
[INFO] [stdout]      |
[INFO] [stdout]    6 + use std::fs;
[INFO] [stdout]      |
[INFO] [stdout] help: if you import `fs`, refer to it directly
[INFO] [stdout]      |
[INFO] [stdout] 1313 -     tokio::fs::create_dir(&nss_dir).await?;
[INFO] [stdout] 1313 +     fs::create_dir(&nss_dir).await?;
[INFO] [stdout]      |
[INFO] [stdout] 
[INFO] [stdout] 
[INFO] [stdout] warning: method call on a diverging inference variable
[INFO] [stdout]    --> tests/signing.rs:720:10
[INFO] [stdout]     |
[INFO] [stdout] 720 |         .openpgp_certificates()
[INFO] [stdout]     |          ^^^^^^^^^^^^^^^^^^^^
[INFO] [stdout]     |
[INFO] [stdout]     = help: consider providing a type annotation
[INFO] [stdout]     = warning: this was previously accepted by the compiler but is being phased out; it will become a hard error in a future release!
[INFO] [stdout]     = note: for more information, see issue #156047 <https://github.com/rust-lang/rust/issues/156047>
[INFO] [stdout]     = note: `-W method-call-on-diverging-infer-var` implied by `-W future-incompatible`
[INFO] [stdout]     = help: to override `-W future-incompatible` add `#[allow(method_call_on_diverging_infer_var)]`
[INFO] [stdout] 
[INFO] [stdout] 
[INFO] [stdout] error[E0599]: no method named `openpgp_certificates` found for type `!` in the current scope
[INFO] [stdout]    --> tests/signing.rs:720:10
[INFO] [stdout]     |
[INFO] [stdout] 719 |       let cert = expected_pubkey
[INFO] [stdout]     |  ________________-
[INFO] [stdout] 720 | |         .openpgp_certificates()
[INFO] [stdout]     | |         -^^^^^^^^^^^^^^^^^^^^ method not found in `!`
[INFO] [stdout]     | |_________|
[INFO] [stdout]     |
[INFO] [stdout] 
[INFO] [stdout] 
[INFO] [stdout] warning: method call on a diverging inference variable
[INFO] [stdout]    --> tests/signing.rs:838:10
[INFO] [stdout]     |
[INFO] [stdout] 838 |         .openpgp_certificates()
[INFO] [stdout]     |          ^^^^^^^^^^^^^^^^^^^^
[INFO] [stdout]     |
[INFO] [stdout]     = help: consider providing a type annotation
[INFO] [stdout]     = warning: this was previously accepted by the compiler but is being phased out; it will become a hard error in a future release!
[INFO] [stdout]     = note: for more information, see issue #156047 <https://github.com/rust-lang/rust/issues/156047>
[INFO] [stdout] 
[INFO] [stdout] 
[INFO] [stdout] error[E0599]: no method named `openpgp_certificates` found for type `!` in the current scope
[INFO] [stdout]    --> tests/signing.rs:838:10
[INFO] [stdout]     |
[INFO] [stdout] 837 |       let cert = expected_pubkey
[INFO] [stdout]     |  ________________-
[INFO] [stdout] 838 | |         .openpgp_certificates()
[INFO] [stdout]     | |         -^^^^^^^^^^^^^^^^^^^^ method not found in `!`
[INFO] [stdout]     | |_________|
[INFO] [stdout]     |
[INFO] [stdout] 
[INFO] [stdout] 
[INFO] [stdout] warning: method call on a diverging inference variable
[INFO] [stdout]    --> tests/signing.rs:961:10
[INFO] [stdout]     |
[INFO] [stdout] 961 |         .openpgp_certificates()
[INFO] [stdout]     |          ^^^^^^^^^^^^^^^^^^^^
[INFO] [stdout]     |
[INFO] [stdout]     = help: consider providing a type annotation
[INFO] [stdout]     = warning: this was previously accepted by the compiler but is being phased out; it will become a hard error in a future release!
[INFO] [stdout]     = note: for more information, see issue #156047 <https://github.com/rust-lang/rust/issues/156047>
[INFO] [stdout] 
[INFO] [stdout] 
[INFO] [stdout] error[E0599]: no method named `openpgp_certificates` found for type `!` in the current scope
[INFO] [stdout]    --> tests/signing.rs:961:10
[INFO] [stdout]     |
[INFO] [stdout] 960 |       let cert = expected_pubkey
[INFO] [stdout]     |  ________________-
[INFO] [stdout] 961 | |         .openpgp_certificates()
[INFO] [stdout]     | |         -^^^^^^^^^^^^^^^^^^^^ method not found in `!`
[INFO] [stdout]     | |_________|
[INFO] [stdout]     |
[INFO] [stdout] 
[INFO] [stdout] 
[INFO] [stdout] warning: method call on a diverging inference variable
[INFO] [stdout]     --> tests/signing.rs:1084:10
[INFO] [stdout]      |
[INFO] [stdout] 1084 |         .openpgp_certificates()
[INFO] [stdout]      |          ^^^^^^^^^^^^^^^^^^^^
[INFO] [stdout]      |
[INFO] [stdout]      = help: consider providing a type annotation
[INFO] [stdout]      = warning: this was previously accepted by the compiler but is being phased out; it will become a hard error in a future release!
[INFO] [stdout]      = note: for more information, see issue #156047 <https://github.com/rust-lang/rust/issues/156047>
[INFO] [stdout] 
[INFO] [stdout] 
[INFO] [stdout] error[E0599]: no method named `openpgp_certificates` found for type `!` in the current scope
[INFO] [stdout]     --> tests/signing.rs:1084:10
[INFO] [stdout]      |
[INFO] [stdout] 1083 |       let cert = expected_pubkey
[INFO] [stdout]      |  ________________-
[INFO] [stdout] 1084 | |         .openpgp_certificates()
[INFO] [stdout]      | |         -^^^^^^^^^^^^^^^^^^^^ method not found in `!`
[INFO] [stdout]      | |_________|
[INFO] [stdout]      |
[INFO] [stdout] 
[INFO] [stdout] 
[INFO] [stdout] warning: method call on a diverging inference variable
[INFO] [stdout]     --> tests/signing.rs:1304:10
[INFO] [stdout]      |
[INFO] [stdout] 1304 |         .x509_certificates()
[INFO] [stdout]      |          ^^^^^^^^^^^^^^^^^
[INFO] [stdout]      |
[INFO] [stdout]      = help: consider providing a type annotation
[INFO] [stdout]      = warning: this was previously accepted by the compiler but is being phased out; it will become a hard error in a future release!
[INFO] [stdout]      = note: for more information, see issue #156047 <https://github.com/rust-lang/rust/issues/156047>
[INFO] [stdout] 
[INFO] [stdout] 
[INFO] [stdout] error[E0599]: no method named `x509_certificates` found for type `!` in the current scope
[INFO] [stdout]     --> tests/signing.rs:1304:10
[INFO] [stdout]      |
[INFO] [stdout] 1303 |       let certificate = key
[INFO] [stdout]      |  _______________________-
[INFO] [stdout] 1304 | |         .x509_certificates()
[INFO] [stdout]      | |         -^^^^^^^^^^^^^^^^^ method not found in `!`
[INFO] [stdout]      | |_________|
[INFO] [stdout]      |
[INFO] [stdout] 
[INFO] [stdout] 
[INFO] [stdout] Some errors have detailed explanations: E0432, E0433, E0599.
[INFO] [stdout] 
[INFO] [stdout] For more information about an error, try `rustc --explain E0432`.
[INFO] [stdout] 
[INFO] [stderr] error: could not compile `siguldry-pkcs11` (test "signing") due to 28 previous errors; 10 warnings emitted
[INFO] running `Command { std: "docker" "inspect" "ab7e046987cfd711d6156f85d9ee3693f2076fde20a8e1e007b3152285a29b0d", kill_on_drop: false }`
[INFO] running `Command { std: "docker" "rm" "-f" "ab7e046987cfd711d6156f85d9ee3693f2076fde20a8e1e007b3152285a29b0d", kill_on_drop: false }`
[INFO] [stdout] ab7e046987cfd711d6156f85d9ee3693f2076fde20a8e1e007b3152285a29b0d
