[INFO] fetching crate signalfut 0.1.1...
[INFO] testing signalfut-0.1.1 against 1.99.0-beta.8+cargoflags=--release for beta-release-1.100-2
[INFO] extracting crate signalfut 0.1.1 into /workspace/builds/worker-0-tc1/source
[INFO] started tweaking crates.io crate signalfut 0.1.1
[INFO] finished tweaking crates.io crate signalfut 0.1.1
[INFO] tweaked toml for crates.io crate signalfut 0.1.1 written to /workspace/builds/worker-0-tc1/source/Cargo.toml
[INFO] validating manifest of crates.io crate signalfut 0.1.1 on toolchain 1.99.0-beta.8
[INFO] running `Command { std: CARGO_HOME="/workspace/cargo-home" RUSTUP_HOME="/workspace/rustup-home" "/workspace/cargo-home/bin/cargo" "+1.99.0-beta.8" "metadata" "--manifest-path" "Cargo.toml" "--no-deps", kill_on_drop: false }`
[INFO] crate crates.io crate signalfut 0.1.1 already has a lockfile, it will not be regenerated
[INFO] running `Command { std: CARGO_HOME="/workspace/cargo-home" RUSTUP_HOME="/workspace/rustup-home" "/workspace/cargo-home/bin/cargo" "+1.99.0-beta.8" "fetch" "--manifest-path" "Cargo.toml", kill_on_drop: false }`
[INFO] [stderr]     Updating crates.io index
[INFO] [stderr]  Downloading crates ...
[INFO] [stderr]   Downloaded async-fs v2.1.2
[INFO] [stderr]   Downloaded event-listener v5.3.1
[INFO] [stderr]   Downloaded sketches-ddsketch v0.1.3
[INFO] [stderr]   Downloaded owned-alloc v0.2.0
[INFO] [stderr]   Downloaded async-io v2.3.4
[INFO] [stderr]   Downloaded event-listener-strategy v0.5.2
[INFO] [stderr]   Downloaded monoio-macros v0.1.0
[INFO] [stderr]   Downloaded futures-lite v2.3.0
[INFO] [stderr]   Downloaded rlimit v0.6.2
[INFO] [stderr]   Downloaded enclose v1.2.0
[INFO] [stderr]   Downloaded crossbeam-queue v0.3.11
[INFO] [stderr]   Downloaded auto-const-array v0.2.1
[INFO] [stderr]   Downloaded os_pipe v1.2.1
[INFO] [stderr]   Downloaded value-bag v1.9.0
[INFO] [stderr]   Downloaded concurrent-queue v1.2.4
[INFO] [stderr]   Downloaded cache-padded v1.3.0
[INFO] [stderr]   Downloaded buddy-alloc v0.4.2
[INFO] [stderr]   Downloaded aligned-array v1.0.1
[INFO] [stderr]   Downloaded compio-runtime v0.3.0
[INFO] [stderr]   Downloaded compio-macros v0.1.2
[INFO] [stderr]   Downloaded compio-log v0.1.0
[INFO] [stderr]   Downloaded io-uring v0.6.4
[INFO] [stderr]   Downloaded compio-buf v0.3.0
[INFO] [stderr]   Downloaded compio-net v0.3.0
[INFO] [stderr]   Downloaded compio-fs v0.3.0
[INFO] [stderr]   Downloaded compio v0.10.0
[INFO] [stderr]   Downloaded lockfree v0.5.1
[INFO] [stderr]   Downloaded crossbeam-channel v0.5.13
[INFO] [stderr]   Downloaded compio-driver v0.3.0
[INFO] [stderr]   Downloaded compio-io v0.2.0
[INFO] [stderr]   Downloaded monoio v0.2.4
[INFO] [stderr]   Downloaded async-std v1.13.0
[INFO] [stderr]   Downloaded glommio v0.9.0
[INFO] running `Command { std: "docker" "create" "-v" "/var/lib/crater-agent-workspace/builds/worker-0-tc1/source:/opt/rustwide/workdir:ro,Z" "-v" "/var/lib/crater-agent-workspace/builds/worker-0-tc1/target:/opt/rustwide/target:rw,Z" "-v" "/var/lib/crater-agent-workspace/cargo-home:/opt/rustwide/cargo-home:ro,Z" "-v" "/var/lib/crater-agent-workspace/rustup-home:/opt/rustwide/rustup-home:ro,Z" "-m" "1610612736" "--network" "none" "ghcr.io/rust-lang/crates-build-env/linux@sha256:77db811e55d90add9212f6832c23229e3de5f1c1f9905e8cb07319ea15df73ac" "sleep" "infinity", kill_on_drop: false }`
[INFO] [stdout] 2d82021c3071ce816dc4af8677cff58183edc8a2ffabcb148c358245490a9721
[INFO] running `Command { std: "docker" "start" "2d82021c3071ce816dc4af8677cff58183edc8a2ffabcb148c358245490a9721", kill_on_drop: false }`
[INFO] running `Command { std: "docker" "inspect" "2d82021c3071ce816dc4af8677cff58183edc8a2ffabcb148c358245490a9721", kill_on_drop: false }`
[INFO] running `Command { std: "docker" "exec" "-e" "SOURCE_DIR=/opt/rustwide/workdir" "-e" "CARGO_HOME=/opt/rustwide/cargo-home" "-e" "RUSTUP_HOME=/opt/rustwide/rustup-home" "-e" "CARGO_TARGET_DIR=/opt/rustwide/target" "-w" "/opt/rustwide/workdir" "--user" "0:0" "2d82021c3071ce816dc4af8677cff58183edc8a2ffabcb148c358245490a9721" "/opt/rustwide/cargo-home/bin/cargo" "+1.99.0-beta.8" "metadata" "--no-deps" "--format-version=1", kill_on_drop: false }`
[INFO] running `Command { std: "docker" "inspect" "2d82021c3071ce816dc4af8677cff58183edc8a2ffabcb148c358245490a9721", kill_on_drop: false }`
[INFO] running `Command { std: "docker" "exec" "-e" "SOURCE_DIR=/opt/rustwide/workdir" "-e" "CARGO_HOME=/opt/rustwide/cargo-home" "-e" "RUSTUP_HOME=/opt/rustwide/rustup-home" "-e" "CARGO_TARGET_DIR=/opt/rustwide/target" "-e" "CARGO_INCREMENTAL=0" "-e" "RUST_BACKTRACE=full" "-e" "RUSTFLAGS=--cap-lints=warn" "-e" "RUSTDOCFLAGS=--cap-lints=warn" "-w" "/opt/rustwide/workdir" "--user" "0:0" "2d82021c3071ce816dc4af8677cff58183edc8a2ffabcb148c358245490a9721" "/opt/rustwide/cargo-home/bin/cargo" "+1.99.0-beta.8" "build" "--frozen" "--message-format=json" "--release", kill_on_drop: false }`
[INFO] [stderr]    Compiling proc-macro2 v1.0.86
[INFO] [stderr]    Compiling unicode-ident v1.0.13
[INFO] [stderr]    Compiling crossbeam-utils v0.8.20
[INFO] [stderr]    Compiling libc v0.2.172
[INFO] [stderr]    Compiling bitflags v2.6.0
[INFO] [stderr]    Compiling pin-project-lite v0.2.14
[INFO] [stderr]    Compiling nix v0.30.1
[INFO] [stderr]    Compiling quote v1.0.37
[INFO] [stderr]    Compiling syn v2.0.77
[INFO] [stderr]    Compiling concurrent-queue v2.5.0
[INFO] [stderr]    Compiling event-listener v5.3.1
[INFO] [stderr]    Compiling pin-project-internal v1.1.5
[INFO] [stderr]    Compiling pin-project v1.1.5
[INFO] [stderr]    Compiling signalfut v0.1.1 (/opt/rustwide/workdir)
[INFO] [stdout] warning: creating a shared reference to mutable static
[INFO] [stdout]    --> src/lib.rs:132:23
[INFO] [stdout]     |
[INFO] [stdout] 132 |     let tx = unsafe { TO_HELPER_THREAD.as_ref().unwrap_unchecked() };
[INFO] [stdout]     |                       ^^^^^^^^^^^^^^^^^^^^^^^^^ shared reference to mutable static
[INFO] [stdout]     |
[INFO] [stdout]     = note: shared references to mutable statics are dangerous; it's undefined behavior if the static is mutated or if a mutable reference is created for it while the shared reference lives
[INFO] [stdout]     = help: use a type that relies on "interior mutability" instead; to read more on this, visit <https://doc.rust-lang.org/reference/interior-mutability.html>
[INFO] [stdout]     = note: for more information, see <https://doc.rust-lang.org/edition-guide/rust-2024/static-mut-references.html>
[INFO] [stdout]     = note: `#[warn(static_mut_refs)]` (part of `#[warn(rust_2024_compatibility)]`) on by default
[INFO] [stdout] 
[INFO] [stdout] 
[INFO] [stderr]     Finished `release` profile [optimized] target(s) in 7.85s
[INFO] running `Command { std: "docker" "inspect" "2d82021c3071ce816dc4af8677cff58183edc8a2ffabcb148c358245490a9721", kill_on_drop: false }`
[INFO] running `Command { std: "docker" "exec" "-e" "SOURCE_DIR=/opt/rustwide/workdir" "-e" "CARGO_HOME=/opt/rustwide/cargo-home" "-e" "RUSTUP_HOME=/opt/rustwide/rustup-home" "-e" "CARGO_TARGET_DIR=/opt/rustwide/target" "-e" "CARGO_INCREMENTAL=0" "-e" "RUST_BACKTRACE=full" "-e" "RUSTFLAGS=--cap-lints=warn" "-e" "RUSTDOCFLAGS=--cap-lints=warn" "-w" "/opt/rustwide/workdir" "--user" "0:0" "2d82021c3071ce816dc4af8677cff58183edc8a2ffabcb148c358245490a9721" "/opt/rustwide/cargo-home/bin/cargo" "+1.99.0-beta.8" "test" "--frozen" "--no-run" "--message-format=json" "--release", kill_on_drop: false }`
[INFO] [stderr]    Compiling autocfg v1.3.0
[INFO] [stderr]    Compiling crossbeam-utils v0.8.20
[INFO] [stderr]    Compiling futures-core v0.3.30
[INFO] [stderr]    Compiling futures-io v0.3.30
[INFO] [stderr]    Compiling bitflags v2.6.0
[INFO] [stderr]    Compiling futures-sink v0.3.30
[INFO] [stderr]    Compiling fastrand v2.1.1
[INFO] [stderr]    Compiling rustix v0.38.37
[INFO] [stderr]    Compiling linux-raw-sys v0.4.14
[INFO] [stderr]    Compiling io-uring v0.6.4
[INFO] [stderr]    Compiling futures-task v0.3.30
[INFO] [stderr]    Compiling syn v2.0.77
[INFO] [stderr]    Compiling socket2 v0.5.7
[INFO] [stderr]    Compiling compio-buf v0.3.0
[INFO] [stderr]    Compiling getrandom v0.2.15
[INFO] [stderr]    Compiling scopeguard v1.2.0
[INFO] [stderr]    Compiling futures-channel v0.3.30
[INFO] [stderr]    Compiling value-bag v1.9.0
[INFO] [stderr]    Compiling signal-hook-registry v1.4.2
[INFO] [stderr]    Compiling equivalent v1.0.1
[INFO] [stderr]    Compiling smallvec v1.13.2
[INFO] [stderr]    Compiling hashbrown v0.14.5
[INFO] [stderr]    Compiling nanorand v0.7.0
[INFO] [stderr]    Compiling os_pipe v1.2.1
[INFO] [stderr]    Compiling futures-lite v2.3.0
[INFO] [stderr]    Compiling piper v0.2.4
[INFO] [stderr]    Compiling log v0.4.22
[INFO] [stderr]    Compiling slab v0.4.9
[INFO] [stderr]    Compiling lock_api v0.4.12
[INFO] [stderr]    Compiling memoffset v0.9.1
[INFO] [stderr]    Compiling memoffset v0.7.1
[INFO] [stderr]    Compiling winnow v0.6.18
[INFO] [stderr]    Compiling toml_datetime v0.6.8
[INFO] [stderr]    Compiling cc v1.1.21
[INFO] [stderr]    Compiling adler2 v2.0.0
[INFO] [stderr]    Compiling gimli v0.31.0
[INFO] [stderr]    Compiling typenum v1.17.0
[INFO] [stderr]    Compiling miniz_oxide v0.8.0
[INFO] [stderr]    Compiling spin v0.9.8
[INFO] [stderr]    Compiling indexmap v2.5.0
[INFO] [stderr]    Compiling syn v1.0.109
[INFO] [stderr]    Compiling num_cpus v1.16.0
[INFO] [stderr]    Compiling object v0.36.4
[INFO] [stderr]    Compiling either v1.13.0
[INFO] [stderr]    Compiling concurrent-queue v2.5.0
[INFO] [stderr]    Compiling crossbeam-channel v0.5.13
[INFO] [stderr]    Compiling crossbeam-queue v0.3.11
[INFO] [stderr]    Compiling crossbeam-epoch v0.9.18
[INFO] [stderr]    Compiling rustc-demangle v0.1.24
[INFO] [stderr]    Compiling event-listener v5.3.1
[INFO] [stderr]    Compiling cache-padded v1.3.0
[INFO] [stderr]    Compiling owned-alloc v0.2.0
[INFO] [stderr]    Compiling event-listener-strategy v0.5.2
[INFO] [stderr]    Compiling lockfree v0.5.1
[INFO] [stderr]    Compiling async-lock v3.4.0
[INFO] [stderr]    Compiling async-channel v2.3.1
[INFO] [stderr]    Compiling async-executor v1.13.1
[INFO] [stderr]    Compiling crossbeam-deque v0.8.5
[INFO] [stderr]    Compiling fxhash v0.2.1
[INFO] [stderr]    Compiling concurrent-queue v1.2.4
[INFO] [stderr]    Compiling async-channel v1.9.0
[INFO] [stderr]    Compiling blocking v1.6.1
[INFO] [stderr]    Compiling futures-lite v1.13.0
[INFO] [stderr]    Compiling crossbeam v0.8.4
[INFO] [stderr]    Compiling flume v0.11.0
[INFO] [stderr]    Compiling threadpool v1.8.1
[INFO] [stderr]    Compiling async-fs v2.1.2
[INFO] [stderr]    Compiling glommio v0.9.0
[INFO] [stderr]    Compiling nix v0.30.1
[INFO] [stderr]    Compiling ahash v0.7.8
[INFO] [stderr]    Compiling signal-hook v0.3.17
[INFO] [stderr]    Compiling nix v0.26.4
[INFO] [stderr]    Compiling mio v0.8.11
[INFO] [stderr]    Compiling kv-log-macro v1.0.7
[INFO] [stderr]    Compiling toml_edit v0.22.21
[INFO] [stderr]    Compiling intrusive-collections v0.9.7
[INFO] [stderr]    Compiling nix v0.27.1
[INFO] [stderr]    Compiling socket2 v0.4.10
[INFO] [stderr]    Compiling rlimit v0.6.2
[INFO] [stderr]    Compiling bytes v1.7.2
[INFO] [stderr] warning: glommio@0.9.0: In file included from /opt/rustwide/cargo-home/registry/src/index.crates.io-1949cf8c6b5b557f/glommio-0.9.0/liburing/src/setup.c:15:
[INFO] [stderr] warning: glommio@0.9.0: /opt/rustwide/cargo-home/registry/src/index.crates.io-1949cf8c6b5b557f/glommio-0.9.0/liburing/src/include/liburing.h:555:66: warning: 'struct open_how' declared inside parameter list will not be visible outside of this definition or declaration
[INFO] [stderr] warning: glommio@0.9.0:   555 |                                         const char *path, struct open_how *how)
[INFO] [stderr] warning: glommio@0.9.0:       |                                                                  ^~~~~~~~
[INFO] [stderr] warning: glommio@0.9.0: /opt/rustwide/cargo-home/registry/src/index.crates.io-1949cf8c6b5b557f/glommio-0.9.0/liburing/src/include/liburing.h: In function 'io_uring_prep_openat2':
[INFO] [stderr] warning: glommio@0.9.0: /opt/rustwide/cargo-home/registry/src/index.crates.io-1949cf8c6b5b557f/glommio-0.9.0/liburing/src/include/liburing.h:557:67: error: invalid application of 'sizeof' to incomplete type 'struct open_how'
[INFO] [stderr] warning: glommio@0.9.0:   557 |         io_uring_prep_rw(IORING_OP_OPENAT2, sqe, dfd, path, sizeof(*how),
[INFO] [stderr] warning: glommio@0.9.0:       |                                                                   ^
[INFO] [stderr] warning: glommio@0.9.0: /opt/rustwide/cargo-home/registry/src/index.crates.io-1949cf8c6b5b557f/glommio-0.9.0/liburing/src/include/liburing.h: At top level:
[INFO] [stderr] warning: glommio@0.9.0: /opt/rustwide/cargo-home/registry/src/index.crates.io-1949cf8c6b5b557f/glommio-0.9.0/liburing/src/include/liburing.h:564:56: warning: 'struct open_how' declared inside parameter list will not be visible outside of this definition or declaration
[INFO] [stderr] warning: glommio@0.9.0:   564 |                                                 struct open_how *how,
[INFO] [stderr] warning: glommio@0.9.0:       |                                                        ^~~~~~~~
[INFO] [stderr] warning: glommio@0.9.0: /opt/rustwide/cargo-home/registry/src/index.crates.io-1949cf8c6b5b557f/glommio-0.9.0/liburing/src/include/liburing.h: In function 'io_uring_prep_openat2_direct':
[INFO] [stderr] warning: glommio@0.9.0: /opt/rustwide/cargo-home/registry/src/index.crates.io-1949cf8c6b5b557f/glommio-0.9.0/liburing/src/include/liburing.h:567:47: error: passing argument 4 of 'io_uring_prep_openat2' from incompatible pointer type [-Wincompatible-pointer-types]
[INFO] [stderr] warning: glommio@0.9.0:   567 |         io_uring_prep_openat2(sqe, dfd, path, how);
[INFO] [stderr] warning: glommio@0.9.0:       |                                               ^~~
[INFO] [stderr] warning: glommio@0.9.0:       |                                               |
[INFO] [stderr] warning: glommio@0.9.0:       |                                               struct open_how *
[INFO] [stderr] warning: glommio@0.9.0: /opt/rustwide/cargo-home/registry/src/index.crates.io-1949cf8c6b5b557f/glommio-0.9.0/liburing/src/include/liburing.h:555:76: note: expected 'struct open_how *' but argument is of type 'struct open_how *'
[INFO] [stderr] warning: glommio@0.9.0:   555 |                                         const char *path, struct open_how *how)
[INFO] [stderr] warning: glommio@0.9.0:       |                                                           ~~~~~~~~~~~~~~~~~^~~
[INFO] [stderr] error: failed to run custom build command for `glommio v0.9.0`
[INFO] [stderr] note: To improve backtraces for build dependencies, set the CARGO_PROFILE_RELEASE_BUILD_OVERRIDE_DEBUG=true environment variable to enable debug information generation.
[INFO] [stderr] 
[INFO] [stderr] Caused by:
[INFO] [stderr]   process didn't exit successfully: `/opt/rustwide/target/release/build/glommio-56ecf171be2d97b6/build-script-build` (exit status: 1)
[INFO] [stderr]   --- stdout
[INFO] [stderr]   OUT_DIR = Some(/opt/rustwide/target/release/build/glommio-16154197923eaa38/out)
[INFO] [stderr]   TARGET = Some(x86_64-unknown-linux-gnu)
[INFO] [stderr]   OPT_LEVEL = Some(3)
[INFO] [stderr]   HOST = Some(x86_64-unknown-linux-gnu)
[INFO] [stderr]   cargo:rerun-if-env-changed=CC_x86_64-unknown-linux-gnu
[INFO] [stderr]   CC_x86_64-unknown-linux-gnu = None
[INFO] [stderr]   cargo:rerun-if-env-changed=CC_x86_64_unknown_linux_gnu
[INFO] [stderr]   CC_x86_64_unknown_linux_gnu = None
[INFO] [stderr]   cargo:rerun-if-env-changed=HOST_CC
[INFO] [stderr]   HOST_CC = None
[INFO] [stderr]   cargo:rerun-if-env-changed=CC
[INFO] [stderr]   CC = None
[INFO] [stderr]   cargo:rerun-if-env-changed=CC_ENABLE_DEBUG_OUTPUT
[INFO] [stderr]   RUSTC_WRAPPER = None
[INFO] [stderr]   cargo:rerun-if-env-changed=CRATE_CC_NO_DEFAULTS
[INFO] [stderr]   CRATE_CC_NO_DEFAULTS = None
[INFO] [stderr]   DEBUG = Some(false)
[INFO] [stderr]   CARGO_CFG_TARGET_FEATURE = Some(fxsr,sse,sse2)
[INFO] [stderr]   cargo:rerun-if-env-changed=CFLAGS_x86_64-unknown-linux-gnu
[INFO] [stderr]   CFLAGS_x86_64-unknown-linux-gnu = None
[INFO] [stderr]   cargo:rerun-if-env-changed=CFLAGS_x86_64_unknown_linux_gnu
[INFO] [stderr]   CFLAGS_x86_64_unknown_linux_gnu = None
[INFO] [stderr]   cargo:rerun-if-env-changed=HOST_CFLAGS
[INFO] [stderr]   HOST_CFLAGS = None
[INFO] [stderr]   cargo:rerun-if-env-changed=CFLAGS
[INFO] [stderr]   CFLAGS = None
[INFO] [stderr]   cargo:warning=In file included from /opt/rustwide/cargo-home/registry/src/index.crates.io-1949cf8c6b5b557f/glommio-0.9.0/liburing/src/setup.c:15:
[INFO] [stderr]   cargo:warning=/opt/rustwide/cargo-home/registry/src/index.crates.io-1949cf8c6b5b557f/glommio-0.9.0/liburing/src/include/liburing.h:555:66: warning: 'struct open_how' declared inside parameter list will not be visible outside of this definition or declaration
[INFO] [stderr]   cargo:warning=  555 |                                         const char *path, struct open_how *how)
[INFO] [stderr]   cargo:warning=      |                                                                  ^~~~~~~~
[INFO] [stderr]   cargo:warning=/opt/rustwide/cargo-home/registry/src/index.crates.io-1949cf8c6b5b557f/glommio-0.9.0/liburing/src/include/liburing.h: In function 'io_uring_prep_openat2':
[INFO] [stderr]   cargo:warning=/opt/rustwide/cargo-home/registry/src/index.crates.io-1949cf8c6b5b557f/glommio-0.9.0/liburing/src/include/liburing.h:557:67: error: invalid application of 'sizeof' to incomplete type 'struct open_how'
[INFO] [stderr]   cargo:warning=  557 |         io_uring_prep_rw(IORING_OP_OPENAT2, sqe, dfd, path, sizeof(*how),
[INFO] [stderr]   cargo:warning=      |                                                                   ^
[INFO] [stderr]   cargo:warning=/opt/rustwide/cargo-home/registry/src/index.crates.io-1949cf8c6b5b557f/glommio-0.9.0/liburing/src/include/liburing.h: At top level:
[INFO] [stderr]   cargo:warning=/opt/rustwide/cargo-home/registry/src/index.crates.io-1949cf8c6b5b557f/glommio-0.9.0/liburing/src/include/liburing.h:564:56: warning: 'struct open_how' declared inside parameter list will not be visible outside of this definition or declaration
[INFO] [stderr]   cargo:warning=  564 |                                                 struct open_how *how,
[INFO] [stderr]   cargo:warning=      |                                                        ^~~~~~~~
[INFO] [stderr]   cargo:warning=/opt/rustwide/cargo-home/registry/src/index.crates.io-1949cf8c6b5b557f/glommio-0.9.0/liburing/src/include/liburing.h: In function 'io_uring_prep_openat2_direct':
[INFO] [stderr]   cargo:warning=/opt/rustwide/cargo-home/registry/src/index.crates.io-1949cf8c6b5b557f/glommio-0.9.0/liburing/src/include/liburing.h:567:47: error: passing argument 4 of 'io_uring_prep_openat2' from incompatible pointer type [-Wincompatible-pointer-types]
[INFO] [stderr]   cargo:warning=  567 |         io_uring_prep_openat2(sqe, dfd, path, how);
[INFO] [stderr]   cargo:warning=      |                                               ^~~
[INFO] [stderr]   cargo:warning=      |                                               |
[INFO] [stderr]   cargo:warning=      |                                               struct open_how *
[INFO] [stderr]   cargo:warning=/opt/rustwide/cargo-home/registry/src/index.crates.io-1949cf8c6b5b557f/glommio-0.9.0/liburing/src/include/liburing.h:555:76: note: expected 'struct open_how *' but argument is of type 'struct open_how *'
[INFO] [stderr]   cargo:warning=  555 |                                         const char *path, struct open_how *how)
[INFO] [stderr]   cargo:warning=      |                                                           ~~~~~~~~~~~~~~~~~^~~
[INFO] [stderr] 
[INFO] [stderr]   --- stderr
[INFO] [stderr]   fatal: not a git repository (or any parent up to mount point /opt/rustwide)
[INFO] [stderr]   Stopping at filesystem boundary (GIT_DISCOVERY_ACROSS_FILESYSTEM not set).
[INFO] [stderr] 
[INFO] [stderr] 
[INFO] [stderr]   error occurred: Command "cc" "-O3" "-ffunction-sections" "-fdata-sections" "-fPIC" "-m64" "-I" "/opt/rustwide/cargo-home/registry/src/index.crates.io-1949cf8c6b5b557f/glommio-0.9.0/liburing/src/include" "-I" "/opt/rustwide/target/release/build/glommio-16154197923eaa38/out/src/include" "-Wall" "-o" "/opt/rustwide/target/release/build/glommio-16154197923eaa38/out/aa26e4009196fabf-setup.o" "-c" "/opt/rustwide/cargo-home/registry/src/index.crates.io-1949cf8c6b5b557f/glommio-0.9.0/liburing/src/setup.c" with args cc did not execute successfully (status code exit status: 1).
[INFO] [stderr] 
[INFO] [stderr] 
[INFO] [stderr] warning: build failed, waiting for other jobs to finish...
[INFO] running `Command { std: "docker" "inspect" "2d82021c3071ce816dc4af8677cff58183edc8a2ffabcb148c358245490a9721", kill_on_drop: false }`
[INFO] running `Command { std: "docker" "rm" "-f" "2d82021c3071ce816dc4af8677cff58183edc8a2ffabcb148c358245490a9721", kill_on_drop: false }`
[INFO] [stdout] 2d82021c3071ce816dc4af8677cff58183edc8a2ffabcb148c358245490a9721
