[INFO] fetching crate sightline-py-facts 0.3.0...
[INFO] testing sightline-py-facts-0.3.0 against 1.99.0-beta.8+cargoflags=--release for beta-release-1.100-2
[INFO] extracting crate sightline-py-facts 0.3.0 into /workspace/builds/worker-6-tc1/source
[INFO] started tweaking crates.io crate sightline-py-facts 0.3.0
[INFO] removed 0 missing tests
[INFO] finished tweaking crates.io crate sightline-py-facts 0.3.0
[INFO] tweaked toml for crates.io crate sightline-py-facts 0.3.0 written to /workspace/builds/worker-6-tc1/source/Cargo.toml
[INFO] validating manifest of crates.io crate sightline-py-facts 0.3.0 on toolchain 1.99.0-beta.8
[INFO] running `Command { std: CARGO_HOME="/workspace/cargo-home" RUSTUP_HOME="/workspace/rustup-home" "/workspace/cargo-home/bin/cargo" "+1.99.0-beta.8" "metadata" "--manifest-path" "Cargo.toml" "--no-deps", kill_on_drop: false }`
[INFO] crate crates.io crate sightline-py-facts 0.3.0 already has a lockfile, it will not be regenerated
[INFO] running `Command { std: CARGO_HOME="/workspace/cargo-home" RUSTUP_HOME="/workspace/rustup-home" "/workspace/cargo-home/bin/cargo" "+1.99.0-beta.8" "fetch" "--manifest-path" "Cargo.toml", kill_on_drop: false }`
[INFO] [stderr]     Updating crates.io index
[INFO] [stderr]  Downloading crates ...
[INFO] [stderr]   Downloaded ordermap v1.2.1
[INFO] [stderr]   Downloaded toml v0.9.12+spec-1.1.0
[INFO] [stderr]   Downloaded sightline-ruff-python-trivia v0.1.0
[INFO] [stderr]   Downloaded sightline-ruff-python-stdlib v0.1.0
[INFO] [stderr]   Downloaded thin-vec v0.2.19
[INFO] [stderr]   Downloaded sightline-ruff-text-size v0.1.0
[INFO] [stderr]   Downloaded get-size2 v0.10.3
[INFO] [stderr]   Downloaded sightline-ruff-source-file v0.1.0
[INFO] [stderr]   Downloaded get-size-derive2 v0.10.3
[INFO] [stderr]   Downloaded unicode_names2_generator v1.3.0
[INFO] [stderr]   Downloaded sightline-ruff-python-parser v0.1.0
[INFO] [stderr]   Downloaded is-macro v0.3.8
[INFO] [stderr]   Downloaded drop_bomb v0.1.5
[INFO] [stderr]   Downloaded unicode_names2 v1.3.0
[INFO] [stderr]   Downloaded char_str v0.0.2
[INFO] [stderr]   Downloaded sightline-ruff-python-literal v0.1.0
[INFO] [stderr]   Downloaded sightline-ruff-python-ast v0.1.0
[INFO] [stderr]   Downloaded sightline-ruff-python-codegen v0.1.0
[INFO] [stderr]   Downloaded sightline-core v0.3.0
[INFO] [stderr]   Downloaded self_cell v1.3.0
[INFO] [stderr]   Downloaded camino v1.2.5
[INFO] running `Command { std: "docker" "create" "-v" "/var/lib/crater-agent-workspace/builds/worker-6-tc1/source:/opt/rustwide/workdir:ro,Z" "-v" "/var/lib/crater-agent-workspace/builds/worker-6-tc1/target:/opt/rustwide/target:rw,Z" "-v" "/var/lib/crater-agent-workspace/cargo-home:/opt/rustwide/cargo-home:ro,Z" "-v" "/var/lib/crater-agent-workspace/rustup-home:/opt/rustwide/rustup-home:ro,Z" "-m" "1610612736" "--network" "none" "ghcr.io/rust-lang/crates-build-env/linux@sha256:77db811e55d90add9212f6832c23229e3de5f1c1f9905e8cb07319ea15df73ac" "sleep" "infinity", kill_on_drop: false }`
[INFO] [stdout] c144750d7110fda0ce832b7b55f41bb5eac7b27a0509955ec2e7a9453d09a703
[INFO] running `Command { std: "docker" "start" "c144750d7110fda0ce832b7b55f41bb5eac7b27a0509955ec2e7a9453d09a703", kill_on_drop: false }`
[INFO] running `Command { std: "docker" "inspect" "c144750d7110fda0ce832b7b55f41bb5eac7b27a0509955ec2e7a9453d09a703", kill_on_drop: false }`
[INFO] running `Command { std: "docker" "exec" "-e" "SOURCE_DIR=/opt/rustwide/workdir" "-e" "CARGO_HOME=/opt/rustwide/cargo-home" "-e" "RUSTUP_HOME=/opt/rustwide/rustup-home" "-e" "CARGO_TARGET_DIR=/opt/rustwide/target" "-w" "/opt/rustwide/workdir" "--user" "0:0" "c144750d7110fda0ce832b7b55f41bb5eac7b27a0509955ec2e7a9453d09a703" "/opt/rustwide/cargo-home/bin/cargo" "+1.99.0-beta.8" "metadata" "--no-deps" "--format-version=1", kill_on_drop: false }`
[INFO] running `Command { std: "docker" "inspect" "c144750d7110fda0ce832b7b55f41bb5eac7b27a0509955ec2e7a9453d09a703", kill_on_drop: false }`
[INFO] running `Command { std: "docker" "exec" "-e" "SOURCE_DIR=/opt/rustwide/workdir" "-e" "CARGO_HOME=/opt/rustwide/cargo-home" "-e" "RUSTUP_HOME=/opt/rustwide/rustup-home" "-e" "CARGO_TARGET_DIR=/opt/rustwide/target" "-e" "CARGO_INCREMENTAL=0" "-e" "RUST_BACKTRACE=full" "-e" "RUSTFLAGS=--cap-lints=warn" "-e" "RUSTDOCFLAGS=--cap-lints=warn" "-w" "/opt/rustwide/workdir" "--user" "0:0" "c144750d7110fda0ce832b7b55f41bb5eac7b27a0509955ec2e7a9453d09a703" "/opt/rustwide/cargo-home/bin/cargo" "+1.99.0-beta.8" "build" "--frozen" "--message-format=json" "--release", kill_on_drop: false }`
[INFO] [stderr]    Compiling serde_core v1.0.229
[INFO] [stderr]    Compiling smallvec v1.15.2
[INFO] [stderr]    Compiling zmij v1.0.23
[INFO] [stderr]    Compiling libc v0.2.189
[INFO] [stderr]    Compiling rustversion v1.0.23
[INFO] [stderr]    Compiling zerocopy v0.8.56
[INFO] [stderr]    Compiling interpolator v0.5.0
[INFO] [stderr]    Compiling collection_literals v1.0.3
[INFO] [stderr]    Compiling thin-vec v0.2.19
[INFO] [stderr]    Compiling siphasher v1.0.3
[INFO] [stderr]    Compiling object v0.39.1
[INFO] [stderr]    Compiling syn v3.0.4
[INFO] [stderr]    Compiling find-msvc-tools v0.1.11
[INFO] [stderr]    Compiling aho-corasick v1.1.5
[INFO] [stderr]    Compiling derive-where v1.6.1
[INFO] [stderr]    Compiling memchr v2.8.3
[INFO] [stderr]    Compiling cc v1.4.4
[INFO] [stderr]    Compiling either v1.18.0
[INFO] [stderr]    Compiling phf_shared v0.11.3
[INFO] [stderr]    Compiling proc-macro-utils v0.10.0
[INFO] [stderr]    Compiling unicode-ident v1.0.24
[INFO] [stderr]    Compiling unicode-width v0.2.2
[INFO] [stderr]    Compiling crossbeam-utils v0.8.22
[INFO] [stderr]    Compiling crossbeam-epoch v0.9.20
[INFO] [stderr]    Compiling getopts v0.2.24
[INFO] [stderr]    Compiling regex-syntax v0.8.11
[INFO] [stderr]    Compiling rustc-hash v2.1.3
[INFO] [stderr]    Compiling log v0.4.34
[INFO] [stderr]    Compiling typenum v1.20.1
[INFO] [stderr]    Compiling thiserror v2.0.20
[INFO] [stderr]    Compiling quote-use-macros v0.8.4
[INFO] [stderr]    Compiling manyhow-macros v0.11.4
[INFO] [stderr]    Compiling itertools v0.15.0
[INFO] [stderr]    Compiling writeable v0.6.4
[INFO] [stderr]    Compiling quote-use v0.8.4
[INFO] [stderr]    Compiling bitflags v2.13.1
[INFO] [stderr]    Compiling castaway v0.2.4
[INFO] [stderr]    Compiling icu_properties_data v2.3.0
[INFO] [stderr]    Compiling compact_str v0.10.0
[INFO] [stderr]    Compiling manyhow v0.11.4
[INFO] [stderr]    Compiling litemap v0.8.3
[INFO] [stderr]    Compiling attribute-derive-macro v0.10.5
[INFO] [stderr]    Compiling crossbeam-deque v0.8.7
[INFO] [stderr]    Compiling is-macro v0.3.8
[INFO] [stderr]    Compiling arrayvec v0.7.8
[INFO] [stderr]    Compiling tinyvec v1.12.0
[INFO] [stderr]    Compiling generic-array v0.14.7
[INFO] [stderr]    Compiling phf v0.11.3
[INFO] [stderr]    Compiling serde_json v1.0.151
[INFO] [stderr]    Compiling winnow v1.0.4
[INFO] [stderr]    Compiling serde v1.0.229
[INFO] [stderr]    Compiling regex-automata v0.4.18
[INFO] [stderr]    Compiling attribute-derive v0.10.5
[INFO] [stderr]    Compiling camino v1.2.5
[INFO] [stderr]    Compiling getrandom v0.2.17
[INFO] [stderr]    Compiling rand_core v0.6.4
[INFO] [stderr]    Compiling anyhow v1.0.104
[INFO] [stderr]    Compiling toml_parser v1.1.3+spec-1.1.0
[INFO] [stderr]    Compiling stacker v0.1.25
[INFO] [stderr]    Compiling zerovec-derive v0.11.6
[INFO] [stderr]    Compiling displaydoc v0.2.7
[INFO] [stderr]    Compiling thiserror-impl v2.0.20
[INFO] [stderr]    Compiling block-buffer v0.10.4
[INFO] [stderr]    Compiling crypto-common v0.1.7
[INFO] [stderr]    Compiling rayon-core v1.13.0
[INFO] [stderr]    Compiling digest v0.10.7
[INFO] [stderr]    Compiling serde_derive v1.0.229
[INFO] [stderr]    Compiling unicode-normalization v0.1.25
[INFO] [stderr]    Compiling drop_bomb v0.1.5
[INFO] [stderr]    Compiling winnow v0.7.15
[INFO] [stderr]    Compiling get-size-derive2 v0.10.3
[INFO] [stderr]    Compiling toml_writer v1.1.2+spec-1.1.0
[INFO] [stderr]    Compiling sha2 v0.10.9
[INFO] [stderr]    Compiling zerotrie v0.2.5
[INFO] [stderr]    Compiling zerovec v0.11.8
[INFO] [stderr]    Compiling rayon v1.12.0
[INFO] [stderr]    Compiling indexmap v2.14.1
[INFO] [stderr]    Compiling serde_spanned v1.1.1
[INFO] [stderr]    Compiling toml_datetime v0.7.5+spec-1.1.0
[INFO] [stderr]    Compiling tinystr v0.8.4
[INFO] [stderr]    Compiling potential_utf v0.1.6
[INFO] [stderr]    Compiling icu_collections v2.3.0
[INFO] [stderr]    Compiling similar v2.7.0
[INFO] [stderr]    Compiling icu_locale_core v2.3.0
[INFO] [stderr]    Compiling ar_archive_writer v0.5.3
[INFO] [stderr]    Compiling sightline-ruff-python-stdlib v0.1.0
[INFO] [stderr]    Compiling self_cell v1.3.0
[INFO] [stderr]    Compiling ppv-lite86 v0.2.21
[INFO] [stderr]    Compiling toml v0.9.12+spec-1.1.0
[INFO] [stderr]    Compiling icu_provider v2.3.1
[INFO] [stderr]    Compiling ordermap v1.2.1
[INFO] [stderr]    Compiling rand_chacha v0.3.1
[INFO] [stderr]    Compiling rand v0.8.8
[INFO] [stderr]    Compiling psm v0.1.32
[INFO] [stderr]    Compiling get-size2 v0.10.3
[INFO] [stderr]    Compiling icu_properties v2.3.0
[INFO] [stderr]    Compiling sightline-ruff-text-size v0.1.0
[INFO] [stderr]    Compiling char_str v0.0.2
[INFO] [stderr]    Compiling sightline-ruff-source-file v0.1.0
[INFO] [stderr]    Compiling bstr v1.13.1
[INFO] [stderr]    Compiling sightline-ruff-python-trivia v0.1.0
[INFO] [stderr]    Compiling phf_generator v0.11.3
[INFO] [stderr]    Compiling regex v1.13.1
[INFO] [stderr]    Compiling phf_codegen v0.11.3
[INFO] [stderr]    Compiling unicode_names2_generator v1.3.0
[INFO] [stderr]    Compiling sightline-ruff-python-ast v0.1.0
[INFO] [stderr]    Compiling unicode_names2 v1.3.0
[INFO] [stderr]    Compiling sightline-core v0.3.0
[INFO] [stderr]    Compiling sightline-ruff-python-literal v0.1.0
[INFO] [stderr]    Compiling sightline-ruff-python-parser v0.1.0
[INFO] [stderr]    Compiling sightline-ruff-python-codegen v0.1.0
[INFO] [stderr]    Compiling sightline-py-facts v0.3.0 (/opt/rustwide/workdir)
[INFO] [stderr]     Finished `release` profile [optimized] target(s) in 1m 34s
[INFO] running `Command { std: "docker" "inspect" "c144750d7110fda0ce832b7b55f41bb5eac7b27a0509955ec2e7a9453d09a703", kill_on_drop: false }`
[INFO] running `Command { std: "docker" "exec" "-e" "SOURCE_DIR=/opt/rustwide/workdir" "-e" "CARGO_HOME=/opt/rustwide/cargo-home" "-e" "RUSTUP_HOME=/opt/rustwide/rustup-home" "-e" "CARGO_TARGET_DIR=/opt/rustwide/target" "-e" "CARGO_INCREMENTAL=0" "-e" "RUST_BACKTRACE=full" "-e" "RUSTFLAGS=--cap-lints=warn" "-e" "RUSTDOCFLAGS=--cap-lints=warn" "-w" "/opt/rustwide/workdir" "--user" "0:0" "c144750d7110fda0ce832b7b55f41bb5eac7b27a0509955ec2e7a9453d09a703" "/opt/rustwide/cargo-home/bin/cargo" "+1.99.0-beta.8" "test" "--frozen" "--no-run" "--message-format=json" "--release", kill_on_drop: false }`
[INFO] [stderr]    Compiling bitflags v2.13.1
[INFO] [stderr]    Compiling getrandom v0.4.3
[INFO] [stderr]    Compiling once_cell v1.21.4
[INFO] [stderr]    Compiling fastrand v2.5.0
[INFO] [stderr]    Compiling sightline-ruff-python-ast v0.1.0
[INFO] [stderr]    Compiling rustix v1.1.4
[INFO] [stderr]    Compiling sightline-ruff-python-stdlib v0.1.0
[INFO] [stderr]    Compiling tempfile v3.27.0
[INFO] [stderr]    Compiling sightline-ruff-python-parser v0.1.0
[INFO] [stderr]    Compiling sightline-ruff-python-literal v0.1.0
[INFO] [stderr]    Compiling sightline-ruff-python-codegen v0.1.0
[INFO] [stderr]    Compiling sightline-py-facts v0.3.0 (/opt/rustwide/workdir)
[INFO] [stdout] error[E0432]: unresolved import `sightline_testkit`
[INFO] [stdout]   --> tests/facts/build.rs:10:5
[INFO] [stdout]    |
[INFO] [stdout] 10 | use sightline_testkit::{build, build_with};
[INFO] [stdout]    |     ^^^^^^^^^^^^^^^^^ use of unresolved module or unlinked crate `sightline_testkit`
[INFO] [stdout]    |
[INFO] [stdout]    = help: if you wanted to use a crate named `sightline_testkit`, use `cargo add sightline_testkit` to add it to your `Cargo.toml`
[INFO] [stdout] 
[INFO] [stdout] 
[INFO] [stdout] error[E0432]: unresolved import `sightline_testkit`
[INFO] [stdout]   --> tests/facts/resolve.rs:11:5
[INFO] [stdout]    |
[INFO] [stdout] 11 | use sightline_testkit::build;
[INFO] [stdout]    |     ^^^^^^^^^^^^^^^^^ use of unresolved module or unlinked crate `sightline_testkit`
[INFO] [stdout]    |
[INFO] [stdout]    = help: if you wanted to use a crate named `sightline_testkit`, use `cargo add sightline_testkit` to add it to your `Cargo.toml`
[INFO] [stdout] 
[INFO] [stdout] 
[INFO] [stdout] error[E0433]: cannot find module or crate `sightline_testkit` in this scope
[INFO] [stdout]    --> tests/facts/build.rs:346:15
[INFO] [stdout]     |
[INFO] [stdout] 346 |     let dir = sightline_testkit::make_repo(&[]);
[INFO] [stdout]     |               ^^^^^^^^^^^^^^^^^ use of unresolved module or unlinked crate `sightline_testkit`
[INFO] [stdout]     |
[INFO] [stdout]     = help: if you wanted to use a crate named `sightline_testkit`, use `cargo add sightline_testkit` to add it to your `Cargo.toml`
[INFO] [stdout] 
[INFO] [stdout] 
[INFO] [stdout] Some errors have detailed explanations: E0432, E0433.
[INFO] [stdout] 
[INFO] [stdout] For more information about an error, try `rustc --explain E0432`.
[INFO] [stdout] 
[INFO] [stderr] error: could not compile `sightline-py-facts` (test "facts") due to 3 previous errors
[INFO] [stderr] warning: build failed, waiting for other jobs to finish...
[INFO] running `Command { std: "docker" "inspect" "c144750d7110fda0ce832b7b55f41bb5eac7b27a0509955ec2e7a9453d09a703", kill_on_drop: false }`
[INFO] running `Command { std: "docker" "rm" "-f" "c144750d7110fda0ce832b7b55f41bb5eac7b27a0509955ec2e7a9453d09a703", kill_on_drop: false }`
[INFO] [stdout] c144750d7110fda0ce832b7b55f41bb5eac7b27a0509955ec2e7a9453d09a703
