[INFO] fetching crate sif-embedding 0.6.2...
[INFO] testing sif-embedding-0.6.2 against 1.99.0-beta.8+cargoflags=--release for beta-release-1.100-2
[INFO] extracting crate sif-embedding 0.6.2 into /workspace/builds/worker-4-tc1/source
[INFO] started tweaking crates.io crate sif-embedding 0.6.2
[INFO] finished tweaking crates.io crate sif-embedding 0.6.2
[INFO] tweaked toml for crates.io crate sif-embedding 0.6.2 written to /workspace/builds/worker-4-tc1/source/Cargo.toml
[INFO] validating manifest of crates.io crate sif-embedding 0.6.2 on toolchain 1.99.0-beta.8
[INFO] running `Command { std: CARGO_HOME="/workspace/cargo-home" RUSTUP_HOME="/workspace/rustup-home" "/workspace/cargo-home/bin/cargo" "+1.99.0-beta.8" "metadata" "--manifest-path" "Cargo.toml" "--no-deps", kill_on_drop: false }`
[INFO] crate crates.io crate sif-embedding 0.6.2 already has a lockfile, it will not be regenerated
[INFO] running `Command { std: CARGO_HOME="/workspace/cargo-home" RUSTUP_HOME="/workspace/rustup-home" "/workspace/cargo-home/bin/cargo" "+1.99.0-beta.8" "fetch" "--manifest-path" "Cargo.toml", kill_on_drop: false }`
[INFO] [stderr]     Updating crates.io index
[INFO] [stderr]  Downloading crates ...
[INFO] [stderr]   Downloaded openblas-src v0.10.11
[INFO] [stderr]   Downloaded openblas-build v0.10.11
[INFO] [stderr]   Downloaded xattr v1.4.0
[INFO] [stderr]   Downloaded libredox v0.1.3
[INFO] [stderr]   Downloaded cblas-sys v0.1.4
[INFO] [stderr]   Downloaded filetime v0.2.25
[INFO] [stderr]   Downloaded katexit v0.1.4
[INFO] [stderr]   Downloaded intel-mkl-src v0.8.1
[INFO] [stderr]   Downloaded cmake v0.1.52
[INFO] [stderr]   Downloaded rustls-native-certs v0.7.3
[INFO] [stderr]   Downloaded native-tls v0.2.12
[INFO] [stderr]   Downloaded language-tags v0.3.2
[INFO] [stderr]   Downloaded getset v0.1.4
[INFO] [stderr]   Downloaded log v0.4.25
[INFO] [stderr]   Downloaded tempfile v3.15.0
[INFO] [stderr]   Downloaded ocipkg v0.2.9
[INFO] [stderr]   Downloaded rustls-pki-types v1.10.1
[INFO] [stderr]   Downloaded lax v0.16.0
[INFO] [stderr]   Downloaded uuid v1.12.1
[INFO] [stderr]   Downloaded wordfreq v0.2.3
[INFO] [stderr]   Downloaded regex v1.10.6
[INFO] [stderr]   Downloaded tar v0.4.43
[INFO] [stderr]   Downloaded matrixmultiply v0.3.9
[INFO] [stderr]   Downloaded ndarray-linalg v0.16.0
[INFO] [stderr]   Downloaded oci-spec v0.6.8
[INFO] [stderr]   Downloaded openssl-sys v0.9.104
[INFO] [stderr]   Downloaded indexmap v2.7.1
[INFO] [stderr]   Downloaded cc v1.2.10
[INFO] [stderr]   Downloaded serde_json v1.0.137
[INFO] [stderr]   Downloaded winnow v0.6.24
[INFO] [stderr]   Downloaded webpki-roots v0.26.7
[INFO] [stderr]   Downloaded openssl v0.10.68
[INFO] [stderr]   Downloaded rustls v0.23.21
[INFO] [stderr]   Downloaded chrono v0.4.39
[INFO] [stderr]   Downloaded intel-mkl-tool v0.8.1
[INFO] [stderr]   Downloaded cauchy v0.4.0
[INFO] [stderr]   Downloaded murmur3 v0.5.2
[INFO] [stderr]   Downloaded finalfusion v0.17.2
[INFO] [stderr]   Downloaded rand_xorshift v0.3.0
[INFO] [stderr]   Downloaded reductive v0.9.0
[INFO] [stderr]   Downloaded ring v0.17.8
[INFO] [stderr]   Downloaded netlib-src v0.8.0
[INFO] [stderr]   Downloaded lapack-sys v0.14.0
[INFO] running `Command { std: "docker" "create" "-v" "/var/lib/crater-agent-workspace/builds/worker-4-tc1/source:/opt/rustwide/workdir:ro,Z" "-v" "/var/lib/crater-agent-workspace/builds/worker-4-tc1/target:/opt/rustwide/target:rw,Z" "-v" "/var/lib/crater-agent-workspace/cargo-home:/opt/rustwide/cargo-home:ro,Z" "-v" "/var/lib/crater-agent-workspace/rustup-home:/opt/rustwide/rustup-home:ro,Z" "-m" "1610612736" "--network" "none" "ghcr.io/rust-lang/crates-build-env/linux@sha256:77db811e55d90add9212f6832c23229e3de5f1c1f9905e8cb07319ea15df73ac" "sleep" "infinity", kill_on_drop: false }`
[INFO] [stdout] e6645cde6d2ea3637831d2512a5c39e9f27025c0f59c9487fcf7279d4cb10b6e
[INFO] running `Command { std: "docker" "start" "e6645cde6d2ea3637831d2512a5c39e9f27025c0f59c9487fcf7279d4cb10b6e", kill_on_drop: false }`
[INFO] running `Command { std: "docker" "inspect" "e6645cde6d2ea3637831d2512a5c39e9f27025c0f59c9487fcf7279d4cb10b6e", kill_on_drop: false }`
[INFO] running `Command { std: "docker" "exec" "-e" "SOURCE_DIR=/opt/rustwide/workdir" "-e" "CARGO_HOME=/opt/rustwide/cargo-home" "-e" "RUSTUP_HOME=/opt/rustwide/rustup-home" "-e" "CARGO_TARGET_DIR=/opt/rustwide/target" "-w" "/opt/rustwide/workdir" "--user" "0:0" "e6645cde6d2ea3637831d2512a5c39e9f27025c0f59c9487fcf7279d4cb10b6e" "/opt/rustwide/cargo-home/bin/cargo" "+1.99.0-beta.8" "metadata" "--no-deps" "--format-version=1", kill_on_drop: false }`
[INFO] running `Command { std: "docker" "inspect" "e6645cde6d2ea3637831d2512a5c39e9f27025c0f59c9487fcf7279d4cb10b6e", kill_on_drop: false }`
[INFO] running `Command { std: "docker" "exec" "-e" "SOURCE_DIR=/opt/rustwide/workdir" "-e" "CARGO_HOME=/opt/rustwide/cargo-home" "-e" "RUSTUP_HOME=/opt/rustwide/rustup-home" "-e" "CARGO_TARGET_DIR=/opt/rustwide/target" "-e" "CARGO_INCREMENTAL=0" "-e" "RUST_BACKTRACE=full" "-e" "RUSTFLAGS=--cap-lints=warn" "-e" "RUSTDOCFLAGS=--cap-lints=warn" "-w" "/opt/rustwide/workdir" "--user" "0:0" "e6645cde6d2ea3637831d2512a5c39e9f27025c0f59c9487fcf7279d4cb10b6e" "/opt/rustwide/cargo-home/bin/cargo" "+1.99.0-beta.8" "build" "--frozen" "--message-format=json" "--release", kill_on_drop: false }`
[INFO] [stderr]    Compiling proc-macro2 v1.0.93
[INFO] [stderr]    Compiling libc v0.2.169
[INFO] [stderr]    Compiling serde v1.0.217
[INFO] [stderr]    Compiling syn v1.0.109
[INFO] [stderr]    Compiling rawpointer v0.2.1
[INFO] [stderr]    Compiling anyhow v1.0.95
[INFO] [stderr]    Compiling unicode-ident v1.0.14
[INFO] [stderr]    Compiling num-traits v0.2.19
[INFO] [stderr]    Compiling matrixmultiply v0.3.9
[INFO] [stderr]    Compiling quote v1.0.38
[INFO] [stderr]    Compiling syn v2.0.96
[INFO] [stderr]    Compiling getrandom v0.2.15
[INFO] [stderr]    Compiling lapack-sys v0.14.0
[INFO] [stderr]    Compiling cblas-sys v0.1.4
[INFO] [stderr]    Compiling approx v0.4.0
[INFO] [stderr]    Compiling approx v0.5.1
[INFO] [stderr]    Compiling num-integer v0.1.46
[INFO] [stderr]    Compiling rand_core v0.6.4
[INFO] [stderr]    Compiling zerocopy-derive v0.7.35
[INFO] [stderr]    Compiling thiserror-impl v1.0.69
[INFO] [stderr]    Compiling zerocopy v0.7.35
[INFO] [stderr]    Compiling thiserror v1.0.69
[INFO] [stderr]    Compiling ppv-lite86 v0.2.20
[INFO] [stderr]    Compiling katexit v0.1.4
[INFO] [stderr]    Compiling bincode v1.3.3
[INFO] [stderr]    Compiling rand_chacha v0.3.1
[INFO] [stderr]    Compiling rand v0.8.5
[INFO] [stderr]    Compiling num-complex v0.4.6
[INFO] [stderr]    Compiling cauchy v0.4.0
[INFO] [stderr]    Compiling ndarray v0.15.6
[INFO] [stderr]    Compiling lax v0.16.0
[INFO] [stderr]    Compiling ndarray-linalg v0.16.0
[INFO] [stderr]    Compiling sif-embedding v0.6.2 (/opt/rustwide/workdir)
[INFO] [stdout] warning: hiding a lifetime that's elided elsewhere is confusing
[INFO] [stdout]    --> src/lib.rs:206:18
[INFO] [stdout]     |
[INFO] [stdout] 206 |     fn embedding(&self, word: &str) -> Option<CowArray<Float, Ix1>>;
[INFO] [stdout]     |                  ^^^^^                        ^^^^^^^^^^^^^^^^^^^^ the same lifetime is hidden here
[INFO] [stdout]     |                  |
[INFO] [stdout]     |                  the lifetime is elided here
[INFO] [stdout]     |
[INFO] [stdout]     = help: the same lifetime is referred to in inconsistent ways, making the signature confusing
[INFO] [stdout]     = note: `#[warn(mismatched_lifetime_syntaxes)]` on by default
[INFO] [stdout] help: use `'_` for type paths
[INFO] [stdout]     |
[INFO] [stdout] 206 |     fn embedding(&self, word: &str) -> Option<CowArray<'_, Float, Ix1>>;
[INFO] [stdout]     |                                                        +++
[INFO] [stdout] 
[INFO] [stdout] 
[INFO] [stderr]     Finished `release` profile [optimized] target(s) in 26.86s
[INFO] running `Command { std: "docker" "inspect" "e6645cde6d2ea3637831d2512a5c39e9f27025c0f59c9487fcf7279d4cb10b6e", kill_on_drop: false }`
[INFO] running `Command { std: "docker" "exec" "-e" "SOURCE_DIR=/opt/rustwide/workdir" "-e" "CARGO_HOME=/opt/rustwide/cargo-home" "-e" "RUSTUP_HOME=/opt/rustwide/rustup-home" "-e" "CARGO_TARGET_DIR=/opt/rustwide/target" "-e" "CARGO_INCREMENTAL=0" "-e" "RUST_BACKTRACE=full" "-e" "RUSTFLAGS=--cap-lints=warn" "-e" "RUSTDOCFLAGS=--cap-lints=warn" "-w" "/opt/rustwide/workdir" "--user" "0:0" "e6645cde6d2ea3637831d2512a5c39e9f27025c0f59c9487fcf7279d4cb10b6e" "/opt/rustwide/cargo-home/bin/cargo" "+1.99.0-beta.8" "test" "--frozen" "--no-run" "--message-format=json" "--release", kill_on_drop: false }`
[INFO] [stderr]    Compiling approx v0.5.1
[INFO] [stderr]    Compiling ndarray v0.15.6
[INFO] [stderr]    Compiling ndarray-linalg v0.16.0
[INFO] [stderr]    Compiling sif-embedding v0.6.2 (/opt/rustwide/workdir)
[INFO] [stdout] warning: hiding a lifetime that's elided elsewhere is confusing
[INFO] [stdout]    --> src/lib.rs:206:18
[INFO] [stdout]     |
[INFO] [stdout] 206 |     fn embedding(&self, word: &str) -> Option<CowArray<Float, Ix1>>;
[INFO] [stdout]     |                  ^^^^^                        ^^^^^^^^^^^^^^^^^^^^ the same lifetime is hidden here
[INFO] [stdout]     |                  |
[INFO] [stdout]     |                  the lifetime is elided here
[INFO] [stdout]     |
[INFO] [stdout]     = help: the same lifetime is referred to in inconsistent ways, making the signature confusing
[INFO] [stdout]     = note: `#[warn(mismatched_lifetime_syntaxes)]` on by default
[INFO] [stdout] help: use `'_` for type paths
[INFO] [stdout]     |
[INFO] [stdout] 206 |     fn embedding(&self, word: &str) -> Option<CowArray<'_, Float, Ix1>>;
[INFO] [stdout]     |                                                        +++
[INFO] [stdout] 
[INFO] [stdout] 
[INFO] [stdout] warning: hiding a lifetime that's elided elsewhere is confusing
[INFO] [stdout]    --> src/lib.rs:206:18
[INFO] [stdout]     |
[INFO] [stdout] 206 |     fn embedding(&self, word: &str) -> Option<CowArray<Float, Ix1>>;
[INFO] [stdout]     |                  ^^^^^                        ^^^^^^^^^^^^^^^^^^^^ the same lifetime is hidden here
[INFO] [stdout]     |                  |
[INFO] [stdout]     |                  the lifetime is elided here
[INFO] [stdout]     |
[INFO] [stdout]     = help: the same lifetime is referred to in inconsistent ways, making the signature confusing
[INFO] [stdout]     = note: `#[warn(mismatched_lifetime_syntaxes)]` on by default
[INFO] [stdout] help: use `'_` for type paths
[INFO] [stdout]     |
[INFO] [stdout] 206 |     fn embedding(&self, word: &str) -> Option<CowArray<'_, Float, Ix1>>;
[INFO] [stdout]     |                                                        +++
[INFO] [stdout] 
[INFO] [stdout] 
[INFO] [stdout] warning: hiding a lifetime that's elided elsewhere is confusing
[INFO] [stdout]    --> src/sif.rs:451:22
[INFO] [stdout]     |
[INFO] [stdout] 451 |         fn embedding(&self, word: &str) -> Option<CowArray<Float, Ix1>> {
[INFO] [stdout]     |                      ^^^^^                        ^^^^^^^^^^^^^^^^^^^^ the same lifetime is hidden here
[INFO] [stdout]     |                      |
[INFO] [stdout]     |                      the lifetime is elided here
[INFO] [stdout]     |
[INFO] [stdout]     = help: the same lifetime is referred to in inconsistent ways, making the signature confusing
[INFO] [stdout] help: use `'_` for type paths
[INFO] [stdout]     |
[INFO] [stdout] 451 |         fn embedding(&self, word: &str) -> Option<CowArray<'_, Float, Ix1>> {
[INFO] [stdout]     |                                                            +++
[INFO] [stdout] 
[INFO] [stdout] 
[INFO] [stdout] warning: hiding a lifetime that's elided elsewhere is confusing
[INFO] [stdout]    --> src/usif.rs:479:22
[INFO] [stdout]     |
[INFO] [stdout] 479 |         fn embedding(&self, word: &str) -> Option<CowArray<Float, Ix1>> {
[INFO] [stdout]     |                      ^^^^^                        ^^^^^^^^^^^^^^^^^^^^ the same lifetime is hidden here
[INFO] [stdout]     |                      |
[INFO] [stdout]     |                      the lifetime is elided here
[INFO] [stdout]     |
[INFO] [stdout]     = help: the same lifetime is referred to in inconsistent ways, making the signature confusing
[INFO] [stdout] help: use `'_` for type paths
[INFO] [stdout]     |
[INFO] [stdout] 479 |         fn embedding(&self, word: &str) -> Option<CowArray<'_, Float, Ix1>> {
[INFO] [stdout]     |                                                            +++
[INFO] [stdout] 
[INFO] [stdout] 
[INFO] [stdout] error: linking with `cc` failed: exit status: 1
[INFO] [stdout]   |
[INFO] [stdout]   = note:  "cc" "-m64" "/opt/rustwide/target/release/deps/rustcXF9ifQ/symbols.o" "<17 object files omitted>" "-Wl,--as-needed" "-Wl,-Bstatic" "/opt/rustwide/target/release/deps/libbincode-65c7403b2efdd3b1.rlib" "<sysroot>/lib/rustlib/x86_64-unknown-linux-gnu/lib/{libtest-*,libgetopts-*,librustc_std_workspace_std-*}.rlib" "/opt/rustwide/target/release/deps/{libndarray_linalg-3deeb5cc4865e263,liblax-ab036ff3f92d07b4,liblapack_sys-2f9d523dbdfcf5b2,libthiserror-8d8a12d684b321bd,libcauchy-f67a0125e3375384,libndarray-43cdbf83508c0278,libmatrixmultiply-190d681949b853fc,libapprox-5ef045b3e8d47440,libapprox-529f48bfa4450226,libnum_complex-0b3830f86cd9d564,librand-36ac1404b3514e63,librand_chacha-29aa288915f5c1a0,libppv_lite86-5a2d55f74fee8865,libzerocopy-07d9c0ace945c43f,libbyteorder-d0fb3ad4741450f8,librand_core-70a92b80e59ff1a6,libgetrandom-be7c8a1203da09ca,libcfg_if-193575a6b29a3ab9,libnum_integer-fb67ca2cf08e6b1f,libnum_traits-9b30c3642cb535eb,librawpointer-e637704b8109ab79,libserde-c0d6268821b26fb4,libcblas_sys-4ce8cc90e77543ec,liblibc-a78799f7cdc80f55,libanyhow-80316bd2a8067df0}.rlib" "<sysroot>/lib/rustlib/x86_64-unknown-linux-gnu/lib/{libstd-*,libpanic_unwind-*,libobject-*,libmemchr-*,libaddr2line-*,libgimli-*,libcfg_if-*,librustc_demangle-*,libstd_detect-*,libhashbrown-*,librustc_std_workspace_alloc-*,libminiz_oxide-*,libadler2-*,libunwind-*,liblibc-*,librustc_std_workspace_core-*,liballoc-*,libcore-*,libcompiler_builtins-*}.rlib" "-Wl,-Bdynamic" "-lgcc_s" "-lutil" "-lrt" "-lpthread" "-lm" "-ldl" "-lc" "-L" "/opt/rustwide/target/release/deps/rustcXF9ifQ/raw-dylibs" "-B<sysroot>/lib/rustlib/x86_64-unknown-linux-gnu/bin/gcc-ld" "-fuse-ld=lld" "-Wl,--eh-frame-hdr" "-Wl,-z,noexecstack" "-L" "<sysroot>/lib/rustlib/x86_64-unknown-linux-gnu/lib" "-o" "/opt/rustwide/target/release/deps/sif_embedding-479264c68a69097c" "-Wl,--gc-sections" "-pie" "-Wl,-z,relro,-z,now" "-Wl,-O1" "-Wl,--strip-debug" "-nodefaultlibs"
[INFO] [stdout]   = note: some arguments are omitted. use `--verbose` to show all linker arguments
[INFO] [stdout]   = note: rust-lld: error: undefined symbol: cblas_sgemm
[INFO] [stdout]           >>> referenced by sif_embedding.17c8f7a356211605-cgu.06
[INFO] [stdout]           >>>               /opt/rustwide/target/release/deps/sif_embedding-479264c68a69097c.sif_embedding.17c8f7a356211605-cgu.06.rcgu.o:(ndarray::linalg::impl_linalg::mat_mul_impl::<f32>)
[INFO] [stdout]           
[INFO] [stdout]           rust-lld: error: undefined symbol: spotrs_
[INFO] [stdout]           >>> referenced by lax.6e1735b3d30d1962-cgu.07
[INFO] [stdout]           >>>               lax-ab036ff3f92d07b4.lax.6e1735b3d30d1962-cgu.07.rcgu.o:(<f32 as lax::Lapack>::solve_cholesky) in archive /opt/rustwide/target/release/deps/liblax-ab036ff3f92d07b4.rlib
[INFO] [stdout]           
[INFO] [stdout]           rust-lld: error: undefined symbol: spotrf_
[INFO] [stdout]           >>> referenced by lax.6e1735b3d30d1962-cgu.07
[INFO] [stdout]           >>>               lax-ab036ff3f92d07b4.lax.6e1735b3d30d1962-cgu.07.rcgu.o:(<f32 as lax::Lapack>::cholesky) in archive /opt/rustwide/target/release/deps/liblax-ab036ff3f92d07b4.rlib
[INFO] [stdout]           
[INFO] [stdout]           rust-lld: error: undefined symbol: ssygv_
[INFO] [stdout]           >>> referenced by lax.6e1735b3d30d1962-cgu.07
[INFO] [stdout]           >>>               lax-ab036ff3f92d07b4.lax.6e1735b3d30d1962-cgu.07.rcgu.o:(<lax::eigh_generalized::EighGeneralizedWork<f32> as lax::eigh_generalized::EighGeneralizedWorkImpl>::new) in archive /opt/rustwide/target/release/deps/liblax-ab036ff3f92d07b4.rlib
[INFO] [stdout]           >>> referenced by lax.6e1735b3d30d1962-cgu.07
[INFO] [stdout]           >>>               lax-ab036ff3f92d07b4.lax.6e1735b3d30d1962-cgu.07.rcgu.o:(<lax::eigh_generalized::EighGeneralizedWork<f32> as lax::eigh_generalized::EighGeneralizedWorkImpl>::eval) in archive /opt/rustwide/target/release/deps/liblax-ab036ff3f92d07b4.rlib
[INFO] [stdout]           
[INFO] [stdout]           rust-lld: error: undefined symbol: strtrs_
[INFO] [stdout]           >>> referenced by lax.6e1735b3d30d1962-cgu.02
[INFO] [stdout]           >>>               lax-ab036ff3f92d07b4.lax.6e1735b3d30d1962-cgu.02.rcgu.o:(<f32 as lax::triangular::SolveTriangularImpl>::solve_triangular) in archive /opt/rustwide/target/release/deps/liblax-ab036ff3f92d07b4.rlib
[INFO] [stdout]           
[INFO] [stdout]           rust-lld: error: undefined symbol: ssyev_
[INFO] [stdout]           >>> referenced by lax.6e1735b3d30d1962-cgu.06
[INFO] [stdout]           >>>               lax-ab036ff3f92d07b4.lax.6e1735b3d30d1962-cgu.06.rcgu.o:(<lax::eigh::EighWork<f32> as lax::eigh::EighWorkImpl>::new) in archive /opt/rustwide/target/release/deps/liblax-ab036ff3f92d07b4.rlib
[INFO] [stdout]           >>> referenced by lax.6e1735b3d30d1962-cgu.06
[INFO] [stdout]           >>>               lax-ab036ff3f92d07b4.lax.6e1735b3d30d1962-cgu.06.rcgu.o:(<lax::eigh::EighWork<f32> as lax::eigh::EighWorkImpl>::eval) in archive /opt/rustwide/target/release/deps/liblax-ab036ff3f92d07b4.rlib
[INFO] [stdout]           collect2: error: ld returned 1 exit status
[INFO] [stdout]           
[INFO] [stdout] 
[INFO] [stdout] 
[INFO] [stderr] error: could not compile `sif-embedding` (lib test) due to 1 previous error; 3 warnings emitted
[INFO] running `Command { std: "docker" "inspect" "e6645cde6d2ea3637831d2512a5c39e9f27025c0f59c9487fcf7279d4cb10b6e", kill_on_drop: false }`
[INFO] running `Command { std: "docker" "rm" "-f" "e6645cde6d2ea3637831d2512a5c39e9f27025c0f59c9487fcf7279d4cb10b6e", kill_on_drop: false }`
[INFO] [stdout] e6645cde6d2ea3637831d2512a5c39e9f27025c0f59c9487fcf7279d4cb10b6e
