[INFO] fetching crate si-plato-core 0.1.0...
[INFO] testing si-plato-core-0.1.0 against 1.100.0-beta.1+cargoflags=--release for beta-release-1.100-2
[INFO] extracting crate si-plato-core 0.1.0 into /workspace/builds/worker-5-tc2/source
[INFO] started tweaking crates.io crate si-plato-core 0.1.0
[INFO] removed 0 missing tests
[INFO] finished tweaking crates.io crate si-plato-core 0.1.0
[INFO] tweaked toml for crates.io crate si-plato-core 0.1.0 written to /workspace/builds/worker-5-tc2/source/Cargo.toml
[INFO] validating manifest of crates.io crate si-plato-core 0.1.0 on toolchain 1.100.0-beta.1
[INFO] running `Command { std: CARGO_HOME="/workspace/cargo-home" RUSTUP_HOME="/workspace/rustup-home" "/workspace/cargo-home/bin/cargo" "+1.100.0-beta.1" "metadata" "--manifest-path" "Cargo.toml" "--no-deps", kill_on_drop: false }`
[INFO] crate crates.io crate si-plato-core 0.1.0 already has a lockfile, it will not be regenerated
[INFO] running `Command { std: CARGO_HOME="/workspace/cargo-home" RUSTUP_HOME="/workspace/rustup-home" "/workspace/cargo-home/bin/cargo" "+1.100.0-beta.1" "fetch" "--manifest-path" "Cargo.toml", kill_on_drop: false }`
[INFO] running `Command { std: "docker" "create" "-v" "/var/lib/crater-agent-workspace/builds/worker-5-tc2/source:/opt/rustwide/workdir:ro,Z" "-v" "/var/lib/crater-agent-workspace/builds/worker-5-tc2/target:/opt/rustwide/target:rw,Z" "-v" "/var/lib/crater-agent-workspace/cargo-home:/opt/rustwide/cargo-home:ro,Z" "-v" "/var/lib/crater-agent-workspace/rustup-home:/opt/rustwide/rustup-home:ro,Z" "-m" "1610612736" "--network" "none" "ghcr.io/rust-lang/crates-build-env/linux@sha256:77db811e55d90add9212f6832c23229e3de5f1c1f9905e8cb07319ea15df73ac" "sleep" "infinity", kill_on_drop: false }`
[INFO] [stdout] 6df30b810d94d5f246c9058eab04ab9829f360bb463d0cebc857cf04b7d44107
[INFO] running `Command { std: "docker" "start" "6df30b810d94d5f246c9058eab04ab9829f360bb463d0cebc857cf04b7d44107", kill_on_drop: false }`
[INFO] running `Command { std: "docker" "inspect" "6df30b810d94d5f246c9058eab04ab9829f360bb463d0cebc857cf04b7d44107", kill_on_drop: false }`
[INFO] running `Command { std: "docker" "exec" "-e" "SOURCE_DIR=/opt/rustwide/workdir" "-e" "CARGO_HOME=/opt/rustwide/cargo-home" "-e" "RUSTUP_HOME=/opt/rustwide/rustup-home" "-e" "CARGO_TARGET_DIR=/opt/rustwide/target" "-w" "/opt/rustwide/workdir" "--user" "0:0" "6df30b810d94d5f246c9058eab04ab9829f360bb463d0cebc857cf04b7d44107" "/opt/rustwide/cargo-home/bin/cargo" "+1.100.0-beta.1" "metadata" "--no-deps" "--format-version=1", kill_on_drop: false }`
[INFO] running `Command { std: "docker" "inspect" "6df30b810d94d5f246c9058eab04ab9829f360bb463d0cebc857cf04b7d44107", kill_on_drop: false }`
[INFO] running `Command { std: "docker" "exec" "-e" "SOURCE_DIR=/opt/rustwide/workdir" "-e" "CARGO_HOME=/opt/rustwide/cargo-home" "-e" "RUSTUP_HOME=/opt/rustwide/rustup-home" "-e" "CARGO_TARGET_DIR=/opt/rustwide/target" "-e" "CARGO_INCREMENTAL=0" "-e" "RUST_BACKTRACE=full" "-e" "RUSTFLAGS=--cap-lints=warn" "-e" "RUSTDOCFLAGS=--cap-lints=warn" "-w" "/opt/rustwide/workdir" "--user" "0:0" "6df30b810d94d5f246c9058eab04ab9829f360bb463d0cebc857cf04b7d44107" "/opt/rustwide/cargo-home/bin/cargo" "+1.100.0-beta.1" "build" "--frozen" "--message-format=json" "--release", kill_on_drop: false }`
[INFO] [stderr]    Compiling quote v1.0.46
[INFO] [stderr]    Compiling serde_json v1.0.150
[INFO] [stderr]    Compiling syn v2.0.118
[INFO] [stderr]    Compiling serde_derive v1.0.228
[INFO] [stderr]    Compiling serde v1.0.228
[INFO] [stderr]    Compiling si-plato-core v0.1.0 (/opt/rustwide/workdir)
[INFO] [stderr]     Finished `release` profile [optimized] target(s) in 9.51s
[INFO] running `Command { std: "docker" "inspect" "6df30b810d94d5f246c9058eab04ab9829f360bb463d0cebc857cf04b7d44107", kill_on_drop: false }`
[INFO] running `Command { std: "docker" "exec" "-e" "SOURCE_DIR=/opt/rustwide/workdir" "-e" "CARGO_HOME=/opt/rustwide/cargo-home" "-e" "RUSTUP_HOME=/opt/rustwide/rustup-home" "-e" "CARGO_TARGET_DIR=/opt/rustwide/target" "-e" "CARGO_INCREMENTAL=0" "-e" "RUST_BACKTRACE=full" "-e" "RUSTFLAGS=--cap-lints=warn" "-e" "RUSTDOCFLAGS=--cap-lints=warn" "-w" "/opt/rustwide/workdir" "--user" "0:0" "6df30b810d94d5f246c9058eab04ab9829f360bb463d0cebc857cf04b7d44107" "/opt/rustwide/cargo-home/bin/cargo" "+1.100.0-beta.1" "test" "--frozen" "--no-run" "--message-format=json" "--release", kill_on_drop: false }`
[INFO] [stderr]    Compiling si-plato-core v0.1.0 (/opt/rustwide/workdir)
[INFO] [stdout] error[E0433]: cannot find module or crate `plato_core` in this scope
[INFO] [stdout]  --> tests/integration.rs:4:5
[INFO] [stdout]   |
[INFO] [stdout] 4 | use plato_core::wire::*;
[INFO] [stdout]   |     ^^^^^^^^^^ use of unresolved module or unlinked crate `plato_core`
[INFO] [stdout]   |
[INFO] [stdout] help: there is a crate or module with a similar name
[INFO] [stdout]   |
[INFO] [stdout] 4 | use si_plato_core::wire::*;
[INFO] [stdout]   |     +++
[INFO] [stdout] 
[INFO] [stdout] 
[INFO] [stdout] error[E0433]: cannot find module or crate `plato_core` in this scope
[INFO] [stdout]  --> tests/integration.rs:3:5
[INFO] [stdout]   |
[INFO] [stdout] 3 | use plato_core::room::Room;
[INFO] [stdout]   |     ^^^^^^^^^^ use of unresolved module or unlinked crate `plato_core`
[INFO] [stdout]   |
[INFO] [stdout] help: there is a crate or module with a similar name
[INFO] [stdout]   |
[INFO] [stdout] 3 | use si_plato_core::room::Room;
[INFO] [stdout]   |     +++
[INFO] [stdout] 
[INFO] [stdout] 
[INFO] [stdout] error[E0432]: unresolved import `plato_core`
[INFO] [stdout]  --> tests/integration.rs:5:5
[INFO] [stdout]   |
[INFO] [stdout] 5 | use plato_core::{AlarmOp, MAX_HISTORY, PROTOCOL_VERSION};
[INFO] [stdout]   |     ^^^^^^^^^^ use of unresolved module or unlinked crate `plato_core`
[INFO] [stdout]   |
[INFO] [stdout] help: there is a crate or module with a similar name
[INFO] [stdout]   |
[INFO] [stdout] 5 | use si_plato_core::{AlarmOp, MAX_HISTORY, PROTOCOL_VERSION};
[INFO] [stdout]   |     +++
[INFO] [stdout] 
[INFO] [stdout] 
[INFO] [stdout] error[E0433]: cannot find type `Command` in this scope
[INFO] [stdout]    --> tests/integration.rs:366:44
[INFO] [stdout]     |
[INFO] [stdout] 366 |     assert_eq!(parse_command(" tick "), Ok(Command::Tick));
[INFO] [stdout]     |                                            ^^^^^^^ use of undeclared type `Command`
[INFO] [stdout]     |
[INFO] [stdout] help: consider importing this struct
[INFO] [stdout]     |
[INFO] [stdout]   3 + use std::process::Command;
[INFO] [stdout]     |
[INFO] [stdout] 
[INFO] [stdout] 
[INFO] [stdout] error[E0433]: cannot find type `Command` in this scope
[INFO] [stdout]    --> tests/integration.rs:374:12
[INFO] [stdout]     |
[INFO] [stdout] 374 |     if let Command::Actuator { value, .. } = cmd {
[INFO] [stdout]     |            ^^^^^^^ use of undeclared type `Command`
[INFO] [stdout]     |
[INFO] [stdout] help: consider importing this struct
[INFO] [stdout]     |
[INFO] [stdout]   3 + use std::process::Command;
[INFO] [stdout]     |
[INFO] [stdout] 
[INFO] [stdout] 
[INFO] [stdout] error[E0433]: cannot find type `Command` in this scope
[INFO] [stdout]    --> tests/integration.rs:379:12
[INFO] [stdout]     |
[INFO] [stdout] 379 |     if let Command::Actuator { value, .. } = cmd {
[INFO] [stdout]     |            ^^^^^^^ use of undeclared type `Command`
[INFO] [stdout]     |
[INFO] [stdout] help: consider importing this struct
[INFO] [stdout]     |
[INFO] [stdout]   3 + use std::process::Command;
[INFO] [stdout]     |
[INFO] [stdout] 
[INFO] [stdout] 
[INFO] [stdout] error[E0433]: cannot find module or crate `plato_core` in this scope
[INFO] [stdout]    --> tests/integration.rs:135:16
[INFO] [stdout]     |
[INFO] [stdout] 135 |     assert_eq!(plato_core::DEFAULT_PORT, 1234);
[INFO] [stdout]     |                ^^^^^^^^^^ use of unresolved module or unlinked crate `plato_core`
[INFO] [stdout]     |
[INFO] [stdout] help: there is a crate or module with a similar name
[INFO] [stdout]     |
[INFO] [stdout] 135 |     assert_eq!(si_plato_core::DEFAULT_PORT, 1234);
[INFO] [stdout]     |                +++
[INFO] [stdout] 
[INFO] [stdout] 
[INFO] [stdout] error[E0425]: cannot find function `format_welcome` in this scope
[INFO] [stdout]    --> tests/integration.rs:144:16
[INFO] [stdout]     |
[INFO] [stdout] 144 |     let resp = format_welcome(&room);
[INFO] [stdout]     |                ^^^^^^^^^^^^^^ not found in this scope
[INFO] [stdout] 
[INFO] [stdout] 
[INFO] [stdout] error[E0425]: cannot find function `format_tick` in this scope
[INFO] [stdout]    --> tests/integration.rs:174:16
[INFO] [stdout]     |
[INFO] [stdout] 174 |     let resp = format_tick(&snap);
[INFO] [stdout]     |                ^^^^^^^^^^^ not found in this scope
[INFO] [stdout] 
[INFO] [stdout] 
[INFO] [stdout] error[E0425]: cannot find function `format_history` in this scope
[INFO] [stdout]    --> tests/integration.rs:203:16
[INFO] [stdout]     |
[INFO] [stdout] 203 |     let resp = format_history(&snapshots);
[INFO] [stdout]     |                ^^^^^^^^^^^^^^ not found in this scope
[INFO] [stdout] 
[INFO] [stdout] 
[INFO] [stdout] error[E0425]: cannot find function `format_ack` in this scope
[INFO] [stdout]    --> tests/integration.rs:215:16
[INFO] [stdout]     |
[INFO] [stdout] 215 |     let resp = format_ack("actuator", "bilge_pump", 1.0);
[INFO] [stdout]     |                ^^^^^^^^^^ not found in this scope
[INFO] [stdout] 
[INFO] [stdout] 
[INFO] [stdout] error[E0425]: cannot find function `format_ack_alarm` in this scope
[INFO] [stdout]    --> tests/integration.rs:226:16
[INFO] [stdout]     |
[INFO] [stdout] 226 |     let resp = format_ack_alarm("low_rpm");
[INFO] [stdout]     |                ^^^^^^^^^^^^^^^^ not found in this scope
[INFO] [stdout] 
[INFO] [stdout] 
[INFO] [stdout] error[E0425]: cannot find function `format_alarm_notification` in this scope
[INFO] [stdout]    --> tests/integration.rs:247:16
[INFO] [stdout]     |
[INFO] [stdout] 247 |     let resp = format_alarm_notification("overheat", 1749234437.0, &snap);
[INFO] [stdout]     |                ^^^^^^^^^^^^^^^^^^^^^^^^^ not found in this scope
[INFO] [stdout] 
[INFO] [stdout] 
[INFO] [stdout] error[E0425]: cannot find function `format_alarm_list` in this scope
[INFO] [stdout]    --> tests/integration.rs:262:16
[INFO] [stdout]     |
[INFO] [stdout] 262 |     let resp = format_alarm_list(&room);
[INFO] [stdout]     |                ^^^^^^^^^^^^^^^^^ not found in this scope
[INFO] [stdout] 
[INFO] [stdout] 
[INFO] [stdout] error[E0425]: cannot find function `format_subscribed` in this scope
[INFO] [stdout]    --> tests/integration.rs:277:16
[INFO] [stdout]     |
[INFO] [stdout] 277 |     let resp = format_subscribed(0.2);
[INFO] [stdout]     |                ^^^^^^^^^^^^^^^^^ not found in this scope
[INFO] [stdout] 
[INFO] [stdout] 
[INFO] [stdout] error[E0425]: cannot find function `format_bye` in this scope
[INFO] [stdout]    --> tests/integration.rs:286:16
[INFO] [stdout]     |
[INFO] [stdout] 286 |     let resp = format_bye();
[INFO] [stdout]     |                ^^^^^^^^^^ not found in this scope
[INFO] [stdout] 
[INFO] [stdout] 
[INFO] [stdout] error[E0425]: cannot find function `format_error` in this scope
[INFO] [stdout]    --> tests/integration.rs:293:16
[INFO] [stdout]     |
[INFO] [stdout] 293 |     let resp = format_error("actuator 'buzzer' not found");
[INFO] [stdout]     |                ^^^^^^^^^^^^ not found in this scope
[INFO] [stdout] 
[INFO] [stdout] 
[INFO] [stdout] error[E0425]: cannot find function `format_help` in this scope
[INFO] [stdout]    --> tests/integration.rs:302:16
[INFO] [stdout]     |
[INFO] [stdout] 302 |     let resp = format_help();
[INFO] [stdout]     |                ^^^^^^^^^^^ not found in this scope
[INFO] [stdout] 
[INFO] [stdout] 
[INFO] [stdout] error[E0425]: cannot find function `parse_command` in this scope
[INFO] [stdout]    --> tests/integration.rs:365:13
[INFO] [stdout]     |
[INFO] [stdout] 365 |     assert!(parse_command("  ").is_err());
[INFO] [stdout]     |             ^^^^^^^^^^^^^ not found in this scope
[INFO] [stdout] 
[INFO] [stdout] 
[INFO] [stdout] error[E0425]: cannot find function `parse_command` in this scope
[INFO] [stdout]    --> tests/integration.rs:366:16
[INFO] [stdout]     |
[INFO] [stdout] 366 |     assert_eq!(parse_command(" tick "), Ok(Command::Tick));
[INFO] [stdout]     |                ^^^^^^^^^^^^^ not found in this scope
[INFO] [stdout] 
[INFO] [stdout] 
[INFO] [stdout] error[E0425]: cannot find function `parse_command` in this scope
[INFO] [stdout]    --> tests/integration.rs:369:13
[INFO] [stdout]     |
[INFO] [stdout] 369 |     assert!(parse_command("TICK").is_err());
[INFO] [stdout]     |             ^^^^^^^^^^^^^ not found in this scope
[INFO] [stdout] 
[INFO] [stdout] 
[INFO] [stdout] error[E0425]: cannot find function `parse_command` in this scope
[INFO] [stdout]    --> tests/integration.rs:370:13
[INFO] [stdout]     |
[INFO] [stdout] 370 |     assert!(parse_command("Tick").is_err());
[INFO] [stdout]     |             ^^^^^^^^^^^^^ not found in this scope
[INFO] [stdout] 
[INFO] [stdout] 
[INFO] [stdout] error[E0425]: cannot find function `parse_command` in this scope
[INFO] [stdout]    --> tests/integration.rs:373:15
[INFO] [stdout]     |
[INFO] [stdout] 373 |     let cmd = parse_command("actuator led true").unwrap();
[INFO] [stdout]     |               ^^^^^^^^^^^^^ not found in this scope
[INFO] [stdout] 
[INFO] [stdout] 
[INFO] [stdout] error[E0425]: cannot find function `parse_command` in this scope
[INFO] [stdout]    --> tests/integration.rs:378:15
[INFO] [stdout]     |
[INFO] [stdout] 378 |     let cmd = parse_command("actuator led false").unwrap();
[INFO] [stdout]     |               ^^^^^^^^^^^^^ not found in this scope
[INFO] [stdout] 
[INFO] [stdout] 
[INFO] [stdout] error[E0425]: cannot find function `format_welcome` in this scope
[INFO] [stdout]    --> tests/integration.rs:394:19
[INFO] [stdout]     |
[INFO] [stdout] 394 |     let welcome = format_welcome(&room);
[INFO] [stdout]     |                   ^^^^^^^^^^^^^^ not found in this scope
[INFO] [stdout] 
[INFO] [stdout] 
[INFO] [stdout] error[E0425]: cannot find function `format_subscribed` in this scope
[INFO] [stdout]    --> tests/integration.rs:399:15
[INFO] [stdout]     |
[INFO] [stdout] 399 |     let sub = format_subscribed(room.tick_hz);
[INFO] [stdout]     |               ^^^^^^^^^^^^^^^^^ not found in this scope
[INFO] [stdout] 
[INFO] [stdout] 
[INFO] [stdout] error[E0425]: cannot find function `format_tick` in this scope
[INFO] [stdout]    --> tests/integration.rs:406:21
[INFO] [stdout]     |
[INFO] [stdout] 406 |     let tick_resp = format_tick(&snap);
[INFO] [stdout]     |                     ^^^^^^^^^^^ not found in this scope
[INFO] [stdout] 
[INFO] [stdout] 
[INFO] [stdout] error[E0425]: cannot find function `format_alarm_notification` in this scope
[INFO] [stdout]    --> tests/integration.rs:418:22
[INFO] [stdout]     |
[INFO] [stdout] 418 |     let alarm_resp = format_alarm_notification("temp_high", snap.timestamp, &snap);
[INFO] [stdout]     |                      ^^^^^^^^^^^^^^^^^^^^^^^^^ not found in this scope
[INFO] [stdout] 
[INFO] [stdout] 
[INFO] [stdout] error[E0425]: cannot find function `format_history` in this scope
[INFO] [stdout]    --> tests/integration.rs:424:21
[INFO] [stdout]     |
[INFO] [stdout] 424 |     let hist_resp = format_history(&room.history);
[INFO] [stdout]     |                     ^^^^^^^^^^^^^^ not found in this scope
[INFO] [stdout] 
[INFO] [stdout] 
[INFO] [stdout] error[E0425]: cannot find function `format_bye` in this scope
[INFO] [stdout]    --> tests/integration.rs:429:15
[INFO] [stdout]     |
[INFO] [stdout] 429 |     let bye = format_bye();
[INFO] [stdout]     |               ^^^^^^^^^^ not found in this scope
[INFO] [stdout] 
[INFO] [stdout] 
[INFO] [stdout] error[E0433]: cannot find module or crate `plato_core` in this scope
[INFO] [stdout]    --> tests/integration.rs:236:16
[INFO] [stdout]     |
[INFO] [stdout] 236 |     let snap = plato_core::TickSnapshot {
[INFO] [stdout]     |                ^^^^^^^^^^ use of unresolved module or unlinked crate `plato_core`
[INFO] [stdout]     |
[INFO] [stdout] help: there is a crate or module with a similar name
[INFO] [stdout]     |
[INFO] [stdout] 236 |     let snap = si_plato_core::TickSnapshot {
[INFO] [stdout]     |                +++
[INFO] [stdout] 
[INFO] [stdout] 
[INFO] [stdout] error[E0433]: cannot find module or crate `plato_core` in this scope
[INFO] [stdout]    --> tests/integration.rs:163:16
[INFO] [stdout]     |
[INFO] [stdout] 163 |     let snap = plato_core::TickSnapshot {
[INFO] [stdout]     |                ^^^^^^^^^^ use of unresolved module or unlinked crate `plato_core`
[INFO] [stdout]     |
[INFO] [stdout] help: there is a crate or module with a similar name
[INFO] [stdout]     |
[INFO] [stdout] 163 |     let snap = si_plato_core::TickSnapshot {
[INFO] [stdout]     |                +++
[INFO] [stdout] 
[INFO] [stdout] 
[INFO] [stdout] error[E0433]: cannot find module or crate `plato_core` in this scope
[INFO] [stdout]    --> tests/integration.rs:189:9
[INFO] [stdout]     |
[INFO] [stdout] 189 |         plato_core::TickSnapshot {
[INFO] [stdout]     |         ^^^^^^^^^^ use of unresolved module or unlinked crate `plato_core`
[INFO] [stdout]     |
[INFO] [stdout] help: there is a crate or module with a similar name
[INFO] [stdout]     |
[INFO] [stdout] 189 |         si_plato_core::TickSnapshot {
[INFO] [stdout]     |         +++
[INFO] [stdout] 
[INFO] [stdout] 
[INFO] [stdout] error[E0433]: cannot find module or crate `plato_core` in this scope
[INFO] [stdout]    --> tests/integration.rs:195:9
[INFO] [stdout]     |
[INFO] [stdout] 195 |         plato_core::TickSnapshot {
[INFO] [stdout]     |         ^^^^^^^^^^ use of unresolved module or unlinked crate `plato_core`
[INFO] [stdout]     |
[INFO] [stdout] help: there is a crate or module with a similar name
[INFO] [stdout]     |
[INFO] [stdout] 195 |         si_plato_core::TickSnapshot {
[INFO] [stdout]     |         +++
[INFO] [stdout] 
[INFO] [stdout] 
[INFO] [stdout] Some errors have detailed explanations: E0425, E0432, E0433.
[INFO] [stdout] 
[INFO] [stdout] For more information about an error, try `rustc --explain E0425`.
[INFO] [stdout] 
[INFO] [stderr] error: could not compile `si-plato-core` (test "integration") due to 34 previous errors
[INFO] [stderr] warning: build failed, waiting for other jobs to finish...
[INFO] running `Command { std: "docker" "inspect" "6df30b810d94d5f246c9058eab04ab9829f360bb463d0cebc857cf04b7d44107", kill_on_drop: false }`
[INFO] running `Command { std: "docker" "rm" "-f" "6df30b810d94d5f246c9058eab04ab9829f360bb463d0cebc857cf04b7d44107", kill_on_drop: false }`
[INFO] [stdout] 6df30b810d94d5f246c9058eab04ab9829f360bb463d0cebc857cf04b7d44107
