[INFO] fetching crate shuttle-tokio-stream-impl 0.1.0...
[INFO] testing shuttle-tokio-stream-impl-0.1.0 against 1.99.0-beta.8+cargoflags=--release for beta-release-1.100-2
[INFO] extracting crate shuttle-tokio-stream-impl 0.1.0 into /workspace/builds/worker-4-tc1/source
[INFO] started tweaking crates.io crate shuttle-tokio-stream-impl 0.1.0
[INFO] removed 0 missing tests
[INFO] finished tweaking crates.io crate shuttle-tokio-stream-impl 0.1.0
[INFO] tweaked toml for crates.io crate shuttle-tokio-stream-impl 0.1.0 written to /workspace/builds/worker-4-tc1/source/Cargo.toml
[INFO] validating manifest of crates.io crate shuttle-tokio-stream-impl 0.1.0 on toolchain 1.99.0-beta.8
[INFO] running `Command { std: CARGO_HOME="/workspace/cargo-home" RUSTUP_HOME="/workspace/rustup-home" "/workspace/cargo-home/bin/cargo" "+1.99.0-beta.8" "metadata" "--manifest-path" "Cargo.toml" "--no-deps", kill_on_drop: false }`
[INFO] crate crates.io crate shuttle-tokio-stream-impl 0.1.0 already has a lockfile, it will not be regenerated
[INFO] running `Command { std: CARGO_HOME="/workspace/cargo-home" RUSTUP_HOME="/workspace/rustup-home" "/workspace/cargo-home/bin/cargo" "+1.99.0-beta.8" "fetch" "--manifest-path" "Cargo.toml", kill_on_drop: false }`
[INFO] [stderr]     Updating crates.io index
[INFO] [stderr]  Downloading crates ...
[INFO] [stderr]   Downloaded shuttle-tokio-impl v0.1.0
[INFO] [stderr]   Downloaded test-log-core v0.2.20
[INFO] [stderr]   Downloaded test-log-macros v0.2.20
[INFO] [stderr]   Downloaded shuttle-tokio-impl-inner v0.1.0
[INFO] [stderr]   Downloaded assoc v0.1.3
[INFO] [stderr]   Downloaded test-log v0.2.20
[INFO] [stderr]   Downloaded const-siphasher v1.0.2
[INFO] [stderr]   Downloaded shuttle-tokio-macros-impl v0.1.0
[INFO] [stderr]   Downloaded corosensei v0.3.3
[INFO] [stderr]   Downloaded shuttle v0.9.0
[INFO] running `Command { std: "docker" "create" "-v" "/var/lib/crater-agent-workspace/builds/worker-4-tc1/source:/opt/rustwide/workdir:ro,Z" "-v" "/var/lib/crater-agent-workspace/builds/worker-4-tc1/target:/opt/rustwide/target:rw,Z" "-v" "/var/lib/crater-agent-workspace/cargo-home:/opt/rustwide/cargo-home:ro,Z" "-v" "/var/lib/crater-agent-workspace/rustup-home:/opt/rustwide/rustup-home:ro,Z" "-m" "1610612736" "--network" "none" "ghcr.io/rust-lang/crates-build-env/linux@sha256:77db811e55d90add9212f6832c23229e3de5f1c1f9905e8cb07319ea15df73ac" "sleep" "infinity", kill_on_drop: false }`
[INFO] [stdout] 5a47e22d142f0b236b4db1222cb74b24395590ae318ad41880f64f916c2fd67f
[INFO] running `Command { std: "docker" "start" "5a47e22d142f0b236b4db1222cb74b24395590ae318ad41880f64f916c2fd67f", kill_on_drop: false }`
[INFO] running `Command { std: "docker" "inspect" "5a47e22d142f0b236b4db1222cb74b24395590ae318ad41880f64f916c2fd67f", kill_on_drop: false }`
[INFO] running `Command { std: "docker" "exec" "-e" "SOURCE_DIR=/opt/rustwide/workdir" "-e" "CARGO_HOME=/opt/rustwide/cargo-home" "-e" "RUSTUP_HOME=/opt/rustwide/rustup-home" "-e" "CARGO_TARGET_DIR=/opt/rustwide/target" "-w" "/opt/rustwide/workdir" "--user" "0:0" "5a47e22d142f0b236b4db1222cb74b24395590ae318ad41880f64f916c2fd67f" "/opt/rustwide/cargo-home/bin/cargo" "+1.99.0-beta.8" "metadata" "--no-deps" "--format-version=1", kill_on_drop: false }`
[INFO] running `Command { std: "docker" "inspect" "5a47e22d142f0b236b4db1222cb74b24395590ae318ad41880f64f916c2fd67f", kill_on_drop: false }`
[INFO] running `Command { std: "docker" "exec" "-e" "SOURCE_DIR=/opt/rustwide/workdir" "-e" "CARGO_HOME=/opt/rustwide/cargo-home" "-e" "RUSTUP_HOME=/opt/rustwide/rustup-home" "-e" "CARGO_TARGET_DIR=/opt/rustwide/target" "-e" "CARGO_INCREMENTAL=0" "-e" "RUST_BACKTRACE=full" "-e" "RUSTFLAGS=--cap-lints=warn" "-e" "RUSTDOCFLAGS=--cap-lints=warn" "-w" "/opt/rustwide/workdir" "--user" "0:0" "5a47e22d142f0b236b4db1222cb74b24395590ae318ad41880f64f916c2fd67f" "/opt/rustwide/cargo-home/bin/cargo" "+1.99.0-beta.8" "build" "--frozen" "--message-format=json" "--release", kill_on_drop: false }`
[INFO] [stderr]    Compiling syn v2.0.117
[INFO] [stderr]    Compiling libc v0.2.185
[INFO] [stderr]    Compiling radium v0.7.0
[INFO] [stderr]    Compiling corosensei v0.3.3
[INFO] [stderr]    Compiling zerocopy v0.8.48
[INFO] [stderr]    Compiling regex-automata v0.4.14
[INFO] [stderr]    Compiling getrandom v0.2.17
[INFO] [stderr]    Compiling hashbrown v0.17.0
[INFO] [stderr]    Compiling tap v1.0.1
[INFO] [stderr]    Compiling winnow v1.0.1
[INFO] [stderr]    Compiling rand_core v0.6.4
[INFO] [stderr]    Compiling wyz v0.5.1
[INFO] [stderr]    Compiling tracing v0.1.44
[INFO] [stderr]    Compiling funty v2.0.0
[INFO] [stderr]    Compiling indexmap v2.14.0
[INFO] [stderr]    Compiling tracing-log v0.2.0
[INFO] [stderr]    Compiling bitvec v1.0.1
[INFO] [stderr]    Compiling toml_parser v1.1.2+spec-1.1.0
[INFO] [stderr]    Compiling serde_json v1.0.149
[INFO] [stderr]    Compiling rand_pcg v0.3.1
[INFO] [stderr]    Compiling smallvec v1.15.1
[INFO] [stderr]    Compiling scoped-tls v1.0.1
[INFO] [stderr]    Compiling owo-colors v3.5.0
[INFO] [stderr]    Compiling toml_edit v0.25.11+spec-1.1.0
[INFO] [stderr]    Compiling test-log-core v0.2.20
[INFO] [stderr]    Compiling assoc v0.1.3
[INFO] [stderr]    Compiling const-siphasher v1.0.2
[INFO] [stderr]    Compiling proc-macro-crate v3.5.0
[INFO] [stderr]    Compiling rayon v1.12.0
[INFO] [stderr]    Compiling is-terminal v0.4.17
[INFO] [stderr]    Compiling zerocopy-derive v0.8.48
[INFO] [stderr]    Compiling ppv-lite86 v0.2.21
[INFO] [stderr]    Compiling futures-macro v0.3.32
[INFO] [stderr]    Compiling serde_derive v1.0.228
[INFO] [stderr]    Compiling rand_chacha v0.3.1
[INFO] [stderr]    Compiling tokio-macros v2.7.0
[INFO] [stderr]    Compiling rand v0.8.6
[INFO] [stderr]    Compiling futures-util v0.3.32
[INFO] [stderr]    Compiling tokio v1.52.1
[INFO] [stderr]    Compiling matchers v0.2.0
[INFO] [stderr]    Compiling tracing-subscriber v0.3.23
[INFO] [stderr]    Compiling shuttle v0.9.0
[INFO] [stderr]    Compiling regex v1.12.3
[INFO] [stderr]    Compiling pin-project-internal v1.1.11
[INFO] [stderr]    Compiling serde v1.0.228
[INFO] [stderr]    Compiling futures-executor v0.3.32
[INFO] [stderr]    Compiling tinytemplate v1.2.1
[INFO] [stderr]    Compiling futures v0.3.32
[INFO] [stderr]    Compiling test-log-macros v0.2.20
[INFO] [stderr]    Compiling shuttle-tokio-macros-impl v0.1.0
[INFO] [stderr]    Compiling test-log v0.2.20
[INFO] [stderr]    Compiling pin-project v1.1.11
[INFO] [stderr]    Compiling tokio-util v0.7.18
[INFO] [stderr]    Compiling half v2.7.1
[INFO] [stderr]    Compiling ciborium-ll v0.2.2
[INFO] [stderr]    Compiling ciborium v0.2.2
[INFO] [stderr]    Compiling criterion v0.5.1
[INFO] [stderr]    Compiling shuttle-tokio-impl-inner v0.1.0
[INFO] [stderr]    Compiling shuttle-tokio-impl v0.1.0
[INFO] [stderr]    Compiling shuttle-tokio-stream-impl v0.1.0 (/opt/rustwide/workdir)
[INFO] [stderr]     Finished `release` profile [optimized] target(s) in 2m 08s
[INFO] running `Command { std: "docker" "inspect" "5a47e22d142f0b236b4db1222cb74b24395590ae318ad41880f64f916c2fd67f", kill_on_drop: false }`
[INFO] running `Command { std: "docker" "exec" "-e" "SOURCE_DIR=/opt/rustwide/workdir" "-e" "CARGO_HOME=/opt/rustwide/cargo-home" "-e" "RUSTUP_HOME=/opt/rustwide/rustup-home" "-e" "CARGO_TARGET_DIR=/opt/rustwide/target" "-e" "CARGO_INCREMENTAL=0" "-e" "RUST_BACKTRACE=full" "-e" "RUSTFLAGS=--cap-lints=warn" "-e" "RUSTDOCFLAGS=--cap-lints=warn" "-w" "/opt/rustwide/workdir" "--user" "0:0" "5a47e22d142f0b236b4db1222cb74b24395590ae318ad41880f64f916c2fd67f" "/opt/rustwide/cargo-home/bin/cargo" "+1.99.0-beta.8" "test" "--frozen" "--no-run" "--message-format=json" "--release", kill_on_drop: false }`
[INFO] [stderr]    Compiling async-stream-impl v0.3.6
[INFO] [stderr]    Compiling async-stream v0.3.6
[INFO] [stderr]    Compiling shuttle-tokio-stream-impl v0.1.0 (/opt/rustwide/workdir)
[INFO] [stdout] error[E0432]: unresolved import `tokio_test`
[INFO] [stdout]  --> tests/stream_merge.rs:2:5
[INFO] [stdout]   |
[INFO] [stdout] 2 | use tokio_test::task;
[INFO] [stdout]   |     ^^^^^^^^^^ use of unresolved module or unlinked crate `tokio_test`
[INFO] [stdout]   |
[INFO] [stdout]   = help: if you wanted to use a crate named `tokio_test`, use `cargo add tokio_test` to add it to your `Cargo.toml`
[INFO] [stdout] 
[INFO] [stdout] 
[INFO] [stdout] error[E0432]: unresolved import `tokio_test`
[INFO] [stdout]  --> tests/stream_merge.rs:3:5
[INFO] [stdout]   |
[INFO] [stdout] 3 | use tokio_test::{assert_pending, assert_ready};
[INFO] [stdout]   |     ^^^^^^^^^^ use of unresolved module or unlinked crate `tokio_test`
[INFO] [stdout]   |
[INFO] [stdout]   = help: if you wanted to use a crate named `tokio_test`, use `cargo add tokio_test` to add it to your `Cargo.toml`
[INFO] [stdout] 
[INFO] [stdout] 
[INFO] [stdout] error[E0432]: unresolved import `tokio_test`
[INFO] [stdout]  --> tests/stream_iter.rs:2:5
[INFO] [stdout]   |
[INFO] [stdout] 2 | use tokio_test::task;
[INFO] [stdout]   |     ^^^^^^^^^^ use of unresolved module or unlinked crate `tokio_test`
[INFO] [stdout]   |
[INFO] [stdout]   = help: if you wanted to use a crate named `tokio_test`, use `cargo add tokio_test` to add it to your `Cargo.toml`
[INFO] [stdout] 
[INFO] [stdout] 
[INFO] [stdout] error[E0432]: unresolved import `tokio_test`
[INFO] [stdout]  --> tests/stream_collect.rs:2:5
[INFO] [stdout]   |
[INFO] [stdout] 2 | use tokio_test::{assert_pending, assert_ready, assert_ready_err, assert_ready_ok, task};
[INFO] [stdout]   |     ^^^^^^^^^^ use of unresolved module or unlinked crate `tokio_test`
[INFO] [stdout]   |
[INFO] [stdout]   = help: if you wanted to use a crate named `tokio_test`, use `cargo add tokio_test` to add it to your `Cargo.toml`
[INFO] [stdout] 
[INFO] [stdout] 
[INFO] [stdout] For more information about this error, try `rustc --explain E0432`.
[INFO] [stdout] 
[INFO] [stderr] error: could not compile `shuttle-tokio-stream-impl` (test "stream_iter") due to 1 previous error
[INFO] [stderr] warning: build failed, waiting for other jobs to finish...
[INFO] [stdout] For more information about this error, try `rustc --explain E0432`.
[INFO] [stdout] 
[INFO] [stderr] error: could not compile `shuttle-tokio-stream-impl` (test "stream_merge") due to 2 previous errors
[INFO] [stdout] For more information about this error, try `rustc --explain E0432`.
[INFO] [stdout] 
[INFO] [stderr] error: could not compile `shuttle-tokio-stream-impl` (test "stream_collect") due to 1 previous error
[INFO] [stdout] error[E0432]: unresolved import `tokio_test`
[INFO] [stdout]  --> tests/stream_chain.rs:2:5
[INFO] [stdout]   |
[INFO] [stdout] 2 | use tokio_test::{assert_pending, assert_ready, task};
[INFO] [stdout]   |     ^^^^^^^^^^ use of unresolved module or unlinked crate `tokio_test`
[INFO] [stdout]   |
[INFO] [stdout]   = help: if you wanted to use a crate named `tokio_test`, use `cargo add tokio_test` to add it to your `Cargo.toml`
[INFO] [stdout] 
[INFO] [stdout] 
[INFO] [stdout] For more information about this error, try `rustc --explain E0432`.
[INFO] [stdout] 
[INFO] [stderr] error: could not compile `shuttle-tokio-stream-impl` (test "stream_chain") due to 1 previous error
[INFO] running `Command { std: "docker" "inspect" "5a47e22d142f0b236b4db1222cb74b24395590ae318ad41880f64f916c2fd67f", kill_on_drop: false }`
[INFO] running `Command { std: "docker" "rm" "-f" "5a47e22d142f0b236b4db1222cb74b24395590ae318ad41880f64f916c2fd67f", kill_on_drop: false }`
[INFO] [stdout] 5a47e22d142f0b236b4db1222cb74b24395590ae318ad41880f64f916c2fd67f
