[INFO] fetching crate shore-mcp 0.1.1...
[INFO] testing shore-mcp-0.1.1 against 1.99.0-beta.8+cargoflags=--release for beta-release-1.100-2
[INFO] extracting crate shore-mcp 0.1.1 into /workspace/builds/worker-6-tc1/source
[INFO] removed /workspace/builds/worker-6-tc1/source/.cargo/config.toml
[INFO] started tweaking crates.io crate shore-mcp 0.1.1
[INFO] removed 0 missing tests
[INFO] finished tweaking crates.io crate shore-mcp 0.1.1
[INFO] tweaked toml for crates.io crate shore-mcp 0.1.1 written to /workspace/builds/worker-6-tc1/source/Cargo.toml
[INFO] validating manifest of crates.io crate shore-mcp 0.1.1 on toolchain 1.99.0-beta.8
[INFO] running `Command { std: CARGO_HOME="/workspace/cargo-home" RUSTUP_HOME="/workspace/rustup-home" "/workspace/cargo-home/bin/cargo" "+1.99.0-beta.8" "metadata" "--manifest-path" "Cargo.toml" "--no-deps", kill_on_drop: false }`
[INFO] crate crates.io crate shore-mcp 0.1.1 already has a lockfile, it will not be regenerated
[INFO] running `Command { std: CARGO_HOME="/workspace/cargo-home" RUSTUP_HOME="/workspace/rustup-home" "/workspace/cargo-home/bin/cargo" "+1.99.0-beta.8" "fetch" "--manifest-path" "Cargo.toml", kill_on_drop: false }`
[INFO] [stderr]     Updating crates.io index
[INFO] [stderr]  Downloading crates ...
[INFO] [stderr]   Downloaded rodio v0.19.0
[INFO] [stderr]   Downloaded shore-protocol v0.1.0
[INFO] [stderr]   Downloaded shore-swp-client v0.1.0
[INFO] [stderr]   Downloaded shore-config v0.1.0
[INFO] running `Command { std: "docker" "create" "-v" "/var/lib/crater-agent-workspace/builds/worker-6-tc1/source:/opt/rustwide/workdir:ro,Z" "-v" "/var/lib/crater-agent-workspace/builds/worker-6-tc1/target:/opt/rustwide/target:rw,Z" "-v" "/var/lib/crater-agent-workspace/cargo-home:/opt/rustwide/cargo-home:ro,Z" "-v" "/var/lib/crater-agent-workspace/rustup-home:/opt/rustwide/rustup-home:ro,Z" "-m" "1610612736" "--network" "none" "ghcr.io/rust-lang/crates-build-env/linux@sha256:77db811e55d90add9212f6832c23229e3de5f1c1f9905e8cb07319ea15df73ac" "sleep" "infinity", kill_on_drop: false }`
[INFO] [stdout] 8e9c3edbe98809753e9e35fad8c4e62a02b1baac0371d5d69567603d6ffb0cfa
[INFO] running `Command { std: "docker" "start" "8e9c3edbe98809753e9e35fad8c4e62a02b1baac0371d5d69567603d6ffb0cfa", kill_on_drop: false }`
[INFO] running `Command { std: "docker" "inspect" "8e9c3edbe98809753e9e35fad8c4e62a02b1baac0371d5d69567603d6ffb0cfa", kill_on_drop: false }`
[INFO] running `Command { std: "docker" "exec" "-e" "SOURCE_DIR=/opt/rustwide/workdir" "-e" "CARGO_HOME=/opt/rustwide/cargo-home" "-e" "RUSTUP_HOME=/opt/rustwide/rustup-home" "-e" "CARGO_TARGET_DIR=/opt/rustwide/target" "-w" "/opt/rustwide/workdir" "--user" "0:0" "8e9c3edbe98809753e9e35fad8c4e62a02b1baac0371d5d69567603d6ffb0cfa" "/opt/rustwide/cargo-home/bin/cargo" "+1.99.0-beta.8" "metadata" "--no-deps" "--format-version=1", kill_on_drop: false }`
[INFO] running `Command { std: "docker" "inspect" "8e9c3edbe98809753e9e35fad8c4e62a02b1baac0371d5d69567603d6ffb0cfa", kill_on_drop: false }`
[INFO] running `Command { std: "docker" "exec" "-e" "SOURCE_DIR=/opt/rustwide/workdir" "-e" "CARGO_HOME=/opt/rustwide/cargo-home" "-e" "RUSTUP_HOME=/opt/rustwide/rustup-home" "-e" "CARGO_TARGET_DIR=/opt/rustwide/target" "-e" "CARGO_INCREMENTAL=0" "-e" "RUST_BACKTRACE=full" "-e" "RUSTFLAGS=--cap-lints=warn" "-e" "RUSTDOCFLAGS=--cap-lints=warn" "-w" "/opt/rustwide/workdir" "--user" "0:0" "8e9c3edbe98809753e9e35fad8c4e62a02b1baac0371d5d69567603d6ffb0cfa" "/opt/rustwide/cargo-home/bin/cargo" "+1.99.0-beta.8" "build" "--frozen" "--message-format=json" "--release", kill_on_drop: false }`
[INFO] [stderr]    Compiling serde_core v1.0.228
[INFO] [stderr]    Compiling serde_json v1.0.149
[INFO] [stderr]    Compiling syn v2.0.117
[INFO] [stderr]    Compiling alsa-sys v0.3.1
[INFO] [stderr]    Compiling parking_lot_core v0.9.12
[INFO] [stderr]    Compiling futures-channel v0.3.32
[INFO] [stderr]    Compiling cpal v0.15.3
[INFO] [stderr]    Compiling dasp_sample v0.11.0
[INFO] [stderr]    Compiling rustix v0.38.44
[INFO] [stderr]    Compiling dotenvy v0.15.7
[INFO] [stderr]    Compiling parking_lot v0.12.5
[INFO] [stderr]    Compiling alsa v0.9.1
[INFO] [stderr]    Compiling rmcp v1.7.0
[INFO] [stderr]    Compiling linux-raw-sys v0.4.15
[INFO] [stderr]    Compiling hound v3.5.1
[INFO] [stderr]    Compiling clap_builder v4.6.0
[INFO] [stderr]    Compiling tracing-log v0.2.0
[INFO] [stderr]    Compiling pastey v0.2.2
[INFO] [stderr]    Compiling home v0.5.12
[INFO] [stderr]    Compiling either v1.15.0
[INFO] [stderr]    Compiling which v6.0.3
[INFO] [stderr]    Compiling darling_core v0.23.0
[INFO] [stderr]    Compiling serde_derive_internals v0.29.1
[INFO] [stderr]    Compiling serde_derive v1.0.228
[INFO] [stderr]    Compiling tracing-attributes v0.1.31
[INFO] [stderr]    Compiling futures-macro v0.3.32
[INFO] [stderr]    Compiling tokio-macros v2.7.0
[INFO] [stderr]    Compiling thiserror-impl v2.0.18
[INFO] [stderr]    Compiling tracing v0.1.44
[INFO] [stderr]    Compiling thiserror-impl v1.0.69
[INFO] [stderr]    Compiling ref-cast-impl v1.0.25
[INFO] [stderr]    Compiling darling_macro v0.23.0
[INFO] [stderr]    Compiling darling v0.23.0
[INFO] [stderr]    Compiling schemars_derive v1.2.1
[INFO] [stderr]    Compiling rmcp-macros v1.7.0
[INFO] [stderr]    Compiling ref-cast v1.0.25
[INFO] [stderr]    Compiling clap_derive v4.6.1
[INFO] [stderr]    Compiling tokio v1.52.3
[INFO] [stderr]    Compiling futures-util v0.3.32
[INFO] [stderr]    Compiling thiserror v2.0.18
[INFO] [stderr]    Compiling thiserror v1.0.69
[INFO] [stderr]    Compiling async-trait v0.1.89
[INFO] [stderr]    Compiling rodio v0.19.0
[INFO] [stderr]    Compiling serde v1.0.228
[INFO] [stderr]    Compiling clap v4.6.1
[INFO] [stderr]    Compiling chrono v0.4.44
[INFO] [stderr]    Compiling serde_spanned v0.6.9
[INFO] [stderr]    Compiling toml_datetime v0.6.11
[INFO] [stderr]    Compiling shore-protocol v0.1.0
[INFO] [stderr]    Compiling tracing-serde v0.2.0
[INFO] [stderr]    Compiling tracing-subscriber v0.3.23
[INFO] [stderr]    Compiling toml_edit v0.22.27
[INFO] [stderr]    Compiling schemars v1.2.1
[INFO] [stderr]    Compiling futures-executor v0.3.32
[INFO] [stderr]    Compiling futures v0.3.32
[INFO] [stderr]    Compiling toml v0.8.23
[INFO] [stderr]    Compiling shore-config v0.1.0
[INFO] [stderr]    Compiling tokio-util v0.7.18
[INFO] [stderr]    Compiling shore-swp-client v0.1.0
[INFO] [stderr]    Compiling shore-mcp v0.1.1 (/opt/rustwide/workdir)
[INFO] [stderr]     Finished `release` profile [optimized] target(s) in 2m 52s
[INFO] running `Command { std: "docker" "inspect" "8e9c3edbe98809753e9e35fad8c4e62a02b1baac0371d5d69567603d6ffb0cfa", kill_on_drop: false }`
[INFO] running `Command { std: "docker" "exec" "-e" "SOURCE_DIR=/opt/rustwide/workdir" "-e" "CARGO_HOME=/opt/rustwide/cargo-home" "-e" "RUSTUP_HOME=/opt/rustwide/rustup-home" "-e" "CARGO_TARGET_DIR=/opt/rustwide/target" "-e" "CARGO_INCREMENTAL=0" "-e" "RUST_BACKTRACE=full" "-e" "RUSTFLAGS=--cap-lints=warn" "-e" "RUSTDOCFLAGS=--cap-lints=warn" "-w" "/opt/rustwide/workdir" "--user" "0:0" "8e9c3edbe98809753e9e35fad8c4e62a02b1baac0371d5d69567603d6ffb0cfa" "/opt/rustwide/cargo-home/bin/cargo" "+1.99.0-beta.8" "test" "--frozen" "--no-run" "--message-format=json" "--release", kill_on_drop: false }`
[INFO] [stderr]    Compiling shore-mcp v0.1.1 (/opt/rustwide/workdir)
[INFO] [stdout] error[E0432]: unresolved import `shore_mcp::gating`
[INFO] [stdout]  --> tests/suite/gating_rules.rs:1:16
[INFO] [stdout]   |
[INFO] [stdout] 1 | use shore_mcp::gating::{check, GateContext, GateDecision};
[INFO] [stdout]   |                ^^^^^^ could not find `gating` in `shore_mcp`
[INFO] [stdout]   |
[INFO] [stdout] note: found an item that was configured out
[INFO] [stdout]  --> src/lib.rs:7:9
[INFO] [stdout]   |
[INFO] [stdout] 6 | #[cfg(debug_assertions)]
[INFO] [stdout]   |       ---------------- the item is gated here
[INFO] [stdout] 7 | pub mod gating;
[INFO] [stdout]   |         ^^^^^^
[INFO] [stdout] 
[INFO] [stdout] 
[INFO] [stdout] error[E0432]: unresolved import `shore_mcp::profile`
[INFO] [stdout]   --> tests/suite/profile_resolution.rs:3:16
[INFO] [stdout]    |
[INFO] [stdout]  3 | use shore_mcp::profile::{resolve_profile, ProfileKind};
[INFO] [stdout]    |                ^^^^^^^ could not find `profile` in `shore_mcp`
[INFO] [stdout]    |
[INFO] [stdout] note: found an item that was configured out
[INFO] [stdout]   --> src/lib.rs:11:9
[INFO] [stdout]    |
[INFO] [stdout] 10 | #[cfg(debug_assertions)]
[INFO] [stdout]    |       ---------------- the item is gated here
[INFO] [stdout] 11 | pub mod profile;
[INFO] [stdout]    |         ^^^^^^^
[INFO] [stdout] 
[INFO] [stdout] 
[INFO] [stdout] error[E0433]: cannot find `cli` in `shore_mcp`
[INFO] [stdout]  --> tests/suite/profile_resolution.rs:7:46
[INFO] [stdout]   |
[INFO] [stdout] 7 |     let profile = resolve_profile(shore_mcp::cli::Cli {
[INFO] [stdout]   |                                              ^^^ could not find `cli` in `shore_mcp`
[INFO] [stdout]   |
[INFO] [stdout] note: found an item that was configured out
[INFO] [stdout]  --> src/lib.rs:5:9
[INFO] [stdout]   |
[INFO] [stdout] 4 | #[cfg(debug_assertions)]
[INFO] [stdout]   |       ---------------- the item is gated here
[INFO] [stdout] 5 | pub mod cli;
[INFO] [stdout]   |         ^^^
[INFO] [stdout] 
[INFO] [stdout] 
[INFO] [stdout] error[E0433]: cannot find `cli` in `shore_mcp`
[INFO] [stdout]   --> tests/suite/profile_resolution.rs:22:46
[INFO] [stdout]    |
[INFO] [stdout] 22 |     let profile = resolve_profile(shore_mcp::cli::Cli {
[INFO] [stdout]    |                                              ^^^ could not find `cli` in `shore_mcp`
[INFO] [stdout]    |
[INFO] [stdout] note: found an item that was configured out
[INFO] [stdout]   --> src/lib.rs:5:9
[INFO] [stdout]    |
[INFO] [stdout]  4 | #[cfg(debug_assertions)]
[INFO] [stdout]    |       ---------------- the item is gated here
[INFO] [stdout]  5 | pub mod cli;
[INFO] [stdout]    |         ^^^
[INFO] [stdout] 
[INFO] [stdout] 
[INFO] [stdout] error[E0433]: cannot find `cli` in `shore_mcp`
[INFO] [stdout]   --> tests/suite/profile_resolution.rs:55:46
[INFO] [stdout]    |
[INFO] [stdout] 55 |     let profile = resolve_profile(shore_mcp::cli::Cli {
[INFO] [stdout]    |                                              ^^^ could not find `cli` in `shore_mcp`
[INFO] [stdout]    |
[INFO] [stdout] note: found an item that was configured out
[INFO] [stdout]   --> src/lib.rs:5:9
[INFO] [stdout]    |
[INFO] [stdout]  4 | #[cfg(debug_assertions)]
[INFO] [stdout]    |       ---------------- the item is gated here
[INFO] [stdout]  5 | pub mod cli;
[INFO] [stdout]    |         ^^^
[INFO] [stdout] 
[INFO] [stdout] 
[INFO] [stdout] Some errors have detailed explanations: E0432, E0433.
[INFO] [stdout] 
[INFO] [stdout] For more information about an error, try `rustc --explain E0432`.
[INFO] [stdout] 
[INFO] [stderr] error: could not compile `shore-mcp` (test "suite") due to 5 previous errors
[INFO] running `Command { std: "docker" "inspect" "8e9c3edbe98809753e9e35fad8c4e62a02b1baac0371d5d69567603d6ffb0cfa", kill_on_drop: false }`
[INFO] running `Command { std: "docker" "rm" "-f" "8e9c3edbe98809753e9e35fad8c4e62a02b1baac0371d5d69567603d6ffb0cfa", kill_on_drop: false }`
[INFO] [stdout] 8e9c3edbe98809753e9e35fad8c4e62a02b1baac0371d5d69567603d6ffb0cfa
