[INFO] fetching crate shm-snapshot 0.2.3...
[INFO] testing shm-snapshot-0.2.3 against 1.99.0-beta.8+cargoflags=--release for beta-release-1.100-2
[INFO] extracting crate shm-snapshot 0.2.3 into /workspace/builds/worker-4-tc1/source
[INFO] started tweaking crates.io crate shm-snapshot 0.2.3
[INFO] finished tweaking crates.io crate shm-snapshot 0.2.3
[INFO] tweaked toml for crates.io crate shm-snapshot 0.2.3 written to /workspace/builds/worker-4-tc1/source/Cargo.toml
[INFO] validating manifest of crates.io crate shm-snapshot 0.2.3 on toolchain 1.99.0-beta.8
[INFO] running `Command { std: CARGO_HOME="/workspace/cargo-home" RUSTUP_HOME="/workspace/rustup-home" "/workspace/cargo-home/bin/cargo" "+1.99.0-beta.8" "metadata" "--manifest-path" "Cargo.toml" "--no-deps", kill_on_drop: false }`
[INFO] crate crates.io crate shm-snapshot 0.2.3 already has a lockfile, it will not be regenerated
[INFO] running `Command { std: CARGO_HOME="/workspace/cargo-home" RUSTUP_HOME="/workspace/rustup-home" "/workspace/cargo-home/bin/cargo" "+1.99.0-beta.8" "fetch" "--manifest-path" "Cargo.toml", kill_on_drop: false }`
[INFO] [stderr]     Updating crates.io index
[INFO] [stderr]  Downloading crates ...
[INFO] [stderr]   Downloaded shm-fd v0.5.0
[INFO] [stderr]   Downloaded memfile v0.2.1
[INFO] [stderr]   Downloaded memfile v0.3.1
[INFO] [stderr]   Downloaded proc-macro2 v1.0.70
[INFO] [stderr]   Downloaded memmap2 v0.9.0
[INFO] [stderr]   Downloaded clap v4.4.10
[INFO] [stderr]   Downloaded syn v2.0.39
[INFO] [stderr]   Downloaded clap_builder v4.4.9
[INFO] [stderr]   Downloaded rustix v0.38.26
[INFO] [stderr]   Downloaded libc v0.2.150
[INFO] [stderr]   Downloaded linux-raw-sys v0.4.12
[INFO] running `Command { std: "docker" "create" "-v" "/var/lib/crater-agent-workspace/builds/worker-4-tc1/source:/opt/rustwide/workdir:ro,Z" "-v" "/var/lib/crater-agent-workspace/builds/worker-4-tc1/target:/opt/rustwide/target:rw,Z" "-v" "/var/lib/crater-agent-workspace/cargo-home:/opt/rustwide/cargo-home:ro,Z" "-v" "/var/lib/crater-agent-workspace/rustup-home:/opt/rustwide/rustup-home:ro,Z" "-m" "1610612736" "--network" "none" "ghcr.io/rust-lang/crates-build-env/linux@sha256:77db811e55d90add9212f6832c23229e3de5f1c1f9905e8cb07319ea15df73ac" "sleep" "infinity", kill_on_drop: false }`
[INFO] [stdout] d8ac67a6d240abf5c05e0e9635e119765ec898ac984e68aac0732d10d7423fbb
[INFO] running `Command { std: "docker" "start" "d8ac67a6d240abf5c05e0e9635e119765ec898ac984e68aac0732d10d7423fbb", kill_on_drop: false }`
[INFO] running `Command { std: "docker" "inspect" "d8ac67a6d240abf5c05e0e9635e119765ec898ac984e68aac0732d10d7423fbb", kill_on_drop: false }`
[INFO] running `Command { std: "docker" "exec" "-e" "SOURCE_DIR=/opt/rustwide/workdir" "-e" "CARGO_HOME=/opt/rustwide/cargo-home" "-e" "RUSTUP_HOME=/opt/rustwide/rustup-home" "-e" "CARGO_TARGET_DIR=/opt/rustwide/target" "-w" "/opt/rustwide/workdir" "--user" "0:0" "d8ac67a6d240abf5c05e0e9635e119765ec898ac984e68aac0732d10d7423fbb" "/opt/rustwide/cargo-home/bin/cargo" "+1.99.0-beta.8" "metadata" "--no-deps" "--format-version=1", kill_on_drop: false }`
[INFO] running `Command { std: "docker" "inspect" "d8ac67a6d240abf5c05e0e9635e119765ec898ac984e68aac0732d10d7423fbb", kill_on_drop: false }`
[INFO] running `Command { std: "docker" "exec" "-e" "SOURCE_DIR=/opt/rustwide/workdir" "-e" "CARGO_HOME=/opt/rustwide/cargo-home" "-e" "RUSTUP_HOME=/opt/rustwide/rustup-home" "-e" "CARGO_TARGET_DIR=/opt/rustwide/target" "-e" "CARGO_INCREMENTAL=0" "-e" "RUST_BACKTRACE=full" "-e" "RUSTFLAGS=--cap-lints=warn" "-e" "RUSTDOCFLAGS=--cap-lints=warn" "-w" "/opt/rustwide/workdir" "--user" "0:0" "d8ac67a6d240abf5c05e0e9635e119765ec898ac984e68aac0732d10d7423fbb" "/opt/rustwide/cargo-home/bin/cargo" "+1.99.0-beta.8" "build" "--frozen" "--message-format=json" "--release", kill_on_drop: false }`
[INFO] [stderr]    Compiling libc v0.2.150
[INFO] [stderr]    Compiling memmap2 v0.9.0
[INFO] [stderr]    Compiling shm-snapshot v0.2.3 (/opt/rustwide/workdir)
[INFO] [stderr]     Finished `release` profile [optimized] target(s) in 1.64s
[INFO] running `Command { std: "docker" "inspect" "d8ac67a6d240abf5c05e0e9635e119765ec898ac984e68aac0732d10d7423fbb", kill_on_drop: false }`
[INFO] running `Command { std: "docker" "exec" "-e" "SOURCE_DIR=/opt/rustwide/workdir" "-e" "CARGO_HOME=/opt/rustwide/cargo-home" "-e" "RUSTUP_HOME=/opt/rustwide/rustup-home" "-e" "CARGO_TARGET_DIR=/opt/rustwide/target" "-e" "CARGO_INCREMENTAL=0" "-e" "RUST_BACKTRACE=full" "-e" "RUSTFLAGS=--cap-lints=warn" "-e" "RUSTDOCFLAGS=--cap-lints=warn" "-w" "/opt/rustwide/workdir" "--user" "0:0" "d8ac67a6d240abf5c05e0e9635e119765ec898ac984e68aac0732d10d7423fbb" "/opt/rustwide/cargo-home/bin/cargo" "+1.99.0-beta.8" "test" "--frozen" "--no-run" "--message-format=json" "--release", kill_on_drop: false }`
[INFO] [stderr]    Compiling memfile v0.3.1
[INFO] [stderr]    Compiling shm-snapshot v0.2.3 (/opt/rustwide/workdir)
[INFO] [stdout] error[E0599]: no method named `discover` found for struct `shm_snapshot::File` in the current scope
[INFO] [stdout]   --> tests/reinitialize.rs:15:10
[INFO] [stdout]    |
[INFO] [stdout] 15 |     file.discover(&mut cfg);
[INFO] [stdout]    |          ^^^^^^^^ method not found in `shm_snapshot::File`
[INFO] [stdout] 
[INFO] [stdout] 
[INFO] [stdout] error[E0599]: no method named `write` found for struct `Writer` in the current scope
[INFO] [stdout]   --> tests/reinitialize.rs:23:12
[INFO] [stdout]    |
[INFO] [stdout] 23 |     writer.write(GREETING).unwrap();
[INFO] [stdout]    |            ^^^^^ method not found in `Writer`
[INFO] [stdout] 
[INFO] [stdout] 
[INFO] [stdout] error[E0599]: no method named `discover` found for struct `shm_snapshot::File` in the current scope
[INFO] [stdout]   --> tests/reinitialize.rs:30:10
[INFO] [stdout]    |
[INFO] [stdout] 30 |     file.discover(&mut cfg);
[INFO] [stdout]    |          ^^^^^^^^ method not found in `shm_snapshot::File`
[INFO] [stdout] 
[INFO] [stdout] 
[INFO] [stdout] error[E0599]: no method named `valid` found for struct `shm_snapshot::File` in the current scope
[INFO] [stdout]   --> tests/reinitialize.rs:36:10
[INFO] [stdout]    |
[INFO] [stdout] 36 |     file.valid(&mut valid_priors);
[INFO] [stdout]    |          ^^^^^ method not found in `shm_snapshot::File`
[INFO] [stdout] 
[INFO] [stdout] 
[INFO] [stdout] error[E0599]: no method named `discover` found for struct `shm_snapshot::File` in the current scope
[INFO] [stdout]   --> tests/reinitialize.rs:53:10
[INFO] [stdout]    |
[INFO] [stdout] 53 |     file.discover(&mut cfg);
[INFO] [stdout]    |          ^^^^^^^^ method not found in `shm_snapshot::File`
[INFO] [stdout] 
[INFO] [stdout] 
[INFO] [stdout] error[E0599]: no method named `write_with` found for struct `Writer` in the current scope
[INFO] [stdout]   --> tests/reinitialize.rs:61:12
[INFO] [stdout]    |
[INFO] [stdout] 61 |     writer.write_with(GREETING, |tx| {
[INFO] [stdout]    |     -------^^^^^^^^^^ method not found in `Writer`
[INFO] [stdout] 
[INFO] [stdout] 
[INFO] [stdout] error[E0599]: no method named `discover` found for struct `shm_snapshot::File` in the current scope
[INFO] [stdout]   --> tests/reinitialize.rs:71:10
[INFO] [stdout]    |
[INFO] [stdout] 71 |     file.discover(&mut cfg);
[INFO] [stdout]    |          ^^^^^^^^ method not found in `shm_snapshot::File`
[INFO] [stdout] 
[INFO] [stdout] 
[INFO] [stdout] error[E0599]: no method named `valid` found for struct `shm_snapshot::File` in the current scope
[INFO] [stdout]   --> tests/reinitialize.rs:77:10
[INFO] [stdout]    |
[INFO] [stdout] 77 |     file.valid(&mut valid_priors);
[INFO] [stdout]    |          ^^^^^ method not found in `shm_snapshot::File`
[INFO] [stdout] 
[INFO] [stdout] 
[INFO] [stdout] error[E0599]: no method named `write_with` found for struct `Writer` in the current scope
[INFO] [stdout]   --> tests/reinitialize.rs:81:12
[INFO] [stdout]    |
[INFO] [stdout] 81 |     writer.write_with(GREETING, |tx| {
[INFO] [stdout]    |     -------^^^^^^^^^^ method not found in `Writer`
[INFO] [stdout] 
[INFO] [stdout] 
[INFO] [stdout] error[E0599]: no method named `discover` found for struct `shm_snapshot::File` in the current scope
[INFO] [stdout]   --> tests/reinitialize.rs:91:10
[INFO] [stdout]    |
[INFO] [stdout] 91 |     file.discover(&mut cfg);
[INFO] [stdout]    |          ^^^^^^^^ method not found in `shm_snapshot::File`
[INFO] [stdout] 
[INFO] [stdout] 
[INFO] [stdout] For more information about this error, try `rustc --explain E0599`.
[INFO] [stdout] 
[INFO] [stderr] error: could not compile `shm-snapshot` (test "reinitialize") due to 10 previous errors
[INFO] [stderr] warning: build failed, waiting for other jobs to finish...
[INFO] running `Command { std: "docker" "inspect" "d8ac67a6d240abf5c05e0e9635e119765ec898ac984e68aac0732d10d7423fbb", kill_on_drop: false }`
[INFO] running `Command { std: "docker" "rm" "-f" "d8ac67a6d240abf5c05e0e9635e119765ec898ac984e68aac0732d10d7423fbb", kill_on_drop: false }`
[INFO] [stdout] d8ac67a6d240abf5c05e0e9635e119765ec898ac984e68aac0732d10d7423fbb
