[INFO] fetching crate shiplog 0.11.0...
[INFO] testing shiplog-0.11.0 against 1.99.0-beta.8+cargoflags=--release for beta-release-1.100-2
[INFO] extracting crate shiplog 0.11.0 into /workspace/builds/worker-1-tc1/source
[INFO] started tweaking crates.io crate shiplog 0.11.0
[INFO] removed 0 missing tests
[INFO] finished tweaking crates.io crate shiplog 0.11.0
[INFO] tweaked toml for crates.io crate shiplog 0.11.0 written to /workspace/builds/worker-1-tc1/source/Cargo.toml
[INFO] validating manifest of crates.io crate shiplog 0.11.0 on toolchain 1.99.0-beta.8
[INFO] running `Command { std: CARGO_HOME="/workspace/cargo-home" RUSTUP_HOME="/workspace/rustup-home" "/workspace/cargo-home/bin/cargo" "+1.99.0-beta.8" "metadata" "--manifest-path" "Cargo.toml" "--no-deps", kill_on_drop: false }`
[INFO] crate crates.io crate shiplog 0.11.0 already has a lockfile, it will not be regenerated
[INFO] running `Command { std: CARGO_HOME="/workspace/cargo-home" RUSTUP_HOME="/workspace/rustup-home" "/workspace/cargo-home/bin/cargo" "+1.99.0-beta.8" "fetch" "--manifest-path" "Cargo.toml", kill_on_drop: false }`
[INFO] [stderr]  Downloading crates ...
[INFO] [stderr]   Downloaded cmov v0.5.3
[INFO] [stderr]   Downloaded libbz2-rs-sys v0.2.4
[INFO] [stderr]   Downloaded rsqlite-vfs v0.1.0
[INFO] [stderr]   Downloaded hashlink v0.12.0
[INFO] [stderr]   Downloaded tower-http v0.6.10
[INFO] [stderr]   Downloaded webpki-root-certs v1.0.7
[INFO] [stderr]   Downloaded mutants v0.0.4
[INFO] [stderr]   Downloaded insta v1.48.0
[INFO] [stderr]   Downloaded sqlite-wasm-rs v0.5.3
[INFO] [stderr]   Downloaded libgit2-sys v0.18.4+1.9.3
[INFO] running `Command { std: "docker" "create" "-v" "/var/lib/crater-agent-workspace/builds/worker-1-tc1/source:/opt/rustwide/workdir:ro,Z" "-v" "/var/lib/crater-agent-workspace/builds/worker-1-tc1/target:/opt/rustwide/target:rw,Z" "-v" "/var/lib/crater-agent-workspace/cargo-home:/opt/rustwide/cargo-home:ro,Z" "-v" "/var/lib/crater-agent-workspace/rustup-home:/opt/rustwide/rustup-home:ro,Z" "-m" "1610612736" "--network" "none" "ghcr.io/rust-lang/crates-build-env/linux@sha256:77db811e55d90add9212f6832c23229e3de5f1c1f9905e8cb07319ea15df73ac" "sleep" "infinity", kill_on_drop: false }`
[INFO] [stdout] 8b0a3d5fdf0c2f3da68e90a71a7287116f54223744d40a95fa59b2509a245bf8
[INFO] running `Command { std: "docker" "start" "8b0a3d5fdf0c2f3da68e90a71a7287116f54223744d40a95fa59b2509a245bf8", kill_on_drop: false }`
[INFO] running `Command { std: "docker" "inspect" "8b0a3d5fdf0c2f3da68e90a71a7287116f54223744d40a95fa59b2509a245bf8", kill_on_drop: false }`
[INFO] running `Command { std: "docker" "exec" "-e" "SOURCE_DIR=/opt/rustwide/workdir" "-e" "CARGO_HOME=/opt/rustwide/cargo-home" "-e" "RUSTUP_HOME=/opt/rustwide/rustup-home" "-e" "CARGO_TARGET_DIR=/opt/rustwide/target" "-w" "/opt/rustwide/workdir" "--user" "0:0" "8b0a3d5fdf0c2f3da68e90a71a7287116f54223744d40a95fa59b2509a245bf8" "/opt/rustwide/cargo-home/bin/cargo" "+1.99.0-beta.8" "metadata" "--no-deps" "--format-version=1", kill_on_drop: false }`
[INFO] running `Command { std: "docker" "inspect" "8b0a3d5fdf0c2f3da68e90a71a7287116f54223744d40a95fa59b2509a245bf8", kill_on_drop: false }`
[INFO] running `Command { std: "docker" "exec" "-e" "SOURCE_DIR=/opt/rustwide/workdir" "-e" "CARGO_HOME=/opt/rustwide/cargo-home" "-e" "RUSTUP_HOME=/opt/rustwide/rustup-home" "-e" "CARGO_TARGET_DIR=/opt/rustwide/target" "-e" "CARGO_INCREMENTAL=0" "-e" "RUST_BACKTRACE=full" "-e" "RUSTFLAGS=--cap-lints=warn" "-e" "RUSTDOCFLAGS=--cap-lints=warn" "-w" "/opt/rustwide/workdir" "--user" "0:0" "8b0a3d5fdf0c2f3da68e90a71a7287116f54223744d40a95fa59b2509a245bf8" "/opt/rustwide/cargo-home/bin/cargo" "+1.99.0-beta.8" "build" "--frozen" "--message-format=json" "--release", kill_on_drop: false }`
[INFO] [stderr]    Compiling syn v2.0.117
[INFO] [stderr]    Compiling cmake v0.1.58
[INFO] [stderr]    Compiling memchr v2.8.0
[INFO] [stderr]    Compiling hybrid-array v0.4.12
[INFO] [stderr]    Compiling mio v1.2.0
[INFO] [stderr]    Compiling hashbrown v0.17.1
[INFO] [stderr]    Compiling futures-sink v0.3.32
[INFO] [stderr]    Compiling aws-lc-rs v1.17.0
[INFO] [stderr]    Compiling http v1.4.0
[INFO] [stderr]    Compiling rustls-pki-types v1.14.1
[INFO] [stderr]    Compiling cmov v0.5.3
[INFO] [stderr]    Compiling zstd-sys v2.0.16+zstd.1.5.7
[INFO] [stderr]    Compiling rustls v0.23.40
[INFO] [stderr]    Compiling futures-io v0.3.32
[INFO] [stderr]    Compiling libz-sys v1.1.28
[INFO] [stderr]    Compiling block-buffer v0.10.4
[INFO] [stderr]    Compiling serde_json v1.0.150
[INFO] [stderr]    Compiling futures-channel v0.3.32
[INFO] [stderr]    Compiling bitflags v2.11.1
[INFO] [stderr]    Compiling digest v0.10.7
[INFO] [stderr]    Compiling libsqlite3-sys v0.38.1
[INFO] [stderr]    Compiling libgit2-sys v0.18.4+1.9.3
[INFO] [stderr]    Compiling sync_wrapper v1.0.2
[INFO] [stderr]    Compiling ctutils v0.4.2
[INFO] [stderr]    Compiling getrandom v0.4.2
[INFO] [stderr]    Compiling ipnet v2.12.0
[INFO] [stderr]    Compiling tokio v1.52.3
[INFO] [stderr]    Compiling aws-lc-sys v0.41.0
[INFO] [stderr]    Compiling sha2 v0.10.9
[INFO] [stderr]    Compiling deranged v0.5.8
[INFO] [stderr]    Compiling futures-util v0.3.32
[INFO] [stderr]    Compiling crypto-common v0.2.1
[INFO] [stderr]    Compiling indexmap v2.14.0
[INFO] [stderr]    Compiling block-buffer v0.12.0
[INFO] [stderr]    Compiling http-body v1.0.1
[INFO] [stderr]    Compiling inout v0.2.2
[INFO] [stderr]    Compiling rustls-native-certs v0.8.3
[INFO] [stderr]    Compiling aho-corasick v1.1.4
[INFO] [stderr]    Compiling anyhow v1.0.103
[INFO] [stderr]    Compiling digest v0.11.3
[INFO] [stderr]    Compiling hmac v0.13.0
[INFO] [stderr]    Compiling cipher v0.5.1
[INFO] [stderr]    Compiling simd-adler32 v0.3.9
[INFO] [stderr]    Compiling cpubits v0.1.1
[INFO] [stderr]    Compiling libbz2-rs-sys v0.2.4
[INFO] [stderr]    Compiling bumpalo v3.20.2
[INFO] [stderr]    Compiling num-conv v0.2.1
[INFO] [stderr]    Compiling time-core v0.1.8
[INFO] [stderr]    Compiling winnow v1.0.2
[INFO] [stderr]    Compiling flate2 v1.1.9
[INFO] [stderr]    Compiling aes v0.9.1
[INFO] [stderr]    Compiling time v0.3.47
[INFO] [stderr]    Compiling zopfli v0.8.3
[INFO] [stderr]    Compiling bzip2 v0.6.1
[INFO] [stderr]    Compiling toml_parser v1.1.2+spec-1.1.0
[INFO] [stderr]    Compiling pbkdf2 v0.13.0
[INFO] [stderr]    Compiling sha1 v0.11.0
[INFO] [stderr]    Compiling http-body-util v0.1.3
[INFO] [stderr]    Compiling regex-automata v0.4.14
[INFO] [stderr]    Compiling hashlink v0.12.0
[INFO] [stderr]    Compiling lzma-rust2 v0.16.2
[INFO] [stderr]    Compiling toml_datetime v1.1.1+spec-1.1.0
[INFO] [stderr]    Compiling serde_spanned v1.1.1
[INFO] [stderr]    Compiling deflate64 v0.1.12
[INFO] [stderr]    Compiling typed-path v0.12.3
[INFO] [stderr]    Compiling toml_writer v1.1.1+spec-1.1.0
[INFO] [stderr]    Compiling synstructure v0.13.2
[INFO] [stderr]    Compiling ppmd-rust v1.4.0
[INFO] [stderr]    Compiling constant_time_eq v0.4.2
[INFO] [stderr]    Compiling ryu v1.0.23
[INFO] [stderr]    Compiling itertools v0.15.0
[INFO] [stderr]    Compiling toml v1.1.2+spec-1.1.0
[INFO] [stderr]    Compiling sha2 v0.11.0
[INFO] [stderr]    Compiling mutants v0.0.4
[INFO] [stderr]    Compiling zerofrom-derive v0.1.7
[INFO] [stderr]    Compiling yoke-derive v0.8.2
[INFO] [stderr]    Compiling zerovec-derive v0.11.3
[INFO] [stderr]    Compiling displaydoc v0.2.5
[INFO] [stderr]    Compiling zerofrom v0.1.8
[INFO] [stderr]    Compiling tokio-util v0.7.18
[INFO] [stderr]    Compiling serde_derive v1.0.228
[INFO] [stderr]    Compiling tower v0.5.3
[INFO] [stderr]    Compiling clap_derive v4.6.1
[INFO] [stderr]    Compiling regex v1.12.4
[INFO] [stderr]    Compiling yoke v0.8.2
[INFO] [stderr]    Compiling zerovec v0.11.6
[INFO] [stderr]    Compiling zerotrie v0.2.4
[INFO] [stderr]    Compiling h2 v0.4.14
[INFO] [stderr]    Compiling tinystr v0.8.3
[INFO] [stderr]    Compiling icu_locale_core v2.2.0
[INFO] [stderr]    Compiling potential_utf v0.1.5
[INFO] [stderr]    Compiling icu_collections v2.2.0
[INFO] [stderr]    Compiling clap v4.6.1
[INFO] [stderr]    Compiling icu_provider v2.2.0
[INFO] [stderr]    Compiling icu_properties v2.2.0
[INFO] [stderr]    Compiling icu_normalizer v2.2.0
[INFO] [stderr]    Compiling serde v1.0.228
[INFO] [stderr]    Compiling chrono v0.4.45
[INFO] [stderr]    Compiling serde_yaml_ng v0.10.0
[INFO] [stderr]    Compiling hyper v1.9.0
[INFO] [stderr]    Compiling idna_adapter v1.2.2
[INFO] [stderr]    Compiling idna v1.1.0
[INFO] [stderr]    Compiling url v2.5.8
[INFO] [stderr]    Compiling hyper-util v0.1.20
[INFO] [stderr]    Compiling tower-http v0.6.10
[INFO] [stderr]    Compiling zstd-safe v7.2.4
[INFO] [stderr]    Compiling zstd v0.13.3
[INFO] [stderr]    Compiling zip v8.6.0
[INFO] [stderr]    Compiling git2 v0.21.0
[INFO] [stderr]    Compiling rustls-webpki v0.103.13
[INFO] [stderr]    Compiling tokio-rustls v0.26.4
[INFO] [stderr]    Compiling rustls-platform-verifier v0.7.0
[INFO] [stderr]    Compiling hyper-rustls v0.27.9
[INFO] [stderr]    Compiling reqwest v0.13.4
[INFO] [stderr]    Compiling rusqlite v0.40.1
[INFO] [stderr]    Compiling shiplog v0.11.0 (/opt/rustwide/workdir)
[INFO] [stderr]     Finished `release` profile [optimized] target(s) in 5m 40s
[INFO] running `Command { std: "docker" "inspect" "8b0a3d5fdf0c2f3da68e90a71a7287116f54223744d40a95fa59b2509a245bf8", kill_on_drop: false }`
[INFO] running `Command { std: "docker" "exec" "-e" "SOURCE_DIR=/opt/rustwide/workdir" "-e" "CARGO_HOME=/opt/rustwide/cargo-home" "-e" "RUSTUP_HOME=/opt/rustwide/rustup-home" "-e" "CARGO_TARGET_DIR=/opt/rustwide/target" "-e" "CARGO_INCREMENTAL=0" "-e" "RUST_BACKTRACE=full" "-e" "RUSTFLAGS=--cap-lints=warn" "-e" "RUSTDOCFLAGS=--cap-lints=warn" "-w" "/opt/rustwide/workdir" "--user" "0:0" "8b0a3d5fdf0c2f3da68e90a71a7287116f54223744d40a95fa59b2509a245bf8" "/opt/rustwide/cargo-home/bin/cargo" "+1.99.0-beta.8" "test" "--frozen" "--no-run" "--message-format=json" "--release", kill_on_drop: false }`
[INFO] [stderr]    Compiling tokio-macros v2.7.0
[INFO] [stderr]    Compiling serde v1.0.228
[INFO] [stderr]    Compiling zerocopy-derive v0.8.48
[INFO] [stderr]    Compiling regex-automata v0.4.14
[INFO] [stderr]    Compiling crossbeam-epoch v0.9.20
[INFO] [stderr]    Compiling pest v2.8.6
[INFO] [stderr]    Compiling rand_core v0.9.5
[INFO] [stderr]    Compiling tempfile v3.27.0
[INFO] [stderr]    Compiling alloca v0.4.0
[INFO] [stderr]    Compiling wait-timeout v0.2.1
[INFO] [stderr]    Compiling plotters-backend v0.3.7
[INFO] [stderr]    Compiling ciborium-io v0.2.2
[INFO] [stderr]    Compiling predicates-core v1.0.10
[INFO] [stderr]    Compiling git2 v0.21.0
[INFO] [stderr]    Compiling itertools v0.13.0
[INFO] [stderr]    Compiling float-cmp v0.10.0
[INFO] [stderr]    Compiling difflib v0.4.0
[INFO] [stderr]    Compiling cast v0.3.0
[INFO] [stderr]    Compiling termtree v0.5.1
[INFO] [stderr]    Compiling assert_cmd v2.2.2
[INFO] [stderr]    Compiling normalize-line-endings v0.3.0
[INFO] [stderr]    Compiling plotters-svg v0.3.7
[INFO] [stderr]    Compiling bit-vec v0.8.0
[INFO] [stderr]    Compiling predicates-tree v1.0.13
[INFO] [stderr]    Compiling chrono v0.4.45
[INFO] [stderr]    Compiling crossbeam-deque v0.8.6
[INFO] [stderr]    Compiling tokio v1.52.3
[INFO] [stderr]    Compiling serde_yaml_ng v0.10.0
[INFO] [stderr]    Compiling bit-set v0.8.0
[INFO] [stderr]    Compiling plotters v0.3.7
[INFO] [stderr]    Compiling tinytemplate v1.2.1
[INFO] [stderr]    Compiling rayon-core v1.13.0
[INFO] [stderr]    Compiling rusty-fork v0.3.1
[INFO] [stderr]    Compiling rand v0.9.4
[INFO] [stderr]    Compiling rand_xorshift v0.4.0
[INFO] [stderr]    Compiling page_size v0.6.0
[INFO] [stderr]    Compiling console v0.16.3
[INFO] [stderr]    Compiling rayon v1.12.0
[INFO] [stderr]    Compiling pest_meta v2.8.6
[INFO] [stderr]    Compiling anes v0.1.6
[INFO] [stderr]    Compiling zerocopy v0.8.48
[INFO] [stderr]    Compiling rusqlite v0.40.1
[INFO] [stderr]    Compiling criterion-plot v0.8.2
[INFO] [stderr]    Compiling oorandom v11.1.5
[INFO] [stderr]    Compiling similar v2.7.0
[INFO] [stderr]    Compiling unarray v0.1.4
[INFO] [stderr]    Compiling pest_generator v2.8.6
[INFO] [stderr]    Compiling regex v1.12.4
[INFO] [stderr]    Compiling bstr v1.12.1
[INFO] [stderr]    Compiling predicates v3.1.4
[INFO] [stderr]    Compiling pest_derive v2.8.6
[INFO] [stderr]    Compiling insta v1.48.0
[INFO] [stderr]    Compiling tokio-util v0.7.18
[INFO] [stderr]    Compiling tokio-rustls v0.26.4
[INFO] [stderr]    Compiling tower v0.5.3
[INFO] [stderr]    Compiling tower-http v0.6.10
[INFO] [stderr]    Compiling h2 v0.4.14
[INFO] [stderr]    Compiling half v2.7.1
[INFO] [stderr]    Compiling ppv-lite86 v0.2.21
[INFO] [stderr]    Compiling ciborium-ll v0.2.2
[INFO] [stderr]    Compiling rand_chacha v0.9.0
[INFO] [stderr]    Compiling ciborium v0.2.2
[INFO] [stderr]    Compiling proptest v1.11.0
[INFO] [stderr]    Compiling criterion v0.8.2
[INFO] [stderr]    Compiling hyper v1.9.0
[INFO] [stderr]    Compiling hyper-util v0.1.20
[INFO] [stderr]    Compiling hyper-rustls v0.27.9
[INFO] [stderr]    Compiling reqwest v0.13.4
[INFO] [stderr]    Compiling shiplog v0.11.0 (/opt/rustwide/workdir)
[INFO] [stdout] error[E0433]: cannot find module or crate `shiplog_testkit` in this scope
[INFO] [stdout]   --> tests/team/team_aggregate_bdd.rs:11:5
[INFO] [stdout]    |
[INFO] [stdout] 11 | use shiplog_testkit::bdd::{Scenario, assertions};
[INFO] [stdout]    |     ^^^^^^^^^^^^^^^ use of unresolved module or unlinked crate `shiplog_testkit`
[INFO] [stdout]    |
[INFO] [stdout]    = help: if you wanted to use a crate named `shiplog_testkit`, use `cargo add shiplog_testkit` to add it to your `Cargo.toml`
[INFO] [stdout] 
[INFO] [stdout] 
[INFO] [stdout] error[E0433]: cannot find module or crate `shiplog_testkit` in this scope
[INFO] [stdout]  --> tests/team/team_core_bdd.rs:4:5
[INFO] [stdout]   |
[INFO] [stdout] 4 | use shiplog_testkit::bdd::{Scenario, assertions};
[INFO] [stdout]   |     ^^^^^^^^^^^^^^^ use of unresolved module or unlinked crate `shiplog_testkit`
[INFO] [stdout]   |
[INFO] [stdout]   = help: if you wanted to use a crate named `shiplog_testkit`, use `cargo add shiplog_testkit` to add it to your `Cargo.toml`
[INFO] [stdout] 
[INFO] [stdout] 
[INFO] [stdout] error[E0433]: cannot find module or crate `shiplog_testkit` in this scope
[INFO] [stdout]   --> tests/team/team_render_bdd.rs:12:5
[INFO] [stdout]    |
[INFO] [stdout] 12 | use shiplog_testkit::bdd::{Scenario, assertions};
[INFO] [stdout]    |     ^^^^^^^^^^^^^^^ use of unresolved module or unlinked crate `shiplog_testkit`
[INFO] [stdout]    |
[INFO] [stdout]    = help: if you wanted to use a crate named `shiplog_testkit`, use `cargo add shiplog_testkit` to add it to your `Cargo.toml`
[INFO] [stdout] 
[INFO] [stdout] 
[INFO] [stdout] error[E0433]: cannot find module or crate `shiplog_testkit` in this scope
[INFO] [stdout]   --> tests/engine_bdd.rs:17:5
[INFO] [stdout]    |
[INFO] [stdout] 17 | use shiplog_testkit::bdd::assertions::*;
[INFO] [stdout]    |     ^^^^^^^^^^^^^^^ use of unresolved module or unlinked crate `shiplog_testkit`
[INFO] [stdout]    |
[INFO] [stdout]    = help: if you wanted to use a crate named `shiplog_testkit`, use `cargo add shiplog_testkit` to add it to your `Cargo.toml`
[INFO] [stdout] 
[INFO] [stdout] 
[INFO] [stdout] error[E0433]: cannot find module or crate `shiplog_testkit` in this scope
[INFO] [stdout]  --> tests/render_json/bdd.rs:6:5
[INFO] [stdout]   |
[INFO] [stdout] 6 | use shiplog_testkit::bdd::{Scenario, ScenarioContext};
[INFO] [stdout]   |     ^^^^^^^^^^^^^^^ use of unresolved module or unlinked crate `shiplog_testkit`
[INFO] [stdout]   |
[INFO] [stdout]   = help: if you wanted to use a crate named `shiplog_testkit`, use `cargo add shiplog_testkit` to add it to your `Cargo.toml`
[INFO] [stdout] 
[INFO] [stdout] 
[INFO] [stdout] error[E0433]: cannot find module or crate `shiplog_testkit` in this scope
[INFO] [stdout]   --> tests/engine_bdd.rs:16:5
[INFO] [stdout]    |
[INFO] [stdout] 16 | use shiplog_testkit::bdd::Scenario;
[INFO] [stdout]    |     ^^^^^^^^^^^^^^^ use of unresolved module or unlinked crate `shiplog_testkit`
[INFO] [stdout]    |
[INFO] [stdout]    = help: if you wanted to use a crate named `shiplog_testkit`, use `cargo add shiplog_testkit` to add it to your `Cargo.toml`
[INFO] [stdout] 
[INFO] [stdout] 
[INFO] [stdout] error[E0432]: unresolved import `shiplog_testkit`
[INFO] [stdout]   --> tests/engine_bdd.rs:15:5
[INFO] [stdout]    |
[INFO] [stdout] 15 | use shiplog_testkit::TestMarkdownRenderer as MarkdownRenderer;
[INFO] [stdout]    |     ^^^^^^^^^^^^^^^ use of unresolved module or unlinked crate `shiplog_testkit`
[INFO] [stdout]    |
[INFO] [stdout]    = help: if you wanted to use a crate named `shiplog_testkit`, use `cargo add shiplog_testkit` to add it to your `Cargo.toml`
[INFO] [stdout] 
[INFO] [stdout] 
[INFO] [stdout] error[E0432]: unresolved import `shiplog_testkit`
[INFO] [stdout]  --> tests/render_json/bdd.rs:7:5
[INFO] [stdout]   |
[INFO] [stdout] 7 | use shiplog_testkit::fixtures;
[INFO] [stdout]   |     ^^^^^^^^^^^^^^^ use of unresolved module or unlinked crate `shiplog_testkit`
[INFO] [stdout]   |
[INFO] [stdout]   = help: if you wanted to use a crate named `shiplog_testkit`, use `cargo add shiplog_testkit` to add it to your `Cargo.toml`
[INFO] [stdout] 
[INFO] [stdout] 
[INFO] [stdout] error[E0433]: cannot find module or crate `shiplog_testkit` in this scope
[INFO] [stdout]  --> tests/render_json/proptests.rs:7:5
[INFO] [stdout]   |
[INFO] [stdout] 7 | use shiplog_testkit::proptest::{
[INFO] [stdout]   |     ^^^^^^^^^^^^^^^ use of unresolved module or unlinked crate `shiplog_testkit`
[INFO] [stdout]   |
[INFO] [stdout]   = help: if you wanted to use a crate named `shiplog_testkit`, use `cargo add shiplog_testkit` to add it to your `Cargo.toml`
[INFO] [stdout] 
[INFO] [stdout] 
[INFO] [stdout] error[E0432]: unresolved import `shiplog_testkit`
[INFO] [stdout]   --> tests/render_json/output_quality.rs:11:5
[INFO] [stdout]    |
[INFO] [stdout] 11 | use shiplog_testkit::pr_event;
[INFO] [stdout]    |     ^^^^^^^^^^^^^^^ use of unresolved module or unlinked crate `shiplog_testkit`
[INFO] [stdout]    |
[INFO] [stdout]    = help: if you wanted to use a crate named `shiplog_testkit`, use `cargo add shiplog_testkit` to add it to your `Cargo.toml`
[INFO] [stdout] 
[INFO] [stdout] 
[INFO] [stdout] error[E0432]: unresolved import `shiplog_testkit`
[INFO] [stdout]  --> tests/render_json/snapshot.rs:7:5
[INFO] [stdout]   |
[INFO] [stdout] 7 | use shiplog_testkit::pr_event;
[INFO] [stdout]   |     ^^^^^^^^^^^^^^^ use of unresolved module or unlinked crate `shiplog_testkit`
[INFO] [stdout]   |
[INFO] [stdout]   = help: if you wanted to use a crate named `shiplog_testkit`, use `cargo add shiplog_testkit` to add it to your `Cargo.toml`
[INFO] [stdout] 
[INFO] [stdout] 
[INFO] [stdout] error[E0433]: cannot find module or crate `shiplog_testkit` in this scope
[INFO] [stdout]   --> tests/render_md/output_quality.rs:15:5
[INFO] [stdout]    |
[INFO] [stdout] 15 | use shiplog_testkit::{fixtures::WorkstreamFixture, pr_event};
[INFO] [stdout]    |     ^^^^^^^^^^^^^^^ use of unresolved module or unlinked crate `shiplog_testkit`
[INFO] [stdout]    |
[INFO] [stdout]    = help: if you wanted to use a crate named `shiplog_testkit`, use `cargo add shiplog_testkit` to add it to your `Cargo.toml`
[INFO] [stdout] 
[INFO] [stdout] 
[INFO] [stdout] error[E0433]: cannot find module or crate `shiplog_testkit` in this scope
[INFO] [stdout]  --> tests/render_md/property.rs:5:5
[INFO] [stdout]   |
[INFO] [stdout] 5 | use shiplog_testkit::proptest::{
[INFO] [stdout]   |     ^^^^^^^^^^^^^^^ use of unresolved module or unlinked crate `shiplog_testkit`
[INFO] [stdout]   |
[INFO] [stdout]   = help: if you wanted to use a crate named `shiplog_testkit`, use `cargo add shiplog_testkit` to add it to your `Cargo.toml`
[INFO] [stdout] 
[INFO] [stdout] 
[INFO] [stdout] error[E0433]: cannot find module or crate `shiplog_testkit` in this scope
[INFO] [stdout]  --> tests/render_md/receipt_bdd_tests.rs:7:5
[INFO] [stdout]   |
[INFO] [stdout] 7 | use shiplog_testkit::bdd::assertions::{assert_contains, assert_eq, assert_present, assert_true};
[INFO] [stdout]   |     ^^^^^^^^^^^^^^^ use of unresolved module or unlinked crate `shiplog_testkit`
[INFO] [stdout]   |
[INFO] [stdout]   = help: if you wanted to use a crate named `shiplog_testkit`, use `cargo add shiplog_testkit` to add it to your `Cargo.toml`
[INFO] [stdout] 
[INFO] [stdout] 
[INFO] [stdout] error[E0433]: cannot find module or crate `shiplog_testkit` in this scope
[INFO] [stdout]  --> tests/render_md/receipt_bdd_tests.rs:8:5
[INFO] [stdout]   |
[INFO] [stdout] 8 | use shiplog_testkit::bdd::{Scenario, ScenarioContext};
[INFO] [stdout]   |     ^^^^^^^^^^^^^^^ use of unresolved module or unlinked crate `shiplog_testkit`
[INFO] [stdout]   |
[INFO] [stdout]   = help: if you wanted to use a crate named `shiplog_testkit`, use `cargo add shiplog_testkit` to add it to your `Cargo.toml`
[INFO] [stdout] 
[INFO] [stdout] 
[INFO] [stdout] error[E0432]: unresolved import `shiplog_testkit`
[INFO] [stdout]   --> tests/render_md/output_quality.rs:15:5
[INFO] [stdout]    |
[INFO] [stdout] 15 | use shiplog_testkit::{fixtures::WorkstreamFixture, pr_event};
[INFO] [stdout]    |     ^^^^^^^^^^^^^^^ use of unresolved module or unlinked crate `shiplog_testkit`
[INFO] [stdout]    |
[INFO] [stdout]    = help: if you wanted to use a crate named `shiplog_testkit`, use `cargo add shiplog_testkit` to add it to your `Cargo.toml`
[INFO] [stdout] 
[INFO] [stdout] 
[INFO] [stdout] error[E0433]: cannot find module or crate `shiplog_testkit` in this scope
[INFO] [stdout]   --> tests/render_md/snapshot.rs:10:5
[INFO] [stdout]    |
[INFO] [stdout] 10 | use shiplog_testkit::{
[INFO] [stdout]    |     ^^^^^^^^^^^^^^^ use of unresolved module or unlinked crate `shiplog_testkit`
[INFO] [stdout]    |
[INFO] [stdout]    = help: if you wanted to use a crate named `shiplog_testkit`, use `cargo add shiplog_testkit` to add it to your `Cargo.toml`
[INFO] [stdout] 
[INFO] [stdout] 
[INFO] [stdout] error[E0432]: unresolved import `shiplog_testkit`
[INFO] [stdout]  --> tests/render_md/receipt_integration_tests.rs:7:5
[INFO] [stdout]   |
[INFO] [stdout] 7 | use shiplog_testkit::pr_event;
[INFO] [stdout]   |     ^^^^^^^^^^^^^^^ use of unresolved module or unlinked crate `shiplog_testkit`
[INFO] [stdout]   |
[INFO] [stdout]   = help: if you wanted to use a crate named `shiplog_testkit`, use `cargo add shiplog_testkit` to add it to your `Cargo.toml`
[INFO] [stdout] 
[INFO] [stdout] 
[INFO] [stdout] error[E0432]: unresolved import `shiplog_testkit`
[INFO] [stdout]   --> tests/render_md/snapshot.rs:10:5
[INFO] [stdout]    |
[INFO] [stdout] 10 | use shiplog_testkit::{
[INFO] [stdout]    |     ^^^^^^^^^^^^^^^ use of unresolved module or unlinked crate `shiplog_testkit`
[INFO] [stdout]    |
[INFO] [stdout]    = help: if you wanted to use a crate named `shiplog_testkit`, use `cargo add shiplog_testkit` to add it to your `Cargo.toml`
[INFO] [stdout] 
[INFO] [stdout] 
[INFO] [stdout] error[E0433]: cannot find module or crate `shiplog_testkit` in this scope
[INFO] [stdout]   --> tests/render_json/bdd.rs:65:18
[INFO] [stdout]    |
[INFO] [stdout] 65 |         .map(|i| shiplog_testkit::pr_event("acme/core", i, &format!("PR number {i}")))
[INFO] [stdout]    |                  ^^^^^^^^^^^^^^^ use of unresolved module or unlinked crate `shiplog_testkit`
[INFO] [stdout]    |
[INFO] [stdout]    = help: if you wanted to use a crate named `shiplog_testkit`, use `cargo add shiplog_testkit` to add it to your `Cargo.toml`
[INFO] [stdout] 
[INFO] [stdout] 
[INFO] [stdout] error[E0433]: cannot find module or crate `shiplog_testkit` in this scope
[INFO] [stdout]   --> tests/schema/property.rs:18:43
[INFO] [stdout]    |
[INFO] [stdout] 18 |     fn source_system_json_roundtrip(ss in shiplog_testkit::proptest::base_strategy_source_system()) {
[INFO] [stdout]    |                                           ^^^^^^^^^^^^^^^ use of unresolved module or unlinked crate `shiplog_testkit`
[INFO] [stdout]    |
[INFO] [stdout]    = help: if you wanted to use a crate named `shiplog_testkit`, use `cargo add shiplog_testkit` to add it to your `Cargo.toml`
[INFO] [stdout] 
[INFO] [stdout] 
[INFO] [stdout] error[E0433]: cannot find module or crate `shiplog_testkit` in this scope
[INFO] [stdout]   --> tests/schema/property.rs:90:50
[INFO] [stdout]    |
[INFO] [stdout] 90 |     fn source_system_display_matches_serde(ss in shiplog_testkit::proptest::base_strategy_source_system()) {
[INFO] [stdout]    |                                                  ^^^^^^^^^^^^^^^ use of unresolved module or unlinked crate `shiplog_testkit`
[INFO] [stdout]    |
[INFO] [stdout]    = help: if you wanted to use a crate named `shiplog_testkit`, use `cargo add shiplog_testkit` to add it to your `Cargo.toml`
[INFO] [stdout] 
[INFO] [stdout] 
[INFO] [stdout] error[E0433]: cannot find module or crate `shiplog_testkit` in this scope
[INFO] [stdout]    --> tests/render_json/bdd.rs:230:26
[INFO] [stdout]     |
[INFO] [stdout] 230 |                 .map(|i| shiplog_testkit::pr_event("acme/roundtrip", i, &format!("PR {i}")))
[INFO] [stdout]     |                          ^^^^^^^^^^^^^^^ use of unresolved module or unlinked crate `shiplog_testkit`
[INFO] [stdout]     |
[INFO] [stdout]     = help: if you wanted to use a crate named `shiplog_testkit`, use `cargo add shiplog_testkit` to add it to your `Cargo.toml`
[INFO] [stdout] 
[INFO] [stdout] 
[INFO] [stdout] error[E0433]: cannot find module or crate `shiplog_testkit` in this scope
[INFO] [stdout]    --> tests/schema/property.rs:104:63
[INFO] [stdout]     |
[INFO] [stdout] 104 |     fn event_envelope_serialize_deserialize_identity(event in shiplog_testkit::proptest::strategy_event_envelope()) {
[INFO] [stdout]     |                                                               ^^^^^^^^^^^^^^^ use of unresolved module or unlinked crate `shiplog_testkit`
[INFO] [stdout]     |
[INFO] [stdout]     = help: if you wanted to use a crate named `shiplog_testkit`, use `cargo add shiplog_testkit` to add it to your `Cargo.toml`
[INFO] [stdout] 
[INFO] [stdout] 
[INFO] [stdout] error[E0425]: cannot find function `assert_true` in this scope
[INFO] [stdout]    --> tests/engine_bdd.rs:163:13
[INFO] [stdout]     |
[INFO] [stdout] 163 |             assert_true(ctx.flag("packet_exists").unwrap_or(false), "packet.md")
[INFO] [stdout]     |             ^^^^^^^^^^^ not found in this scope
[INFO] [stdout] 
[INFO] [stdout] 
[INFO] [stdout] error[E0425]: cannot find function `assert_true` in this scope
[INFO] [stdout]    --> tests/engine_bdd.rs:166:13
[INFO] [stdout]     |
[INFO] [stdout] 166 |             assert_true(
[INFO] [stdout]     |             ^^^^^^^^^^^ not found in this scope
[INFO] [stdout] 
[INFO] [stdout] 
[INFO] [stdout] error[E0425]: cannot find function `assert_true` in this scope
[INFO] [stdout]    --> tests/engine_bdd.rs:172:13
[INFO] [stdout]     |
[INFO] [stdout] 172 |             assert_true(
[INFO] [stdout]     |             ^^^^^^^^^^^ not found in this scope
[INFO] [stdout] 
[INFO] [stdout] 
[INFO] [stdout] error[E0425]: cannot find function `assert_true` in this scope
[INFO] [stdout]    --> tests/engine_bdd.rs:178:13
[INFO] [stdout]     |
[INFO] [stdout] 178 |             assert_true(
[INFO] [stdout]     |             ^^^^^^^^^^^ not found in this scope
[INFO] [stdout] 
[INFO] [stdout] 
[INFO] [stdout] error[E0425]: cannot find function `assert_true` in this scope
[INFO] [stdout]    --> tests/engine_bdd.rs:184:13
[INFO] [stdout]     |
[INFO] [stdout] 184 |             assert_true(
[INFO] [stdout]     |             ^^^^^^^^^^^ not found in this scope
[INFO] [stdout] 
[INFO] [stdout] 
[INFO] [stdout] error[E0425]: cannot find function `assert_true` in this scope
[INFO] [stdout]    --> tests/engine_bdd.rs:190:13
[INFO] [stdout]     |
[INFO] [stdout] 190 |             assert_true(
[INFO] [stdout]     |             ^^^^^^^^^^^ not found in this scope
[INFO] [stdout] 
[INFO] [stdout] 
[INFO] [stdout] error[E0425]: cannot find function `assert_true` in this scope
[INFO] [stdout]    --> tests/engine_bdd.rs:250:13
[INFO] [stdout]     |
[INFO] [stdout] 250 |             assert_true(
[INFO] [stdout]     |             ^^^^^^^^^^^ not found in this scope
[INFO] [stdout] 
[INFO] [stdout] 
[INFO] [stdout] error[E0425]: cannot find function `assert_true` in this scope
[INFO] [stdout]    --> tests/engine_bdd.rs:256:13
[INFO] [stdout]     |
[INFO] [stdout] 256 |             assert_true(
[INFO] [stdout]     |             ^^^^^^^^^^^ not found in this scope
[INFO] [stdout] 
[INFO] [stdout] 
[INFO] [stdout] error[E0425]: cannot find function `assert_true` in this scope
[INFO] [stdout]    --> tests/engine_bdd.rs:262:13
[INFO] [stdout]     |
[INFO] [stdout] 262 |             assert_true(
[INFO] [stdout]     |             ^^^^^^^^^^^ not found in this scope
[INFO] [stdout] 
[INFO] [stdout] 
[INFO] [stdout] error[E0425]: cannot find function `assert_true` in this scope
[INFO] [stdout]    --> tests/engine_bdd.rs:268:13
[INFO] [stdout]     |
[INFO] [stdout] 268 |             assert_true(
[INFO] [stdout]     |             ^^^^^^^^^^^ not found in this scope
[INFO] [stdout] 
[INFO] [stdout] 
[INFO] [stdout] error[E0425]: cannot find function `assert_true` in this scope
[INFO] [stdout]    --> tests/engine_bdd.rs:383:13
[INFO] [stdout]     |
[INFO] [stdout] 383 |             assert_true(
[INFO] [stdout]     |             ^^^^^^^^^^^ not found in this scope
[INFO] [stdout] 
[INFO] [stdout] 
[INFO] [stdout] error[E0425]: cannot find function `assert_true` in this scope
[INFO] [stdout]    --> tests/engine_bdd.rs:389:13
[INFO] [stdout]     |
[INFO] [stdout] 389 |             assert_true(
[INFO] [stdout]     |             ^^^^^^^^^^^ not found in this scope
[INFO] [stdout] 
[INFO] [stdout] 
[INFO] [stdout] Some errors have detailed explanations: E0425, E0432, E0433.
[INFO] [stdout] 
[INFO] [stdout] For more information about an error, try `rustc --explain E0425`.
[INFO] [stdout] 
[INFO] [stdout] error[E0433]: cannot find module or crate `shiplog_testkit` in this scope
[INFO] [stdout]    --> tests/schema/property.rs:245:50
[INFO] [stdout]     |
[INFO] [stdout] 245 |     fn event_payload_tagged_roundtrip(payload in shiplog_testkit::proptest::strategy_event_payload()) {
[INFO] [stdout]     |                                                  ^^^^^^^^^^^^^^^ use of unresolved module or unlinked crate `shiplog_testkit`
[INFO] [stdout]     |
[INFO] [stdout]     = help: if you wanted to use a crate named `shiplog_testkit`, use `cargo add shiplog_testkit` to add it to your `Cargo.toml`
[INFO] [stdout] 
[INFO] [stdout] 
[INFO] [stdout] error[E0433]: cannot find module or crate `shiplog_testkit` in this scope
[INFO] [stdout]    --> tests/schema/property.rs:264:45
[INFO] [stdout]     |
[INFO] [stdout] 264 |     fn time_window_since_before_until(tw in shiplog_testkit::proptest::strategy_time_window()) {
[INFO] [stdout]     |                                             ^^^^^^^^^^^^^^^ use of unresolved module or unlinked crate `shiplog_testkit`
[INFO] [stdout]     |
[INFO] [stdout]     = help: if you wanted to use a crate named `shiplog_testkit`, use `cargo add shiplog_testkit` to add it to your `Cargo.toml`
[INFO] [stdout] 
[INFO] [stdout] 
[INFO] [stderr] error: could not compile `shiplog` (test "engine_bdd") due to 15 previous errors
[INFO] [stderr] warning: build failed, waiting for other jobs to finish...
[INFO] [stdout] error[E0433]: cannot find module or crate `shiplog_testkit` in this scope
[INFO] [stdout]    --> tests/schema/property.rs:270:18
[INFO] [stdout]     |
[INFO] [stdout] 270 |         since in shiplog_testkit::proptest::strategy_naive_date(),
[INFO] [stdout]     |                  ^^^^^^^^^^^^^^^ use of unresolved module or unlinked crate `shiplog_testkit`
[INFO] [stdout]     |
[INFO] [stdout]     = help: if you wanted to use a crate named `shiplog_testkit`, use `cargo add shiplog_testkit` to add it to your `Cargo.toml`
[INFO] [stdout] 
[INFO] [stdout] 
[INFO] [stdout] error[E0433]: cannot find module or crate `shiplog_testkit` in this scope
[INFO] [stdout]    --> tests/schema/property.rs:280:18
[INFO] [stdout]     |
[INFO] [stdout] 280 |         since in shiplog_testkit::proptest::strategy_naive_date(),
[INFO] [stdout]     |                  ^^^^^^^^^^^^^^^ use of unresolved module or unlinked crate `shiplog_testkit`
[INFO] [stdout]     |
[INFO] [stdout]     = help: if you wanted to use a crate named `shiplog_testkit`, use `cargo add shiplog_testkit` to add it to your `Cargo.toml`
[INFO] [stdout] 
[INFO] [stdout] 
[INFO] [stdout] error[E0277]: the size for values of type `[shiplog::schema::event::EventEnvelope]` cannot be known at compilation time
[INFO] [stdout]   --> tests/render_json/proptests.rs:16:29
[INFO] [stdout]    |
[INFO] [stdout] 16 |     fn prop_jsonl_roundtrip(events in strategy_event_vec(30)) {
[INFO] [stdout]    |                             ^^^^^^ doesn't have a size known at compile-time
[INFO] [stdout]    |
[INFO] [stdout]    = help: the trait `Sized` is not implemented for `[shiplog::schema::event::EventEnvelope]`
[INFO] [stdout]    = note: all local variables must have a statically known size
[INFO] [stdout] 
[INFO] [stdout] 
[INFO] [stdout] error[E0277]: the size for values of type `[shiplog::schema::event::EventEnvelope]` cannot be known at compilation time
[INFO] [stdout]     --> tests/render_json/proptests.rs:11:1
[INFO] [stdout]      |
[INFO] [stdout]   11 | / proptest! {
[INFO] [stdout]   12 | |     #![proptest_config(ProptestConfig::with_cases(64))]
[INFO] [stdout]   13 | |
[INFO] [stdout]   14 | |     /// JSONL roundtrip: write then read back preserves event identity.
[INFO] [stdout] ...    |
[INFO] [stdout]  120 | | }
[INFO] [stdout]      | |_^ doesn't have a size known at compile-time
[INFO] [stdout]      |
[INFO] [stdout]      = help: the trait `Sized` is not implemented for `[shiplog::schema::event::EventEnvelope]`
[INFO] [stdout] note: required by a bound in `proptest::sugar::NamedArguments`
[INFO] [stdout]     --> /opt/rustwide/cargo-home/registry/src/index.crates.io-1949cf8c6b5b557f/proptest-1.11.0/src/sugar.rs:1074:30
[INFO] [stdout]      |
[INFO] [stdout] 1074 | pub struct NamedArguments<N, V>(#[doc(hidden)] pub N, #[doc(hidden)] pub V);
[INFO] [stdout]      |                              ^ required by this bound in `proptest::sugar::NamedArguments`
[INFO] [stdout]      = note: this error originates in the macro `$crate::proptest_helper` which comes from the expansion of the macro `proptest` (in Nightly builds, run with -Z macro-backtrace for more info)
[INFO] [stdout] 
[INFO] [stdout] 
[INFO] [stdout] error[E0277]: the size for values of type `[shiplog::schema::event::EventEnvelope]` cannot be known at compilation time
[INFO] [stdout]   --> tests/render_json/proptests.rs:57:43
[INFO] [stdout]    |
[INFO] [stdout] 57 |     fn prop_jsonl_output_is_deterministic(events in strategy_event_vec(20)) {
[INFO] [stdout]    |                                           ^^^^^^ doesn't have a size known at compile-time
[INFO] [stdout]    |
[INFO] [stdout]    = help: the trait `Sized` is not implemented for `[shiplog::schema::event::EventEnvelope]`
[INFO] [stdout]    = note: all local variables must have a statically known size
[INFO] [stdout] 
[INFO] [stdout] 
[INFO] [stdout] error[E0277]: the size for values of type `[shiplog::schema::event::EventEnvelope]` cannot be known at compilation time
[INFO] [stdout]     --> tests/render_json/proptests.rs:11:1
[INFO] [stdout]      |
[INFO] [stdout]   11 | / proptest! {
[INFO] [stdout]   12 | |     #![proptest_config(ProptestConfig::with_cases(64))]
[INFO] [stdout]   13 | |
[INFO] [stdout]   14 | |     /// JSONL roundtrip: write then read back preserves event identity.
[INFO] [stdout] ...    |
[INFO] [stdout]  120 | | }
[INFO] [stdout]      | |_^ doesn't have a size known at compile-time
[INFO] [stdout]      |
[INFO] [stdout]      = help: the trait `Sized` is not implemented for `[shiplog::schema::event::EventEnvelope]`
[INFO] [stdout] note: required by a bound in `proptest::sugar::NamedArguments`
[INFO] [stdout]     --> /opt/rustwide/cargo-home/registry/src/index.crates.io-1949cf8c6b5b557f/proptest-1.11.0/src/sugar.rs:1074:30
[INFO] [stdout]      |
[INFO] [stdout] 1074 | pub struct NamedArguments<N, V>(#[doc(hidden)] pub N, #[doc(hidden)] pub V);
[INFO] [stdout]      |                              ^ required by this bound in `proptest::sugar::NamedArguments`
[INFO] [stdout]      = note: this error originates in the macro `$crate::proptest_helper` which comes from the expansion of the macro `proptest` (in Nightly builds, run with -Z macro-backtrace for more info)
[INFO] [stdout] 
[INFO] [stdout] 
[INFO] [stdout] error[E0277]: the size for values of type `[shiplog::schema::event::EventEnvelope]` cannot be known at compilation time
[INFO] [stdout]   --> tests/render_json/proptests.rs:73:50
[INFO] [stdout]    |
[INFO] [stdout] 73 |     fn prop_jsonl_line_count_matches_event_count(events in strategy_event_vec(50)) {
[INFO] [stdout]    |                                                  ^^^^^^ doesn't have a size known at compile-time
[INFO] [stdout]    |
[INFO] [stdout]    = help: the trait `Sized` is not implemented for `[shiplog::schema::event::EventEnvelope]`
[INFO] [stdout]    = note: all local variables must have a statically known size
[INFO] [stdout] 
[INFO] [stdout] 
[INFO] [stdout] error[E0277]: the size for values of type `[shiplog::schema::event::EventEnvelope]` cannot be known at compilation time
[INFO] [stdout]     --> tests/render_json/proptests.rs:11:1
[INFO] [stdout]      |
[INFO] [stdout]   11 | / proptest! {
[INFO] [stdout]   12 | |     #![proptest_config(ProptestConfig::with_cases(64))]
[INFO] [stdout]   13 | |
[INFO] [stdout]   14 | |     /// JSONL roundtrip: write then read back preserves event identity.
[INFO] [stdout] ...    |
[INFO] [stdout]  120 | | }
[INFO] [stdout]      | |_^ doesn't have a size known at compile-time
[INFO] [stdout]      |
[INFO] [stdout]      = help: the trait `Sized` is not implemented for `[shiplog::schema::event::EventEnvelope]`
[INFO] [stdout] note: required by a bound in `proptest::sugar::NamedArguments`
[INFO] [stdout]     --> /opt/rustwide/cargo-home/registry/src/index.crates.io-1949cf8c6b5b557f/proptest-1.11.0/src/sugar.rs:1074:30
[INFO] [stdout]      |
[INFO] [stdout] 1074 | pub struct NamedArguments<N, V>(#[doc(hidden)] pub N, #[doc(hidden)] pub V);
[INFO] [stdout]      |                              ^ required by this bound in `proptest::sugar::NamedArguments`
[INFO] [stdout]      = note: this error originates in the macro `$crate::proptest_helper` which comes from the expansion of the macro `proptest` (in Nightly builds, run with -Z macro-backtrace for more info)
[INFO] [stdout] 
[INFO] [stdout] 
[INFO] [stdout] error[E0433]: cannot find module or crate `shiplog_testkit` in this scope
[INFO] [stdout]   --> tests/schema/property_tests.rs:18:52
[INFO] [stdout]    |
[INFO] [stdout] 18 |     fn prop_event_envelope_json_roundtrip(event in shiplog_testkit::proptest::strategy_event_envelope()) {
[INFO] [stdout]    |                                                    ^^^^^^^^^^^^^^^ use of unresolved module or unlinked crate `shiplog_testkit`
[INFO] [stdout]    |
[INFO] [stdout]    = help: if you wanted to use a crate named `shiplog_testkit`, use `cargo add shiplog_testkit` to add it to your `Cargo.toml`
[INFO] [stdout] 
[INFO] [stdout] 
[INFO] [stdout] error[E0277]: the size for values of type `[shiplog::schema::event::EventEnvelope]` cannot be known at compilation time
[INFO] [stdout]    --> tests/render_json/proptests.rs:107:43
[INFO] [stdout]     |
[INFO] [stdout] 107 |     fn prop_jsonl_each_line_is_valid_json(events in strategy_event_vec(30)) {
[INFO] [stdout]     |                                           ^^^^^^ doesn't have a size known at compile-time
[INFO] [stdout]     |
[INFO] [stdout]     = help: the trait `Sized` is not implemented for `[shiplog::schema::event::EventEnvelope]`
[INFO] [stdout]     = note: all local variables must have a statically known size
[INFO] [stdout] 
[INFO] [stdout] 
[INFO] [stdout] error[E0277]: the size for values of type `[shiplog::schema::event::EventEnvelope]` cannot be known at compilation time
[INFO] [stdout]     --> tests/render_json/proptests.rs:11:1
[INFO] [stdout]      |
[INFO] [stdout]   11 | / proptest! {
[INFO] [stdout]   12 | |     #![proptest_config(ProptestConfig::with_cases(64))]
[INFO] [stdout]   13 | |
[INFO] [stdout]   14 | |     /// JSONL roundtrip: write then read back preserves event identity.
[INFO] [stdout] ...    |
[INFO] [stdout]  120 | | }
[INFO] [stdout]      | |_^ doesn't have a size known at compile-time
[INFO] [stdout]      |
[INFO] [stdout]      = help: the trait `Sized` is not implemented for `[shiplog::schema::event::EventEnvelope]`
[INFO] [stdout] note: required by a bound in `proptest::sugar::NamedArguments`
[INFO] [stdout]     --> /opt/rustwide/cargo-home/registry/src/index.crates.io-1949cf8c6b5b557f/proptest-1.11.0/src/sugar.rs:1074:30
[INFO] [stdout]      |
[INFO] [stdout] 1074 | pub struct NamedArguments<N, V>(#[doc(hidden)] pub N, #[doc(hidden)] pub V);
[INFO] [stdout]      |                              ^ required by this bound in `proptest::sugar::NamedArguments`
[INFO] [stdout]      = note: this error originates in the macro `$crate::proptest_helper` which comes from the expansion of the macro `proptest` (in Nightly builds, run with -Z macro-backtrace for more info)
[INFO] [stdout] 
[INFO] [stdout] 
[INFO] [stdout] error[E0433]: cannot find module or crate `shiplog_testkit` in this scope
[INFO] [stdout]   --> tests/engine_bdd_workflows.rs:20:5
[INFO] [stdout]    |
[INFO] [stdout] 20 | use shiplog_testkit::bdd::assertions::*;
[INFO] [stdout]    |     ^^^^^^^^^^^^^^^ use of unresolved module or unlinked crate `shiplog_testkit`
[INFO] [stdout]    |
[INFO] [stdout]    = help: if you wanted to use a crate named `shiplog_testkit`, use `cargo add shiplog_testkit` to add it to your `Cargo.toml`
[INFO] [stdout] 
[INFO] [stdout] 
[INFO] [stdout] error[E0433]: cannot find module or crate `shiplog_testkit` in this scope
[INFO] [stdout]   --> tests/schema/property_tests.rs:29:49
[INFO] [stdout]    |
[INFO] [stdout] 29 |     fn prop_event_vec_jsonl_roundtrip(events in shiplog_testkit::proptest::strategy_event_vec(20)) {
[INFO] [stdout]    |                                                 ^^^^^^^^^^^^^^^ use of unresolved module or unlinked crate `shiplog_testkit`
[INFO] [stdout]    |
[INFO] [stdout]    = help: if you wanted to use a crate named `shiplog_testkit`, use `cargo add shiplog_testkit` to add it to your `Cargo.toml`
[INFO] [stdout] 
[INFO] [stdout] 
[INFO] [stdout] Some errors have detailed explanations: E0277, E0432, E0433.
[INFO] [stdout] 
[INFO] [stdout] For more information about an error, try `rustc --explain E0277`.
[INFO] [stdout] 
[INFO] [stderr] error: could not compile `shiplog` (test "render_json") due to 15 previous errors
[INFO] [stdout] error[E0433]: cannot find module or crate `shiplog_testkit` in this scope
[INFO] [stdout]   --> tests/engine_bdd_workflows.rs:19:5
[INFO] [stdout]    |
[INFO] [stdout] 19 | use shiplog_testkit::bdd::Scenario;
[INFO] [stdout]    |     ^^^^^^^^^^^^^^^ use of unresolved module or unlinked crate `shiplog_testkit`
[INFO] [stdout]    |
[INFO] [stdout]    = help: if you wanted to use a crate named `shiplog_testkit`, use `cargo add shiplog_testkit` to add it to your `Cargo.toml`
[INFO] [stdout] 
[INFO] [stdout] 
[INFO] [stdout] error[E0432]: unresolved import `shiplog_testkit`
[INFO] [stdout]   --> tests/engine_bdd_workflows.rs:18:5
[INFO] [stdout]    |
[INFO] [stdout] 18 | use shiplog_testkit::TestMarkdownRenderer as MarkdownRenderer;
[INFO] [stdout]    |     ^^^^^^^^^^^^^^^ use of unresolved module or unlinked crate `shiplog_testkit`
[INFO] [stdout]    |
[INFO] [stdout]    = help: if you wanted to use a crate named `shiplog_testkit`, use `cargo add shiplog_testkit` to add it to your `Cargo.toml`
[INFO] [stdout] 
[INFO] [stdout] 
[INFO] [stdout] error[E0433]: cannot find module or crate `shiplog_testkit` in this scope
[INFO] [stdout]   --> tests/schema/property_tests.rs:46:53
[INFO] [stdout]    |
[INFO] [stdout] 46 |     fn prop_workstreams_file_yaml_roundtrip(file in shiplog_testkit::proptest::strategy_workstreams_file()) {
[INFO] [stdout]    |                                                     ^^^^^^^^^^^^^^^ use of unresolved module or unlinked crate `shiplog_testkit`
[INFO] [stdout]    |
[INFO] [stdout]    = help: if you wanted to use a crate named `shiplog_testkit`, use `cargo add shiplog_testkit` to add it to your `Cargo.toml`
[INFO] [stdout] 
[INFO] [stdout] 
[INFO] [stdout] error[E0433]: cannot find module or crate `shiplog_testkit` in this scope
[INFO] [stdout]   --> tests/schema/property_tests.rs:55:58
[INFO] [stdout]    |
[INFO] [stdout] 55 |     fn prop_coverage_manifest_json_roundtrip(manifest in shiplog_testkit::proptest::strategy_coverage_manifest()) {
[INFO] [stdout]    |                                                          ^^^^^^^^^^^^^^^ use of unresolved module or unlinked crate `shiplog_testkit`
[INFO] [stdout]    |
[INFO] [stdout]    = help: if you wanted to use a crate named `shiplog_testkit`, use `cargo add shiplog_testkit` to add it to your `Cargo.toml`
[INFO] [stdout] 
[INFO] [stdout] 
[INFO] [stdout] error[E0433]: cannot find module or crate `shiplog_testkit` in this scope
[INFO] [stdout]   --> tests/schema/property_tests.rs:72:47
[INFO] [stdout]    |
[INFO] [stdout] 72 |     fn prop_source_system_roundtrip(source in shiplog_testkit::proptest::base_strategy_source_system()) {
[INFO] [stdout]    |                                               ^^^^^^^^^^^^^^^ use of unresolved module or unlinked crate `shiplog_testkit`
[INFO] [stdout]    |
[INFO] [stdout]    = help: if you wanted to use a crate named `shiplog_testkit`, use `cargo add shiplog_testkit` to add it to your `Cargo.toml`
[INFO] [stdout] 
[INFO] [stdout] 
[INFO] [stdout] error[E0433]: cannot find module or crate `shiplog_testkit` in this scope
[INFO] [stdout]   --> tests/schema/property_tests.rs:80:53
[INFO] [stdout]    |
[INFO] [stdout] 80 |     fn prop_repo_visibility_roundtrip(visibility in shiplog_testkit::proptest::strategy_repo_visibility()) {
[INFO] [stdout]    |                                                     ^^^^^^^^^^^^^^^ use of unresolved module or unlinked crate `shiplog_testkit`
[INFO] [stdout]    |
[INFO] [stdout]    = help: if you wanted to use a crate named `shiplog_testkit`, use `cargo add shiplog_testkit` to add it to your `Cargo.toml`
[INFO] [stdout] 
[INFO] [stdout] 
[INFO] [stdout] error[E0277]: the size for values of type `[shiplog::schema::event::EventEnvelope]` cannot be known at compilation time
[INFO] [stdout]   --> tests/render_md/property.rs:27:9
[INFO] [stdout]    |
[INFO] [stdout] 27 |         events in strategy_event_vec(20),
[INFO] [stdout]    |         ^^^^^^ doesn't have a size known at compile-time
[INFO] [stdout]    |
[INFO] [stdout]    = help: the trait `Sized` is not implemented for `[shiplog::schema::event::EventEnvelope]`
[INFO] [stdout]    = note: all local variables must have a statically known size
[INFO] [stdout] 
[INFO] [stdout] 
[INFO] [stdout] error[E0433]: cannot find module or crate `shiplog_testkit` in this scope
[INFO] [stdout]   --> tests/schema/property_tests.rs:88:41
[INFO] [stdout]    |
[INFO] [stdout] 88 |     fn prop_pr_state_roundtrip(state in shiplog_testkit::proptest::strategy_pr_state()) {
[INFO] [stdout]    |                                         ^^^^^^^^^^^^^^^ use of unresolved module or unlinked crate `shiplog_testkit`
[INFO] [stdout]    |
[INFO] [stdout]    = help: if you wanted to use a crate named `shiplog_testkit`, use `cargo add shiplog_testkit` to add it to your `Cargo.toml`
[INFO] [stdout] 
[INFO] [stdout] 
[INFO] [stdout] error[E0277]: the size for values of type `[shiplog::schema::event::EventEnvelope]` cannot be known at compilation time
[INFO] [stdout]   --> tests/render_md/property.rs:45:9
[INFO] [stdout]    |
[INFO] [stdout] 45 |         events in strategy_event_vec(10),
[INFO] [stdout]    |         ^^^^^^ doesn't have a size known at compile-time
[INFO] [stdout]    |
[INFO] [stdout]    = help: the trait `Sized` is not implemented for `[shiplog::schema::event::EventEnvelope]`
[INFO] [stdout]    = note: all local variables must have a statically known size
[INFO] [stdout] 
[INFO] [stdout] 
[INFO] [stdout] For more information about this error, try `rustc --explain E0433`.
[INFO] [stdout] 
[INFO] [stdout] error[E0277]: the size for values of type `[shiplog::schema::event::EventEnvelope]` cannot be known at compilation time
[INFO] [stdout]   --> tests/render_md/property.rs:62:9
[INFO] [stdout]    |
[INFO] [stdout] 62 |         events in strategy_event_vec(15),
[INFO] [stdout]    |         ^^^^^^ doesn't have a size known at compile-time
[INFO] [stdout]    |
[INFO] [stdout]    = help: the trait `Sized` is not implemented for `[shiplog::schema::event::EventEnvelope]`
[INFO] [stdout]    = note: all local variables must have a statically known size
[INFO] [stdout] 
[INFO] [stdout] 
[INFO] [stderr] error: could not compile `shiplog` (test "team") due to 3 previous errors
[INFO] [stdout] error[E0433]: cannot find module or crate `shiplog_testkit` in this scope
[INFO] [stdout]   --> tests/schema/property_tests.rs:96:42
[INFO] [stdout]    |
[INFO] [stdout] 96 |     fn prop_event_kind_roundtrip(kind in shiplog_testkit::proptest::strategy_event_kind()) {
[INFO] [stdout]    |                                          ^^^^^^^^^^^^^^^ use of unresolved module or unlinked crate `shiplog_testkit`
[INFO] [stdout]    |
[INFO] [stdout]    = help: if you wanted to use a crate named `shiplog_testkit`, use `cargo add shiplog_testkit` to add it to your `Cargo.toml`
[INFO] [stdout] 
[INFO] [stdout] 
[INFO] [stdout] error[E0277]: the size for values of type `[shiplog::schema::event::EventEnvelope]` cannot be known at compilation time
[INFO] [stdout]   --> tests/render_md/property.rs:99:9
[INFO] [stdout]    |
[INFO] [stdout] 99 |         events in strategy_event_vec(5),
[INFO] [stdout]    |         ^^^^^^ doesn't have a size known at compile-time
[INFO] [stdout]    |
[INFO] [stdout]    = help: the trait `Sized` is not implemented for `[shiplog::schema::event::EventEnvelope]`
[INFO] [stdout]    = note: all local variables must have a statically known size
[INFO] [stdout] 
[INFO] [stdout] 
[INFO] [stdout] error[E0277]: the size for values of type `[shiplog::schema::event::EventEnvelope]` cannot be known at compilation time
[INFO] [stdout]    --> tests/render_md/property.rs:119:9
[INFO] [stdout]     |
[INFO] [stdout] 119 |         events in strategy_event_vec(5),
[INFO] [stdout]     |         ^^^^^^ doesn't have a size known at compile-time
[INFO] [stdout]     |
[INFO] [stdout]     = help: the trait `Sized` is not implemented for `[shiplog::schema::event::EventEnvelope]`
[INFO] [stdout]     = note: all local variables must have a statically known size
[INFO] [stdout] 
[INFO] [stdout] 
[INFO] [stdout] error[E0277]: the size for values of type `[shiplog::schema::event::EventEnvelope]` cannot be known at compilation time
[INFO] [stdout]    --> tests/render_md/property.rs:156:9
[INFO] [stdout]     |
[INFO] [stdout] 156 |         events in strategy_event_vec(20),
[INFO] [stdout]     |         ^^^^^^ doesn't have a size known at compile-time
[INFO] [stdout]     |
[INFO] [stdout]     = help: the trait `Sized` is not implemented for `[shiplog::schema::event::EventEnvelope]`
[INFO] [stdout]     = note: all local variables must have a statically known size
[INFO] [stdout] 
[INFO] [stdout] 
[INFO] [stdout] error[E0433]: cannot find module or crate `shiplog_testkit` in this scope
[INFO] [stdout]    --> tests/schema/property_tests.rs:104:52
[INFO] [stdout]     |
[INFO] [stdout] 104 |     fn prop_completeness_roundtrip(completeness in shiplog_testkit::proptest::strategy_completeness()) {
[INFO] [stdout]     |                                                    ^^^^^^^^^^^^^^^ use of unresolved module or unlinked crate `shiplog_testkit`
[INFO] [stdout]     |
[INFO] [stdout]     = help: if you wanted to use a crate named `shiplog_testkit`, use `cargo add shiplog_testkit` to add it to your `Cargo.toml`
[INFO] [stdout] 
[INFO] [stdout] 
[INFO] [stdout] error[E0433]: cannot find module or crate `shiplog_testkit` in this scope
[INFO] [stdout]    --> tests/schema/property_tests.rs:118:53
[INFO] [stdout]     |
[INFO] [stdout] 118 |     fn prop_event_id_string_representation(parts in shiplog_testkit::proptest::strategy_event_id_parts()) {
[INFO] [stdout]     |                                                     ^^^^^^^^^^^^^^^ use of unresolved module or unlinked crate `shiplog_testkit`
[INFO] [stdout]     |
[INFO] [stdout]     = help: if you wanted to use a crate named `shiplog_testkit`, use `cargo add shiplog_testkit` to add it to your `Cargo.toml`
[INFO] [stdout] 
[INFO] [stdout] 
[INFO] [stdout] error[E0433]: cannot find module or crate `shiplog_testkit` in this scope
[INFO] [stdout]    --> tests/schema/property_tests.rs:126:58
[INFO] [stdout]     |
[INFO] [stdout] 126 |     fn prop_workstream_id_string_representation(parts in shiplog_testkit::proptest::strategy_workstream_id_parts()) {
[INFO] [stdout]     |                                                          ^^^^^^^^^^^^^^^ use of unresolved module or unlinked crate `shiplog_testkit`
[INFO] [stdout]     |
[INFO] [stdout]     = help: if you wanted to use a crate named `shiplog_testkit`, use `cargo add shiplog_testkit` to add it to your `Cargo.toml`
[INFO] [stdout] 
[INFO] [stdout] 
[INFO] [stdout] error[E0433]: cannot find module or crate `shiplog_testkit` in this scope
[INFO] [stdout]    --> tests/schema/property_tests.rs:134:46
[INFO] [stdout]     |
[INFO] [stdout] 134 |     fn prop_datetime_rfc3339_roundtrip(dt in shiplog_testkit::proptest::strategy_datetime_utc()) {
[INFO] [stdout]     |                                              ^^^^^^^^^^^^^^^ use of unresolved module or unlinked crate `shiplog_testkit`
[INFO] [stdout]     |
[INFO] [stdout]     = help: if you wanted to use a crate named `shiplog_testkit`, use `cargo add shiplog_testkit` to add it to your `Cargo.toml`
[INFO] [stdout] 
[INFO] [stdout] 
[INFO] [stdout] error[E0433]: cannot find module or crate `shiplog_testkit` in this scope
[INFO] [stdout]    --> tests/schema/property_tests.rs:142:50
[INFO] [stdout]     |
[INFO] [stdout] 142 |     fn prop_naive_date_iso8601_roundtrip(date in shiplog_testkit::proptest::strategy_naive_date()) {
[INFO] [stdout]     |                                                  ^^^^^^^^^^^^^^^ use of unresolved module or unlinked crate `shiplog_testkit`
[INFO] [stdout]     |
[INFO] [stdout]     = help: if you wanted to use a crate named `shiplog_testkit`, use `cargo add shiplog_testkit` to add it to your `Cargo.toml`
[INFO] [stdout] 
[INFO] [stdout] 
[INFO] [stdout] error[E0433]: cannot find module or crate `shiplog_testkit` in this scope
[INFO] [stdout]    --> tests/schema/property_tests.rs:180:18
[INFO] [stdout]     |
[INFO] [stdout] 180 |         since in shiplog_testkit::proptest::strategy_naive_date(),
[INFO] [stdout]     |                  ^^^^^^^^^^^^^^^ use of unresolved module or unlinked crate `shiplog_testkit`
[INFO] [stdout]     |
[INFO] [stdout]     = help: if you wanted to use a crate named `shiplog_testkit`, use `cargo add shiplog_testkit` to add it to your `Cargo.toml`
[INFO] [stdout] 
[INFO] [stdout] 
[INFO] [stdout] error[E0433]: cannot find module or crate `shiplog_testkit` in this scope
[INFO] [stdout]    --> tests/schema/property_tests.rs:202:18
[INFO] [stdout]     |
[INFO] [stdout] 202 |         since in shiplog_testkit::proptest::strategy_naive_date(),
[INFO] [stdout]     |                  ^^^^^^^^^^^^^^^ use of unresolved module or unlinked crate `shiplog_testkit`
[INFO] [stdout]     |
[INFO] [stdout]     = help: if you wanted to use a crate named `shiplog_testkit`, use `cargo add shiplog_testkit` to add it to your `Cargo.toml`
[INFO] [stdout] 
[INFO] [stdout] 
[INFO] [stdout] error[E0433]: cannot find module or crate `shiplog_testkit` in this scope
[INFO] [stdout]    --> tests/schema/property_tests.rs:213:18
[INFO] [stdout]     |
[INFO] [stdout] 213 |         since in shiplog_testkit::proptest::strategy_naive_date(),
[INFO] [stdout]     |                  ^^^^^^^^^^^^^^^ use of unresolved module or unlinked crate `shiplog_testkit`
[INFO] [stdout]     |
[INFO] [stdout]     = help: if you wanted to use a crate named `shiplog_testkit`, use `cargo add shiplog_testkit` to add it to your `Cargo.toml`
[INFO] [stdout] 
[INFO] [stdout] 
[INFO] [stdout] error[E0433]: cannot find module or crate `shiplog_testkit` in this scope
[INFO] [stdout]    --> tests/schema/property_tests.rs:232:52
[INFO] [stdout]     |
[INFO] [stdout] 232 |     fn prop_event_envelope_yaml_roundtrip(event in shiplog_testkit::proptest::strategy_event_envelope()) {
[INFO] [stdout]     |                                                    ^^^^^^^^^^^^^^^ use of unresolved module or unlinked crate `shiplog_testkit`
[INFO] [stdout]     |
[INFO] [stdout]     = help: if you wanted to use a crate named `shiplog_testkit`, use `cargo add shiplog_testkit` to add it to your `Cargo.toml`
[INFO] [stdout] 
[INFO] [stdout] 
[INFO] [stdout] error[E0425]: cannot find function `assert_present` in this scope
[INFO] [stdout]    --> tests/engine_bdd_workflows.rs:201:32
[INFO] [stdout]     |
[INFO] [stdout] 201 |             let completeness = assert_present(ctx.string("completeness"), "completeness")?;
[INFO] [stdout]     |                                ^^^^^^^^^^^^^^ not found in this scope
[INFO] [stdout] 
[INFO] [stdout] 
[INFO] [stdout] error[E0423]: cannot find function `assert_eq` in this scope
[INFO] [stdout]    --> tests/engine_bdd_workflows.rs:202:13
[INFO] [stdout]     |
[INFO] [stdout] 202 |             assert_eq(completeness, "Complete", "coverage completeness")
[INFO] [stdout]     |             ^^^^^^^^^ not found in this scope
[INFO] [stdout]     |
[INFO] [stdout]     = note: a macro named `assert_eq` exists in another namespace
[INFO] [stdout] help: use `!` to invoke the macro
[INFO] [stdout]     |
[INFO] [stdout] 202 |             assert_eq!(completeness, "Complete", "coverage completeness")
[INFO] [stdout]     |                      +
[INFO] [stdout] 
[INFO] [stdout] 
[INFO] [stdout] error[E0425]: cannot find function `assert_present` in this scope
[INFO] [stdout]    --> tests/engine_bdd_workflows.rs:205:25
[INFO] [stdout]     |
[INFO] [stdout] 205 |             let count = assert_present(ctx.number("ledger_event_count"), "ledger event count")?;
[INFO] [stdout]     |                         ^^^^^^^^^^^^^^ not found in this scope
[INFO] [stdout] 
[INFO] [stdout] 
[INFO] [stdout] error[E0423]: cannot find function `assert_eq` in this scope
[INFO] [stdout]    --> tests/engine_bdd_workflows.rs:206:13
[INFO] [stdout]     |
[INFO] [stdout] 206 |             assert_eq(count, 5, "ledger event count")
[INFO] [stdout]     |             ^^^^^^^^^ not found in this scope
[INFO] [stdout]     |
[INFO] [stdout]     = note: a macro named `assert_eq` exists in another namespace
[INFO] [stdout] help: use `!` to invoke the macro
[INFO] [stdout]     |
[INFO] [stdout] 206 |             assert_eq!(count, 5, "ledger event count")
[INFO] [stdout]     |                      +
[INFO] [stdout] 
[INFO] [stdout] 
[INFO] [stdout] error[E0425]: cannot find function `assert_true` in this scope
[INFO] [stdout]    --> tests/engine_bdd_workflows.rs:209:13
[INFO] [stdout]     |
[INFO] [stdout] 209 |             assert_true(ctx.flag("packet_exists").unwrap_or(false), "packet.md")?;
[INFO] [stdout]     |             ^^^^^^^^^^^ not found in this scope
[INFO] [stdout] 
[INFO] [stdout] 
[INFO] [stdout] error[E0425]: cannot find function `assert_true` in this scope
[INFO] [stdout]    --> tests/engine_bdd_workflows.rs:210:13
[INFO] [stdout]     |
[INFO] [stdout] 210 |             assert_true(
[INFO] [stdout]     |             ^^^^^^^^^^^ not found in this scope
[INFO] [stdout] 
[INFO] [stdout] 
[INFO] [stdout] error[E0425]: cannot find function `assert_true` in this scope
[INFO] [stdout]    --> tests/engine_bdd_workflows.rs:214:13
[INFO] [stdout]     |
[INFO] [stdout] 214 |             assert_true(
[INFO] [stdout]     |             ^^^^^^^^^^^ not found in this scope
[INFO] [stdout] 
[INFO] [stdout] 
[INFO] [stdout] error[E0425]: cannot find function `assert_true` in this scope
[INFO] [stdout]    --> tests/engine_bdd_workflows.rs:220:13
[INFO] [stdout]     |
[INFO] [stdout] 220 |             assert_true(
[INFO] [stdout]     |             ^^^^^^^^^^^ not found in this scope
[INFO] [stdout] 
[INFO] [stdout] 
[INFO] [stdout] error[E0425]: cannot find function `assert_true` in this scope
[INFO] [stdout]    --> tests/engine_bdd_workflows.rs:224:13
[INFO] [stdout]     |
[INFO] [stdout] 224 |             assert_true(
[INFO] [stdout]     |             ^^^^^^^^^^^ not found in this scope
[INFO] [stdout] 
[INFO] [stdout] 
[INFO] [stdout] error[E0425]: cannot find function `assert_true` in this scope
[INFO] [stdout]    --> tests/engine_bdd_workflows.rs:228:13
[INFO] [stdout]     |
[INFO] [stdout] 228 |             assert_true(
[INFO] [stdout]     |             ^^^^^^^^^^^ not found in this scope
[INFO] [stdout] 
[INFO] [stdout] 
[INFO] [stdout] error[E0425]: cannot find function `assert_true` in this scope
[INFO] [stdout]    --> tests/engine_bdd_workflows.rs:334:17
[INFO] [stdout]     |
[INFO] [stdout] 334 |                 assert_true(
[INFO] [stdout]     |                 ^^^^^^^^^^^ not found in this scope
[INFO] [stdout] 
[INFO] [stdout] 
[INFO] [stdout] error[E0425]: cannot find function `assert_present` in this scope
[INFO] [stdout]    --> tests/engine_bdd_workflows.rs:341:26
[INFO] [stdout]     |
[INFO] [stdout] 341 |             let packet = assert_present(ctx.string("packet_content"), "packet content")?;
[INFO] [stdout]     |                          ^^^^^^^^^^^^^^ not found in this scope
[INFO] [stdout] 
[INFO] [stdout] 
[INFO] [stdout] error[E0425]: cannot find function `assert_contains` in this scope
[INFO] [stdout]    --> tests/engine_bdd_workflows.rs:342:13
[INFO] [stdout]     |
[INFO] [stdout] 342 |             assert_contains(
[INFO] [stdout]     |             ^^^^^^^^^^^^^^^ not found in this scope
[INFO] [stdout] 
[INFO] [stdout] 
[INFO] [stdout] error[E0433]: cannot find module or crate `shiplog_testkit` in this scope
[INFO] [stdout]    --> tests/schema/property_tests.rs:244:58
[INFO] [stdout]     |
[INFO] [stdout] 244 |     fn prop_coverage_manifest_yaml_roundtrip(manifest in shiplog_testkit::proptest::strategy_coverage_manifest()) {
[INFO] [stdout]     |                                                          ^^^^^^^^^^^^^^^ use of unresolved module or unlinked crate `shiplog_testkit`
[INFO] [stdout]     |
[INFO] [stdout]     = help: if you wanted to use a crate named `shiplog_testkit`, use `cargo add shiplog_testkit` to add it to your `Cargo.toml`
[INFO] [stdout] 
[INFO] [stdout] 
[INFO] [stdout] error[E0425]: cannot find function `assert_present` in this scope
[INFO] [stdout]    --> tests/engine_bdd_workflows.rs:416:26
[INFO] [stdout]     |
[INFO] [stdout] 416 |             let packet = assert_present(ctx.string("internal_packet"), "internal packet")?;
[INFO] [stdout]     |                          ^^^^^^^^^^^^^^ not found in this scope
[INFO] [stdout] 
[INFO] [stdout] 
[INFO] [stdout] error[E0425]: cannot find function `assert_contains` in this scope
[INFO] [stdout]    --> tests/engine_bdd_workflows.rs:417:13
[INFO] [stdout]     |
[INFO] [stdout] 417 |             assert_contains(
[INFO] [stdout]     |             ^^^^^^^^^^^^^^^ not found in this scope
[INFO] [stdout] 
[INFO] [stdout] 
[INFO] [stdout] error[E0425]: cannot find function `assert_present` in this scope
[INFO] [stdout]    --> tests/engine_bdd_workflows.rs:426:30
[INFO] [stdout]     |
[INFO] [stdout] 426 |                 let packet = assert_present(ctx.string("public_packet"), "public packet")?;
[INFO] [stdout]     |                              ^^^^^^^^^^^^^^ not found in this scope
[INFO] [stdout] 
[INFO] [stdout] 
[INFO] [stdout] error[E0425]: cannot find function `assert_not_contains` in this scope
[INFO] [stdout]    --> tests/engine_bdd_workflows.rs:427:17
[INFO] [stdout]     |
[INFO] [stdout] 427 |                 assert_not_contains(packet, "CVE-2025-9999", "CVE in public packet")?;
[INFO] [stdout]     |                 ^^^^^^^^^^^^^^^^^^^ not found in this scope
[INFO] [stdout] 
[INFO] [stdout] 
[INFO] [stdout] error[E0425]: cannot find function `assert_not_contains` in this scope
[INFO] [stdout]    --> tests/engine_bdd_workflows.rs:428:17
[INFO] [stdout]     |
[INFO] [stdout] 428 |                 assert_not_contains(
[INFO] [stdout]     |                 ^^^^^^^^^^^^^^^^^^^ not found in this scope
[INFO] [stdout] 
[INFO] [stdout] 
[INFO] [stdout] error[E0425]: cannot find function `assert_present` in this scope
[INFO] [stdout]    --> tests/engine_bdd_workflows.rs:436:26
[INFO] [stdout]     |
[INFO] [stdout] 436 |             let packet = assert_present(ctx.string("public_packet"), "public packet")?;
[INFO] [stdout]     |                          ^^^^^^^^^^^^^^ not found in this scope
[INFO] [stdout] 
[INFO] [stdout] 
[INFO] [stdout] error[E0425]: cannot find function `assert_not_contains` in this scope
[INFO] [stdout]    --> tests/engine_bdd_workflows.rs:437:13
[INFO] [stdout]     |
[INFO] [stdout] 437 |             assert_not_contains(packet, "payment-gateway", "repo name in public packet")
[INFO] [stdout]     |             ^^^^^^^^^^^^^^^^^^^ not found in this scope
[INFO] [stdout] 
[INFO] [stdout] 
[INFO] [stdout] error[E0425]: cannot find function `assert_present` in this scope
[INFO] [stdout]    --> tests/engine_bdd_workflows.rs:440:26
[INFO] [stdout]     |
[INFO] [stdout] 440 |             let packet = assert_present(ctx.string("public_packet"), "public packet")?;
[INFO] [stdout]     |                          ^^^^^^^^^^^^^^ not found in this scope
[INFO] [stdout] 
[INFO] [stdout] 
[INFO] [stdout] error[E0425]: cannot find function `assert_not_contains` in this scope
[INFO] [stdout]    --> tests/engine_bdd_workflows.rs:441:13
[INFO] [stdout]     |
[INFO] [stdout] 441 |             assert_not_contains(
[INFO] [stdout]     |             ^^^^^^^^^^^^^^^^^^^ not found in this scope
[INFO] [stdout] 
[INFO] [stdout] 
[INFO] [stdout] error[E0425]: cannot find function `assert_present` in this scope
[INFO] [stdout]    --> tests/engine_bdd_workflows.rs:538:25
[INFO] [stdout]     |
[INFO] [stdout] 538 |             let count = assert_present(ctx.number("ledger_event_count"), "ledger event count")?;
[INFO] [stdout]     |                         ^^^^^^^^^^^^^^ not found in this scope
[INFO] [stdout] 
[INFO] [stdout] 
[INFO] [stdout] error[E0423]: cannot find function `assert_eq` in this scope
[INFO] [stdout]    --> tests/engine_bdd_workflows.rs:539:13
[INFO] [stdout]     |
[INFO] [stdout] 539 |             assert_eq(count, 3, "refreshed ledger event count")
[INFO] [stdout]     |             ^^^^^^^^^ not found in this scope
[INFO] [stdout]     |
[INFO] [stdout]     = note: a macro named `assert_eq` exists in another namespace
[INFO] [stdout] help: use `!` to invoke the macro
[INFO] [stdout]     |
[INFO] [stdout] 539 |             assert_eq!(count, 3, "refreshed ledger event count")
[INFO] [stdout]     |                      +
[INFO] [stdout] 
[INFO] [stdout] 
[INFO] [stdout] error[E0425]: cannot find function `assert_true` in this scope
[INFO] [stdout]    --> tests/engine_bdd_workflows.rs:542:13
[INFO] [stdout]     |
[INFO] [stdout] 542 |             assert_true(
[INFO] [stdout]     |             ^^^^^^^^^^^ not found in this scope
[INFO] [stdout] 
[INFO] [stdout] 
[INFO] [stdout] error[E0425]: cannot find function `assert_true` in this scope
[INFO] [stdout]    --> tests/engine_bdd_workflows.rs:548:13
[INFO] [stdout]     |
[INFO] [stdout] 548 |             assert_true(
[INFO] [stdout]     |             ^^^^^^^^^^^ not found in this scope
[INFO] [stdout] 
[INFO] [stdout] 
[INFO] [stdout] error[E0425]: cannot find function `assert_true` in this scope
[INFO] [stdout]    --> tests/engine_bdd_workflows.rs:624:17
[INFO] [stdout]     |
[INFO] [stdout] 624 |                 assert_true(
[INFO] [stdout]     |                 ^^^^^^^^^^^ not found in this scope
[INFO] [stdout] 
[INFO] [stdout] 
[INFO] [stdout] error[E0425]: cannot find function `assert_true` in this scope
[INFO] [stdout]    --> tests/engine_bdd_workflows.rs:628:17
[INFO] [stdout]     |
[INFO] [stdout] 628 |                 assert_true(
[INFO] [stdout]     |                 ^^^^^^^^^^^ not found in this scope
[INFO] [stdout] 
[INFO] [stdout] 
[INFO] [stdout] error[E0425]: cannot find function `assert_true` in this scope
[INFO] [stdout]    --> tests/engine_bdd_workflows.rs:635:13
[INFO] [stdout]     |
[INFO] [stdout] 635 |             assert_true(
[INFO] [stdout]     |             ^^^^^^^^^^^ not found in this scope
[INFO] [stdout] 
[INFO] [stdout] 
[INFO] [stdout] error[E0425]: cannot find function `assert_present` in this scope
[INFO] [stdout]    --> tests/engine_bdd_workflows.rs:641:25
[INFO] [stdout]     |
[INFO] [stdout] 641 |             let count = assert_present(ctx.number("jsonl_event_count"), "JSONL event count")?;
[INFO] [stdout]     |                         ^^^^^^^^^^^^^^ not found in this scope
[INFO] [stdout] 
[INFO] [stdout] 
[INFO] [stdout] error[E0423]: cannot find function `assert_eq` in this scope
[INFO] [stdout]    --> tests/engine_bdd_workflows.rs:642:13
[INFO] [stdout]     |
[INFO] [stdout] 642 |             assert_eq(count, 2, "JSONL event count matches input")
[INFO] [stdout]     |             ^^^^^^^^^ not found in this scope
[INFO] [stdout]     |
[INFO] [stdout]     = note: a macro named `assert_eq` exists in another namespace
[INFO] [stdout] help: use `!` to invoke the macro
[INFO] [stdout]     |
[INFO] [stdout] 642 |             assert_eq!(count, 2, "JSONL event count matches input")
[INFO] [stdout]     |                      +
[INFO] [stdout] 
[INFO] [stdout] 
[INFO] [stdout] error[E0425]: cannot find function `assert_true` in this scope
[INFO] [stdout]    --> tests/engine_bdd_workflows.rs:645:13
[INFO] [stdout]     |
[INFO] [stdout] 645 |             assert_true(
[INFO] [stdout]     |             ^^^^^^^^^^^ not found in this scope
[INFO] [stdout] 
[INFO] [stdout] 
[INFO] [stdout] error[E0433]: cannot find module or crate `shiplog_testkit` in this scope
[INFO] [stdout]    --> tests/schema/property_tests.rs:261:48
[INFO] [stdout]     |
[INFO] [stdout] 261 |     fn prop_manual_event_type_roundtrip(met in shiplog_testkit::proptest::strategy_manual_payload()) {
[INFO] [stdout]     |                                                ^^^^^^^^^^^^^^^ use of unresolved module or unlinked crate `shiplog_testkit`
[INFO] [stdout]     |
[INFO] [stdout]     = help: if you wanted to use a crate named `shiplog_testkit`, use `cargo add shiplog_testkit` to add it to your `Cargo.toml`
[INFO] [stdout] 
[INFO] [stdout] 
[INFO] [stdout] Some errors have detailed explanations: E0423, E0425, E0432, E0433.
[INFO] [stdout] 
[INFO] [stdout] For more information about an error, try `rustc --explain E0423`.
[INFO] [stdout] 
[INFO] [stdout] error[E0433]: cannot find module or crate `shiplog_testkit` in this scope
[INFO] [stdout]    --> tests/schema/property_tests.rs:269:53
[INFO] [stdout]     |
[INFO] [stdout] 269 |     fn prop_event_payload_full_roundtrip(payload in shiplog_testkit::proptest::strategy_event_payload()) {
[INFO] [stdout]     |                                                     ^^^^^^^^^^^^^^^ use of unresolved module or unlinked crate `shiplog_testkit`
[INFO] [stdout]     |
[INFO] [stdout]     = help: if you wanted to use a crate named `shiplog_testkit`, use `cargo add shiplog_testkit` to add it to your `Cargo.toml`
[INFO] [stdout] 
[INFO] [stdout] 
[INFO] [stderr] error: could not compile `shiplog` (test "engine_bdd_workflows") due to 35 previous errors
[INFO] [stdout] error[E0433]: cannot find module or crate `shiplog_testkit` in this scope
[INFO] [stdout]    --> tests/schema/property_tests.rs:301:15
[INFO] [stdout]     |
[INFO] [stdout] 301 |         ss in shiplog_testkit::proptest::base_strategy_source_system()
[INFO] [stdout]     |               ^^^^^^^^^^^^^^^ use of unresolved module or unlinked crate `shiplog_testkit`
[INFO] [stdout]     |
[INFO] [stdout]     = help: if you wanted to use a crate named `shiplog_testkit`, use `cargo add shiplog_testkit` to add it to your `Cargo.toml`
[INFO] [stdout] 
[INFO] [stdout] 
[INFO] [stdout] error[E0433]: cannot find module or crate `shiplog_testkit` in this scope
[INFO] [stdout]    --> tests/schema/property_tests.rs:310:18
[INFO] [stdout]     |
[INFO] [stdout] 310 |         event in shiplog_testkit::proptest::strategy_event_envelope()
[INFO] [stdout]     |                  ^^^^^^^^^^^^^^^ use of unresolved module or unlinked crate `shiplog_testkit`
[INFO] [stdout]     |
[INFO] [stdout]     = help: if you wanted to use a crate named `shiplog_testkit`, use `cargo add shiplog_testkit` to add it to your `Cargo.toml`
[INFO] [stdout] 
[INFO] [stdout] 
[INFO] [stdout] Some errors have detailed explanations: E0277, E0432, E0433.
[INFO] [stdout] 
[INFO] [stdout] For more information about an error, try `rustc --explain E0277`.
[INFO] [stdout] 
[INFO] [stderr] error: could not compile `shiplog` (test "render_md") due to 14 previous errors
[INFO] [stdout] For more information about this error, try `rustc --explain E0433`.
[INFO] [stdout] 
[INFO] [stderr] error: could not compile `shiplog` (test "schema") due to 29 previous errors
[INFO] running `Command { std: "docker" "inspect" "8b0a3d5fdf0c2f3da68e90a71a7287116f54223744d40a95fa59b2509a245bf8", kill_on_drop: false }`
[INFO] running `Command { std: "docker" "rm" "-f" "8b0a3d5fdf0c2f3da68e90a71a7287116f54223744d40a95fa59b2509a245bf8", kill_on_drop: false }`
[INFO] [stdout] 8b0a3d5fdf0c2f3da68e90a71a7287116f54223744d40a95fa59b2509a245bf8
