[INFO] fetching crate shiplog-render-json 0.6.0...
[INFO] testing shiplog-render-json-0.6.0 against 1.99.0-beta.8+cargoflags=--release for beta-release-1.100-2
[INFO] extracting crate shiplog-render-json 0.6.0 into /workspace/builds/worker-1-tc1/source
[INFO] started tweaking crates.io crate shiplog-render-json 0.6.0
[INFO] removed 0 missing tests
[INFO] finished tweaking crates.io crate shiplog-render-json 0.6.0
[INFO] tweaked toml for crates.io crate shiplog-render-json 0.6.0 written to /workspace/builds/worker-1-tc1/source/Cargo.toml
[INFO] validating manifest of crates.io crate shiplog-render-json 0.6.0 on toolchain 1.99.0-beta.8
[INFO] running `Command { std: CARGO_HOME="/workspace/cargo-home" RUSTUP_HOME="/workspace/rustup-home" "/workspace/cargo-home/bin/cargo" "+1.99.0-beta.8" "metadata" "--manifest-path" "Cargo.toml" "--no-deps", kill_on_drop: false }`
[INFO] crate crates.io crate shiplog-render-json 0.6.0 already has a lockfile, it will not be regenerated
[INFO] running `Command { std: CARGO_HOME="/workspace/cargo-home" RUSTUP_HOME="/workspace/rustup-home" "/workspace/cargo-home/bin/cargo" "+1.99.0-beta.8" "fetch" "--manifest-path" "Cargo.toml", kill_on_drop: false }`
[INFO] [stderr]     Updating crates.io index
[INFO] [stderr]  Downloading crates ...
[INFO] [stderr]   Downloaded insta v1.47.2
[INFO] [stderr]   Downloaded shiplog-ids v0.6.0
[INFO] [stderr]   Downloaded console v0.16.3
[INFO] [stderr]   Downloaded shiplog-schema v0.6.0
[INFO] [stderr]   Downloaded hybrid-array v0.4.11
[INFO] running `Command { std: "docker" "create" "-v" "/var/lib/crater-agent-workspace/builds/worker-1-tc1/source:/opt/rustwide/workdir:ro,Z" "-v" "/var/lib/crater-agent-workspace/builds/worker-1-tc1/target:/opt/rustwide/target:rw,Z" "-v" "/var/lib/crater-agent-workspace/cargo-home:/opt/rustwide/cargo-home:ro,Z" "-v" "/var/lib/crater-agent-workspace/rustup-home:/opt/rustwide/rustup-home:ro,Z" "-m" "1610612736" "--network" "none" "ghcr.io/rust-lang/crates-build-env/linux@sha256:77db811e55d90add9212f6832c23229e3de5f1c1f9905e8cb07319ea15df73ac" "sleep" "infinity", kill_on_drop: false }`
[INFO] [stdout] 94978f5d986d2dac74d3310e73dc88f1bcd561238a17232fc4c14b0710a29511
[INFO] running `Command { std: "docker" "start" "94978f5d986d2dac74d3310e73dc88f1bcd561238a17232fc4c14b0710a29511", kill_on_drop: false }`
[INFO] running `Command { std: "docker" "inspect" "94978f5d986d2dac74d3310e73dc88f1bcd561238a17232fc4c14b0710a29511", kill_on_drop: false }`
[INFO] running `Command { std: "docker" "exec" "-e" "SOURCE_DIR=/opt/rustwide/workdir" "-e" "CARGO_HOME=/opt/rustwide/cargo-home" "-e" "RUSTUP_HOME=/opt/rustwide/rustup-home" "-e" "CARGO_TARGET_DIR=/opt/rustwide/target" "-w" "/opt/rustwide/workdir" "--user" "0:0" "94978f5d986d2dac74d3310e73dc88f1bcd561238a17232fc4c14b0710a29511" "/opt/rustwide/cargo-home/bin/cargo" "+1.99.0-beta.8" "metadata" "--no-deps" "--format-version=1", kill_on_drop: false }`
[INFO] running `Command { std: "docker" "inspect" "94978f5d986d2dac74d3310e73dc88f1bcd561238a17232fc4c14b0710a29511", kill_on_drop: false }`
[INFO] running `Command { std: "docker" "exec" "-e" "SOURCE_DIR=/opt/rustwide/workdir" "-e" "CARGO_HOME=/opt/rustwide/cargo-home" "-e" "RUSTUP_HOME=/opt/rustwide/rustup-home" "-e" "CARGO_TARGET_DIR=/opt/rustwide/target" "-e" "CARGO_INCREMENTAL=0" "-e" "RUST_BACKTRACE=full" "-e" "RUSTFLAGS=--cap-lints=warn" "-e" "RUSTDOCFLAGS=--cap-lints=warn" "-w" "/opt/rustwide/workdir" "--user" "0:0" "94978f5d986d2dac74d3310e73dc88f1bcd561238a17232fc4c14b0710a29511" "/opt/rustwide/cargo-home/bin/cargo" "+1.99.0-beta.8" "build" "--frozen" "--message-format=json" "--release", kill_on_drop: false }`
[INFO] [stderr]    Compiling quote v1.0.45
[INFO] [stderr]    Compiling typenum v1.20.0
[INFO] [stderr]    Compiling autocfg v1.5.0
[INFO] [stderr]    Compiling const-oid v0.10.2
[INFO] [stderr]    Compiling zmij v1.0.20
[INFO] [stderr]    Compiling memchr v2.8.0
[INFO] [stderr]    Compiling hex v0.4.3
[INFO] [stderr]    Compiling syn v2.0.117
[INFO] [stderr]    Compiling num-traits v0.2.19
[INFO] [stderr]    Compiling serde_json v1.0.149
[INFO] [stderr]    Compiling hybrid-array v0.4.11
[INFO] [stderr]    Compiling block-buffer v0.12.0
[INFO] [stderr]    Compiling crypto-common v0.2.1
[INFO] [stderr]    Compiling serde_derive v1.0.228
[INFO] [stderr]    Compiling digest v0.11.3
[INFO] [stderr]    Compiling sha2 v0.11.0
[INFO] [stderr]    Compiling serde v1.0.228
[INFO] [stderr]    Compiling shiplog-ids v0.6.0
[INFO] [stderr]    Compiling chrono v0.4.44
[INFO] [stderr]    Compiling shiplog-schema v0.6.0
[INFO] [stderr]    Compiling shiplog-render-json v0.6.0 (/opt/rustwide/workdir)
[INFO] [stderr]     Finished `release` profile [optimized] target(s) in 15.72s
[INFO] running `Command { std: "docker" "inspect" "94978f5d986d2dac74d3310e73dc88f1bcd561238a17232fc4c14b0710a29511", kill_on_drop: false }`
[INFO] running `Command { std: "docker" "exec" "-e" "SOURCE_DIR=/opt/rustwide/workdir" "-e" "CARGO_HOME=/opt/rustwide/cargo-home" "-e" "RUSTUP_HOME=/opt/rustwide/rustup-home" "-e" "CARGO_TARGET_DIR=/opt/rustwide/target" "-e" "CARGO_INCREMENTAL=0" "-e" "RUST_BACKTRACE=full" "-e" "RUSTFLAGS=--cap-lints=warn" "-e" "RUSTDOCFLAGS=--cap-lints=warn" "-w" "/opt/rustwide/workdir" "--user" "0:0" "94978f5d986d2dac74d3310e73dc88f1bcd561238a17232fc4c14b0710a29511" "/opt/rustwide/cargo-home/bin/cargo" "+1.99.0-beta.8" "test" "--frozen" "--no-run" "--message-format=json" "--release", kill_on_drop: false }`
[INFO] [stderr]    Compiling libc v0.2.186
[INFO] [stderr]    Compiling getrandom v0.4.1
[INFO] [stderr]    Compiling rustix v1.1.4
[INFO] [stderr]    Compiling bitflags v2.10.0
[INFO] [stderr]    Compiling zerocopy v0.8.39
[INFO] [stderr]    Compiling num-traits v0.2.19
[INFO] [stderr]    Compiling fastrand v2.3.0
[INFO] [stderr]    Compiling bit-vec v0.8.0
[INFO] [stderr]    Compiling quick-error v1.2.3
[INFO] [stderr]    Compiling unarray v0.1.4
[INFO] [stderr]    Compiling regex-syntax v0.8.9
[INFO] [stderr]    Compiling similar v2.7.0
[INFO] [stderr]    Compiling bit-set v0.8.0
[INFO] [stderr]    Compiling getrandom v0.3.4
[INFO] [stderr]    Compiling wait-timeout v0.2.1
[INFO] [stderr]    Compiling console v0.16.3
[INFO] [stderr]    Compiling rand_core v0.9.5
[INFO] [stderr]    Compiling chrono v0.4.44
[INFO] [stderr]    Compiling rand v0.9.4
[INFO] [stderr]    Compiling rand_xorshift v0.4.0
[INFO] [stderr]    Compiling tempfile v3.27.0
[INFO] [stderr]    Compiling rusty-fork v0.3.1
[INFO] [stderr]    Compiling insta v1.47.2
[INFO] [stderr]    Compiling shiplog-schema v0.6.0
[INFO] [stderr]    Compiling shiplog-render-json v0.6.0 (/opt/rustwide/workdir)
[INFO] [stderr]    Compiling ppv-lite86 v0.2.21
[INFO] [stderr]    Compiling rand_chacha v0.9.0
[INFO] [stderr]    Compiling proptest v1.11.0
[INFO] [stdout] error[E0433]: cannot find module or crate `shiplog_testkit` in this scope
[INFO] [stdout]  --> tests/bdd.rs:6:5
[INFO] [stdout]   |
[INFO] [stdout] 6 | use shiplog_testkit::bdd::{Scenario, ScenarioContext};
[INFO] [stdout]   |     ^^^^^^^^^^^^^^^ use of unresolved module or unlinked crate `shiplog_testkit`
[INFO] [stdout]   |
[INFO] [stdout]   = help: if you wanted to use a crate named `shiplog_testkit`, use `cargo add shiplog_testkit` to add it to your `Cargo.toml`
[INFO] [stdout] 
[INFO] [stdout] 
[INFO] [stdout] error[E0433]: cannot find module or crate `shiplog_testkit` in this scope
[INFO] [stdout]  --> tests/proptests.rs:7:5
[INFO] [stdout]   |
[INFO] [stdout] 7 | use shiplog_testkit::proptest::{
[INFO] [stdout]   |     ^^^^^^^^^^^^^^^ use of unresolved module or unlinked crate `shiplog_testkit`
[INFO] [stdout]   |
[INFO] [stdout]   = help: if you wanted to use a crate named `shiplog_testkit`, use `cargo add shiplog_testkit` to add it to your `Cargo.toml`
[INFO] [stdout] 
[INFO] [stdout] 
[INFO] [stdout] error[E0432]: unresolved import `shiplog_testkit`
[INFO] [stdout]  --> tests/snapshot.rs:7:5
[INFO] [stdout]   |
[INFO] [stdout] 7 | use shiplog_testkit::pr_event;
[INFO] [stdout]   |     ^^^^^^^^^^^^^^^ use of unresolved module or unlinked crate `shiplog_testkit`
[INFO] [stdout]   |
[INFO] [stdout]   = help: if you wanted to use a crate named `shiplog_testkit`, use `cargo add shiplog_testkit` to add it to your `Cargo.toml`
[INFO] [stdout] 
[INFO] [stdout] 
[INFO] [stdout] error[E0432]: unresolved import `shiplog_testkit`
[INFO] [stdout]  --> tests/bdd.rs:7:5
[INFO] [stdout]   |
[INFO] [stdout] 7 | use shiplog_testkit::fixtures;
[INFO] [stdout]   |     ^^^^^^^^^^^^^^^ use of unresolved module or unlinked crate `shiplog_testkit`
[INFO] [stdout]   |
[INFO] [stdout]   = help: if you wanted to use a crate named `shiplog_testkit`, use `cargo add shiplog_testkit` to add it to your `Cargo.toml`
[INFO] [stdout] 
[INFO] [stdout] 
[INFO] [stdout] error[E0277]: the size for values of type `[EventEnvelope]` cannot be known at compilation time
[INFO] [stdout]   --> tests/proptests.rs:16:29
[INFO] [stdout]    |
[INFO] [stdout] 16 |     fn prop_jsonl_roundtrip(events in strategy_event_vec(30)) {
[INFO] [stdout]    |                             ^^^^^^ doesn't have a size known at compile-time
[INFO] [stdout]    |
[INFO] [stdout]    = help: the trait `Sized` is not implemented for `[EventEnvelope]`
[INFO] [stdout]    = note: all local variables must have a statically known size
[INFO] [stdout] 
[INFO] [stdout] 
[INFO] [stdout] error[E0432]: unresolved import `shiplog_testkit`
[INFO] [stdout]   --> tests/output_quality.rs:11:5
[INFO] [stdout]    |
[INFO] [stdout] 11 | use shiplog_testkit::pr_event;
[INFO] [stdout]    |     ^^^^^^^^^^^^^^^ use of unresolved module or unlinked crate `shiplog_testkit`
[INFO] [stdout]    |
[INFO] [stdout]    = help: if you wanted to use a crate named `shiplog_testkit`, use `cargo add shiplog_testkit` to add it to your `Cargo.toml`
[INFO] [stdout] 
[INFO] [stdout] 
[INFO] [stdout] error[E0277]: the size for values of type `[EventEnvelope]` cannot be known at compilation time
[INFO] [stdout]     --> tests/proptests.rs:11:1
[INFO] [stdout]      |
[INFO] [stdout]   11 | / proptest! {
[INFO] [stdout]   12 | |     #![proptest_config(ProptestConfig::with_cases(64))]
[INFO] [stdout]   13 | |
[INFO] [stdout]   14 | |     /// JSONL roundtrip: write then read back preserves event identity.
[INFO] [stdout] ...    |
[INFO] [stdout]  120 | | }
[INFO] [stdout]      | |_^ doesn't have a size known at compile-time
[INFO] [stdout]      |
[INFO] [stdout]      = help: the trait `Sized` is not implemented for `[EventEnvelope]`
[INFO] [stdout] note: required by a bound in `proptest::sugar::NamedArguments`
[INFO] [stdout]     --> /opt/rustwide/cargo-home/registry/src/index.crates.io-1949cf8c6b5b557f/proptest-1.11.0/src/sugar.rs:1074:30
[INFO] [stdout]      |
[INFO] [stdout] 1074 | pub struct NamedArguments<N, V>(#[doc(hidden)] pub N, #[doc(hidden)] pub V);
[INFO] [stdout]      |                              ^ required by this bound in `proptest::sugar::NamedArguments`
[INFO] [stdout]      = note: this error originates in the macro `$crate::proptest_helper` which comes from the expansion of the macro `proptest` (in Nightly builds, run with -Z macro-backtrace for more info)
[INFO] [stdout] 
[INFO] [stdout] 
[INFO] [stdout] error[E0277]: the size for values of type `[EventEnvelope]` cannot be known at compilation time
[INFO] [stdout]   --> tests/proptests.rs:57:43
[INFO] [stdout]    |
[INFO] [stdout] 57 |     fn prop_jsonl_output_is_deterministic(events in strategy_event_vec(20)) {
[INFO] [stdout]    |                                           ^^^^^^ doesn't have a size known at compile-time
[INFO] [stdout]    |
[INFO] [stdout]    = help: the trait `Sized` is not implemented for `[EventEnvelope]`
[INFO] [stdout]    = note: all local variables must have a statically known size
[INFO] [stdout] 
[INFO] [stdout] 
[INFO] [stdout] error[E0277]: the size for values of type `[EventEnvelope]` cannot be known at compilation time
[INFO] [stdout]     --> tests/proptests.rs:11:1
[INFO] [stdout]      |
[INFO] [stdout]   11 | / proptest! {
[INFO] [stdout]   12 | |     #![proptest_config(ProptestConfig::with_cases(64))]
[INFO] [stdout]   13 | |
[INFO] [stdout]   14 | |     /// JSONL roundtrip: write then read back preserves event identity.
[INFO] [stdout] ...    |
[INFO] [stdout]  120 | | }
[INFO] [stdout]      | |_^ doesn't have a size known at compile-time
[INFO] [stdout]      |
[INFO] [stdout]      = help: the trait `Sized` is not implemented for `[EventEnvelope]`
[INFO] [stdout] note: required by a bound in `proptest::sugar::NamedArguments`
[INFO] [stdout]     --> /opt/rustwide/cargo-home/registry/src/index.crates.io-1949cf8c6b5b557f/proptest-1.11.0/src/sugar.rs:1074:30
[INFO] [stdout]      |
[INFO] [stdout] 1074 | pub struct NamedArguments<N, V>(#[doc(hidden)] pub N, #[doc(hidden)] pub V);
[INFO] [stdout]      |                              ^ required by this bound in `proptest::sugar::NamedArguments`
[INFO] [stdout]      = note: this error originates in the macro `$crate::proptest_helper` which comes from the expansion of the macro `proptest` (in Nightly builds, run with -Z macro-backtrace for more info)
[INFO] [stdout] 
[INFO] [stdout] 
[INFO] [stdout] error[E0277]: the size for values of type `[EventEnvelope]` cannot be known at compilation time
[INFO] [stdout]   --> tests/proptests.rs:73:50
[INFO] [stdout]    |
[INFO] [stdout] 73 |     fn prop_jsonl_line_count_matches_event_count(events in strategy_event_vec(50)) {
[INFO] [stdout]    |                                                  ^^^^^^ doesn't have a size known at compile-time
[INFO] [stdout]    |
[INFO] [stdout]    = help: the trait `Sized` is not implemented for `[EventEnvelope]`
[INFO] [stdout]    = note: all local variables must have a statically known size
[INFO] [stdout] 
[INFO] [stdout] 
[INFO] [stdout] error[E0277]: the size for values of type `[EventEnvelope]` cannot be known at compilation time
[INFO] [stdout]     --> tests/proptests.rs:11:1
[INFO] [stdout]      |
[INFO] [stdout]   11 | / proptest! {
[INFO] [stdout]   12 | |     #![proptest_config(ProptestConfig::with_cases(64))]
[INFO] [stdout]   13 | |
[INFO] [stdout]   14 | |     /// JSONL roundtrip: write then read back preserves event identity.
[INFO] [stdout] ...    |
[INFO] [stdout]  120 | | }
[INFO] [stdout]      | |_^ doesn't have a size known at compile-time
[INFO] [stdout]      |
[INFO] [stdout]      = help: the trait `Sized` is not implemented for `[EventEnvelope]`
[INFO] [stdout] note: required by a bound in `proptest::sugar::NamedArguments`
[INFO] [stdout]     --> /opt/rustwide/cargo-home/registry/src/index.crates.io-1949cf8c6b5b557f/proptest-1.11.0/src/sugar.rs:1074:30
[INFO] [stdout]      |
[INFO] [stdout] 1074 | pub struct NamedArguments<N, V>(#[doc(hidden)] pub N, #[doc(hidden)] pub V);
[INFO] [stdout]      |                              ^ required by this bound in `proptest::sugar::NamedArguments`
[INFO] [stdout]      = note: this error originates in the macro `$crate::proptest_helper` which comes from the expansion of the macro `proptest` (in Nightly builds, run with -Z macro-backtrace for more info)
[INFO] [stdout] 
[INFO] [stdout] 
[INFO] [stdout] For more information about this error, try `rustc --explain E0432`.
[INFO] [stdout] 
[INFO] [stderr] error: could not compile `shiplog-render-json` (test "snapshot") due to 1 previous error
[INFO] [stderr] warning: build failed, waiting for other jobs to finish...
[INFO] [stdout] error[E0277]: the size for values of type `[EventEnvelope]` cannot be known at compilation time
[INFO] [stdout]    --> tests/proptests.rs:107:43
[INFO] [stdout]     |
[INFO] [stdout] 107 |     fn prop_jsonl_each_line_is_valid_json(events in strategy_event_vec(30)) {
[INFO] [stdout]     |                                           ^^^^^^ doesn't have a size known at compile-time
[INFO] [stdout]     |
[INFO] [stdout]     = help: the trait `Sized` is not implemented for `[EventEnvelope]`
[INFO] [stdout]     = note: all local variables must have a statically known size
[INFO] [stdout] 
[INFO] [stdout] 
[INFO] [stdout] error[E0277]: the size for values of type `[EventEnvelope]` cannot be known at compilation time
[INFO] [stdout]     --> tests/proptests.rs:11:1
[INFO] [stdout]      |
[INFO] [stdout]   11 | / proptest! {
[INFO] [stdout]   12 | |     #![proptest_config(ProptestConfig::with_cases(64))]
[INFO] [stdout]   13 | |
[INFO] [stdout]   14 | |     /// JSONL roundtrip: write then read back preserves event identity.
[INFO] [stdout] ...    |
[INFO] [stdout]  120 | | }
[INFO] [stdout]      | |_^ doesn't have a size known at compile-time
[INFO] [stdout]      |
[INFO] [stdout]      = help: the trait `Sized` is not implemented for `[EventEnvelope]`
[INFO] [stdout] note: required by a bound in `proptest::sugar::NamedArguments`
[INFO] [stdout]     --> /opt/rustwide/cargo-home/registry/src/index.crates.io-1949cf8c6b5b557f/proptest-1.11.0/src/sugar.rs:1074:30
[INFO] [stdout]      |
[INFO] [stdout] 1074 | pub struct NamedArguments<N, V>(#[doc(hidden)] pub N, #[doc(hidden)] pub V);
[INFO] [stdout]      |                              ^ required by this bound in `proptest::sugar::NamedArguments`
[INFO] [stdout]      = note: this error originates in the macro `$crate::proptest_helper` which comes from the expansion of the macro `proptest` (in Nightly builds, run with -Z macro-backtrace for more info)
[INFO] [stdout] 
[INFO] [stdout] 
[INFO] [stdout] Some errors have detailed explanations: E0277, E0433.
[INFO] [stdout] 
[INFO] [stdout] For more information about an error, try `rustc --explain E0277`.
[INFO] [stdout] 
[INFO] [stderr] error: could not compile `shiplog-render-json` (test "proptests") due to 9 previous errors
[INFO] [stdout] error[E0433]: cannot find module or crate `shiplog_testkit` in this scope
[INFO] [stdout]   --> tests/bdd.rs:65:18
[INFO] [stdout]    |
[INFO] [stdout] 65 |         .map(|i| shiplog_testkit::pr_event("acme/core", i, &format!("PR number {i}")))
[INFO] [stdout]    |                  ^^^^^^^^^^^^^^^ use of unresolved module or unlinked crate `shiplog_testkit`
[INFO] [stdout]    |
[INFO] [stdout]    = help: if you wanted to use a crate named `shiplog_testkit`, use `cargo add shiplog_testkit` to add it to your `Cargo.toml`
[INFO] [stdout] 
[INFO] [stdout] 
[INFO] [stdout] error[E0433]: cannot find module or crate `shiplog_testkit` in this scope
[INFO] [stdout]    --> tests/bdd.rs:230:26
[INFO] [stdout]     |
[INFO] [stdout] 230 |                 .map(|i| shiplog_testkit::pr_event("acme/roundtrip", i, &format!("PR {i}")))
[INFO] [stdout]     |                          ^^^^^^^^^^^^^^^ use of unresolved module or unlinked crate `shiplog_testkit`
[INFO] [stdout]     |
[INFO] [stdout]     = help: if you wanted to use a crate named `shiplog_testkit`, use `cargo add shiplog_testkit` to add it to your `Cargo.toml`
[INFO] [stdout] 
[INFO] [stdout] 
[INFO] [stdout] Some errors have detailed explanations: E0432, E0433.
[INFO] [stdout] 
[INFO] [stdout] For more information about an error, try `rustc --explain E0432`.
[INFO] [stdout] 
[INFO] [stderr] error: could not compile `shiplog-render-json` (test "bdd") due to 4 previous errors
[INFO] [stdout] For more information about this error, try `rustc --explain E0432`.
[INFO] [stdout] 
[INFO] [stderr] error: could not compile `shiplog-render-json` (test "output_quality") due to 1 previous error
[INFO] running `Command { std: "docker" "inspect" "94978f5d986d2dac74d3310e73dc88f1bcd561238a17232fc4c14b0710a29511", kill_on_drop: false }`
[INFO] running `Command { std: "docker" "rm" "-f" "94978f5d986d2dac74d3310e73dc88f1bcd561238a17232fc4c14b0710a29511", kill_on_drop: false }`
[INFO] [stdout] 94978f5d986d2dac74d3310e73dc88f1bcd561238a17232fc4c14b0710a29511
