[INFO] fetching crate shannon-nu-plugin-test-support 0.111.3...
[INFO] testing shannon-nu-plugin-test-support-0.111.3 against 1.99.0-beta.8+cargoflags=--release for beta-release-1.100-2
[INFO] extracting crate shannon-nu-plugin-test-support 0.111.3 into /workspace/builds/worker-1-tc1/source
[INFO] started tweaking crates.io crate shannon-nu-plugin-test-support 0.111.3
[INFO] removed 0 missing tests
[INFO] finished tweaking crates.io crate shannon-nu-plugin-test-support 0.111.3
[INFO] tweaked toml for crates.io crate shannon-nu-plugin-test-support 0.111.3 written to /workspace/builds/worker-1-tc1/source/Cargo.toml
[INFO] validating manifest of crates.io crate shannon-nu-plugin-test-support 0.111.3 on toolchain 1.99.0-beta.8
[INFO] running `Command { std: CARGO_HOME="/workspace/cargo-home" RUSTUP_HOME="/workspace/rustup-home" "/workspace/cargo-home/bin/cargo" "+1.99.0-beta.8" "metadata" "--manifest-path" "Cargo.toml" "--no-deps", kill_on_drop: false }`
[INFO] crate crates.io crate shannon-nu-plugin-test-support 0.111.3 already has a lockfile, it will not be regenerated
[INFO] running `Command { std: CARGO_HOME="/workspace/cargo-home" RUSTUP_HOME="/workspace/rustup-home" "/workspace/cargo-home/bin/cargo" "+1.99.0-beta.8" "fetch" "--manifest-path" "Cargo.toml", kill_on_drop: false }`
[INFO] [stderr]     Updating crates.io index
[INFO] [stderr]  Downloading crates ...
[INFO] [stderr]   Downloaded shannon-nu-utils v0.111.3
[INFO] [stderr]   Downloaded uucore_procs v0.7.0
[INFO] [stderr]   Downloaded lean_string v0.5.1
[INFO] [stderr]   Downloaded shannon-nu-system v0.111.3
[INFO] [stderr]   Downloaded shannon-nu-protocol v0.111.3
[INFO] [stderr]   Downloaded uucore v0.7.0
[INFO] [stderr]   Downloaded shannon-nu-path v0.111.3
[INFO] [stderr]   Downloaded shannon-nu-experimental v0.111.3
[INFO] [stderr]   Downloaded shannon-nu-derive-value v0.111.3
[INFO] [stderr]   Downloaded shannon-nu-glob v0.111.3
[INFO] [stderr]   Downloaded shannon-nu-plugin-protocol v0.111.3
[INFO] [stderr]   Downloaded shannon-nu-plugin-engine v0.111.3
[INFO] [stderr]   Downloaded shannon-nu-plugin-core v0.111.3
[INFO] [stderr]   Downloaded shannon-nu-engine v0.111.3
[INFO] [stderr]   Downloaded doctest-file v1.0.0
[INFO] [stderr]   Downloaded shannon-nu-plugin v0.111.3
[INFO] [stderr]   Downloaded shannon-nu-parser v0.111.3
[INFO] [stderr]   Downloaded tzdb v0.7.3
[INFO] [stderr]   Downloaded tz-rs v0.7.3
[INFO] [stderr]   Downloaded shannon-nu-cmd-base v0.111.3
[INFO] [stderr]   Downloaded shadow-rs v1.7.1
[INFO] [stderr]   Downloaded is_debug v1.1.0
[INFO] [stderr]   Downloaded shannon-nu-cmd-lang v0.111.3
[INFO] [stderr]   Downloaded tzdb_data v0.2.3
[INFO] running `Command { std: "docker" "create" "-v" "/var/lib/crater-agent-workspace/builds/worker-1-tc1/source:/opt/rustwide/workdir:ro,Z" "-v" "/var/lib/crater-agent-workspace/builds/worker-1-tc1/target:/opt/rustwide/target:rw,Z" "-v" "/var/lib/crater-agent-workspace/cargo-home:/opt/rustwide/cargo-home:ro,Z" "-v" "/var/lib/crater-agent-workspace/rustup-home:/opt/rustwide/rustup-home:ro,Z" "-m" "1610612736" "--network" "none" "ghcr.io/rust-lang/crates-build-env/linux@sha256:77db811e55d90add9212f6832c23229e3de5f1c1f9905e8cb07319ea15df73ac" "sleep" "infinity", kill_on_drop: false }`
[INFO] [stdout] 35d59101df853d537344937ab5313157b421219829038c56e5623a8ed0a65e3c
[INFO] running `Command { std: "docker" "start" "35d59101df853d537344937ab5313157b421219829038c56e5623a8ed0a65e3c", kill_on_drop: false }`
[INFO] running `Command { std: "docker" "inspect" "35d59101df853d537344937ab5313157b421219829038c56e5623a8ed0a65e3c", kill_on_drop: false }`
[INFO] running `Command { std: "docker" "exec" "-e" "SOURCE_DIR=/opt/rustwide/workdir" "-e" "CARGO_HOME=/opt/rustwide/cargo-home" "-e" "RUSTUP_HOME=/opt/rustwide/rustup-home" "-e" "CARGO_TARGET_DIR=/opt/rustwide/target" "-w" "/opt/rustwide/workdir" "--user" "0:0" "35d59101df853d537344937ab5313157b421219829038c56e5623a8ed0a65e3c" "/opt/rustwide/cargo-home/bin/cargo" "+1.99.0-beta.8" "metadata" "--no-deps" "--format-version=1", kill_on_drop: false }`
[INFO] running `Command { std: "docker" "inspect" "35d59101df853d537344937ab5313157b421219829038c56e5623a8ed0a65e3c", kill_on_drop: false }`
[INFO] running `Command { std: "docker" "exec" "-e" "SOURCE_DIR=/opt/rustwide/workdir" "-e" "CARGO_HOME=/opt/rustwide/cargo-home" "-e" "RUSTUP_HOME=/opt/rustwide/rustup-home" "-e" "CARGO_TARGET_DIR=/opt/rustwide/target" "-e" "CARGO_INCREMENTAL=0" "-e" "RUST_BACKTRACE=full" "-e" "RUSTFLAGS=--cap-lints=warn" "-e" "RUSTDOCFLAGS=--cap-lints=warn" "-w" "/opt/rustwide/workdir" "--user" "0:0" "35d59101df853d537344937ab5313157b421219829038c56e5623a8ed0a65e3c" "/opt/rustwide/cargo-home/bin/cargo" "+1.99.0-beta.8" "build" "--frozen" "--message-format=json" "--release", kill_on_drop: false }`
[INFO] [stderr]    Compiling libc v0.2.178
[INFO] [stderr]    Compiling serde v1.0.228
[INFO] [stderr]    Compiling rustix v1.1.3
[INFO] [stderr]    Compiling linux-raw-sys v0.11.0
[INFO] [stderr]    Compiling num-traits v0.2.19
[INFO] [stderr]    Compiling syn v2.0.117
[INFO] [stderr]    Compiling rustc-hash v2.1.1
[INFO] [stderr]    Compiling nix v0.30.1
[INFO] [stderr]    Compiling type-map v0.5.1
[INFO] [stderr]    Compiling pure-rust-locales v0.8.2
[INFO] [stderr]    Compiling anstream v0.6.21
[INFO] [stderr]    Compiling aho-corasick v1.1.4
[INFO] [stderr]    Compiling typeid v1.0.3
[INFO] [stderr]    Compiling self_cell v1.2.2
[INFO] [stderr]    Compiling simd-adler32 v0.3.8
[INFO] [stderr]    Compiling miniz_oxide v0.8.9
[INFO] [stderr]    Compiling zerocopy v0.7.35
[INFO] [stderr]    Compiling uucore v0.7.0
[INFO] [stderr]    Compiling erased-serde v0.4.10
[INFO] [stderr]    Compiling procfs v0.18.0
[INFO] [stderr]    Compiling regex-syntax v0.8.10
[INFO] [stderr]    Compiling buf-trait v0.4.1
[INFO] [stderr]    Compiling errno v0.3.14
[INFO] [stderr]    Compiling parking_lot_core v0.9.12
[INFO] [stderr]    Compiling signal-hook-registry v1.4.8
[INFO] [stderr]    Compiling signal-hook v0.3.18
[INFO] [stderr]    Compiling mio v1.1.1
[INFO] [stderr]    Compiling parking_lot v0.12.5
[INFO] [stderr]    Compiling signal-hook-mio v0.2.5
[INFO] [stderr]    Compiling dirs-sys v0.5.0
[INFO] [stderr]    Compiling itertools v0.14.0
[INFO] [stderr]    Compiling flate2 v1.1.9
[INFO] [stderr]    Compiling castaway v0.2.4
[INFO] [stderr]    Compiling os_display v0.1.4
[INFO] [stderr]    Compiling regex-automata v0.4.14
[INFO] [stderr]    Compiling displaydoc v0.2.5
[INFO] [stderr]    Compiling serde_derive v1.0.228
[INFO] [stderr]    Compiling tinystr v0.8.2
[INFO] [stderr]    Compiling unic-langid-impl v0.9.6
[INFO] [stderr]    Compiling unic-langid v0.9.6
[INFO] [stderr]    Compiling thiserror-impl v2.0.18
[INFO] [stderr]    Compiling terminal_size v0.4.3
[INFO] [stderr]    Compiling intl-memoizer v0.5.3
[INFO] [stderr]    Compiling intl_pluralrules v7.0.2
[INFO] [stderr]    Compiling thiserror v2.0.18
[INFO] [stderr]    Compiling fluent-syntax v0.12.0
[INFO] [stderr]    Compiling fluent-langneg v0.13.1
[INFO] [stderr]    Compiling clap_builder v4.5.60
[INFO] [stderr]    Compiling thiserror-impl v1.0.69
[INFO] [stderr]    Compiling fluent-bundle v0.16.0
[INFO] [stderr]    Compiling derive_more-impl v2.1.1
[INFO] [stderr]    Compiling ref-cast-impl v1.0.25
[INFO] [stderr]    Compiling uucore_procs v0.7.0
[INFO] [stderr]    Compiling fluent v0.17.0
[INFO] [stderr]    Compiling chrono v0.4.41
[INFO] [stderr]    Compiling derive_more v2.1.1
[INFO] [stderr]    Compiling vte v0.14.1
[INFO] [stderr]    Compiling unicode-linebreak v0.1.5
[INFO] [stderr]    Compiling thiserror v1.0.69
[INFO] [stderr]    Compiling is_ci v1.2.0
[INFO] [stderr]    Compiling typetag v0.2.21
[INFO] [stderr]    Compiling supports-color v3.0.2
[INFO] [stderr]    Compiling num-format v0.4.4
[INFO] [stderr]    Compiling pwd v1.4.0
[INFO] [stderr]    Compiling textwrap v0.16.2
[INFO] [stderr]    Compiling lean_string v0.5.1
[INFO] [stderr]    Compiling fancy-regex v0.17.0
[INFO] [stderr]    Compiling lscolors v0.21.0
[INFO] [stderr]    Compiling clap v4.5.60
[INFO] [stderr]    Compiling strip-ansi-escapes v0.2.1
[INFO] [stderr]    Compiling procfs-core v0.18.0
[INFO] [stderr]    Compiling proc-macro-error2 v2.0.1
[INFO] [stderr]    Compiling crossterm v0.29.0
[INFO] [stderr]    Compiling ref-cast v1.0.25
[INFO] [stderr]    Compiling miette-derive v7.6.0
[INFO] [stderr]    Compiling typetag-impl v0.2.21
[INFO] [stderr]    Compiling serde_json v1.0.149
[INFO] [stderr]    Compiling brotli-decompressor v5.0.0
[INFO] [stderr]    Compiling dirs v6.0.0
[INFO] [stderr]    Compiling byteyarn v0.5.1
[INFO] [stderr]    Compiling sysinfo v0.38.4
[INFO] [stderr]    Compiling rmp v0.8.15
[INFO] [stderr]    Compiling once_cell v1.21.3
[INFO] [stderr]    Compiling supports-hyperlinks v3.2.0
[INFO] [stderr]    Compiling supports-unicode v3.0.0
[INFO] [stderr]    Compiling inventory v0.3.22
[INFO] [stderr]    Compiling unicode-width v0.1.14
[INFO] [stderr]    Compiling sys-locale v0.3.2
[INFO] [stderr]    Compiling shannon-nu-system v0.111.3
[INFO] [stderr]    Compiling shannon-nu-utils v0.111.3
[INFO] [stderr]    Compiling miette v7.6.0
[INFO] [stderr]    Compiling rmp-serde v1.3.1
[INFO] [stderr]    Compiling brotli v8.0.2
[INFO] [stderr]    Compiling shannon-nu-path v0.111.3
[INFO] [stderr]    Compiling shannon-nu-derive-value v0.111.3
[INFO] [stderr]    Compiling chrono-humanize v0.2.3
[INFO] [stderr]    Compiling strum_macros v0.27.2
[INFO] [stderr]    Compiling shannon-nu-experimental v0.111.3
[INFO] [stderr]    Compiling lru v0.16.3
[INFO] [stderr]    Compiling indexmap v2.13.0
[INFO] [stderr]    Compiling os_pipe v1.2.3
[INFO] [stderr]    Compiling shannon-nu-glob v0.111.3
[INFO] [stderr]    Compiling heck v0.5.0
[INFO] [stderr]    Compiling strum v0.27.2
[INFO] [stderr]    Compiling unicode-xid v0.2.6
[INFO] [stderr]    Compiling const_format_proc_macros v0.2.34
[INFO] [stderr]    Compiling doctest-file v1.0.0
[INFO] [stderr]    Compiling semver v1.0.27
[INFO] [stderr]    Compiling interprocess v2.4.0
[INFO] [stderr]    Compiling tz-rs v0.7.3
[INFO] [stderr]    Compiling powerfmt v0.2.0
[INFO] [stderr]    Compiling deranged v0.5.8
[INFO] [stderr]    Compiling num-conv v0.2.0
[INFO] [stderr]    Compiling num_threads v0.1.7
[INFO] [stderr]    Compiling tzdb_data v0.2.3
[INFO] [stderr]    Compiling iana-time-zone v0.1.65
[INFO] [stderr]    Compiling const_format v0.2.35
[INFO] [stderr]    Compiling is_debug v1.1.0
[INFO] [stderr]    Compiling shannon-nu-protocol v0.111.3
[INFO] [stderr]    Compiling bytesize v2.3.1
[INFO] [stderr]    Compiling similar v2.7.0
[INFO] [stderr]    Compiling time v0.3.47
[INFO] [stderr]    Compiling shadow-rs v1.7.1
[INFO] [stderr]    Compiling tzdb v0.7.3
[INFO] [stderr]    Compiling shannon-nu-cmd-lang v0.111.3
[INFO] [stderr]    Compiling shannon-nu-plugin-protocol v0.111.3
[INFO] [stderr]    Compiling shannon-nu-engine v0.111.3
[INFO] [stderr]    Compiling shannon-nu-plugin-core v0.111.3
[INFO] [stderr]    Compiling shannon-nu-plugin-engine v0.111.3
[INFO] [stderr]    Compiling shannon-nu-plugin v0.111.3
[INFO] [stderr]    Compiling shannon-nu-parser v0.111.3
[INFO] [stderr]    Compiling shannon-nu-cmd-base v0.111.3
[INFO] [stderr]    Compiling shannon-nu-plugin-test-support v0.111.3 (/opt/rustwide/workdir)
[INFO] [stderr]     Finished `release` profile [optimized] target(s) in 8m 01s
[INFO] [stderr] warning: the following packages contain code that will be rejected by a future version of Rust: proc-macro-error2 v2.0.1
[INFO] [stderr] note: to see what the problems were, use the option `--future-incompat-report`, or run `cargo report future-incompatibilities --id 1`
[INFO] running `Command { std: "docker" "inspect" "35d59101df853d537344937ab5313157b421219829038c56e5623a8ed0a65e3c", kill_on_drop: false }`
[INFO] running `Command { std: "docker" "exec" "-e" "SOURCE_DIR=/opt/rustwide/workdir" "-e" "CARGO_HOME=/opt/rustwide/cargo-home" "-e" "RUSTUP_HOME=/opt/rustwide/rustup-home" "-e" "CARGO_TARGET_DIR=/opt/rustwide/target" "-e" "CARGO_INCREMENTAL=0" "-e" "RUST_BACKTRACE=full" "-e" "RUSTFLAGS=--cap-lints=warn" "-e" "RUSTDOCFLAGS=--cap-lints=warn" "-w" "/opt/rustwide/workdir" "--user" "0:0" "35d59101df853d537344937ab5313157b421219829038c56e5623a8ed0a65e3c" "/opt/rustwide/cargo-home/bin/cargo" "+1.99.0-beta.8" "test" "--frozen" "--no-run" "--message-format=json" "--release", kill_on_drop: false }`
[INFO] [stderr]    Compiling shannon-nu-cmd-lang v0.111.3
[INFO] [stderr]    Compiling shannon-nu-plugin-test-support v0.111.3 (/opt/rustwide/workdir)
[INFO] [stdout] error[E0432]: unresolved import `nu_plugin_test_support`
[INFO] [stdout]  --> tests/custom_value/mod.rs:4:5
[INFO] [stdout]   |
[INFO] [stdout] 4 | use nu_plugin_test_support::PluginTest;
[INFO] [stdout]   |     ^^^^^^^^^^^^^^^^^^^^^^ use of unresolved module or unlinked crate `nu_plugin_test_support`
[INFO] [stdout]   |
[INFO] [stdout]   = help: if you wanted to use a crate named `nu_plugin_test_support`, use `cargo add nu_plugin_test_support` to add it to your `Cargo.toml`
[INFO] [stdout] 
[INFO] [stdout] 
[INFO] [stdout] error[E0432]: unresolved import `nu_plugin_test_support`
[INFO] [stdout]  --> tests/hello/mod.rs:4:5
[INFO] [stdout]   |
[INFO] [stdout] 4 | use nu_plugin_test_support::PluginTest;
[INFO] [stdout]   |     ^^^^^^^^^^^^^^^^^^^^^^ use of unresolved module or unlinked crate `nu_plugin_test_support`
[INFO] [stdout]   |
[INFO] [stdout]   = help: if you wanted to use a crate named `nu_plugin_test_support`, use `cargo add nu_plugin_test_support` to add it to your `Cargo.toml`
[INFO] [stdout] 
[INFO] [stdout] 
[INFO] [stdout] error[E0432]: unresolved import `nu_plugin_test_support`
[INFO] [stdout]  --> tests/lowercase/mod.rs:2:5
[INFO] [stdout]   |
[INFO] [stdout] 2 | use nu_plugin_test_support::PluginTest;
[INFO] [stdout]   |     ^^^^^^^^^^^^^^^^^^^^^^ use of unresolved module or unlinked crate `nu_plugin_test_support`
[INFO] [stdout]   |
[INFO] [stdout]   = help: if you wanted to use a crate named `nu_plugin_test_support`, use `cargo add nu_plugin_test_support` to add it to your `Cargo.toml`
[INFO] [stdout] 
[INFO] [stdout] 
[INFO] [stdout] For more information about this error, try `rustc --explain E0432`.
[INFO] [stdout] 
[INFO] [stderr] error: could not compile `shannon-nu-plugin-test-support` (test "main") due to 3 previous errors
[INFO] running `Command { std: "docker" "inspect" "35d59101df853d537344937ab5313157b421219829038c56e5623a8ed0a65e3c", kill_on_drop: false }`
[INFO] running `Command { std: "docker" "rm" "-f" "35d59101df853d537344937ab5313157b421219829038c56e5623a8ed0a65e3c", kill_on_drop: false }`
[INFO] [stdout] 35d59101df853d537344937ab5313157b421219829038c56e5623a8ed0a65e3c
