[INFO] fetching crate sgx_tdh 1.1.1...
[INFO] testing sgx_tdh-1.1.1 against 1.99.0-beta.8+cargoflags=--release for beta-release-1.100-2
[INFO] extracting crate sgx_tdh 1.1.1 into /workspace/builds/worker-3-tc1/source
[INFO] started tweaking crates.io crate sgx_tdh 1.1.1
[INFO] finished tweaking crates.io crate sgx_tdh 1.1.1
[INFO] tweaked toml for crates.io crate sgx_tdh 1.1.1 written to /workspace/builds/worker-3-tc1/source/Cargo.toml
[INFO] validating manifest of crates.io crate sgx_tdh 1.1.1 on toolchain 1.99.0-beta.8
[INFO] running `Command { std: CARGO_HOME="/workspace/cargo-home" RUSTUP_HOME="/workspace/rustup-home" "/workspace/cargo-home/bin/cargo" "+1.99.0-beta.8" "metadata" "--manifest-path" "Cargo.toml" "--no-deps", kill_on_drop: false }`
[INFO] running `Command { std: CARGO_HOME="/workspace/cargo-home" RUSTUP_HOME="/workspace/rustup-home" "/workspace/cargo-home/bin/cargo" "+1.99.0-beta.8" "generate-lockfile" "--manifest-path" "Cargo.toml", kill_on_drop: false }`
[INFO] [stderr]     Updating crates.io index
[INFO] [stderr]      Locking 5 packages to highest compatible versions
[INFO] [stderr]       Adding sgx_types v1.1.1 (available: v1.1.2)
[INFO] running `Command { std: CARGO_HOME="/workspace/cargo-home" RUSTUP_HOME="/workspace/rustup-home" "/workspace/cargo-home/bin/cargo" "+1.99.0-beta.8" "fetch" "--manifest-path" "Cargo.toml", kill_on_drop: false }`
[INFO] [stderr]  Downloading crates ...
[INFO] [stderr]   Downloaded sgx_tse v1.1.1
[INFO] [stderr]   Downloaded sgx_libc v1.1.1
[INFO] [stderr]   Downloaded sgx_trts v1.1.1
[INFO] [stderr]   Downloaded sgx_types v1.1.1
[INFO] [stderr]   Downloaded sgx_tcrypto v1.1.1
[INFO] running `Command { std: "docker" "create" "-v" "/var/lib/crater-agent-workspace/builds/worker-3-tc1/source:/opt/rustwide/workdir:ro,Z" "-v" "/var/lib/crater-agent-workspace/builds/worker-3-tc1/target:/opt/rustwide/target:rw,Z" "-v" "/var/lib/crater-agent-workspace/cargo-home:/opt/rustwide/cargo-home:ro,Z" "-v" "/var/lib/crater-agent-workspace/rustup-home:/opt/rustwide/rustup-home:ro,Z" "-m" "1610612736" "--network" "none" "ghcr.io/rust-lang/crates-build-env/linux@sha256:77db811e55d90add9212f6832c23229e3de5f1c1f9905e8cb07319ea15df73ac" "sleep" "infinity", kill_on_drop: false }`
[INFO] [stdout] 911a4294fd0283f3db8e2370599c3d6620bcca1b70f1f2a0c7a162366ff9392c
[INFO] running `Command { std: "docker" "start" "911a4294fd0283f3db8e2370599c3d6620bcca1b70f1f2a0c7a162366ff9392c", kill_on_drop: false }`
[INFO] running `Command { std: "docker" "inspect" "911a4294fd0283f3db8e2370599c3d6620bcca1b70f1f2a0c7a162366ff9392c", kill_on_drop: false }`
[INFO] running `Command { std: "docker" "exec" "-e" "SOURCE_DIR=/opt/rustwide/workdir" "-e" "CARGO_HOME=/opt/rustwide/cargo-home" "-e" "RUSTUP_HOME=/opt/rustwide/rustup-home" "-e" "CARGO_TARGET_DIR=/opt/rustwide/target" "-w" "/opt/rustwide/workdir" "--user" "0:0" "911a4294fd0283f3db8e2370599c3d6620bcca1b70f1f2a0c7a162366ff9392c" "/opt/rustwide/cargo-home/bin/cargo" "+1.99.0-beta.8" "metadata" "--no-deps" "--format-version=1", kill_on_drop: false }`
[INFO] running `Command { std: "docker" "inspect" "911a4294fd0283f3db8e2370599c3d6620bcca1b70f1f2a0c7a162366ff9392c", kill_on_drop: false }`
[INFO] running `Command { std: "docker" "exec" "-e" "SOURCE_DIR=/opt/rustwide/workdir" "-e" "CARGO_HOME=/opt/rustwide/cargo-home" "-e" "RUSTUP_HOME=/opt/rustwide/rustup-home" "-e" "CARGO_TARGET_DIR=/opt/rustwide/target" "-e" "CARGO_INCREMENTAL=0" "-e" "RUST_BACKTRACE=full" "-e" "RUSTFLAGS=--cap-lints=warn" "-e" "RUSTDOCFLAGS=--cap-lints=warn" "-w" "/opt/rustwide/workdir" "--user" "0:0" "911a4294fd0283f3db8e2370599c3d6620bcca1b70f1f2a0c7a162366ff9392c" "/opt/rustwide/cargo-home/bin/cargo" "+1.99.0-beta.8" "build" "--frozen" "--message-format=json" "--release", kill_on_drop: false }`
[INFO] [stderr]    Compiling sgx_types v1.1.1
[INFO] [stderr]    Compiling sgx_libc v1.1.1
[INFO] [stderr]    Compiling sgx_tcrypto v1.1.1
[INFO] [stderr]    Compiling sgx_tse v1.1.1
[INFO] [stderr]    Compiling sgx_trts v1.1.1
[INFO] [stdout] error[E0432]: unresolved import `core::alloc::AllocErr`
[INFO] [stdout]   --> /opt/rustwide/cargo-home/registry/src/index.crates.io-1949cf8c6b5b557f/sgx_trts-1.1.1/src/oom.rs:21:5
[INFO] [stdout]    |
[INFO] [stdout] 21 | use core::alloc::AllocErr;
[INFO] [stdout]    |     ^^^^^^^^^^^^^--------
[INFO] [stdout]    |                  |
[INFO] [stdout]    |                  no `AllocErr` in `alloc`
[INFO] [stdout]    |
[INFO] [stdout] help: a similar name exists in the module
[INFO] [stdout]    |
[INFO] [stdout] 21 | use core::alloc::AllocError;
[INFO] [stdout]    |                          ++
[INFO] [stdout] 
[INFO] [stdout] 
[INFO] [stdout] error: cannot find macro `asm` in this scope
[INFO] [stdout]    --> /opt/rustwide/cargo-home/registry/src/index.crates.io-1949cf8c6b5b557f/sgx_trts-1.1.1/src/trts.rs:194:14
[INFO] [stdout]     |
[INFO] [stdout] 194 |     unsafe { asm!{"lfence"}; }
[INFO] [stdout]     |              ^^^
[INFO] [stdout]     |
[INFO] [stdout] help: consider importing this macro
[INFO] [stdout]     |
[INFO] [stdout]  18 + use core::arch::asm;
[INFO] [stdout]     |
[INFO] [stdout] 
[INFO] [stdout] 
[INFO] [stdout] error: cannot find macro `asm` in this scope
[INFO] [stdout]    --> /opt/rustwide/cargo-home/registry/src/index.crates.io-1949cf8c6b5b557f/sgx_trts-1.1.1/src/trts.rs:199:14
[INFO] [stdout]     |
[INFO] [stdout] 199 |     unsafe { asm!{"sfence"}; }
[INFO] [stdout]     |              ^^^
[INFO] [stdout]     |
[INFO] [stdout] help: consider importing this macro
[INFO] [stdout]     |
[INFO] [stdout]  18 + use core::arch::asm;
[INFO] [stdout]     |
[INFO] [stdout] 
[INFO] [stdout] 
[INFO] [stdout] error: cannot find macro `asm` in this scope
[INFO] [stdout]    --> /opt/rustwide/cargo-home/registry/src/index.crates.io-1949cf8c6b5b557f/sgx_trts-1.1.1/src/trts.rs:204:14
[INFO] [stdout]     |
[INFO] [stdout] 204 |     unsafe { asm!{"mfence"}; }
[INFO] [stdout]     |              ^^^
[INFO] [stdout]     |
[INFO] [stdout] help: consider importing this macro
[INFO] [stdout]     |
[INFO] [stdout]  18 + use core::arch::asm;
[INFO] [stdout]     |
[INFO] [stdout] 
[INFO] [stdout] 
[INFO] [stdout] error[E0554]: `#![feature]` may not be used on the beta release channel
[INFO] [stdout]   --> /opt/rustwide/cargo-home/registry/src/index.crates.io-1949cf8c6b5b557f/sgx_trts-1.1.1/src/lib.rs:69:1
[INFO] [stdout]    |
[INFO] [stdout] 69 | #![feature(allocator_api)]
[INFO] [stdout]    | ^^^^^^^^^^^^^^^^^^^^^^^^^^
[INFO] [stdout]    |
[INFO] [stdout]    = help: the feature `const_raw_ptr_deref` has been stable since `1.58.0` and no longer requires an attribute to enable
[INFO] [stdout] 
[INFO] [stdout] 
[INFO] [stdout] error[E0308]: mismatched types
[INFO] [stdout]   --> /opt/rustwide/cargo-home/registry/src/index.crates.io-1949cf8c6b5b557f/sgx_trts-1.1.1/src/oom.rs:30:35
[INFO] [stdout]    |
[INFO] [stdout] 30 | pub fn rsgx_oom(err: AllocErr) -> ! {
[INFO] [stdout]    |        --------                   ^ expected `!`, found `()`
[INFO] [stdout]    |        |
[INFO] [stdout]    |        implicitly returns `()` as its body has no tail or `return` expression
[INFO] [stdout]    |
[INFO] [stdout]    = note:   expected type `!`
[INFO] [stdout]            found unit type `()`
[INFO] [stdout] 
[INFO] [stdout] 
[INFO] [stdout] Some errors have detailed explanations: E0308, E0432, E0554.
[INFO] [stdout] 
[INFO] [stdout] For more information about an error, try `rustc --explain E0308`.
[INFO] [stdout] 
[INFO] [stderr] error: could not compile `sgx_trts` (lib) due to 6 previous errors
[INFO] [stderr] warning: build failed, waiting for other jobs to finish...
[INFO] running `Command { std: "docker" "inspect" "911a4294fd0283f3db8e2370599c3d6620bcca1b70f1f2a0c7a162366ff9392c", kill_on_drop: false }`
[INFO] running `Command { std: "docker" "rm" "-f" "911a4294fd0283f3db8e2370599c3d6620bcca1b70f1f2a0c7a162366ff9392c", kill_on_drop: false }`
[INFO] [stdout] 911a4294fd0283f3db8e2370599c3d6620bcca1b70f1f2a0c7a162366ff9392c
