[INFO] fetching crate service_utils_rs 0.3.20...
[INFO] testing service_utils_rs-0.3.20 against 1.100.0-beta.1+cargoflags=--release for beta-release-1.100-2
[INFO] extracting crate service_utils_rs 0.3.20 into /workspace/builds/worker-0-tc2/source
[INFO] started tweaking crates.io crate service_utils_rs 0.3.20
[INFO] removed 0 missing examples
[INFO] finished tweaking crates.io crate service_utils_rs 0.3.20
[INFO] tweaked toml for crates.io crate service_utils_rs 0.3.20 written to /workspace/builds/worker-0-tc2/source/Cargo.toml
[INFO] validating manifest of crates.io crate service_utils_rs 0.3.20 on toolchain 1.100.0-beta.1
[INFO] running `Command { std: CARGO_HOME="/workspace/cargo-home" RUSTUP_HOME="/workspace/rustup-home" "/workspace/cargo-home/bin/cargo" "+1.100.0-beta.1" "metadata" "--manifest-path" "Cargo.toml" "--no-deps", kill_on_drop: false }`
[INFO] crate crates.io crate service_utils_rs 0.3.20 already has a lockfile, it will not be regenerated
[INFO] running `Command { std: CARGO_HOME="/workspace/cargo-home" RUSTUP_HOME="/workspace/rustup-home" "/workspace/cargo-home/bin/cargo" "+1.100.0-beta.1" "fetch" "--manifest-path" "Cargo.toml", kill_on_drop: false }`
[INFO] [stderr] warning: `package.homepage` is redundant with `package.repository`
[INFO] [stderr]    --> Cargo.toml:126:12
[INFO] [stderr]     |
[INFO] [stderr] 126 | homepage = "https://github.com/code-serenade/service_utils_rs"
[INFO] [stderr]     |            ^^^^^^^^^^^^^^^^^^^^^^^^^^^^^^^^^^^^^^^^^^^^^^^^^^^
[INFO] [stderr] ...
[INFO] [stderr] 130 | repository = "https://github.com/code-serenade/service_utils_rs"
[INFO] [stderr]     |              ---------------------------------------------------
[INFO] [stderr]     |
[INFO] [stderr]     = note: `cargo::redundant_homepage` is set to `warn` by default
[INFO] [stderr] help: consider removing `package.homepage`
[INFO] [stderr] warning: `service_utils_rs` (manifest) generated 1 warning
[INFO] running `Command { std: "docker" "create" "-v" "/var/lib/crater-agent-workspace/builds/worker-0-tc2/source:/opt/rustwide/workdir:ro,Z" "-v" "/var/lib/crater-agent-workspace/builds/worker-0-tc2/target:/opt/rustwide/target:rw,Z" "-v" "/var/lib/crater-agent-workspace/cargo-home:/opt/rustwide/cargo-home:ro,Z" "-v" "/var/lib/crater-agent-workspace/rustup-home:/opt/rustwide/rustup-home:ro,Z" "-m" "1610612736" "--network" "none" "ghcr.io/rust-lang/crates-build-env/linux@sha256:77db811e55d90add9212f6832c23229e3de5f1c1f9905e8cb07319ea15df73ac" "sleep" "infinity", kill_on_drop: false }`
[INFO] [stdout] 1fba132ec38ea448b62ab8bea284611879d3865052621d29e129813f8230bb69
[INFO] running `Command { std: "docker" "start" "1fba132ec38ea448b62ab8bea284611879d3865052621d29e129813f8230bb69", kill_on_drop: false }`
[INFO] running `Command { std: "docker" "inspect" "1fba132ec38ea448b62ab8bea284611879d3865052621d29e129813f8230bb69", kill_on_drop: false }`
[INFO] running `Command { std: "docker" "exec" "-e" "SOURCE_DIR=/opt/rustwide/workdir" "-e" "CARGO_HOME=/opt/rustwide/cargo-home" "-e" "RUSTUP_HOME=/opt/rustwide/rustup-home" "-e" "CARGO_TARGET_DIR=/opt/rustwide/target" "-w" "/opt/rustwide/workdir" "--user" "0:0" "1fba132ec38ea448b62ab8bea284611879d3865052621d29e129813f8230bb69" "/opt/rustwide/cargo-home/bin/cargo" "+1.100.0-beta.1" "metadata" "--no-deps" "--format-version=1", kill_on_drop: false }`
[INFO] running `Command { std: "docker" "inspect" "1fba132ec38ea448b62ab8bea284611879d3865052621d29e129813f8230bb69", kill_on_drop: false }`
[INFO] running `Command { std: "docker" "exec" "-e" "SOURCE_DIR=/opt/rustwide/workdir" "-e" "CARGO_HOME=/opt/rustwide/cargo-home" "-e" "RUSTUP_HOME=/opt/rustwide/rustup-home" "-e" "CARGO_TARGET_DIR=/opt/rustwide/target" "-e" "CARGO_INCREMENTAL=0" "-e" "RUST_BACKTRACE=full" "-e" "RUSTFLAGS=--cap-lints=warn" "-e" "RUSTDOCFLAGS=--cap-lints=warn" "-w" "/opt/rustwide/workdir" "--user" "0:0" "1fba132ec38ea448b62ab8bea284611879d3865052621d29e129813f8230bb69" "/opt/rustwide/cargo-home/bin/cargo" "+1.100.0-beta.1" "build" "--frozen" "--message-format=json" "--release", kill_on_drop: false }`
[INFO] [stderr] warning: `package.homepage` is redundant with `package.repository`
[INFO] [stderr]    --> Cargo.toml:126:12
[INFO] [stderr]     |
[INFO] [stderr] 126 | homepage = "https://github.com/code-serenade/service_utils_rs"
[INFO] [stderr]     |            ^^^^^^^^^^^^^^^^^^^^^^^^^^^^^^^^^^^^^^^^^^^^^^^^^^^
[INFO] [stderr] ...
[INFO] [stderr] 130 | repository = "https://github.com/code-serenade/service_utils_rs"
[INFO] [stderr]     |              ---------------------------------------------------
[INFO] [stderr]     |
[INFO] [stderr]     = note: `cargo::redundant_homepage` is set to `warn` by default
[INFO] [stderr] help: consider removing `package.homepage`
[INFO] [stderr] warning: `service_utils_rs` (manifest) generated 1 warning
[INFO] [stderr]    Compiling proc-macro2 v1.0.95
[INFO] [stderr]    Compiling unicode-ident v1.0.18
[INFO] [stderr]    Compiling autocfg v1.4.0
[INFO] [stderr]    Compiling libc v0.2.172
[INFO] [stderr]    Compiling serde v1.0.219
[INFO] [stderr]    Compiling smallvec v1.15.0
[INFO] [stderr]    Compiling pin-project-lite v0.2.16
[INFO] [stderr]    Compiling stable_deref_trait v1.2.0
[INFO] [stderr]    Compiling futures-core v0.3.31
[INFO] [stderr]    Compiling parking_lot_core v0.9.11
[INFO] [stderr]    Compiling bytes v1.10.1
[INFO] [stderr]    Compiling memchr v2.7.4
[INFO] [stderr]    Compiling itoa v1.0.15
[INFO] [stderr]    Compiling futures-sink v0.3.31
[INFO] [stderr]    Compiling hashbrown v0.15.3
[INFO] [stderr]    Compiling thiserror v2.0.12
[INFO] [stderr]    Compiling cc v1.2.25
[INFO] [stderr]    Compiling once_cell v1.21.3
[INFO] [stderr]    Compiling pkg-config v0.3.32
[INFO] [stderr]    Compiling futures-channel v0.3.31
[INFO] [stderr]    Compiling futures-io v0.3.31
[INFO] [stderr]    Compiling crunchy v0.2.3
[INFO] [stderr]    Compiling futures-task v0.3.31
[INFO] [stderr]    Compiling tiny-keccak v2.0.2
[INFO] [stderr]    Compiling writeable v0.6.1
[INFO] [stderr]    Compiling litemap v0.8.0
[INFO] [stderr]    Compiling icu_properties_data v2.0.1
[INFO] [stderr]    Compiling icu_normalizer_data v2.0.0
[INFO] [stderr]    Compiling cfg-if v1.0.0
[INFO] [stderr]    Compiling tracing-core v0.1.33
[INFO] [stderr]    Compiling lock_api v0.4.13
[INFO] [stderr]    Compiling slab v0.4.9
[INFO] [stderr]    Compiling ucd-trie v0.1.7
[INFO] [stderr]    Compiling percent-encoding v2.3.1
[INFO] [stderr]    Compiling openssl v0.10.73
[INFO] [stderr]    Compiling http v1.3.1
[INFO] [stderr]    Compiling httparse v1.10.1
[INFO] [stderr]    Compiling native-tls v0.2.14
[INFO] [stderr]    Compiling getrandom v0.3.3
[INFO] [stderr]    Compiling try-lock v0.2.5
[INFO] [stderr]    Compiling zerocopy v0.8.25
[INFO] [stderr]    Compiling indexmap v2.9.0
[INFO] [stderr]    Compiling tower-service v0.3.3
[INFO] [stderr]    Compiling want v0.3.1
[INFO] [stderr]    Compiling serde_json v1.0.140
[INFO] [stderr]    Compiling log v0.4.27
[INFO] [stderr]    Compiling ryu v1.0.20
[INFO] [stderr]    Compiling openssl-probe v0.1.6
[INFO] [stderr]    Compiling tracing v0.1.41
[INFO] [stderr]    Compiling form_urlencoded v1.2.1
[INFO] [stderr]    Compiling quote v1.0.40
[INFO] [stderr]    Compiling socket2 v0.5.10
[INFO] [stderr]    Compiling signal-hook-registry v1.4.5
[INFO] [stderr]    Compiling syn v2.0.101
[INFO] [stderr]    Compiling mio v1.0.4
[INFO] [stderr]    Compiling getrandom v0.2.16
[INFO] [stderr]    Compiling num-traits v0.2.19
[INFO] [stderr]    Compiling sync_wrapper v1.0.2
[INFO] [stderr]    Compiling parking_lot v0.12.4
[INFO] [stderr]    Compiling http-body v1.0.1
[INFO] [stderr]    Compiling encoding_rs v0.8.35
[INFO] [stderr]    Compiling const-random-macro v0.1.16
[INFO] [stderr]    Compiling hashbrown v0.14.5
[INFO] [stderr]    Compiling ipnet v2.11.0
[INFO] [stderr]    Compiling tower-layer v0.3.3
[INFO] [stderr]    Compiling const-random v0.1.18
[INFO] [stderr]    Compiling openssl-sys v0.9.109
[INFO] [stderr]    Compiling dlv-list v0.5.2
[INFO] [stderr]    Compiling winnow v0.7.10
[INFO] [stderr]    Compiling http-body-util v0.1.3
[INFO] [stderr]    Compiling rand_core v0.9.3
[INFO] [stderr]    Compiling hashlink v0.10.0
[INFO] [stderr]    Compiling zeroize v1.8.1
[INFO] [stderr]    Compiling iri-string v0.7.8
[INFO] [stderr]    Compiling trim-in-place v0.1.7
[INFO] [stderr]    Compiling unicode-segmentation v1.12.0
[INFO] [stderr]    Compiling arraydeque v0.5.1
[INFO] [stderr]    Compiling rustls-pki-types v1.12.0
[INFO] [stderr]    Compiling iana-time-zone v0.1.63
[INFO] [stderr]    Compiling ordered-multimap v0.7.3
[INFO] [stderr]    Compiling pathdiff v0.2.3
[INFO] [stderr]    Compiling mime v0.3.17
[INFO] [stderr]    Compiling convert_case v0.6.0
[INFO] [stderr]    Compiling rust-ini v0.21.1
[INFO] [stderr]    Compiling yaml-rust2 v0.10.2
[INFO] [stderr]    Compiling ppv-lite86 v0.2.21
[INFO] [stderr]    Compiling chrono v0.4.41
[INFO] [stderr]    Compiling rand_chacha v0.9.0
[INFO] [stderr]    Compiling rand v0.9.1
[INFO] [stderr]    Compiling synstructure v0.13.2
[INFO] [stderr]    Compiling serde_derive v1.0.219
[INFO] [stderr]    Compiling zerovec-derive v0.11.1
[INFO] [stderr]    Compiling displaydoc v0.2.5
[INFO] [stderr]    Compiling tokio-macros v2.5.0
[INFO] [stderr]    Compiling futures-macro v0.3.31
[INFO] [stderr]    Compiling thiserror-impl v2.0.12
[INFO] [stderr]    Compiling openssl-macros v0.1.1
[INFO] [stderr]    Compiling async-trait v0.1.88
[INFO] [stderr]    Compiling zerofrom-derive v0.1.6
[INFO] [stderr]    Compiling yoke-derive v0.8.0
[INFO] [stderr]    Compiling tokio v1.45.1
[INFO] [stderr]    Compiling futures-util v0.3.31
[INFO] [stderr]    Compiling zerofrom v0.1.6
[INFO] [stderr]    Compiling pest v2.8.0
[INFO] [stderr]    Compiling yoke v0.8.0
[INFO] [stderr]    Compiling zerovec v0.11.2
[INFO] [stderr]    Compiling zerotrie v0.2.2
[INFO] [stderr]    Compiling pest_meta v2.8.0
[INFO] [stderr]    Compiling tinystr v0.8.1
[INFO] [stderr]    Compiling potential_utf v0.1.2
[INFO] [stderr]    Compiling icu_collections v2.0.0
[INFO] [stderr]    Compiling icu_locale_core v2.0.0
[INFO] [stderr]    Compiling icu_provider v2.0.0
[INFO] [stderr]    Compiling futures-executor v0.3.31
[INFO] [stderr]    Compiling icu_properties v2.0.1
[INFO] [stderr]    Compiling icu_normalizer v2.0.0
[INFO] [stderr]    Compiling futures v0.3.31
[INFO] [stderr]    Compiling pest_generator v2.8.0
[INFO] [stderr]    Compiling pest_derive v2.8.0
[INFO] [stderr]    Compiling idna_adapter v1.2.1
[INFO] [stderr]    Compiling idna v1.0.3
[INFO] [stderr]    Compiling url v2.5.4
[INFO] [stderr]    Compiling tokio-util v0.7.15
[INFO] [stderr]    Compiling tower v0.5.2
[INFO] [stderr]    Compiling bitflags v2.9.1
[INFO] [stderr]    Compiling toml_datetime v0.6.9
[INFO] [stderr]    Compiling serde_spanned v0.6.8
[INFO] [stderr]    Compiling h2 v0.4.10
[INFO] [stderr]    Compiling ron v0.8.1
[INFO] [stderr]    Compiling tower-http v0.6.6
[INFO] [stderr]    Compiling serde_urlencoded v0.7.1
[INFO] [stderr]    Compiling json5 v0.4.1
[INFO] [stderr]    Compiling toml_edit v0.22.26
[INFO] [stderr]    Compiling toml v0.8.22
[INFO] [stderr]    Compiling config v0.15.11
[INFO] [stderr]    Compiling tokio-native-tls v0.3.1
[INFO] [stderr]    Compiling hyper v1.6.0
[INFO] [stderr]    Compiling hyper-util v0.1.13
[INFO] [stderr]    Compiling hyper-tls v0.6.0
[INFO] [stderr]    Compiling reqwest v0.12.19
[INFO] [stderr]    Compiling service_utils_rs v0.3.20 (/opt/rustwide/workdir)
[INFO] [stderr] warning: unused dependency `byteorder`
[INFO] [stderr]  --> Cargo.toml:6:15
[INFO] [stderr]   |
[INFO] [stderr] 6 | [dependencies.byteorder]
[INFO] [stderr]   |               ^^^^^^^^^^
[INFO] [stderr]   |
[INFO] [stderr]   = note: `cargo::unused_dependencies` is set to `warn` by default
[INFO] [stderr] help: consider removing the dependency on `byteorder`
[INFO] [stderr] warning: unused dependency `chrono`
[INFO] [stderr]   --> Cargo.toml:12:15
[INFO] [stderr]    |
[INFO] [stderr] 12 | [dependencies.chrono]
[INFO] [stderr]    |               ^^^^^^^
[INFO] [stderr]    |
[INFO] [stderr] help: consider removing the dependency on `chrono`
[INFO] [stderr] warning: unused dependency `futures`
[INFO] [stderr]   --> Cargo.toml:18:15
[INFO] [stderr]    |
[INFO] [stderr] 18 | [dependencies.futures]
[INFO] [stderr]    |               ^^^^^^^^
[INFO] [stderr]    |
[INFO] [stderr] help: consider removing the dependency on `futures`
[INFO] [stderr] warning: unused dependency `rand`
[INFO] [stderr]   --> Cargo.toml:28:15
[INFO] [stderr]    |
[INFO] [stderr] 28 | [dependencies.rand]
[INFO] [stderr]    |               ^^^^^
[INFO] [stderr]    |
[INFO] [stderr] help: consider removing the dependency on `rand`
[INFO] [stderr] warning: `service_utils_rs` (manifest) generated 4 warnings
[INFO] [stderr]     Finished `release` profile [optimized] target(s) in 1m 28s
[INFO] running `Command { std: "docker" "inspect" "1fba132ec38ea448b62ab8bea284611879d3865052621d29e129813f8230bb69", kill_on_drop: false }`
[INFO] running `Command { std: "docker" "exec" "-e" "SOURCE_DIR=/opt/rustwide/workdir" "-e" "CARGO_HOME=/opt/rustwide/cargo-home" "-e" "RUSTUP_HOME=/opt/rustwide/rustup-home" "-e" "CARGO_TARGET_DIR=/opt/rustwide/target" "-e" "CARGO_INCREMENTAL=0" "-e" "RUST_BACKTRACE=full" "-e" "RUSTFLAGS=--cap-lints=warn" "-e" "RUSTDOCFLAGS=--cap-lints=warn" "-w" "/opt/rustwide/workdir" "--user" "0:0" "1fba132ec38ea448b62ab8bea284611879d3865052621d29e129813f8230bb69" "/opt/rustwide/cargo-home/bin/cargo" "+1.100.0-beta.1" "test" "--frozen" "--no-run" "--message-format=json" "--release", kill_on_drop: false }`
[INFO] [stderr] warning: `package.homepage` is redundant with `package.repository`
[INFO] [stderr]    --> Cargo.toml:126:12
[INFO] [stderr]     |
[INFO] [stderr] 126 | homepage = "https://github.com/code-serenade/service_utils_rs"
[INFO] [stderr]     |            ^^^^^^^^^^^^^^^^^^^^^^^^^^^^^^^^^^^^^^^^^^^^^^^^^^^
[INFO] [stderr] ...
[INFO] [stderr] 130 | repository = "https://github.com/code-serenade/service_utils_rs"
[INFO] [stderr]     |              ---------------------------------------------------
[INFO] [stderr]     |
[INFO] [stderr]     = note: `cargo::redundant_homepage` is set to `warn` by default
[INFO] [stderr] help: consider removing `package.homepage`
[INFO] [stderr] warning: `service_utils_rs` (manifest) generated 1 warning
[INFO] [stderr]    Compiling service_utils_rs v0.3.20 (/opt/rustwide/workdir)
[INFO] [stdout] error[E0433]: cannot find `websocket` in `services`
[INFO] [stdout]  --> examples/socket_server.rs:9:9
[INFO] [stdout]   |
[INFO] [stdout] 9 |         websocket::{
[INFO] [stdout]   |         ^^^^^^^^^ could not find `websocket` in `services`
[INFO] [stdout]   |
[INFO] [stdout] note: found an item that was configured out
[INFO] [stdout]  --> src/services/mod.rs:8:9
[INFO] [stdout]   |
[INFO] [stdout] 7 | #[cfg(feature = "websocket")]
[INFO] [stdout]   |       --------------------- the item is gated behind the `websocket` feature
[INFO] [stdout] 8 | pub mod websocket;
[INFO] [stdout]   |         ^^^^^^^^^
[INFO] [stdout] 
[INFO] [stdout] 
[INFO] [stdout] error[E0432]: unresolved imports `service_utils_rs::services::jwt`, `service_utils_rs::services::websocket`
[INFO] [stdout]  --> examples/socket_server.rs:8:9
[INFO] [stdout]   |
[INFO] [stdout] 8 |         jwt::Jwt,
[INFO] [stdout]   |         ^^^ could not find `jwt` in `services`
[INFO] [stdout] 9 |         websocket::{
[INFO] [stdout]   |         ^^^^^^^^^ could not find `websocket` in `services`
[INFO] [stdout]   |
[INFO] [stdout] note: found an item that was configured out
[INFO] [stdout]  --> src/services/mod.rs:2:9
[INFO] [stdout]   |
[INFO] [stdout] 1 | #[cfg(feature = "jwt")]
[INFO] [stdout]   |       --------------- the item is gated behind the `jwt` feature
[INFO] [stdout] 2 | pub mod jwt;
[INFO] [stdout]   |         ^^^
[INFO] [stdout] note: found an item that was configured out
[INFO] [stdout]  --> src/services/mod.rs:8:9
[INFO] [stdout]   |
[INFO] [stdout] 7 | #[cfg(feature = "websocket")]
[INFO] [stdout]   |       --------------------- the item is gated behind the `websocket` feature
[INFO] [stdout] 8 | pub mod websocket;
[INFO] [stdout]   |         ^^^^^^^^^
[INFO] [stdout] 
[INFO] [stdout] 
[INFO] [stdout] error[E0432]: unresolved import `service_utils_rs::services::jwt`
[INFO] [stdout]  --> examples/jwt_example.rs:4:49
[INFO] [stdout]   |
[INFO] [stdout] 4 | use service_utils_rs::{error::Result, services::jwt::Jwt};
[INFO] [stdout]   |                                                 ^^^ could not find `jwt` in `services`
[INFO] [stdout]   |
[INFO] [stdout] note: found an item that was configured out
[INFO] [stdout]  --> src/services/mod.rs:2:9
[INFO] [stdout]   |
[INFO] [stdout] 1 | #[cfg(feature = "jwt")]
[INFO] [stdout]   |       --------------- the item is gated behind the `jwt` feature
[INFO] [stdout] 2 | pub mod jwt;
[INFO] [stdout]   |         ^^^
[INFO] [stdout] 
[INFO] [stdout] 
[INFO] [stdout] error[E0432]: unresolved import `service_utils_rs::services::http`
[INFO] [stdout]   --> examples/http_server_example.rs:4:49
[INFO] [stdout]    |
[INFO] [stdout]  4 | use service_utils_rs::{error::Result, services::http::http_server};
[INFO] [stdout]    |                                                 ^^^^ could not find `http` in `services`
[INFO] [stdout]    |
[INFO] [stdout] note: found an item that was configured out
[INFO] [stdout]   --> src/services/mod.rs:11:9
[INFO] [stdout]    |
[INFO] [stdout] 10 | #[cfg(feature = "http")]
[INFO] [stdout]    |       ---------------- the item is gated behind the `http` feature
[INFO] [stdout] 11 | pub mod http;
[INFO] [stdout]    |         ^^^^
[INFO] [stdout] 
[INFO] [stdout] 
[INFO] [stdout] error[E0432]: unresolved import `axum`
[INFO] [stdout]  --> examples/http_server_example.rs:2:5
[INFO] [stdout]   |
[INFO] [stdout] 2 | use axum::Router;
[INFO] [stdout]   |     ^^^^ use of unresolved module or unlinked crate `axum`
[INFO] [stdout]   |
[INFO] [stdout]   = help: if you wanted to use a crate named `axum`, use `cargo add axum` to add it to your `Cargo.toml`
[INFO] [stdout] 
[INFO] [stdout] 
[INFO] [stdout] error[E0609]: no field `jwt` on type `Settings`
[INFO] [stdout]   --> examples/socket_server.rs:19:33
[INFO] [stdout]    |
[INFO] [stdout] 19 |     let jwt = Jwt::new(settings.jwt);
[INFO] [stdout]    |                                 ^^^ unknown field
[INFO] [stdout] 
[INFO] [stdout] 
[INFO] [stdout] error[E0609]: no field `websocket` on type `Settings`
[INFO] [stdout]   --> examples/socket_server.rs:31:39
[INFO] [stdout]    |
[INFO] [stdout] 31 |     websocket::server::start(settings.websocket.port, router, token_validator)
[INFO] [stdout]    |                                       ^^^^^^^^^ unknown field
[INFO] [stdout] 
[INFO] [stdout] 
[INFO] [stdout] error[E0609]: no field `http` on type `Settings`
[INFO] [stdout]   --> examples/http_server_example.rs:10:33
[INFO] [stdout]    |
[INFO] [stdout] 10 |     http_server::start(settings.http.port, router)
[INFO] [stdout]    |                                 ^^^^ unknown field
[INFO] [stdout] 
[INFO] [stdout] 
[INFO] [stdout] error[E0609]: no field `jwt` on type `Settings`
[INFO] [stdout]   --> examples/jwt_example.rs:10:33
[INFO] [stdout]    |
[INFO] [stdout] 10 |     let jwt = Jwt::new(settings.jwt);
[INFO] [stdout]    |                                 ^^^ unknown field
[INFO] [stdout] 
[INFO] [stdout] 
[INFO] [stdout] error[E0432]: unresolved import `service_utils_rs::services::db`
[INFO] [stdout]  --> examples/db_example.rs:3:5
[INFO] [stdout]   |
[INFO] [stdout] 3 | use service_utils_rs::services::db;
[INFO] [stdout]   |     ^^^^^^^^^^^^^^^^^^^^^^^^^^^^--
[INFO] [stdout]   |                                 |
[INFO] [stdout]   |                                 no `db` in `services`
[INFO] [stdout]   |
[INFO] [stdout] note: found an item that was configured out
[INFO] [stdout]  --> src/services/mod.rs:5:9
[INFO] [stdout]   |
[INFO] [stdout] 4 | #[cfg(feature = "db")]
[INFO] [stdout]   |       -------------- the item is gated behind the `db` feature
[INFO] [stdout] 5 | pub mod db;
[INFO] [stdout]   |         ^^
[INFO] [stdout] 
[INFO] [stdout] 
[INFO] [stdout] Some errors have detailed explanations: E0432, E0609.
[INFO] [stdout] 
[INFO] [stdout] For more information about an error, try `rustc --explain E0432`.
[INFO] [stdout] 
[INFO] [stdout] error[E0609]: no field `surrealdb` on type `Settings`
[INFO] [stdout]  --> examples/db_example.rs:9:26
[INFO] [stdout]   |
[INFO] [stdout] 9 |     db::init_db(settings.surrealdb).await.unwrap();
[INFO] [stdout]   |                          ^^^^^^^^^ unknown field
[INFO] [stdout] 
[INFO] [stdout] 
[INFO] [stdout] Some errors have detailed explanations: E0432, E0609.
[INFO] [stdout] 
[INFO] [stdout] For more information about an error, try `rustc --explain E0432`.
[INFO] [stdout] 
[INFO] [stdout] Some errors have detailed explanations: E0432, E0433, E0609.
[INFO] [stdout] 
[INFO] [stdout] For more information about an error, try `rustc --explain E0432`.
[INFO] [stdout] 
[INFO] [stderr] error: could not compile `service_utils_rs` (example "db_example") due to 2 previous errors
[INFO] [stderr] warning: build failed, waiting for other jobs to finish...
[INFO] [stderr] error: could not compile `service_utils_rs` (example "socket_server") due to 4 previous errors
[INFO] [stdout] Some errors have detailed explanations: E0432, E0609.
[INFO] [stdout] 
[INFO] [stderr] error: could not compile `service_utils_rs` (example "http_server_example") due to 3 previous errors
[INFO] [stdout] For more information about an error, try `rustc --explain E0432`.
[INFO] [stdout] 
[INFO] [stderr] error: could not compile `service_utils_rs` (example "jwt_example") due to 2 previous errors
[INFO] [stdout] error[E0433]: cannot find `websocket` in `services`
[INFO] [stdout]  --> examples/socket_client.rs:3:33
[INFO] [stdout]   |
[INFO] [stdout] 3 | use service_utils_rs::services::websocket::{
[INFO] [stdout]   |                                 ^^^^^^^^^ could not find `websocket` in `services`
[INFO] [stdout]   |
[INFO] [stdout] note: found an item that was configured out
[INFO] [stdout]  --> src/services/mod.rs:8:9
[INFO] [stdout]   |
[INFO] [stdout] 7 | #[cfg(feature = "websocket")]
[INFO] [stdout]   |       --------------------- the item is gated behind the `websocket` feature
[INFO] [stdout] 8 | pub mod websocket;
[INFO] [stdout]   |         ^^^^^^^^^
[INFO] [stdout] 
[INFO] [stdout] 
[INFO] [stdout] error[E0432]: unresolved import `service_utils_rs::services::websocket`
[INFO] [stdout]  --> examples/socket_client.rs:3:33
[INFO] [stdout]   |
[INFO] [stdout] 3 | use service_utils_rs::services::websocket::{
[INFO] [stdout]   |                                 ^^^^^^^^^ could not find `websocket` in `services`
[INFO] [stdout]   |
[INFO] [stdout] note: found an item that was configured out
[INFO] [stdout]  --> src/services/mod.rs:8:9
[INFO] [stdout]   |
[INFO] [stdout] 7 | #[cfg(feature = "websocket")]
[INFO] [stdout]   |       --------------------- the item is gated behind the `websocket` feature
[INFO] [stdout] 8 | pub mod websocket;
[INFO] [stdout]   |         ^^^^^^^^^
[INFO] [stdout] 
[INFO] [stdout] 
[INFO] [stdout] warning: method call on a diverging inference variable
[INFO] [stdout]   --> examples/socket_client.rs:23:30
[INFO] [stdout]    |
[INFO] [stdout] 23 |     tokio::spawn(send_json(c.clone()));
[INFO] [stdout]    |                              ^^^^^
[INFO] [stdout]    |
[INFO] [stdout]    = help: consider providing a type annotation
[INFO] [stdout]    = warning: this was previously accepted by the compiler but is being phased out; it will become a hard error in a future release!
[INFO] [stdout]    = note: for more information, see issue #156047 <https://github.com/rust-lang/rust/issues/156047>
[INFO] [stdout]    = note: `#[warn(method_call_on_diverging_infer_var)]` (part of `#[warn(future_incompatible)]`) on by default
[INFO] [stdout] 
[INFO] [stdout] 
[INFO] [stdout] Some errors have detailed explanations: E0432, E0433.
[INFO] [stdout] 
[INFO] [stderr] error: could not compile `service_utils_rs` (example "socket_client") due to 2 previous errors; 2 warnings emitted
[INFO] [stdout] For more information about an error, try `rustc --explain E0432`.
[INFO] [stdout] 
[INFO] [stderr] warning: unused dependency `byteorder`
[INFO] [stderr]  --> Cargo.toml:6:15
[INFO] [stderr]   |
[INFO] [stderr] 6 | [dependencies.byteorder]
[INFO] [stderr]   |               ^^^^^^^^^^
[INFO] [stderr]   |
[INFO] [stderr]   = note: `cargo::unused_dependencies` is set to `warn` by default
[INFO] [stderr] help: consider removing the dependency on `byteorder`
[INFO] [stderr] warning: unused dependency `chrono`
[INFO] [stderr]   --> Cargo.toml:12:15
[INFO] [stderr]    |
[INFO] [stderr] 12 | [dependencies.chrono]
[INFO] [stderr]    |               ^^^^^^^
[INFO] [stderr]    |
[INFO] [stderr] help: consider removing the dependency on `chrono`
[INFO] [stderr] warning: unused dependency `futures`
[INFO] [stderr]   --> Cargo.toml:18:15
[INFO] [stderr]    |
[INFO] [stderr] 18 | [dependencies.futures]
[INFO] [stderr]    |               ^^^^^^^^
[INFO] [stderr]    |
[INFO] [stderr] help: consider removing the dependency on `futures`
[INFO] [stderr] warning: unused dependency `rand`
[INFO] [stderr]   --> Cargo.toml:28:15
[INFO] [stderr]    |
[INFO] [stderr] 28 | [dependencies.rand]
[INFO] [stderr]    |               ^^^^^
[INFO] [stderr]    |
[INFO] [stderr] help: consider removing the dependency on `rand`
[INFO] [stderr] warning: `service_utils_rs` (manifest) generated 4 warnings
[INFO] running `Command { std: "docker" "inspect" "1fba132ec38ea448b62ab8bea284611879d3865052621d29e129813f8230bb69", kill_on_drop: false }`
[INFO] running `Command { std: "docker" "rm" "-f" "1fba132ec38ea448b62ab8bea284611879d3865052621d29e129813f8230bb69", kill_on_drop: false }`
[INFO] [stdout] 1fba132ec38ea448b62ab8bea284611879d3865052621d29e129813f8230bb69
