[INFO] fetching crate serverust-lambda 0.5.0...
[INFO] testing serverust-lambda-0.5.0 against 1.99.0-beta.8+cargoflags=--release for beta-release-1.100-2
[INFO] extracting crate serverust-lambda 0.5.0 into /workspace/builds/worker-5-tc1/source
[INFO] started tweaking crates.io crate serverust-lambda 0.5.0
[INFO] removed 0 missing tests
[INFO] finished tweaking crates.io crate serverust-lambda 0.5.0
[INFO] tweaked toml for crates.io crate serverust-lambda 0.5.0 written to /workspace/builds/worker-5-tc1/source/Cargo.toml
[INFO] validating manifest of crates.io crate serverust-lambda 0.5.0 on toolchain 1.99.0-beta.8
[INFO] running `Command { std: CARGO_HOME="/workspace/cargo-home" RUSTUP_HOME="/workspace/rustup-home" "/workspace/cargo-home/bin/cargo" "+1.99.0-beta.8" "metadata" "--manifest-path" "Cargo.toml" "--no-deps", kill_on_drop: false }`
[INFO] crate crates.io crate serverust-lambda 0.5.0 already has a lockfile, it will not be regenerated
[INFO] running `Command { std: CARGO_HOME="/workspace/cargo-home" RUSTUP_HOME="/workspace/rustup-home" "/workspace/cargo-home/bin/cargo" "+1.99.0-beta.8" "fetch" "--manifest-path" "Cargo.toml", kill_on_drop: false }`
[INFO] [stderr]     Updating crates.io index
[INFO] [stderr]  Downloading crates ...
[INFO] [stderr]   Downloaded proc-macro-error3 v3.1.1
[INFO] [stderr]   Downloaded proc-macro-error-attr3 v3.1.1
[INFO] [stderr]   Downloaded serverust-core v0.5.0
[INFO] [stderr]   Downloaded lambda_runtime_api_client v1.1.1
[INFO] [stderr]   Downloaded lambda_runtime v1.4.0
[INFO] [stderr]   Downloaded query_map v0.7.0
[INFO] [stderr]   Downloaded lambda_http v1.3.1
[INFO] [stderr]   Downloaded http-serde v2.1.1
[INFO] [stderr]   Downloaded aws_lambda_events v1.2.0
[INFO] running `Command { std: "docker" "create" "-v" "/var/lib/crater-agent-workspace/builds/worker-5-tc1/source:/opt/rustwide/workdir:ro,Z" "-v" "/var/lib/crater-agent-workspace/builds/worker-5-tc1/target:/opt/rustwide/target:rw,Z" "-v" "/var/lib/crater-agent-workspace/cargo-home:/opt/rustwide/cargo-home:ro,Z" "-v" "/var/lib/crater-agent-workspace/rustup-home:/opt/rustwide/rustup-home:ro,Z" "-m" "1610612736" "--network" "none" "ghcr.io/rust-lang/crates-build-env/linux@sha256:77db811e55d90add9212f6832c23229e3de5f1c1f9905e8cb07319ea15df73ac" "sleep" "infinity", kill_on_drop: false }`
[INFO] [stdout] f634fcfedd05870c33b0873e7c7a613fe9dd609b3d4ca5256f9fa29078e2073c
[INFO] running `Command { std: "docker" "start" "f634fcfedd05870c33b0873e7c7a613fe9dd609b3d4ca5256f9fa29078e2073c", kill_on_drop: false }`
[INFO] running `Command { std: "docker" "inspect" "f634fcfedd05870c33b0873e7c7a613fe9dd609b3d4ca5256f9fa29078e2073c", kill_on_drop: false }`
[INFO] running `Command { std: "docker" "exec" "-e" "SOURCE_DIR=/opt/rustwide/workdir" "-e" "CARGO_HOME=/opt/rustwide/cargo-home" "-e" "RUSTUP_HOME=/opt/rustwide/rustup-home" "-e" "CARGO_TARGET_DIR=/opt/rustwide/target" "-w" "/opt/rustwide/workdir" "--user" "0:0" "f634fcfedd05870c33b0873e7c7a613fe9dd609b3d4ca5256f9fa29078e2073c" "/opt/rustwide/cargo-home/bin/cargo" "+1.99.0-beta.8" "metadata" "--no-deps" "--format-version=1", kill_on_drop: false }`
[INFO] running `Command { std: "docker" "inspect" "f634fcfedd05870c33b0873e7c7a613fe9dd609b3d4ca5256f9fa29078e2073c", kill_on_drop: false }`
[INFO] running `Command { std: "docker" "exec" "-e" "SOURCE_DIR=/opt/rustwide/workdir" "-e" "CARGO_HOME=/opt/rustwide/cargo-home" "-e" "RUSTUP_HOME=/opt/rustwide/rustup-home" "-e" "CARGO_TARGET_DIR=/opt/rustwide/target" "-e" "CARGO_INCREMENTAL=0" "-e" "RUST_BACKTRACE=full" "-e" "RUSTFLAGS=--cap-lints=warn" "-e" "RUSTDOCFLAGS=--cap-lints=warn" "-w" "/opt/rustwide/workdir" "--user" "0:0" "f634fcfedd05870c33b0873e7c7a613fe9dd609b3d4ca5256f9fa29078e2073c" "/opt/rustwide/cargo-home/bin/cargo" "+1.99.0-beta.8" "build" "--frozen" "--message-format=json" "--release", kill_on_drop: false }`
[INFO] [stderr]    Compiling syn v3.0.6
[INFO] [stderr]    Compiling syn v2.0.119
[INFO] [stderr]    Compiling smallvec v1.16.2
[INFO] [stderr]    Compiling serde_json v1.0.151
[INFO] [stderr]    Compiling futures-channel v0.3.34
[INFO] [stderr]    Compiling regex-automata v0.4.18
[INFO] [stderr]    Compiling proc-macro2-diagnostics v0.10.1
[INFO] [stderr]    Compiling indexmap v2.14.2
[INFO] [stderr]    Compiling yansi v1.0.1
[INFO] [stderr]    Compiling thread_local v1.1.10
[INFO] [stderr]    Compiling serde_path_to_error v0.1.20
[INFO] [stderr]    Compiling uncased v0.9.10
[INFO] [stderr]    Compiling proc-macro-error-attr3 v3.1.1
[INFO] [stderr]    Compiling encoding_rs v0.8.42
[INFO] [stderr]    Compiling figment v0.10.19
[INFO] [stderr]    Compiling inlinable_string v0.1.15
[INFO] [stderr]    Compiling uuid v1.26.1
[INFO] [stderr]    Compiling darling_core v0.23.0
[INFO] [stderr]    Compiling matchers v0.2.0
[INFO] [stderr]    Compiling regex v1.13.1
[INFO] [stderr]    Compiling tracing-attributes v0.1.31
[INFO] [stderr]    Compiling pin-project-internal v1.1.13
[INFO] [stderr]    Compiling pear_codegen v0.2.9
[INFO] [stderr]    Compiling async-stream-impl v0.3.6
[INFO] [stderr]    Compiling utoipa-gen v5.5.0
[INFO] [stderr]    Compiling async-stream v0.3.6
[INFO] [stderr]    Compiling pear v0.2.9
[INFO] [stderr]    Compiling pin-project v1.1.13
[INFO] [stderr]    Compiling tracing v0.1.44
[INFO] [stderr]    Compiling synstructure v0.14.0
[INFO] [stderr]    Compiling proc-macro-error3 v3.1.1
[INFO] [stderr]    Compiling darling_macro v0.23.0
[INFO] [stderr]    Compiling darling v0.23.0
[INFO] [stderr]    Compiling serde_derive v1.0.229
[INFO] [stderr]    Compiling zerovec-derive v0.11.6
[INFO] [stderr]    Compiling displaydoc v0.2.7
[INFO] [stderr]    Compiling futures-macro v0.3.34
[INFO] [stderr]    Compiling tokio-macros v2.7.2
[INFO] [stderr]    Compiling validator_derive v0.20.1
[INFO] [stderr]    Compiling zerofrom-derive v0.1.8
[INFO] [stderr]    Compiling yoke-derive v0.8.3
[INFO] [stderr]    Compiling futures-util v0.3.34
[INFO] [stderr]    Compiling zerofrom v0.1.8
[INFO] [stderr]    Compiling yoke v0.8.3
[INFO] [stderr]    Compiling zerovec v0.11.8
[INFO] [stderr]    Compiling zerotrie v0.2.5
[INFO] [stderr]    Compiling tinystr v0.8.4
[INFO] [stderr]    Compiling potential_utf v0.1.6
[INFO] [stderr]    Compiling icu_collections v2.3.0
[INFO] [stderr]    Compiling icu_locale_core v2.3.0
[INFO] [stderr]    Compiling serde v1.0.229
[INFO] [stderr]    Compiling bytes v1.12.1
[INFO] [stderr]    Compiling serde_spanned v0.6.9
[INFO] [stderr]    Compiling tracing-serde v0.2.0
[INFO] [stderr]    Compiling toml_datetime v0.6.11
[INFO] [stderr]    Compiling serde_urlencoded v0.7.1
[INFO] [stderr]    Compiling query_map v0.7.0
[INFO] [stderr]    Compiling utoipa v5.5.0
[INFO] [stderr]    Compiling tracing-subscriber v0.3.23
[INFO] [stderr]    Compiling toml_edit v0.22.27
[INFO] [stderr]    Compiling icu_provider v2.3.1
[INFO] [stderr]    Compiling http v1.5.0
[INFO] [stderr]    Compiling tokio v1.53.1
[INFO] [stderr]    Compiling icu_normalizer v2.3.0
[INFO] [stderr]    Compiling icu_properties v2.3.0
[INFO] [stderr]    Compiling futures-executor v0.3.34
[INFO] [stderr]    Compiling futures v0.3.34
[INFO] [stderr]    Compiling idna_adapter v1.2.2
[INFO] [stderr]    Compiling idna v1.1.0
[INFO] [stderr]    Compiling http-body v1.1.0
[INFO] [stderr]    Compiling http-body-util v0.1.5
[INFO] [stderr]    Compiling url v2.5.8
[INFO] [stderr]    Compiling http-serde v2.1.1
[INFO] [stderr]    Compiling aws_lambda_events v1.2.0
[INFO] [stderr]    Compiling axum-core v0.5.6
[INFO] [stderr]    Compiling validator v0.20.0
[INFO] [stderr]    Compiling toml v0.8.23
[INFO] [stderr]    Compiling hyper v1.11.1
[INFO] [stderr]    Compiling tower v0.5.3
[INFO] [stderr]    Compiling tokio-stream v0.1.19
[INFO] [stderr]    Compiling hyper-util v0.1.21
[INFO] [stderr]    Compiling lambda_runtime_api_client v1.1.1
[INFO] [stderr]    Compiling axum v0.8.9
[INFO] [stderr]    Compiling lambda_runtime v1.4.0
[INFO] [stderr]    Compiling lambda_http v1.3.1
[INFO] [stderr]    Compiling serverust-core v0.5.0
[INFO] [stderr]    Compiling serverust-lambda v0.5.0 (/opt/rustwide/workdir)
[INFO] [stderr]     Finished `release` profile [optimized] target(s) in 1m 50s
[INFO] running `Command { std: "docker" "inspect" "f634fcfedd05870c33b0873e7c7a613fe9dd609b3d4ca5256f9fa29078e2073c", kill_on_drop: false }`
[INFO] running `Command { std: "docker" "exec" "-e" "SOURCE_DIR=/opt/rustwide/workdir" "-e" "CARGO_HOME=/opt/rustwide/cargo-home" "-e" "RUSTUP_HOME=/opt/rustwide/rustup-home" "-e" "CARGO_TARGET_DIR=/opt/rustwide/target" "-e" "CARGO_INCREMENTAL=0" "-e" "RUST_BACKTRACE=full" "-e" "RUSTFLAGS=--cap-lints=warn" "-e" "RUSTDOCFLAGS=--cap-lints=warn" "-w" "/opt/rustwide/workdir" "--user" "0:0" "f634fcfedd05870c33b0873e7c7a613fe9dd609b3d4ca5256f9fa29078e2073c" "/opt/rustwide/cargo-home/bin/cargo" "+1.99.0-beta.8" "test" "--frozen" "--no-run" "--message-format=json" "--release", kill_on_drop: false }`
[INFO] [stderr]    Compiling chrono v0.4.45
[INFO] [stderr]    Compiling aws_lambda_events v1.2.0
[INFO] [stderr]    Compiling lambda_http v1.3.1
[INFO] [stderr]    Compiling serverust-lambda v0.5.0 (/opt/rustwide/workdir)
[INFO] [stdout] error[E0432]: unresolved import `serverust_macros`
[INFO] [stdout]   --> tests/lambda_to_axum.rs:13:5
[INFO] [stdout]    |
[INFO] [stdout] 13 | use serverust_macros::{get, post};
[INFO] [stdout]    |     ^^^^^^^^^^^^^^^^ use of unresolved module or unlinked crate `serverust_macros`
[INFO] [stdout]    |
[INFO] [stdout] help: there is a crate or module with a similar name
[INFO] [stdout]    |
[INFO] [stdout] 13 - use serverust_macros::{get, post};
[INFO] [stdout] 13 + use serverust_core::{get, post};
[INFO] [stdout]    |
[INFO] [stdout] 
[INFO] [stdout] 
[INFO] [stdout] error[E0277]: the trait bound `fn(Query<HelloParams>) -> _ {hello}: IntoRoute` is not satisfied
[INFO] [stdout]    --> tests/lambda_to_axum.rs:46:16
[INFO] [stdout]     |
[INFO] [stdout]  46 |         .route(hello)
[INFO] [stdout]     |          ----- ^^^^^ unsatisfied trait bound
[INFO] [stdout]     |          |
[INFO] [stdout]     |          required by a bound introduced by this call
[INFO] [stdout]     |
[INFO] [stdout]     = help: the trait `IntoRoute` is not implemented for fn item `fn(axum::extract::Query<HelloParams>) -> impl Future<Output = std::string::String> {hello}`
[INFO] [stdout] note: required by a bound in `App::route`
[INFO] [stdout]    --> /opt/rustwide/cargo-home/registry/src/index.crates.io-1949cf8c6b5b557f/serverust-core-0.5.0/src/app.rs:274:21
[INFO] [stdout]     |
[INFO] [stdout] 274 |     pub fn route<R: IntoRoute>(mut self, handler: R) -> Self {
[INFO] [stdout]     |                     ^^^^^^^^^ required by this bound in `App::route`
[INFO] [stdout]     = note: the full name for the type has been written to '/opt/rustwide/target/release/deps/lambda_to_axum-4408737aa378e588.long-type-12808319402838732801.txt'
[INFO] [stdout]     = note: consider using `--verbose` to print the full type name to the console
[INFO] [stdout] 
[INFO] [stdout] 
[INFO] [stdout] error[E0277]: the trait bound `fn(Path<u32>) -> impl Future<Output = String> {show_item}: IntoRoute` is not satisfied
[INFO] [stdout]    --> tests/lambda_to_axum.rs:47:16
[INFO] [stdout]     |
[INFO] [stdout]  47 |         .route(show_item)
[INFO] [stdout]     |          ----- ^^^^^^^^^ the trait `IntoRoute` is not implemented for fn item `fn(axum::extract::Path<u32>) -> impl Future<Output = std::string::String> {show_item}`
[INFO] [stdout]     |          |
[INFO] [stdout]     |          required by a bound introduced by this call
[INFO] [stdout]     |
[INFO] [stdout] note: required by a bound in `App::route`
[INFO] [stdout]    --> /opt/rustwide/cargo-home/registry/src/index.crates.io-1949cf8c6b5b557f/serverust-core-0.5.0/src/app.rs:274:21
[INFO] [stdout]     |
[INFO] [stdout] 274 |     pub fn route<R: IntoRoute>(mut self, handler: R) -> Self {
[INFO] [stdout]     |                     ^^^^^^^^^ required by this bound in `App::route`
[INFO] [stdout]     = note: the full name for the type has been written to '/opt/rustwide/target/release/deps/lambda_to_axum-4408737aa378e588.long-type-1062576953830770806.txt'
[INFO] [stdout]     = note: consider using `--verbose` to print the full type name to the console
[INFO] [stdout] 
[INFO] [stdout] 
[INFO] [stdout] error[E0277]: the trait bound `fn(Json<Echo>) -> impl Future<Output = _> {echo}: IntoRoute` is not satisfied
[INFO] [stdout]    --> tests/lambda_to_axum.rs:48:16
[INFO] [stdout]     |
[INFO] [stdout]  48 |         .route(echo)
[INFO] [stdout]     |          ----- ^^^^ the trait `IntoRoute` is not implemented for fn item `fn(Json<Echo>) -> impl Future<Output = impl IntoResponse> {echo}`
[INFO] [stdout]     |          |
[INFO] [stdout]     |          required by a bound introduced by this call
[INFO] [stdout]     |
[INFO] [stdout] note: required by a bound in `App::route`
[INFO] [stdout]    --> /opt/rustwide/cargo-home/registry/src/index.crates.io-1949cf8c6b5b557f/serverust-core-0.5.0/src/app.rs:274:21
[INFO] [stdout]     |
[INFO] [stdout] 274 |     pub fn route<R: IntoRoute>(mut self, handler: R) -> Self {
[INFO] [stdout]     |                     ^^^^^^^^^ required by this bound in `App::route`
[INFO] [stdout]     = note: the full name for the type has been written to '/opt/rustwide/target/release/deps/lambda_to_axum-4408737aa378e588.long-type-8127202733416529493.txt'
[INFO] [stdout]     = note: consider using `--verbose` to print the full type name to the console
[INFO] [stdout] 
[INFO] [stdout] 
[INFO] [stdout] Some errors have detailed explanations: E0277, E0432.
[INFO] [stdout] 
[INFO] [stdout] For more information about an error, try `rustc --explain E0277`.
[INFO] [stdout] 
[INFO] [stderr] error: could not compile `serverust-lambda` (test "lambda_to_axum") due to 4 previous errors
[INFO] [stderr] warning: build failed, waiting for other jobs to finish...
[INFO] running `Command { std: "docker" "inspect" "f634fcfedd05870c33b0873e7c7a613fe9dd609b3d4ca5256f9fa29078e2073c", kill_on_drop: false }`
[INFO] running `Command { std: "docker" "rm" "-f" "f634fcfedd05870c33b0873e7c7a613fe9dd609b3d4ca5256f9fa29078e2073c", kill_on_drop: false }`
[INFO] [stdout] f634fcfedd05870c33b0873e7c7a613fe9dd609b3d4ca5256f9fa29078e2073c
