[INFO] fetching crate serde_x12_alt 0.2.0...
[INFO] testing serde_x12_alt-0.2.0 against 1.100.0-beta.1+cargoflags=--release for beta-release-1.100-2
[INFO] extracting crate serde_x12_alt 0.2.0 into /workspace/builds/worker-6-tc2/source
[INFO] started tweaking crates.io crate serde_x12_alt 0.2.0
[INFO] finished tweaking crates.io crate serde_x12_alt 0.2.0
[INFO] tweaked toml for crates.io crate serde_x12_alt 0.2.0 written to /workspace/builds/worker-6-tc2/source/Cargo.toml
[INFO] validating manifest of crates.io crate serde_x12_alt 0.2.0 on toolchain 1.100.0-beta.1
[INFO] running `Command { std: CARGO_HOME="/workspace/cargo-home" RUSTUP_HOME="/workspace/rustup-home" "/workspace/cargo-home/bin/cargo" "+1.100.0-beta.1" "metadata" "--manifest-path" "Cargo.toml" "--no-deps", kill_on_drop: false }`
[INFO] running `Command { std: CARGO_HOME="/workspace/cargo-home" RUSTUP_HOME="/workspace/rustup-home" "/workspace/cargo-home/bin/cargo" "+1.100.0-beta.1" "generate-lockfile" "--manifest-path" "Cargo.toml", kill_on_drop: false }`
[INFO] [stderr]     Updating crates.io index
[INFO] [stderr]      Locking 25 packages to highest compatible versions
[INFO] [stderr]       Adding colored v2.2.0 (available: v3.1.1)
[INFO] running `Command { std: CARGO_HOME="/workspace/cargo-home" RUSTUP_HOME="/workspace/rustup-home" "/workspace/cargo-home/bin/cargo" "+1.100.0-beta.1" "fetch" "--manifest-path" "Cargo.toml", kill_on_drop: false }`
[INFO] [stderr] warning: `package.homepage` is redundant with `package.repository`
[INFO] [stderr]   --> Cargo.toml:22:12
[INFO] [stderr]    |
[INFO] [stderr] 22 | homepage = "https://github.com/kurtbuilds/x12"
[INFO] [stderr]    |            ^^^^^^^^^^^^^^^^^^^^^^^^^^^^^^^^^^^
[INFO] [stderr] ...
[INFO] [stderr] 25 | repository = "https://github.com/kurtbuilds/x12"
[INFO] [stderr]    |              -----------------------------------
[INFO] [stderr]    |
[INFO] [stderr]    = note: `cargo::redundant_homepage` is set to `warn` by default
[INFO] [stderr] help: consider removing `package.homepage`
[INFO] [stderr] warning: `serde_x12_alt` (manifest) generated 1 warning
[INFO] running `Command { std: "docker" "create" "-v" "/var/lib/crater-agent-workspace/builds/worker-6-tc2/source:/opt/rustwide/workdir:ro,Z" "-v" "/var/lib/crater-agent-workspace/builds/worker-6-tc2/target:/opt/rustwide/target:rw,Z" "-v" "/var/lib/crater-agent-workspace/cargo-home:/opt/rustwide/cargo-home:ro,Z" "-v" "/var/lib/crater-agent-workspace/rustup-home:/opt/rustwide/rustup-home:ro,Z" "-m" "1610612736" "--network" "none" "ghcr.io/rust-lang/crates-build-env/linux@sha256:77db811e55d90add9212f6832c23229e3de5f1c1f9905e8cb07319ea15df73ac" "sleep" "infinity", kill_on_drop: false }`
[INFO] [stdout] d7b5ce231141872b1ad115c74272d512fc3e3075c4b48e49dc73f9fb2bbf4ae9
[INFO] running `Command { std: "docker" "start" "d7b5ce231141872b1ad115c74272d512fc3e3075c4b48e49dc73f9fb2bbf4ae9", kill_on_drop: false }`
[INFO] running `Command { std: "docker" "inspect" "d7b5ce231141872b1ad115c74272d512fc3e3075c4b48e49dc73f9fb2bbf4ae9", kill_on_drop: false }`
[INFO] running `Command { std: "docker" "exec" "-e" "SOURCE_DIR=/opt/rustwide/workdir" "-e" "CARGO_HOME=/opt/rustwide/cargo-home" "-e" "RUSTUP_HOME=/opt/rustwide/rustup-home" "-e" "CARGO_TARGET_DIR=/opt/rustwide/target" "-w" "/opt/rustwide/workdir" "--user" "0:0" "d7b5ce231141872b1ad115c74272d512fc3e3075c4b48e49dc73f9fb2bbf4ae9" "/opt/rustwide/cargo-home/bin/cargo" "+1.100.0-beta.1" "metadata" "--no-deps" "--format-version=1", kill_on_drop: false }`
[INFO] running `Command { std: "docker" "inspect" "d7b5ce231141872b1ad115c74272d512fc3e3075c4b48e49dc73f9fb2bbf4ae9", kill_on_drop: false }`
[INFO] running `Command { std: "docker" "exec" "-e" "SOURCE_DIR=/opt/rustwide/workdir" "-e" "CARGO_HOME=/opt/rustwide/cargo-home" "-e" "RUSTUP_HOME=/opt/rustwide/rustup-home" "-e" "CARGO_TARGET_DIR=/opt/rustwide/target" "-e" "CARGO_INCREMENTAL=0" "-e" "RUST_BACKTRACE=full" "-e" "RUSTFLAGS=--cap-lints=warn" "-e" "RUSTDOCFLAGS=--cap-lints=warn" "-w" "/opt/rustwide/workdir" "--user" "0:0" "d7b5ce231141872b1ad115c74272d512fc3e3075c4b48e49dc73f9fb2bbf4ae9" "/opt/rustwide/cargo-home/bin/cargo" "+1.100.0-beta.1" "build" "--frozen" "--message-format=json" "--release", kill_on_drop: false }`
[INFO] [stderr] warning: `package.homepage` is redundant with `package.repository`
[INFO] [stderr]   --> Cargo.toml:22:12
[INFO] [stderr]    |
[INFO] [stderr] 22 | homepage = "https://github.com/kurtbuilds/x12"
[INFO] [stderr]    |            ^^^^^^^^^^^^^^^^^^^^^^^^^^^^^^^^^^^
[INFO] [stderr] ...
[INFO] [stderr] 25 | repository = "https://github.com/kurtbuilds/x12"
[INFO] [stderr]    |              -----------------------------------
[INFO] [stderr]    |
[INFO] [stderr]    = note: `cargo::redundant_homepage` is set to `warn` by default
[INFO] [stderr] help: consider removing `package.homepage`
[INFO] [stderr] warning: `serde_x12_alt` (manifest) generated 1 warning
[INFO] [stderr]    Compiling lazy_static v1.5.1
[INFO] [stderr]    Compiling colored v2.2.0
[INFO] [stderr]    Compiling serde_x12_alt v0.2.0 (/opt/rustwide/workdir)
[INFO] [stderr]     Finished `release` profile [optimized] target(s) in 1.56s
[INFO] running `Command { std: "docker" "inspect" "d7b5ce231141872b1ad115c74272d512fc3e3075c4b48e49dc73f9fb2bbf4ae9", kill_on_drop: false }`
[INFO] running `Command { std: "docker" "exec" "-e" "SOURCE_DIR=/opt/rustwide/workdir" "-e" "CARGO_HOME=/opt/rustwide/cargo-home" "-e" "RUSTUP_HOME=/opt/rustwide/rustup-home" "-e" "CARGO_TARGET_DIR=/opt/rustwide/target" "-e" "CARGO_INCREMENTAL=0" "-e" "RUST_BACKTRACE=full" "-e" "RUSTFLAGS=--cap-lints=warn" "-e" "RUSTDOCFLAGS=--cap-lints=warn" "-w" "/opt/rustwide/workdir" "--user" "0:0" "d7b5ce231141872b1ad115c74272d512fc3e3075c4b48e49dc73f9fb2bbf4ae9" "/opt/rustwide/cargo-home/bin/cargo" "+1.100.0-beta.1" "test" "--frozen" "--no-run" "--message-format=json" "--release", kill_on_drop: false }`
[INFO] [stderr] warning: `package.homepage` is redundant with `package.repository`
[INFO] [stderr]   --> Cargo.toml:22:12
[INFO] [stderr]    |
[INFO] [stderr] 22 | homepage = "https://github.com/kurtbuilds/x12"
[INFO] [stderr]    |            ^^^^^^^^^^^^^^^^^^^^^^^^^^^^^^^^^^^
[INFO] [stderr] ...
[INFO] [stderr] 25 | repository = "https://github.com/kurtbuilds/x12"
[INFO] [stderr]    |              -----------------------------------
[INFO] [stderr]    |
[INFO] [stderr]    = note: `cargo::redundant_homepage` is set to `warn` by default
[INFO] [stderr] help: consider removing `package.homepage`
[INFO] [stderr] warning: `serde_x12_alt` (manifest) generated 1 warning
[INFO] [stderr]    Compiling serde_x12_alt v0.2.0 (/opt/rustwide/workdir)
[INFO] [stdout] error[E0433]: cannot find module or crate `x12` in this scope
[INFO] [stdout]  --> tests/sv1.rs:1:5
[INFO] [stdout]   |
[INFO] [stdout] 1 | use x12::release_5010::segments::ProfessionalService;
[INFO] [stdout]   |     ^^^ use of unresolved module or unlinked crate `x12`
[INFO] [stdout]   |
[INFO] [stdout]   = help: if you wanted to use a crate named `x12`, use `cargo add x12` to add it to your `Cargo.toml`
[INFO] [stdout] 
[INFO] [stdout] 
[INFO] [stdout] error[E0433]: cannot find module or crate `x12` in this scope
[INFO] [stdout]  --> tests/sbr.rs:1:5
[INFO] [stdout]   |
[INFO] [stdout] 1 | use x12::release_5010::segments::Subscriber;
[INFO] [stdout]   |     ^^^ use of unresolved module or unlinked crate `x12`
[INFO] [stdout]   |
[INFO] [stdout]   = help: if you wanted to use a crate named `x12`, use `cargo add x12` to add it to your `Cargo.toml`
[INFO] [stdout] 
[INFO] [stdout] 
[INFO] [stdout] For more information about this error, try `rustc --explain E0433`.
[INFO] [stdout] 
[INFO] [stdout] For more information about this error, try `rustc --explain E0433`.
[INFO] [stdout] 
[INFO] [stderr] error: could not compile `serde_x12_alt` (test "sv1") due to 1 previous error
[INFO] [stderr] warning: build failed, waiting for other jobs to finish...
[INFO] [stderr] error: could not compile `serde_x12_alt` (test "sbr") due to 1 previous error
[INFO] [stdout] error: couldn't read `tests/../../data/CHPW_Claimdata.txt`: No such file or directory (os error 2)
[INFO] [stdout]  --> tests/837.rs:7:13
[INFO] [stdout]   |
[INFO] [stdout] 7 |     let s = include_str!("../../data/CHPW_Claimdata.txt");
[INFO] [stdout]   |             ^^^^^^^^^^^^^^^^^^^^^^^^^^^^^^^^^^^^^^^^^^^^^
[INFO] [stdout] 
[INFO] [stdout] 
[INFO] [stdout] error[E0433]: cannot find module or crate `x12` in this scope
[INFO] [stdout]  --> tests/837.rs:3:5
[INFO] [stdout]   |
[INFO] [stdout] 3 | use x12::release_5010::transactions::HealthCareClaim;
[INFO] [stdout]   |     ^^^ use of unresolved module or unlinked crate `x12`
[INFO] [stdout]   |
[INFO] [stdout]   = help: if you wanted to use a crate named `x12`, use `cargo add x12` to add it to your `Cargo.toml`
[INFO] [stdout] 
[INFO] [stdout] 
[INFO] [stdout] error[E0432]: unresolved import `x12`
[INFO] [stdout]  --> tests/837.rs:2:5
[INFO] [stdout]   |
[INFO] [stdout] 2 | use x12::Document;
[INFO] [stdout]   |     ^^^ use of unresolved module or unlinked crate `x12`
[INFO] [stdout]   |
[INFO] [stdout]   = help: if you wanted to use a crate named `x12`, use `cargo add x12` to add it to your `Cargo.toml`
[INFO] [stdout] 
[INFO] [stdout] 
[INFO] [stdout] Some errors have detailed explanations: E0432, E0433.
[INFO] [stdout] 
[INFO] [stdout] For more information about an error, try `rustc --explain E0432`.
[INFO] [stdout] 
[INFO] [stderr] error: could not compile `serde_x12_alt` (test "837") due to 3 previous errors
[INFO] running `Command { std: "docker" "inspect" "d7b5ce231141872b1ad115c74272d512fc3e3075c4b48e49dc73f9fb2bbf4ae9", kill_on_drop: false }`
[INFO] running `Command { std: "docker" "rm" "-f" "d7b5ce231141872b1ad115c74272d512fc3e3075c4b48e49dc73f9fb2bbf4ae9", kill_on_drop: false }`
[INFO] [stdout] d7b5ce231141872b1ad115c74272d512fc3e3075c4b48e49dc73f9fb2bbf4ae9
