[INFO] fetching crate serde-hex-utils 0.2.0...
[INFO] testing serde-hex-utils-0.2.0 against 1.99.0-beta.8+cargoflags=--release for beta-release-1.100-2
[INFO] extracting crate serde-hex-utils 0.2.0 into /workspace/builds/worker-7-tc1/source
[INFO] started tweaking crates.io crate serde-hex-utils 0.2.0
[INFO] finished tweaking crates.io crate serde-hex-utils 0.2.0
[INFO] tweaked toml for crates.io crate serde-hex-utils 0.2.0 written to /workspace/builds/worker-7-tc1/source/Cargo.toml
[INFO] validating manifest of crates.io crate serde-hex-utils 0.2.0 on toolchain 1.99.0-beta.8
[INFO] running `Command { std: CARGO_HOME="/workspace/cargo-home" RUSTUP_HOME="/workspace/rustup-home" "/workspace/cargo-home/bin/cargo" "+1.99.0-beta.8" "metadata" "--manifest-path" "Cargo.toml" "--no-deps", kill_on_drop: false }`
[INFO] crate crates.io crate serde-hex-utils 0.2.0 already has a lockfile, it will not be regenerated
[INFO] running `Command { std: CARGO_HOME="/workspace/cargo-home" RUSTUP_HOME="/workspace/rustup-home" "/workspace/cargo-home/bin/cargo" "+1.99.0-beta.8" "fetch" "--manifest-path" "Cargo.toml", kill_on_drop: false }`
[INFO] running `Command { std: "docker" "create" "-v" "/var/lib/crater-agent-workspace/builds/worker-7-tc1/source:/opt/rustwide/workdir:ro,Z" "-v" "/var/lib/crater-agent-workspace/builds/worker-7-tc1/target:/opt/rustwide/target:rw,Z" "-v" "/var/lib/crater-agent-workspace/cargo-home:/opt/rustwide/cargo-home:ro,Z" "-v" "/var/lib/crater-agent-workspace/rustup-home:/opt/rustwide/rustup-home:ro,Z" "-m" "1610612736" "--network" "none" "ghcr.io/rust-lang/crates-build-env/linux@sha256:77db811e55d90add9212f6832c23229e3de5f1c1f9905e8cb07319ea15df73ac" "sleep" "infinity", kill_on_drop: false }`
[INFO] [stdout] a037e17f32d05e84365c1d78fa104f25617c48b67458cfe70ed8e7ac7beb50d4
[INFO] running `Command { std: "docker" "start" "a037e17f32d05e84365c1d78fa104f25617c48b67458cfe70ed8e7ac7beb50d4", kill_on_drop: false }`
[INFO] running `Command { std: "docker" "inspect" "a037e17f32d05e84365c1d78fa104f25617c48b67458cfe70ed8e7ac7beb50d4", kill_on_drop: false }`
[INFO] running `Command { std: "docker" "exec" "-e" "SOURCE_DIR=/opt/rustwide/workdir" "-e" "CARGO_HOME=/opt/rustwide/cargo-home" "-e" "RUSTUP_HOME=/opt/rustwide/rustup-home" "-e" "CARGO_TARGET_DIR=/opt/rustwide/target" "-w" "/opt/rustwide/workdir" "--user" "0:0" "a037e17f32d05e84365c1d78fa104f25617c48b67458cfe70ed8e7ac7beb50d4" "/opt/rustwide/cargo-home/bin/cargo" "+1.99.0-beta.8" "metadata" "--no-deps" "--format-version=1", kill_on_drop: false }`
[INFO] running `Command { std: "docker" "inspect" "a037e17f32d05e84365c1d78fa104f25617c48b67458cfe70ed8e7ac7beb50d4", kill_on_drop: false }`
[INFO] running `Command { std: "docker" "exec" "-e" "SOURCE_DIR=/opt/rustwide/workdir" "-e" "CARGO_HOME=/opt/rustwide/cargo-home" "-e" "RUSTUP_HOME=/opt/rustwide/rustup-home" "-e" "CARGO_TARGET_DIR=/opt/rustwide/target" "-e" "CARGO_INCREMENTAL=0" "-e" "RUST_BACKTRACE=full" "-e" "RUSTFLAGS=--cap-lints=warn" "-e" "RUSTDOCFLAGS=--cap-lints=warn" "-w" "/opt/rustwide/workdir" "--user" "0:0" "a037e17f32d05e84365c1d78fa104f25617c48b67458cfe70ed8e7ac7beb50d4" "/opt/rustwide/cargo-home/bin/cargo" "+1.99.0-beta.8" "build" "--frozen" "--message-format=json" "--release", kill_on_drop: false }`
[INFO] [stderr]    Compiling quote v1.0.44
[INFO] [stderr]    Compiling anyhow v1.0.101
[INFO] [stderr]    Compiling serde v1.0.228
[INFO] [stderr]    Compiling hex v0.4.3
[INFO] [stderr]    Compiling syn v2.0.116
[INFO] [stderr]    Compiling serde_derive v1.0.228
[INFO] [stderr]    Compiling serde-hex-utils v0.2.0 (/opt/rustwide/workdir)
[INFO] [stderr]     Finished `release` profile [optimized] target(s) in 7.16s
[INFO] running `Command { std: "docker" "inspect" "a037e17f32d05e84365c1d78fa104f25617c48b67458cfe70ed8e7ac7beb50d4", kill_on_drop: false }`
[INFO] running `Command { std: "docker" "exec" "-e" "SOURCE_DIR=/opt/rustwide/workdir" "-e" "CARGO_HOME=/opt/rustwide/cargo-home" "-e" "RUSTUP_HOME=/opt/rustwide/rustup-home" "-e" "CARGO_TARGET_DIR=/opt/rustwide/target" "-e" "CARGO_INCREMENTAL=0" "-e" "RUST_BACKTRACE=full" "-e" "RUSTFLAGS=--cap-lints=warn" "-e" "RUSTDOCFLAGS=--cap-lints=warn" "-w" "/opt/rustwide/workdir" "--user" "0:0" "a037e17f32d05e84365c1d78fa104f25617c48b67458cfe70ed8e7ac7beb50d4" "/opt/rustwide/cargo-home/bin/cargo" "+1.99.0-beta.8" "test" "--frozen" "--no-run" "--message-format=json" "--release", kill_on_drop: false }`
[INFO] [stderr]    Compiling winnow v0.7.14
[INFO] [stderr]    Compiling toml_datetime v0.7.5+spec-1.1.0
[INFO] [stderr]    Compiling byte-slice-cast v1.2.3
[INFO] [stderr]    Compiling crunchy v0.2.4
[INFO] [stderr]    Compiling indexmap v2.13.0
[INFO] [stderr]    Compiling serde_json v1.0.149
[INFO] [stderr]    Compiling fixed-hash v0.8.0
[INFO] [stderr]    Compiling memchr v2.8.0
[INFO] [stderr]    Compiling syn v2.0.116
[INFO] [stderr]    Compiling const_format_proc_macros v0.2.34
[INFO] [stderr]    Compiling parity-scale-codec v3.7.5
[INFO] [stderr]    Compiling uint v0.10.0
[INFO] [stderr]    Compiling const_format v0.2.35
[INFO] [stderr]    Compiling toml_parser v1.0.9+spec-1.1.0
[INFO] [stderr]    Compiling toml_edit v0.23.10+spec-1.0.0
[INFO] [stderr]    Compiling proc-macro-crate v3.4.0
[INFO] [stderr]    Compiling impl-trait-for-tuples v0.2.3
[INFO] [stderr]    Compiling serde_derive v1.0.228
[INFO] [stderr]    Compiling parity-scale-codec-derive v3.7.5
[INFO] [stderr]    Compiling derive_more-impl v1.0.0
[INFO] [stderr]    Compiling scale-info-derive v2.11.6
[INFO] [stderr]    Compiling derive_more v1.0.0
[INFO] [stderr]    Compiling scale-info v2.11.6
[INFO] [stderr]    Compiling impl-codec v0.7.1
[INFO] [stderr]    Compiling serde v1.0.228
[INFO] [stderr]    Compiling impl-serde v0.5.0
[INFO] [stderr]    Compiling serde-hex-utils v0.2.0 (/opt/rustwide/workdir)
[INFO] [stderr]    Compiling primitive-types v0.13.1
[INFO] [stdout] error[E0433]: cannot find module or crate `ismp` in this scope
[INFO] [stdout]    --> src/lib.rs:385:6
[INFO] [stdout]     |
[INFO] [stdout] 385 |     use ismp::router::{GetRequest, GetResponse, PostRequest, StorageValue};
[INFO] [stdout]     |         ^^^^ use of unresolved module or unlinked crate `ismp`
[INFO] [stdout]     |
[INFO] [stdout]     = help: if you wanted to use a crate named `ismp`, use `cargo add ismp` to add it to your `Cargo.toml`
[INFO] [stdout] 
[INFO] [stdout] 
[INFO] [stdout] error[E0433]: cannot find module or crate `ismp` in this scope
[INFO] [stdout]    --> src/lib.rs:510:7
[INFO] [stdout]     |
[INFO] [stdout] 510 |         use ismp::{consensus::StateMachineId, host::StateMachine};
[INFO] [stdout]     |             ^^^^ use of unresolved module or unlinked crate `ismp`
[INFO] [stdout]     |
[INFO] [stdout]     = help: if you wanted to use a crate named `ismp`, use `cargo add ismp` to add it to your `Cargo.toml`
[INFO] [stdout] 
[INFO] [stdout] 
[INFO] [stdout] error[E0433]: cannot find module or crate `ismp` in this scope
[INFO] [stdout]    --> src/lib.rs:422:12
[INFO] [stdout]     |
[INFO] [stdout] 422 |             source: ismp::host::StateMachine::Polkadot(100),
[INFO] [stdout]     |                     ^^^^ use of unresolved module or unlinked crate `ismp`
[INFO] [stdout]     |
[INFO] [stdout]     = help: if you wanted to use a crate named `ismp`, use `cargo add ismp` to add it to your `Cargo.toml`
[INFO] [stdout] 
[INFO] [stdout] 
[INFO] [stdout] error[E0433]: cannot find module or crate `ismp` in this scope
[INFO] [stdout]    --> src/lib.rs:423:10
[INFO] [stdout]     |
[INFO] [stdout] 423 |             dest: ismp::host::StateMachine::Polkadot(2000),
[INFO] [stdout]     |                   ^^^^ use of unresolved module or unlinked crate `ismp`
[INFO] [stdout]     |
[INFO] [stdout]     = help: if you wanted to use a crate named `ismp`, use `cargo add ismp` to add it to your `Cargo.toml`
[INFO] [stdout] 
[INFO] [stdout] 
[INFO] [stdout] error[E0433]: cannot find module or crate `ismp` in this scope
[INFO] [stdout]    --> src/lib.rs:443:12
[INFO] [stdout]     |
[INFO] [stdout] 443 |             source: ismp::host::StateMachine::Polkadot(100),
[INFO] [stdout]     |                     ^^^^ use of unresolved module or unlinked crate `ismp`
[INFO] [stdout]     |
[INFO] [stdout]     = help: if you wanted to use a crate named `ismp`, use `cargo add ismp` to add it to your `Cargo.toml`
[INFO] [stdout] 
[INFO] [stdout] 
[INFO] [stdout] error[E0433]: cannot find module or crate `ismp` in this scope
[INFO] [stdout]    --> src/lib.rs:444:10
[INFO] [stdout]     |
[INFO] [stdout] 444 |             dest: ismp::host::StateMachine::Polkadot(2000),
[INFO] [stdout]     |                   ^^^^ use of unresolved module or unlinked crate `ismp`
[INFO] [stdout]     |
[INFO] [stdout]     = help: if you wanted to use a crate named `ismp`, use `cargo add ismp` to add it to your `Cargo.toml`
[INFO] [stdout] 
[INFO] [stdout] 
[INFO] [stdout] error[E0433]: cannot find module or crate `ismp` in this scope
[INFO] [stdout]    --> src/lib.rs:469:12
[INFO] [stdout]     |
[INFO] [stdout] 469 |             source: ismp::host::StateMachine::Polkadot(100),
[INFO] [stdout]     |                     ^^^^ use of unresolved module or unlinked crate `ismp`
[INFO] [stdout]     |
[INFO] [stdout]     = help: if you wanted to use a crate named `ismp`, use `cargo add ismp` to add it to your `Cargo.toml`
[INFO] [stdout] 
[INFO] [stdout] 
[INFO] [stdout] error[E0433]: cannot find module or crate `ismp` in this scope
[INFO] [stdout]    --> src/lib.rs:470:10
[INFO] [stdout]     |
[INFO] [stdout] 470 |             dest: ismp::host::StateMachine::Polkadot(2000),
[INFO] [stdout]     |                   ^^^^ use of unresolved module or unlinked crate `ismp`
[INFO] [stdout]     |
[INFO] [stdout]     = help: if you wanted to use a crate named `ismp`, use `cargo add ismp` to add it to your `Cargo.toml`
[INFO] [stdout] 
[INFO] [stdout] 
[INFO] [stdout] error[E0599]: no associated function or constant named `random` found for struct `H256` in the current scope
[INFO] [stdout]    --> src/lib.rs:425:16
[INFO] [stdout]     |
[INFO] [stdout] 425 |             from: H256::random().0.to_vec(),
[INFO] [stdout]     |                         ^^^^^^ associated function or constant not found in `H256`
[INFO] [stdout]     |
[INFO] [stdout] note: if you're trying to build a new `H256` consider using one of the following associated functions:
[INFO] [stdout]       H256::repeat_byte
[INFO] [stdout]       H256::zero
[INFO] [stdout]       H256::from_slice
[INFO] [stdout]    --> /opt/rustwide/cargo-home/registry/src/index.crates.io-1949cf8c6b5b557f/fixed-hash-0.8.0/src/hash.rs:110:4
[INFO] [stdout]     |
[INFO] [stdout] 110 |               pub const fn repeat_byte(byte: u8) -> $name {
[INFO] [stdout]     |               ^^^^^^^^^^^^^^^^^^^^^^^^^^^^^^^^^^^^^^^^^^^
[INFO] [stdout] ...
[INFO] [stdout] 116 |               pub const fn zero() -> $name {
[INFO] [stdout]     |               ^^^^^^^^^^^^^^^^^^^^^^^^^^^^
[INFO] [stdout] ...
[INFO] [stdout] 191 |               pub fn from_slice(src: &[u8]) -> Self {
[INFO] [stdout]     |               ^^^^^^^^^^^^^^^^^^^^^^^^^^^^^^^^^^^^^
[INFO] [stdout]     |
[INFO] [stdout]    ::: /opt/rustwide/cargo-home/registry/src/index.crates.io-1949cf8c6b5b557f/primitive-types-0.13.1/src/lib.rs:66:1
[INFO] [stdout]     |
[INFO] [stdout]  66 | / construct_fixed_hash! {
[INFO] [stdout]  67 | |     /// Fixed-size uninterpreted hash type with 32 bytes (256 bits) size.
[INFO] [stdout]  68 | |     #[cfg_attr(feature = "scale-info", derive(TypeInfo))]
[INFO] [stdout]  69 | |     pub struct H256(32);
[INFO] [stdout]  70 | | }
[INFO] [stdout]     | |_- in this macro invocation
[INFO] [stdout]     = note: this error originates in the macro `construct_fixed_hash` (in Nightly builds, run with -Z macro-backtrace for more info)
[INFO] [stdout] 
[INFO] [stdout] 
[INFO] [stdout] error[E0599]: no associated function or constant named `random` found for struct `H256` in the current scope
[INFO] [stdout]    --> src/lib.rs:426:14
[INFO] [stdout]     |
[INFO] [stdout] 426 |             to: H256::random().0.to_vec(),
[INFO] [stdout]     |                       ^^^^^^ associated function or constant not found in `H256`
[INFO] [stdout]     |
[INFO] [stdout] note: if you're trying to build a new `H256` consider using one of the following associated functions:
[INFO] [stdout]       H256::repeat_byte
[INFO] [stdout]       H256::zero
[INFO] [stdout]       H256::from_slice
[INFO] [stdout]    --> /opt/rustwide/cargo-home/registry/src/index.crates.io-1949cf8c6b5b557f/fixed-hash-0.8.0/src/hash.rs:110:4
[INFO] [stdout]     |
[INFO] [stdout] 110 |               pub const fn repeat_byte(byte: u8) -> $name {
[INFO] [stdout]     |               ^^^^^^^^^^^^^^^^^^^^^^^^^^^^^^^^^^^^^^^^^^^
[INFO] [stdout] ...
[INFO] [stdout] 116 |               pub const fn zero() -> $name {
[INFO] [stdout]     |               ^^^^^^^^^^^^^^^^^^^^^^^^^^^^
[INFO] [stdout] ...
[INFO] [stdout] 191 |               pub fn from_slice(src: &[u8]) -> Self {
[INFO] [stdout]     |               ^^^^^^^^^^^^^^^^^^^^^^^^^^^^^^^^^^^^^
[INFO] [stdout]     |
[INFO] [stdout]    ::: /opt/rustwide/cargo-home/registry/src/index.crates.io-1949cf8c6b5b557f/primitive-types-0.13.1/src/lib.rs:66:1
[INFO] [stdout]     |
[INFO] [stdout]  66 | / construct_fixed_hash! {
[INFO] [stdout]  67 | |     /// Fixed-size uninterpreted hash type with 32 bytes (256 bits) size.
[INFO] [stdout]  68 | |     #[cfg_attr(feature = "scale-info", derive(TypeInfo))]
[INFO] [stdout]  69 | |     pub struct H256(32);
[INFO] [stdout]  70 | | }
[INFO] [stdout]     | |_- in this macro invocation
[INFO] [stdout]     = note: this error originates in the macro `construct_fixed_hash` (in Nightly builds, run with -Z macro-backtrace for more info)
[INFO] [stdout] 
[INFO] [stdout] 
[INFO] [stdout] error[E0599]: no associated function or constant named `random` found for struct `H512` in the current scope
[INFO] [stdout]    --> src/lib.rs:428:16
[INFO] [stdout]     |
[INFO] [stdout] 428 |             body: H512::random().0.to_vec(),
[INFO] [stdout]     |                         ^^^^^^ associated function or constant not found in `H512`
[INFO] [stdout]     |
[INFO] [stdout] note: if you're trying to build a new `H512` consider using one of the following associated functions:
[INFO] [stdout]       H512::repeat_byte
[INFO] [stdout]       H512::zero
[INFO] [stdout]       H512::from_slice
[INFO] [stdout]    --> /opt/rustwide/cargo-home/registry/src/index.crates.io-1949cf8c6b5b557f/fixed-hash-0.8.0/src/hash.rs:110:4
[INFO] [stdout]     |
[INFO] [stdout] 110 |               pub const fn repeat_byte(byte: u8) -> $name {
[INFO] [stdout]     |               ^^^^^^^^^^^^^^^^^^^^^^^^^^^^^^^^^^^^^^^^^^^
[INFO] [stdout] ...
[INFO] [stdout] 116 |               pub const fn zero() -> $name {
[INFO] [stdout]     |               ^^^^^^^^^^^^^^^^^^^^^^^^^^^^
[INFO] [stdout] ...
[INFO] [stdout] 191 |               pub fn from_slice(src: &[u8]) -> Self {
[INFO] [stdout]     |               ^^^^^^^^^^^^^^^^^^^^^^^^^^^^^^^^^^^^^
[INFO] [stdout]     |
[INFO] [stdout]    ::: /opt/rustwide/cargo-home/registry/src/index.crates.io-1949cf8c6b5b557f/primitive-types-0.13.1/src/lib.rs:76:1
[INFO] [stdout]     |
[INFO] [stdout]  76 | / construct_fixed_hash! {
[INFO] [stdout]  77 | |     /// Fixed-size uninterpreted hash type with 64 bytes (512 bits) size.
[INFO] [stdout]  78 | |     #[cfg_attr(feature = "scale-info", derive(TypeInfo))]
[INFO] [stdout]  79 | |     pub struct H512(64);
[INFO] [stdout]  80 | | }
[INFO] [stdout]     | |_- in this macro invocation
[INFO] [stdout]     = note: this error originates in the macro `construct_fixed_hash` (in Nightly builds, run with -Z macro-backtrace for more info)
[INFO] [stdout] 
[INFO] [stdout] 
[INFO] [stdout] error[E0599]: no associated function or constant named `random` found for struct `H256` in the current scope
[INFO] [stdout]    --> src/lib.rs:447:16
[INFO] [stdout]     |
[INFO] [stdout] 447 |             from: H256::random().0.to_vec(),
[INFO] [stdout]     |                         ^^^^^^ associated function or constant not found in `H256`
[INFO] [stdout]     |
[INFO] [stdout] note: if you're trying to build a new `H256` consider using one of the following associated functions:
[INFO] [stdout]       H256::repeat_byte
[INFO] [stdout]       H256::zero
[INFO] [stdout]       H256::from_slice
[INFO] [stdout]    --> /opt/rustwide/cargo-home/registry/src/index.crates.io-1949cf8c6b5b557f/fixed-hash-0.8.0/src/hash.rs:110:4
[INFO] [stdout]     |
[INFO] [stdout] 110 |               pub const fn repeat_byte(byte: u8) -> $name {
[INFO] [stdout]     |               ^^^^^^^^^^^^^^^^^^^^^^^^^^^^^^^^^^^^^^^^^^^
[INFO] [stdout] ...
[INFO] [stdout] 116 |               pub const fn zero() -> $name {
[INFO] [stdout]     |               ^^^^^^^^^^^^^^^^^^^^^^^^^^^^
[INFO] [stdout] ...
[INFO] [stdout] 191 |               pub fn from_slice(src: &[u8]) -> Self {
[INFO] [stdout]     |               ^^^^^^^^^^^^^^^^^^^^^^^^^^^^^^^^^^^^^
[INFO] [stdout]     |
[INFO] [stdout]    ::: /opt/rustwide/cargo-home/registry/src/index.crates.io-1949cf8c6b5b557f/primitive-types-0.13.1/src/lib.rs:66:1
[INFO] [stdout]     |
[INFO] [stdout]  66 | / construct_fixed_hash! {
[INFO] [stdout]  67 | |     /// Fixed-size uninterpreted hash type with 32 bytes (256 bits) size.
[INFO] [stdout]  68 | |     #[cfg_attr(feature = "scale-info", derive(TypeInfo))]
[INFO] [stdout]  69 | |     pub struct H256(32);
[INFO] [stdout]  70 | | }
[INFO] [stdout]     | |_- in this macro invocation
[INFO] [stdout]     = note: this error originates in the macro `construct_fixed_hash` (in Nightly builds, run with -Z macro-backtrace for more info)
[INFO] [stdout] 
[INFO] [stdout] 
[INFO] [stdout] error[E0599]: no associated function or constant named `random` found for struct `H256` in the current scope
[INFO] [stdout]    --> src/lib.rs:449:11
[INFO] [stdout]     |
[INFO] [stdout] 449 |                 H256::random().0.to_vec(),
[INFO] [stdout]     |                       ^^^^^^ associated function or constant not found in `H256`
[INFO] [stdout]     |
[INFO] [stdout] note: if you're trying to build a new `H256` consider using one of the following associated functions:
[INFO] [stdout]       H256::repeat_byte
[INFO] [stdout]       H256::zero
[INFO] [stdout]       H256::from_slice
[INFO] [stdout]    --> /opt/rustwide/cargo-home/registry/src/index.crates.io-1949cf8c6b5b557f/fixed-hash-0.8.0/src/hash.rs:110:4
[INFO] [stdout]     |
[INFO] [stdout] 110 |               pub const fn repeat_byte(byte: u8) -> $name {
[INFO] [stdout]     |               ^^^^^^^^^^^^^^^^^^^^^^^^^^^^^^^^^^^^^^^^^^^
[INFO] [stdout] ...
[INFO] [stdout] 116 |               pub const fn zero() -> $name {
[INFO] [stdout]     |               ^^^^^^^^^^^^^^^^^^^^^^^^^^^^
[INFO] [stdout] ...
[INFO] [stdout] 191 |               pub fn from_slice(src: &[u8]) -> Self {
[INFO] [stdout]     |               ^^^^^^^^^^^^^^^^^^^^^^^^^^^^^^^^^^^^^
[INFO] [stdout]     |
[INFO] [stdout]    ::: /opt/rustwide/cargo-home/registry/src/index.crates.io-1949cf8c6b5b557f/primitive-types-0.13.1/src/lib.rs:66:1
[INFO] [stdout]     |
[INFO] [stdout]  66 | / construct_fixed_hash! {
[INFO] [stdout]  67 | |     /// Fixed-size uninterpreted hash type with 32 bytes (256 bits) size.
[INFO] [stdout]  68 | |     #[cfg_attr(feature = "scale-info", derive(TypeInfo))]
[INFO] [stdout]  69 | |     pub struct H256(32);
[INFO] [stdout]  70 | | }
[INFO] [stdout]     | |_- in this macro invocation
[INFO] [stdout]     = note: this error originates in the macro `construct_fixed_hash` (in Nightly builds, run with -Z macro-backtrace for more info)
[INFO] [stdout] 
[INFO] [stdout] 
[INFO] [stdout] error[E0599]: no associated function or constant named `random` found for struct `H256` in the current scope
[INFO] [stdout]    --> src/lib.rs:450:11
[INFO] [stdout]     |
[INFO] [stdout] 450 |                 H256::random().0.to_vec(),
[INFO] [stdout]     |                       ^^^^^^ associated function or constant not found in `H256`
[INFO] [stdout]     |
[INFO] [stdout] note: if you're trying to build a new `H256` consider using one of the following associated functions:
[INFO] [stdout]       H256::repeat_byte
[INFO] [stdout]       H256::zero
[INFO] [stdout]       H256::from_slice
[INFO] [stdout]    --> /opt/rustwide/cargo-home/registry/src/index.crates.io-1949cf8c6b5b557f/fixed-hash-0.8.0/src/hash.rs:110:4
[INFO] [stdout]     |
[INFO] [stdout] 110 |               pub const fn repeat_byte(byte: u8) -> $name {
[INFO] [stdout]     |               ^^^^^^^^^^^^^^^^^^^^^^^^^^^^^^^^^^^^^^^^^^^
[INFO] [stdout] ...
[INFO] [stdout] 116 |               pub const fn zero() -> $name {
[INFO] [stdout]     |               ^^^^^^^^^^^^^^^^^^^^^^^^^^^^
[INFO] [stdout] ...
[INFO] [stdout] 191 |               pub fn from_slice(src: &[u8]) -> Self {
[INFO] [stdout]     |               ^^^^^^^^^^^^^^^^^^^^^^^^^^^^^^^^^^^^^
[INFO] [stdout]     |
[INFO] [stdout]    ::: /opt/rustwide/cargo-home/registry/src/index.crates.io-1949cf8c6b5b557f/primitive-types-0.13.1/src/lib.rs:66:1
[INFO] [stdout]     |
[INFO] [stdout]  66 | / construct_fixed_hash! {
[INFO] [stdout]  67 | |     /// Fixed-size uninterpreted hash type with 32 bytes (256 bits) size.
[INFO] [stdout]  68 | |     #[cfg_attr(feature = "scale-info", derive(TypeInfo))]
[INFO] [stdout]  69 | |     pub struct H256(32);
[INFO] [stdout]  70 | | }
[INFO] [stdout]     | |_- in this macro invocation
[INFO] [stdout]     = note: this error originates in the macro `construct_fixed_hash` (in Nightly builds, run with -Z macro-backtrace for more info)
[INFO] [stdout] 
[INFO] [stdout] 
[INFO] [stdout] error[E0599]: no associated function or constant named `random` found for struct `H256` in the current scope
[INFO] [stdout]    --> src/lib.rs:451:11
[INFO] [stdout]     |
[INFO] [stdout] 451 |                 H256::random().0.to_vec(),
[INFO] [stdout]     |                       ^^^^^^ associated function or constant not found in `H256`
[INFO] [stdout]     |
[INFO] [stdout] note: if you're trying to build a new `H256` consider using one of the following associated functions:
[INFO] [stdout]       H256::repeat_byte
[INFO] [stdout]       H256::zero
[INFO] [stdout]       H256::from_slice
[INFO] [stdout]    --> /opt/rustwide/cargo-home/registry/src/index.crates.io-1949cf8c6b5b557f/fixed-hash-0.8.0/src/hash.rs:110:4
[INFO] [stdout]     |
[INFO] [stdout] 110 |               pub const fn repeat_byte(byte: u8) -> $name {
[INFO] [stdout]     |               ^^^^^^^^^^^^^^^^^^^^^^^^^^^^^^^^^^^^^^^^^^^
[INFO] [stdout] ...
[INFO] [stdout] 116 |               pub const fn zero() -> $name {
[INFO] [stdout]     |               ^^^^^^^^^^^^^^^^^^^^^^^^^^^^
[INFO] [stdout] ...
[INFO] [stdout] 191 |               pub fn from_slice(src: &[u8]) -> Self {
[INFO] [stdout]     |               ^^^^^^^^^^^^^^^^^^^^^^^^^^^^^^^^^^^^^
[INFO] [stdout]     |
[INFO] [stdout]    ::: /opt/rustwide/cargo-home/registry/src/index.crates.io-1949cf8c6b5b557f/primitive-types-0.13.1/src/lib.rs:66:1
[INFO] [stdout]     |
[INFO] [stdout]  66 | / construct_fixed_hash! {
[INFO] [stdout]  67 | |     /// Fixed-size uninterpreted hash type with 32 bytes (256 bits) size.
[INFO] [stdout]  68 | |     #[cfg_attr(feature = "scale-info", derive(TypeInfo))]
[INFO] [stdout]  69 | |     pub struct H256(32);
[INFO] [stdout]  70 | | }
[INFO] [stdout]     | |_- in this macro invocation
[INFO] [stdout]     = note: this error originates in the macro `construct_fixed_hash` (in Nightly builds, run with -Z macro-backtrace for more info)
[INFO] [stdout] 
[INFO] [stdout] 
[INFO] [stdout] error[E0599]: no associated function or constant named `random` found for struct `H256` in the current scope
[INFO] [stdout]    --> src/lib.rs:474:16
[INFO] [stdout]     |
[INFO] [stdout] 474 |             from: H256::random().0.to_vec(),
[INFO] [stdout]     |                         ^^^^^^ associated function or constant not found in `H256`
[INFO] [stdout]     |
[INFO] [stdout] note: if you're trying to build a new `H256` consider using one of the following associated functions:
[INFO] [stdout]       H256::repeat_byte
[INFO] [stdout]       H256::zero
[INFO] [stdout]       H256::from_slice
[INFO] [stdout]    --> /opt/rustwide/cargo-home/registry/src/index.crates.io-1949cf8c6b5b557f/fixed-hash-0.8.0/src/hash.rs:110:4
[INFO] [stdout]     |
[INFO] [stdout] 110 |               pub const fn repeat_byte(byte: u8) -> $name {
[INFO] [stdout]     |               ^^^^^^^^^^^^^^^^^^^^^^^^^^^^^^^^^^^^^^^^^^^
[INFO] [stdout] ...
[INFO] [stdout] 116 |               pub const fn zero() -> $name {
[INFO] [stdout]     |               ^^^^^^^^^^^^^^^^^^^^^^^^^^^^
[INFO] [stdout] ...
[INFO] [stdout] 191 |               pub fn from_slice(src: &[u8]) -> Self {
[INFO] [stdout]     |               ^^^^^^^^^^^^^^^^^^^^^^^^^^^^^^^^^^^^^
[INFO] [stdout]     |
[INFO] [stdout]    ::: /opt/rustwide/cargo-home/registry/src/index.crates.io-1949cf8c6b5b557f/primitive-types-0.13.1/src/lib.rs:66:1
[INFO] [stdout]     |
[INFO] [stdout]  66 | / construct_fixed_hash! {
[INFO] [stdout]  67 | |     /// Fixed-size uninterpreted hash type with 32 bytes (256 bits) size.
[INFO] [stdout]  68 | |     #[cfg_attr(feature = "scale-info", derive(TypeInfo))]
[INFO] [stdout]  69 | |     pub struct H256(32);
[INFO] [stdout]  70 | | }
[INFO] [stdout]     | |_- in this macro invocation
[INFO] [stdout]     = note: this error originates in the macro `construct_fixed_hash` (in Nightly builds, run with -Z macro-backtrace for more info)
[INFO] [stdout] 
[INFO] [stdout] 
[INFO] [stdout] error[E0599]: no associated function or constant named `random` found for struct `H256` in the current scope
[INFO] [stdout]    --> src/lib.rs:476:11
[INFO] [stdout]     |
[INFO] [stdout] 476 |                 H256::random().0.to_vec(),
[INFO] [stdout]     |                       ^^^^^^ associated function or constant not found in `H256`
[INFO] [stdout]     |
[INFO] [stdout] note: if you're trying to build a new `H256` consider using one of the following associated functions:
[INFO] [stdout]       H256::repeat_byte
[INFO] [stdout]       H256::zero
[INFO] [stdout]       H256::from_slice
[INFO] [stdout]    --> /opt/rustwide/cargo-home/registry/src/index.crates.io-1949cf8c6b5b557f/fixed-hash-0.8.0/src/hash.rs:110:4
[INFO] [stdout]     |
[INFO] [stdout] 110 |               pub const fn repeat_byte(byte: u8) -> $name {
[INFO] [stdout]     |               ^^^^^^^^^^^^^^^^^^^^^^^^^^^^^^^^^^^^^^^^^^^
[INFO] [stdout] ...
[INFO] [stdout] 116 |               pub const fn zero() -> $name {
[INFO] [stdout]     |               ^^^^^^^^^^^^^^^^^^^^^^^^^^^^
[INFO] [stdout] ...
[INFO] [stdout] 191 |               pub fn from_slice(src: &[u8]) -> Self {
[INFO] [stdout]     |               ^^^^^^^^^^^^^^^^^^^^^^^^^^^^^^^^^^^^^
[INFO] [stdout]     |
[INFO] [stdout]    ::: /opt/rustwide/cargo-home/registry/src/index.crates.io-1949cf8c6b5b557f/primitive-types-0.13.1/src/lib.rs:66:1
[INFO] [stdout]     |
[INFO] [stdout]  66 | / construct_fixed_hash! {
[INFO] [stdout]  67 | |     /// Fixed-size uninterpreted hash type with 32 bytes (256 bits) size.
[INFO] [stdout]  68 | |     #[cfg_attr(feature = "scale-info", derive(TypeInfo))]
[INFO] [stdout]  69 | |     pub struct H256(32);
[INFO] [stdout]  70 | | }
[INFO] [stdout]     | |_- in this macro invocation
[INFO] [stdout]     = note: this error originates in the macro `construct_fixed_hash` (in Nightly builds, run with -Z macro-backtrace for more info)
[INFO] [stdout] 
[INFO] [stdout] 
[INFO] [stdout] error[E0599]: no associated function or constant named `random` found for struct `H256` in the current scope
[INFO] [stdout]    --> src/lib.rs:477:11
[INFO] [stdout]     |
[INFO] [stdout] 477 |                 H256::random().0.to_vec(),
[INFO] [stdout]     |                       ^^^^^^ associated function or constant not found in `H256`
[INFO] [stdout]     |
[INFO] [stdout] note: if you're trying to build a new `H256` consider using one of the following associated functions:
[INFO] [stdout]       H256::repeat_byte
[INFO] [stdout]       H256::zero
[INFO] [stdout]       H256::from_slice
[INFO] [stdout]    --> /opt/rustwide/cargo-home/registry/src/index.crates.io-1949cf8c6b5b557f/fixed-hash-0.8.0/src/hash.rs:110:4
[INFO] [stdout]     |
[INFO] [stdout] 110 |               pub const fn repeat_byte(byte: u8) -> $name {
[INFO] [stdout]     |               ^^^^^^^^^^^^^^^^^^^^^^^^^^^^^^^^^^^^^^^^^^^
[INFO] [stdout] ...
[INFO] [stdout] 116 |               pub const fn zero() -> $name {
[INFO] [stdout]     |               ^^^^^^^^^^^^^^^^^^^^^^^^^^^^
[INFO] [stdout] ...
[INFO] [stdout] 191 |               pub fn from_slice(src: &[u8]) -> Self {
[INFO] [stdout]     |               ^^^^^^^^^^^^^^^^^^^^^^^^^^^^^^^^^^^^^
[INFO] [stdout]     |
[INFO] [stdout]    ::: /opt/rustwide/cargo-home/registry/src/index.crates.io-1949cf8c6b5b557f/primitive-types-0.13.1/src/lib.rs:66:1
[INFO] [stdout]     |
[INFO] [stdout]  66 | / construct_fixed_hash! {
[INFO] [stdout]  67 | |     /// Fixed-size uninterpreted hash type with 32 bytes (256 bits) size.
[INFO] [stdout]  68 | |     #[cfg_attr(feature = "scale-info", derive(TypeInfo))]
[INFO] [stdout]  69 | |     pub struct H256(32);
[INFO] [stdout]  70 | | }
[INFO] [stdout]     | |_- in this macro invocation
[INFO] [stdout]     = note: this error originates in the macro `construct_fixed_hash` (in Nightly builds, run with -Z macro-backtrace for more info)
[INFO] [stdout] 
[INFO] [stdout] 
[INFO] [stdout] error[E0599]: no associated function or constant named `random` found for struct `H256` in the current scope
[INFO] [stdout]    --> src/lib.rs:478:11
[INFO] [stdout]     |
[INFO] [stdout] 478 |                 H256::random().0.to_vec(),
[INFO] [stdout]     |                       ^^^^^^ associated function or constant not found in `H256`
[INFO] [stdout]     |
[INFO] [stdout] note: if you're trying to build a new `H256` consider using one of the following associated functions:
[INFO] [stdout]       H256::repeat_byte
[INFO] [stdout]       H256::zero
[INFO] [stdout]       H256::from_slice
[INFO] [stdout]    --> /opt/rustwide/cargo-home/registry/src/index.crates.io-1949cf8c6b5b557f/fixed-hash-0.8.0/src/hash.rs:110:4
[INFO] [stdout]     |
[INFO] [stdout] 110 |               pub const fn repeat_byte(byte: u8) -> $name {
[INFO] [stdout]     |               ^^^^^^^^^^^^^^^^^^^^^^^^^^^^^^^^^^^^^^^^^^^
[INFO] [stdout] ...
[INFO] [stdout] 116 |               pub const fn zero() -> $name {
[INFO] [stdout]     |               ^^^^^^^^^^^^^^^^^^^^^^^^^^^^
[INFO] [stdout] ...
[INFO] [stdout] 191 |               pub fn from_slice(src: &[u8]) -> Self {
[INFO] [stdout]     |               ^^^^^^^^^^^^^^^^^^^^^^^^^^^^^^^^^^^^^
[INFO] [stdout]     |
[INFO] [stdout]    ::: /opt/rustwide/cargo-home/registry/src/index.crates.io-1949cf8c6b5b557f/primitive-types-0.13.1/src/lib.rs:66:1
[INFO] [stdout]     |
[INFO] [stdout]  66 | / construct_fixed_hash! {
[INFO] [stdout]  67 | |     /// Fixed-size uninterpreted hash type with 32 bytes (256 bits) size.
[INFO] [stdout]  68 | |     #[cfg_attr(feature = "scale-info", derive(TypeInfo))]
[INFO] [stdout]  69 | |     pub struct H256(32);
[INFO] [stdout]  70 | | }
[INFO] [stdout]     | |_- in this macro invocation
[INFO] [stdout]     = note: this error originates in the macro `construct_fixed_hash` (in Nightly builds, run with -Z macro-backtrace for more info)
[INFO] [stdout] 
[INFO] [stdout] 
[INFO] [stdout] error[E0599]: no associated function or constant named `random` found for struct `H256` in the current scope
[INFO] [stdout]    --> src/lib.rs:488:17
[INFO] [stdout]     |
[INFO] [stdout] 488 |                     key: H256::random().0.to_vec(),
[INFO] [stdout]     |                                ^^^^^^ associated function or constant not found in `H256`
[INFO] [stdout]     |
[INFO] [stdout] note: if you're trying to build a new `H256` consider using one of the following associated functions:
[INFO] [stdout]       H256::repeat_byte
[INFO] [stdout]       H256::zero
[INFO] [stdout]       H256::from_slice
[INFO] [stdout]    --> /opt/rustwide/cargo-home/registry/src/index.crates.io-1949cf8c6b5b557f/fixed-hash-0.8.0/src/hash.rs:110:4
[INFO] [stdout]     |
[INFO] [stdout] 110 |               pub const fn repeat_byte(byte: u8) -> $name {
[INFO] [stdout]     |               ^^^^^^^^^^^^^^^^^^^^^^^^^^^^^^^^^^^^^^^^^^^
[INFO] [stdout] ...
[INFO] [stdout] 116 |               pub const fn zero() -> $name {
[INFO] [stdout]     |               ^^^^^^^^^^^^^^^^^^^^^^^^^^^^
[INFO] [stdout] ...
[INFO] [stdout] 191 |               pub fn from_slice(src: &[u8]) -> Self {
[INFO] [stdout]     |               ^^^^^^^^^^^^^^^^^^^^^^^^^^^^^^^^^^^^^
[INFO] [stdout]     |
[INFO] [stdout]    ::: /opt/rustwide/cargo-home/registry/src/index.crates.io-1949cf8c6b5b557f/primitive-types-0.13.1/src/lib.rs:66:1
[INFO] [stdout]     |
[INFO] [stdout]  66 | / construct_fixed_hash! {
[INFO] [stdout]  67 | |     /// Fixed-size uninterpreted hash type with 32 bytes (256 bits) size.
[INFO] [stdout]  68 | |     #[cfg_attr(feature = "scale-info", derive(TypeInfo))]
[INFO] [stdout]  69 | |     pub struct H256(32);
[INFO] [stdout]  70 | | }
[INFO] [stdout]     | |_- in this macro invocation
[INFO] [stdout]     = note: this error originates in the macro `construct_fixed_hash` (in Nightly builds, run with -Z macro-backtrace for more info)
[INFO] [stdout] 
[INFO] [stdout] 
[INFO] [stdout] error[E0599]: no associated function or constant named `random` found for struct `H256` in the current scope
[INFO] [stdout]    --> src/lib.rs:489:24
[INFO] [stdout]     |
[INFO] [stdout] 489 |                     value: Some(H256::random().0.to_vec()),
[INFO] [stdout]     |                                       ^^^^^^ associated function or constant not found in `H256`
[INFO] [stdout]     |
[INFO] [stdout] note: if you're trying to build a new `H256` consider using one of the following associated functions:
[INFO] [stdout]       H256::repeat_byte
[INFO] [stdout]       H256::zero
[INFO] [stdout]       H256::from_slice
[INFO] [stdout]    --> /opt/rustwide/cargo-home/registry/src/index.crates.io-1949cf8c6b5b557f/fixed-hash-0.8.0/src/hash.rs:110:4
[INFO] [stdout]     |
[INFO] [stdout] 110 |               pub const fn repeat_byte(byte: u8) -> $name {
[INFO] [stdout]     |               ^^^^^^^^^^^^^^^^^^^^^^^^^^^^^^^^^^^^^^^^^^^
[INFO] [stdout] ...
[INFO] [stdout] 116 |               pub const fn zero() -> $name {
[INFO] [stdout]     |               ^^^^^^^^^^^^^^^^^^^^^^^^^^^^
[INFO] [stdout] ...
[INFO] [stdout] 191 |               pub fn from_slice(src: &[u8]) -> Self {
[INFO] [stdout]     |               ^^^^^^^^^^^^^^^^^^^^^^^^^^^^^^^^^^^^^
[INFO] [stdout]     |
[INFO] [stdout]    ::: /opt/rustwide/cargo-home/registry/src/index.crates.io-1949cf8c6b5b557f/primitive-types-0.13.1/src/lib.rs:66:1
[INFO] [stdout]     |
[INFO] [stdout]  66 | / construct_fixed_hash! {
[INFO] [stdout]  67 | |     /// Fixed-size uninterpreted hash type with 32 bytes (256 bits) size.
[INFO] [stdout]  68 | |     #[cfg_attr(feature = "scale-info", derive(TypeInfo))]
[INFO] [stdout]  69 | |     pub struct H256(32);
[INFO] [stdout]  70 | | }
[INFO] [stdout]     | |_- in this macro invocation
[INFO] [stdout]     = note: this error originates in the macro `construct_fixed_hash` (in Nightly builds, run with -Z macro-backtrace for more info)
[INFO] [stdout] 
[INFO] [stdout] 
[INFO] [stdout] error[E0599]: no associated function or constant named `random` found for struct `H256` in the current scope
[INFO] [stdout]    --> src/lib.rs:491:31
[INFO] [stdout]     |
[INFO] [stdout] 491 |                 StorageValue { key: H256::random().0.to_vec(), value: None },
[INFO] [stdout]     |                                           ^^^^^^ associated function or constant not found in `H256`
[INFO] [stdout]     |
[INFO] [stdout] note: if you're trying to build a new `H256` consider using one of the following associated functions:
[INFO] [stdout]       H256::repeat_byte
[INFO] [stdout]       H256::zero
[INFO] [stdout]       H256::from_slice
[INFO] [stdout]    --> /opt/rustwide/cargo-home/registry/src/index.crates.io-1949cf8c6b5b557f/fixed-hash-0.8.0/src/hash.rs:110:4
[INFO] [stdout]     |
[INFO] [stdout] 110 |               pub const fn repeat_byte(byte: u8) -> $name {
[INFO] [stdout]     |               ^^^^^^^^^^^^^^^^^^^^^^^^^^^^^^^^^^^^^^^^^^^
[INFO] [stdout] ...
[INFO] [stdout] 116 |               pub const fn zero() -> $name {
[INFO] [stdout]     |               ^^^^^^^^^^^^^^^^^^^^^^^^^^^^
[INFO] [stdout] ...
[INFO] [stdout] 191 |               pub fn from_slice(src: &[u8]) -> Self {
[INFO] [stdout]     |               ^^^^^^^^^^^^^^^^^^^^^^^^^^^^^^^^^^^^^
[INFO] [stdout]     |
[INFO] [stdout]    ::: /opt/rustwide/cargo-home/registry/src/index.crates.io-1949cf8c6b5b557f/primitive-types-0.13.1/src/lib.rs:66:1
[INFO] [stdout]     |
[INFO] [stdout]  66 | / construct_fixed_hash! {
[INFO] [stdout]  67 | |     /// Fixed-size uninterpreted hash type with 32 bytes (256 bits) size.
[INFO] [stdout]  68 | |     #[cfg_attr(feature = "scale-info", derive(TypeInfo))]
[INFO] [stdout]  69 | |     pub struct H256(32);
[INFO] [stdout]  70 | | }
[INFO] [stdout]     | |_- in this macro invocation
[INFO] [stdout]     = note: this error originates in the macro `construct_fixed_hash` (in Nightly builds, run with -Z macro-backtrace for more info)
[INFO] [stdout] 
[INFO] [stdout] 
[INFO] [stdout] error[E0599]: no associated function or constant named `random` found for struct `H256` in the current scope
[INFO] [stdout]    --> src/lib.rs:493:17
[INFO] [stdout]     |
[INFO] [stdout] 493 |                     key: H256::random().0.to_vec(),
[INFO] [stdout]     |                                ^^^^^^ associated function or constant not found in `H256`
[INFO] [stdout]     |
[INFO] [stdout] note: if you're trying to build a new `H256` consider using one of the following associated functions:
[INFO] [stdout]       H256::repeat_byte
[INFO] [stdout]       H256::zero
[INFO] [stdout]       H256::from_slice
[INFO] [stdout]    --> /opt/rustwide/cargo-home/registry/src/index.crates.io-1949cf8c6b5b557f/fixed-hash-0.8.0/src/hash.rs:110:4
[INFO] [stdout]     |
[INFO] [stdout] 110 |               pub const fn repeat_byte(byte: u8) -> $name {
[INFO] [stdout]     |               ^^^^^^^^^^^^^^^^^^^^^^^^^^^^^^^^^^^^^^^^^^^
[INFO] [stdout] ...
[INFO] [stdout] 116 |               pub const fn zero() -> $name {
[INFO] [stdout]     |               ^^^^^^^^^^^^^^^^^^^^^^^^^^^^
[INFO] [stdout] ...
[INFO] [stdout] 191 |               pub fn from_slice(src: &[u8]) -> Self {
[INFO] [stdout]     |               ^^^^^^^^^^^^^^^^^^^^^^^^^^^^^^^^^^^^^
[INFO] [stdout]     |
[INFO] [stdout]    ::: /opt/rustwide/cargo-home/registry/src/index.crates.io-1949cf8c6b5b557f/primitive-types-0.13.1/src/lib.rs:66:1
[INFO] [stdout]     |
[INFO] [stdout]  66 | / construct_fixed_hash! {
[INFO] [stdout]  67 | |     /// Fixed-size uninterpreted hash type with 32 bytes (256 bits) size.
[INFO] [stdout]  68 | |     #[cfg_attr(feature = "scale-info", derive(TypeInfo))]
[INFO] [stdout]  69 | |     pub struct H256(32);
[INFO] [stdout]  70 | | }
[INFO] [stdout]     | |_- in this macro invocation
[INFO] [stdout]     = note: this error originates in the macro `construct_fixed_hash` (in Nightly builds, run with -Z macro-backtrace for more info)
[INFO] [stdout] 
[INFO] [stdout] 
[INFO] [stdout] error[E0599]: no associated function or constant named `random` found for struct `H256` in the current scope
[INFO] [stdout]    --> src/lib.rs:494:24
[INFO] [stdout]     |
[INFO] [stdout] 494 |                     value: Some(H256::random().0.to_vec()),
[INFO] [stdout]     |                                       ^^^^^^ associated function or constant not found in `H256`
[INFO] [stdout]     |
[INFO] [stdout] note: if you're trying to build a new `H256` consider using one of the following associated functions:
[INFO] [stdout]       H256::repeat_byte
[INFO] [stdout]       H256::zero
[INFO] [stdout]       H256::from_slice
[INFO] [stdout]    --> /opt/rustwide/cargo-home/registry/src/index.crates.io-1949cf8c6b5b557f/fixed-hash-0.8.0/src/hash.rs:110:4
[INFO] [stdout]     |
[INFO] [stdout] 110 |               pub const fn repeat_byte(byte: u8) -> $name {
[INFO] [stdout]     |               ^^^^^^^^^^^^^^^^^^^^^^^^^^^^^^^^^^^^^^^^^^^
[INFO] [stdout] ...
[INFO] [stdout] 116 |               pub const fn zero() -> $name {
[INFO] [stdout]     |               ^^^^^^^^^^^^^^^^^^^^^^^^^^^^
[INFO] [stdout] ...
[INFO] [stdout] 191 |               pub fn from_slice(src: &[u8]) -> Self {
[INFO] [stdout]     |               ^^^^^^^^^^^^^^^^^^^^^^^^^^^^^^^^^^^^^
[INFO] [stdout]     |
[INFO] [stdout]    ::: /opt/rustwide/cargo-home/registry/src/index.crates.io-1949cf8c6b5b557f/primitive-types-0.13.1/src/lib.rs:66:1
[INFO] [stdout]     |
[INFO] [stdout]  66 | / construct_fixed_hash! {
[INFO] [stdout]  67 | |     /// Fixed-size uninterpreted hash type with 32 bytes (256 bits) size.
[INFO] [stdout]  68 | |     #[cfg_attr(feature = "scale-info", derive(TypeInfo))]
[INFO] [stdout]  69 | |     pub struct H256(32);
[INFO] [stdout]  70 | | }
[INFO] [stdout]     | |_- in this macro invocation
[INFO] [stdout]     = note: this error originates in the macro `construct_fixed_hash` (in Nightly builds, run with -Z macro-backtrace for more info)
[INFO] [stdout] 
[INFO] [stdout] 
[INFO] [stdout] Some errors have detailed explanations: E0433, E0599.
[INFO] [stdout] 
[INFO] [stdout] For more information about an error, try `rustc --explain E0433`.
[INFO] [stdout] 
[INFO] [stderr] error: could not compile `serde-hex-utils` (lib test) due to 24 previous errors
[INFO] running `Command { std: "docker" "inspect" "a037e17f32d05e84365c1d78fa104f25617c48b67458cfe70ed8e7ac7beb50d4", kill_on_drop: false }`
[INFO] running `Command { std: "docker" "rm" "-f" "a037e17f32d05e84365c1d78fa104f25617c48b67458cfe70ed8e7ac7beb50d4", kill_on_drop: false }`
[INFO] [stdout] a037e17f32d05e84365c1d78fa104f25617c48b67458cfe70ed8e7ac7beb50d4
