[INFO] fetching crate sentry-contrib-native 0.3.1...
[INFO] testing sentry-contrib-native-0.3.1 against 1.100.0-beta.1+cargoflags=--release for beta-release-1.100-2
[INFO] extracting crate sentry-contrib-native 0.3.1 into /workspace/builds/worker-7-tc2/source
[INFO] started tweaking crates.io crate sentry-contrib-native 0.3.1
[INFO] removed 0 missing examples
[INFO] finished tweaking crates.io crate sentry-contrib-native 0.3.1
[INFO] tweaked toml for crates.io crate sentry-contrib-native 0.3.1 written to /workspace/builds/worker-7-tc2/source/Cargo.toml
[INFO] validating manifest of crates.io crate sentry-contrib-native 0.3.1 on toolchain 1.100.0-beta.1
[INFO] running `Command { std: CARGO_HOME="/workspace/cargo-home" RUSTUP_HOME="/workspace/rustup-home" "/workspace/cargo-home/bin/cargo" "+1.100.0-beta.1" "metadata" "--manifest-path" "Cargo.toml" "--no-deps", kill_on_drop: false }`
[INFO] crate crates.io crate sentry-contrib-native 0.3.1 already has a lockfile, it will not be regenerated
[INFO] running `Command { std: CARGO_HOME="/workspace/cargo-home" RUSTUP_HOME="/workspace/rustup-home" "/workspace/cargo-home/bin/cargo" "+1.100.0-beta.1" "fetch" "--manifest-path" "Cargo.toml", kill_on_drop: false }`
[INFO] running `Command { std: "docker" "create" "-v" "/var/lib/crater-agent-workspace/builds/worker-7-tc2/source:/opt/rustwide/workdir:ro,Z" "-v" "/var/lib/crater-agent-workspace/builds/worker-7-tc2/target:/opt/rustwide/target:rw,Z" "-v" "/var/lib/crater-agent-workspace/cargo-home:/opt/rustwide/cargo-home:ro,Z" "-v" "/var/lib/crater-agent-workspace/rustup-home:/opt/rustwide/rustup-home:ro,Z" "-m" "1610612736" "--network" "none" "ghcr.io/rust-lang/crates-build-env/linux@sha256:77db811e55d90add9212f6832c23229e3de5f1c1f9905e8cb07319ea15df73ac" "sleep" "infinity", kill_on_drop: false }`
[INFO] [stdout] 04d0d9762fa522f231ad8438a1b06e452567fb727733a16555f846b34a55ab3b
[INFO] running `Command { std: "docker" "start" "04d0d9762fa522f231ad8438a1b06e452567fb727733a16555f846b34a55ab3b", kill_on_drop: false }`
[INFO] running `Command { std: "docker" "inspect" "04d0d9762fa522f231ad8438a1b06e452567fb727733a16555f846b34a55ab3b", kill_on_drop: false }`
[INFO] running `Command { std: "docker" "exec" "-e" "SOURCE_DIR=/opt/rustwide/workdir" "-e" "CARGO_HOME=/opt/rustwide/cargo-home" "-e" "RUSTUP_HOME=/opt/rustwide/rustup-home" "-e" "CARGO_TARGET_DIR=/opt/rustwide/target" "-w" "/opt/rustwide/workdir" "--user" "0:0" "04d0d9762fa522f231ad8438a1b06e452567fb727733a16555f846b34a55ab3b" "/opt/rustwide/cargo-home/bin/cargo" "+1.100.0-beta.1" "metadata" "--no-deps" "--format-version=1", kill_on_drop: false }`
[INFO] running `Command { std: "docker" "inspect" "04d0d9762fa522f231ad8438a1b06e452567fb727733a16555f846b34a55ab3b", kill_on_drop: false }`
[INFO] running `Command { std: "docker" "exec" "-e" "SOURCE_DIR=/opt/rustwide/workdir" "-e" "CARGO_HOME=/opt/rustwide/cargo-home" "-e" "RUSTUP_HOME=/opt/rustwide/rustup-home" "-e" "CARGO_TARGET_DIR=/opt/rustwide/target" "-e" "CARGO_INCREMENTAL=0" "-e" "RUST_BACKTRACE=full" "-e" "RUSTFLAGS=--cap-lints=warn" "-e" "RUSTDOCFLAGS=--cap-lints=warn" "-w" "/opt/rustwide/workdir" "--user" "0:0" "04d0d9762fa522f231ad8438a1b06e452567fb727733a16555f846b34a55ab3b" "/opt/rustwide/cargo-home/bin/cargo" "+1.100.0-beta.1" "build" "--frozen" "--message-format=json" "--release", kill_on_drop: false }`
[INFO] [stderr]    Compiling cc v1.0.67
[INFO] [stderr]    Compiling proc-macro2 v1.0.26
[INFO] [stderr]    Compiling anyhow v1.0.40
[INFO] [stderr]    Compiling autocfg v1.0.1
[INFO] [stderr]    Compiling unicode-xid v0.2.1
[INFO] [stderr]    Compiling syn v1.0.70
[INFO] [stderr]    Compiling libc v0.2.93
[INFO] [stderr]    Compiling byteorder v1.4.3
[INFO] [stderr]    Compiling sentry-contrib-native v0.3.1 (/opt/rustwide/workdir)
[INFO] [stderr]    Compiling once_cell v1.7.2
[INFO] [stderr]    Compiling num-traits v0.2.14
[INFO] [stderr]    Compiling cmake v0.1.45
[INFO] [stderr]    Compiling vsprintf v2.0.0
[INFO] [stderr]    Compiling sentry-contrib-native-sys v0.3.1
[INFO] [stderr]    Compiling quote v1.0.9
[INFO] [stderr]    Compiling rmp v0.8.10
[INFO] [stderr]    Compiling rmpv v0.4.7
[INFO] [stderr]    Compiling thiserror-impl v1.0.24
[INFO] [stderr] error: failed to run custom build command for `sentry-contrib-native-sys v0.3.1`
[INFO] [stderr] note: To improve backtraces for build dependencies, set the CARGO_PROFILE_RELEASE_BUILD_OVERRIDE_DEBUG=true environment variable to enable debug information generation.
[INFO] [stderr] 
[INFO] [stderr] Caused by:
[INFO] [stderr]   process didn't exit successfully: `/opt/rustwide/target/release/build/sentry-contrib-native-sys/a324fa9a23ca5290/out/build_script_build` (exit status: 101)
[INFO] [stderr]   --- stdout
[INFO] [stderr]   running: cd "/opt/rustwide/target/release/build/sentry-contrib-native-sys/e384feab18e08d02/out/build" && CMAKE_PREFIX_PATH="" "cmake" "/opt/rustwide/cargo-home/registry/src/index.crates.io-1949cf8c6b5b557f/sentry-contrib-native-sys-0.3.1/sentry-native" "-DBUILD_SHARED_LIBS=OFF" "-DSENTRY_BUILD_TESTS=OFF" "-DSENTRY_BUILD_EXAMPLES=OFF" "-DSENTRY_BACKEND=crashpad" "-DCRASHPAD_ZLIB_SYSTEM=OFF" "-DCMAKE_INSTALL_PREFIX=/opt/rustwide/target/release/build/sentry-contrib-native-sys/e384feab18e08d02/out" "-DCMAKE_C_FLAGS= -ffunction-sections -fdata-sections -fPIC -m64" "-DCMAKE_C_COMPILER=/usr/bin/cc" "-DCMAKE_CXX_FLAGS= -ffunction-sections -fdata-sections -fPIC -m64" "-DCMAKE_CXX_COMPILER=/usr/bin/c++" "-DCMAKE_ASM_FLAGS= -ffunction-sections -fdata-sections -fPIC -m64" "-DCMAKE_ASM_COMPILER=/usr/bin/cc" "-DCMAKE_BUILD_TYPE=RelWithDebInfo"
[INFO] [stderr]   -- The C compiler identification is GNU 15.2.0
[INFO] [stderr]   -- The CXX compiler identification is GNU 15.2.0
[INFO] [stderr]   -- The ASM compiler identification is GNU
[INFO] [stderr]   -- Found assembler: /usr/bin/cc
[INFO] [stderr]   -- Detecting C compiler ABI info
[INFO] [stderr]   -- Detecting C compiler ABI info - done
[INFO] [stderr]   -- Check for working C compiler: /usr/bin/cc - skipped
[INFO] [stderr]   -- Detecting C compile features
[INFO] [stderr]   -- Detecting C compile features - done
[INFO] [stderr]   -- Detecting CXX compiler ABI info
[INFO] [stderr]   -- Detecting CXX compiler ABI info - done
[INFO] [stderr]   -- Check for working CXX compiler: /usr/bin/c++ - skipped
[INFO] [stderr]   -- Detecting CXX compile features
[INFO] [stderr]   -- Detecting CXX compile features - done
[INFO] [stderr]   -- Performing Test CMAKE_HAVE_LIBC_PTHREAD
[INFO] [stderr]   -- Performing Test CMAKE_HAVE_LIBC_PTHREAD - Success
[INFO] [stderr]   -- Found Threads: TRUE
[INFO] [stderr]   -- SENTRY_TRANSPORT=curl
[INFO] [stderr]   -- SENTRY_BACKEND=crashpad
[INFO] [stderr]   -- SENTRY_LIBRARY_TYPE=STATIC
[INFO] [stderr]   -- Looking for sys/types.h
[INFO] [stderr]   -- Looking for sys/types.h - found
[INFO] [stderr]   -- Looking for stdint.h
[INFO] [stderr]   -- Looking for stdint.h - found
[INFO] [stderr]   -- Looking for stddef.h
[INFO] [stderr]   -- Looking for stddef.h - found
[INFO] [stderr]   -- Check size of long
[INFO] [stderr]   -- Check size of long - done
[INFO] [stderr]   -- Found CURL: /usr/lib/x86_64-linux-gnu/libcurl.so (found version "8.18.0")
[INFO] [stderr]   -- Found OpenSSL: /usr/lib/x86_64-linux-gnu/libcrypto.so (found version "3.5.5")
[INFO] [stderr]   -- Configuring done (4.4s)
[INFO] [stderr]   -- Generating done (0.2s)
[INFO] [stderr]   -- Build files have been written to: /opt/rustwide/target/release/build/sentry-contrib-native-sys/e384feab18e08d02/out/build
[INFO] [stderr]   running: cd "/opt/rustwide/target/release/build/sentry-contrib-native-sys/e384feab18e08d02/out/build" && MAKEFLAGS="-j --jobserver-fds=4,5 --jobserver-auth=4,5" "cmake" "--build" "." "--target" "install" "--config" "RelWithDebInfo" "--"
[INFO] [stderr]   [  1%] Building C object crashpad_build/third_party/zlib/CMakeFiles/crashpad_zlib.dir/zlib/crc32.c.o
[INFO] [stderr]   [  2%] Building C object crashpad_build/third_party/zlib/CMakeFiles/crashpad_zlib.dir/zlib/gzclose.c.o
[INFO] [stderr]   [  2%] Building C object crashpad_build/third_party/zlib/CMakeFiles/crashpad_zlib.dir/zlib/infback.c.o
[INFO] [stderr]   [  2%] Building C object crashpad_build/third_party/zlib/CMakeFiles/crashpad_zlib.dir/zlib/compress.c.o
[INFO] [stderr]   [  2%] Building C object crashpad_build/third_party/zlib/CMakeFiles/crashpad_zlib.dir/zlib/inflate.c.o
[INFO] [stderr]   [  3%] Building C object crashpad_build/third_party/zlib/CMakeFiles/crashpad_zlib.dir/zlib/inffast.c.o
[INFO] [stderr]   [  4%] Building C object crashpad_build/third_party/zlib/CMakeFiles/crashpad_zlib.dir/zlib/inftrees.c.o
[INFO] [stderr]   [  4%] Building C object crashpad_build/third_party/zlib/CMakeFiles/crashpad_zlib.dir/zlib/adler32.c.o
[INFO] [stderr]   [  4%] Building C object crashpad_build/third_party/zlib/CMakeFiles/crashpad_zlib.dir/zlib/gzlib.c.o
[INFO] [stderr]   [  4%] Building C object crashpad_build/third_party/zlib/CMakeFiles/crashpad_zlib.dir/zlib/deflate.c.o
[INFO] [stderr]   [  4%] Building C object crashpad_build/third_party/zlib/CMakeFiles/crashpad_zlib.dir/zlib/gzread.c.o
[INFO] [stderr]   [  4%] Building CXX object crashpad_build/tools/CMakeFiles/crashpad_tools.dir/tool_support.cc.o
[INFO] [stderr]   [  5%] Building C object crashpad_build/third_party/zlib/CMakeFiles/crashpad_zlib.dir/zlib/gzwrite.c.o
[INFO] [stderr]   [  5%] Building CXX object crashpad_build/compat/CMakeFiles/crashpad_compat.dir/linux/sys/mman_memfd_create.cc.o
[INFO] [stderr]   [  6%] Building CXX object crashpad_build/third_party/mini_chromium/CMakeFiles/mini_chromium.dir/mini_chromium/base/debug/alias.cc.o
[INFO] [stderr]   [  6%] Building C object crashpad_build/third_party/zlib/CMakeFiles/crashpad_zlib.dir/zlib/trees.c.o
[INFO] [stderr]   [  6%] Building C object crashpad_build/third_party/zlib/CMakeFiles/crashpad_zlib.dir/zlib/uncompr.c.o
[INFO] [stderr]   [  6%] Building CXX object crashpad_build/third_party/mini_chromium/CMakeFiles/mini_chromium.dir/mini_chromium/base/files/file_path.cc.o
[INFO] [stderr]   [  7%] Building C object crashpad_build/third_party/zlib/CMakeFiles/crashpad_zlib.dir/zlib/zutil.c.o
[INFO] [stderr]   [  8%] Linking CXX static library libcrashpad_compat.a
[INFO] [stderr]   [  8%] Building C object crashpad_build/third_party/zlib/CMakeFiles/crashpad_zlib.dir/zlib/crc_folding.c.o
[INFO] [stderr]   [  9%] Building C object crashpad_build/third_party/zlib/CMakeFiles/crashpad_zlib.dir/zlib/fill_window_sse.c.o
[INFO] [stderr]   [  9%] Building C object crashpad_build/third_party/zlib/CMakeFiles/crashpad_zlib.dir/zlib/x86.c.o
[INFO] [stderr]   [ 10%] Building CXX object crashpad_build/third_party/mini_chromium/CMakeFiles/mini_chromium.dir/mini_chromium/base/files/scoped_file.cc.o
[INFO] [stderr]   [ 10%] Building CXX object crashpad_build/third_party/mini_chromium/CMakeFiles/mini_chromium.dir/mini_chromium/base/logging.cc.o
[INFO] [stderr]   [ 10%] Built target crashpad_compat
[INFO] [stderr]   [ 11%] Building CXX object crashpad_build/third_party/mini_chromium/CMakeFiles/mini_chromium.dir/mini_chromium/base/rand_util.cc.o
[INFO] [stderr]   [ 11%] Building CXX object crashpad_build/third_party/mini_chromium/CMakeFiles/mini_chromium.dir/mini_chromium/base/process/memory.cc.o
[INFO] [stderr]   [ 12%] Linking CXX static library libcrashpad_tools.a
[INFO] [stderr]   [ 12%] Built target crashpad_tools
[INFO] [stderr]   [ 12%] Linking C static library libcrashpad_zlib.a
[INFO] [stderr]   [ 12%] Built target crashpad_zlib
[INFO] [stderr] 
[INFO] [stderr]   --- stderr
[INFO] [stderr]   In file included from /opt/rustwide/cargo-home/registry/src/index.crates.io-1949cf8c6b5b557f/sentry-contrib-native-sys-0.3.1/sentry-native/external/crashpad/compat/linux/sys/mman_memfd_create.cc:21:
[INFO] [stderr]   /opt/rustwide/cargo-home/registry/src/index.crates.io-1949cf8c6b5b557f/sentry-contrib-native-sys-0.3.1/sentry-native/external/crashpad/util/misc/no_cfi_icall.h:55:75: warning: 'cfi-icall' attribute directive ignored [-Wattributes]
[INFO] [stderr]      55 |   DISABLE_CFI_ICALL static R Invoke(Function&& function, RunArgs&&... args) {
[INFO] [stderr]         |                                                                           ^
[INFO] [stderr]   /opt/rustwide/cargo-home/registry/src/index.crates.io-1949cf8c6b5b557f/sentry-contrib-native-sys-0.3.1/sentry-native/external/crashpad/util/misc/no_cfi_icall.h:63:75: warning: 'cfi-icall' attribute directive ignored [-Wattributes]
[INFO] [stderr]      63 |   DISABLE_CFI_ICALL static R Invoke(Function&& function, RunArgs&&... args) {
[INFO] [stderr]         |                                                                           ^
[INFO] [stderr]   In file included from /opt/rustwide/cargo-home/registry/src/index.crates.io-1949cf8c6b5b557f/sentry-contrib-native-sys-0.3.1/sentry-native/external/crashpad/third_party/mini_chromium/mini_chromium/base/files/file_path.cc:9:
[INFO] [stderr]   /opt/rustwide/cargo-home/registry/src/index.crates.io-1949cf8c6b5b557f/sentry-contrib-native-sys-0.3.1/sentry-native/external/crashpad/third_party/mini_chromium/mini_chromium/base/logging.h:24:28: error: 'uint32_t' does not name a type
[INFO] [stderr]      24 | using LoggingDestination = uint32_t;
[INFO] [stderr]         |                            ^~~~~~~~
[INFO] [stderr]   /opt/rustwide/cargo-home/registry/src/index.crates.io-1949cf8c6b5b557f/sentry-contrib-native-sys-0.3.1/sentry-native/external/crashpad/third_party/mini_chromium/mini_chromium/base/logging.h:19:1: note: 'uint32_t' is defined in header '<cstdint>'; this is probably fixable by adding '#include <cstdint>'
[INFO] [stderr]      18 | #include "base/notreached.h"
[INFO] [stderr]     +++ |+#include <cstdint>
[INFO] [stderr]      19 | #include "build/build_config.h"
[INFO] [stderr]   /opt/rustwide/cargo-home/registry/src/index.crates.io-1949cf8c6b5b557f/sentry-contrib-native-sys-0.3.1/sentry-native/external/crashpad/third_party/mini_chromium/mini_chromium/base/logging.h:30:6: error: expected identifier before ':' token
[INFO] [stderr]      30 | enum : LoggingDestination {
[INFO] [stderr]         |      ^
[INFO] [stderr]   /opt/rustwide/cargo-home/registry/src/index.crates.io-1949cf8c6b5b557f/sentry-contrib-native-sys-0.3.1/sentry-native/external/crashpad/third_party/mini_chromium/mini_chromium/base/logging.h:30:6: error: expected unqualified-id before ':' token
[INFO] [stderr]   /opt/rustwide/cargo-home/registry/src/index.crates.io-1949cf8c6b5b557f/sentry-contrib-native-sys-0.3.1/sentry-native/external/crashpad/third_party/mini_chromium/mini_chromium/base/logging.h:52:3: error: 'LoggingDestination' does not name a type
[INFO] [stderr]      52 |   LoggingDestination logging_dest = LOG_DEFAULT;
[INFO] [stderr]         |   ^~~~~~~~~~~~~~~~~~
[INFO] [stderr]   gmake[2]: *** [crashpad_build/third_party/mini_chromium/CMakeFiles/mini_chromium.dir/build.make:93: crashpad_build/third_party/mini_chromium/CMakeFiles/mini_chromium.dir/mini_chromium/base/files/file_path.cc.o] Error 1
[INFO] [stderr]   gmake[2]: *** Waiting for unfinished jobs....
[INFO] [stderr]   In file included from /opt/rustwide/cargo-home/registry/src/index.crates.io-1949cf8c6b5b557f/sentry-contrib-native-sys-0.3.1/sentry-native/external/crashpad/third_party/mini_chromium/mini_chromium/base/logging.cc:5:
[INFO] [stderr]   /opt/rustwide/cargo-home/registry/src/index.crates.io-1949cf8c6b5b557f/sentry-contrib-native-sys-0.3.1/sentry-native/external/crashpad/third_party/mini_chromium/mini_chromium/base/logging.h:24:28: error: 'uint32_t' does not name a type
[INFO] [stderr]      24 | using LoggingDestination = uint32_t;
[INFO] [stderr]         |                            ^~~~~~~~
[INFO] [stderr]   /opt/rustwide/cargo-home/registry/src/index.crates.io-1949cf8c6b5b557f/sentry-contrib-native-sys-0.3.1/sentry-native/external/crashpad/third_party/mini_chromium/mini_chromium/base/logging.h:19:1: note: 'uint32_t' is defined in header '<cstdint>'; this is probably fixable by adding '#include <cstdint>'
[INFO] [stderr]      18 | #include "base/notreached.h"
[INFO] [stderr]     +++ |+#include <cstdint>
[INFO] [stderr]      19 | #include "build/build_config.h"
[INFO] [stderr]   /opt/rustwide/cargo-home/registry/src/index.crates.io-1949cf8c6b5b557f/sentry-contrib-native-sys-0.3.1/sentry-native/external/crashpad/third_party/mini_chromium/mini_chromium/base/logging.h:30:6: error: expected identifier before ':' token
[INFO] [stderr]      30 | enum : LoggingDestination {
[INFO] [stderr]         |      ^
[INFO] [stderr]   /opt/rustwide/cargo-home/registry/src/index.crates.io-1949cf8c6b5b557f/sentry-contrib-native-sys-0.3.1/sentry-native/external/crashpad/third_party/mini_chromium/mini_chromium/base/logging.h:30:6: error: expected unqualified-id before ':' token
[INFO] [stderr]   /opt/rustwide/cargo-home/registry/src/index.crates.io-1949cf8c6b5b557f/sentry-contrib-native-sys-0.3.1/sentry-native/external/crashpad/third_party/mini_chromium/mini_chromium/base/logging.h:52:3: error: 'LoggingDestination' does not name a type
[INFO] [stderr]      52 |   LoggingDestination logging_dest = LOG_DEFAULT;
[INFO] [stderr]         |   ^~~~~~~~~~~~~~~~~~
[INFO] [stderr]   /opt/rustwide/cargo-home/registry/src/index.crates.io-1949cf8c6b5b557f/sentry-contrib-native-sys-0.3.1/sentry-native/external/crashpad/third_party/mini_chromium/mini_chromium/base/logging.cc:77:1: error: 'LoggingDestination' does not name a type
[INFO] [stderr]      77 | LoggingDestination g_logging_destination = LOG_DEFAULT;
[INFO] [stderr]         | ^~~~~~~~~~~~~~~~~~
[INFO] [stderr]   In file included from /opt/rustwide/cargo-home/registry/src/index.crates.io-1949cf8c6b5b557f/sentry-contrib-native-sys-0.3.1/sentry-native/external/crashpad/third_party/mini_chromium/mini_chromium/base/logging.h:16:
[INFO] [stderr]   /opt/rustwide/cargo-home/registry/src/index.crates.io-1949cf8c6b5b557f/sentry-contrib-native-sys-0.3.1/sentry-native/external/crashpad/third_party/mini_chromium/mini_chromium/base/logging.cc: In function 'bool logging::InitLogging(const LoggingSettings&)':
[INFO] [stderr]   /opt/rustwide/cargo-home/registry/src/index.crates.io-1949cf8c6b5b557f/sentry-contrib-native-sys-0.3.1/sentry-native/external/crashpad/third_party/mini_chromium/mini_chromium/base/logging.cc:82:22: error: 'const struct logging::LoggingSettings' has no member named 'logging_dest'
[INFO] [stderr]      82 |   DCHECK_EQ(settings.logging_dest & LOG_TO_FILE, 0u);
[INFO] [stderr]         |                      ^~~~~~~~~~~~
[INFO] [stderr]   /opt/rustwide/cargo-home/registry/src/index.crates.io-1949cf8c6b5b557f/sentry-contrib-native-sys-0.3.1/sentry-native/external/crashpad/third_party/mini_chromium/mini_chromium/base/check_op.h:68:43: note: in definition of macro 'DCHECK_OP'
[INFO] [stderr]      68 |           logging::Check ## name ## Impl((val1), (val2), \
[INFO] [stderr]         |                                           ^~~~
[INFO] [stderr]   /opt/rustwide/cargo-home/registry/src/index.crates.io-1949cf8c6b5b557f/sentry-contrib-native-sys-0.3.1/sentry-native/external/crashpad/third_party/mini_chromium/mini_chromium/base/logging.cc:82:3: note: in expansion of macro 'DCHECK_EQ'
[INFO] [stderr]      82 |   DCHECK_EQ(settings.logging_dest & LOG_TO_FILE, 0u);
[INFO] [stderr]         |   ^~~~~~~~~
[INFO] [stderr]   /opt/rustwide/cargo-home/registry/src/index.crates.io-1949cf8c6b5b557f/sentry-contrib-native-sys-0.3.1/sentry-native/external/crashpad/third_party/mini_chromium/mini_chromium/base/logging.cc:82:37: error: 'LOG_TO_FILE' was not declared in this scope
[INFO] [stderr]      82 |   DCHECK_EQ(settings.logging_dest & LOG_TO_FILE, 0u);
[INFO] [stderr]         |                                     ^~~~~~~~~~~
[INFO] [stderr]   /opt/rustwide/cargo-home/registry/src/index.crates.io-1949cf8c6b5b557f/sentry-contrib-native-sys-0.3.1/sentry-native/external/crashpad/third_party/mini_chromium/mini_chromium/base/check_op.h:68:43: note: in definition of macro 'DCHECK_OP'
[INFO] [stderr]      68 |           logging::Check ## name ## Impl((val1), (val2), \
[INFO] [stderr]         |                                           ^~~~
[INFO] [stderr]   /opt/rustwide/cargo-home/registry/src/index.crates.io-1949cf8c6b5b557f/sentry-contrib-native-sys-0.3.1/sentry-native/external/crashpad/third_party/mini_chromium/mini_chromium/base/logging.cc:82:3: note: in expansion of macro 'DCHECK_EQ'
[INFO] [stderr]      82 |   DCHECK_EQ(settings.logging_dest & LOG_TO_FILE, 0u);
[INFO] [stderr]         |   ^~~~~~~~~
[INFO] [stderr]   /opt/rustwide/cargo-home/registry/src/index.crates.io-1949cf8c6b5b557f/sentry-contrib-native-sys-0.3.1/sentry-native/external/crashpad/third_party/mini_chromium/mini_chromium/base/logging.cc:84:3: error: 'g_logging_destination' was not declared in this scope
[INFO] [stderr]      84 |   g_logging_destination = settings.logging_dest;
[INFO] [stderr]         |   ^~~~~~~~~~~~~~~~~~~~~
[INFO] [stderr]   /opt/rustwide/cargo-home/registry/src/index.crates.io-1949cf8c6b5b557f/sentry-contrib-native-sys-0.3.1/sentry-native/external/crashpad/third_party/mini_chromium/mini_chromium/base/logging.cc:84:36: error: 'const struct logging::LoggingSettings' has no member named 'logging_dest'
[INFO] [stderr]      84 |   g_logging_destination = settings.logging_dest;
[INFO] [stderr]         |                                    ^~~~~~~~~~~~
[INFO] [stderr]   /opt/rustwide/cargo-home/registry/src/index.crates.io-1949cf8c6b5b557f/sentry-contrib-native-sys-0.3.1/sentry-native/external/crashpad/third_party/mini_chromium/mini_chromium/base/logging.cc: In destructor 'logging::LogMessage::~LogMessage()':
[INFO] [stderr]   /opt/rustwide/cargo-home/registry/src/index.crates.io-1949cf8c6b5b557f/sentry-contrib-native-sys-0.3.1/sentry-native/external/crashpad/third_party/mini_chromium/mini_chromium/base/logging.cc:178:8: error: 'g_logging_destination' was not declared in this scope
[INFO] [stderr]     178 |   if ((g_logging_destination & LOG_TO_STDERR)) {
[INFO] [stderr]         |        ^~~~~~~~~~~~~~~~~~~~~
[INFO] [stderr]   /opt/rustwide/cargo-home/registry/src/index.crates.io-1949cf8c6b5b557f/sentry-contrib-native-sys-0.3.1/sentry-native/external/crashpad/third_party/mini_chromium/mini_chromium/base/logging.cc:178:32: error: 'LOG_TO_STDERR' was not declared in this scope
[INFO] [stderr]     178 |   if ((g_logging_destination & LOG_TO_STDERR)) {
[INFO] [stderr]         |                                ^~~~~~~~~~~~~
[INFO] [stderr]   In file included from /opt/rustwide/cargo-home/registry/src/index.crates.io-1949cf8c6b5b557f/sentry-contrib-native-sys-0.3.1/sentry-native/external/crashpad/third_party/mini_chromium/mini_chromium/base/files/scoped_file.cc:9:
[INFO] [stderr]   /opt/rustwide/cargo-home/registry/src/index.crates.io-1949cf8c6b5b557f/sentry-contrib-native-sys-0.3.1/sentry-native/external/crashpad/third_party/mini_chromium/mini_chromium/base/logging.h:24:28: error: 'uint32_t' does not name a type
[INFO] [stderr]      24 | using LoggingDestination = uint32_t;
[INFO] [stderr]         |                            ^~~~~~~~
[INFO] [stderr]   /opt/rustwide/cargo-home/registry/src/index.crates.io-1949cf8c6b5b557f/sentry-contrib-native-sys-0.3.1/sentry-native/external/crashpad/third_party/mini_chromium/mini_chromium/base/logging.h:19:1: note: 'uint32_t' is defined in header '<cstdint>'; this is probably fixable by adding '#include <cstdint>'
[INFO] [stderr]      18 | #include "base/notreached.h"
[INFO] [stderr]     +++ |+#include <cstdint>
[INFO] [stderr]      19 | #include "build/build_config.h"
[INFO] [stderr]   /opt/rustwide/cargo-home/registry/src/index.crates.io-1949cf8c6b5b557f/sentry-contrib-native-sys-0.3.1/sentry-native/external/crashpad/third_party/mini_chromium/mini_chromium/base/logging.h:30:6: error: expected identifier before ':' token
[INFO] [stderr]      30 | enum : LoggingDestination {
[INFO] [stderr]         |      ^
[INFO] [stderr]   /opt/rustwide/cargo-home/registry/src/index.crates.io-1949cf8c6b5b557f/sentry-contrib-native-sys-0.3.1/sentry-native/external/crashpad/third_party/mini_chromium/mini_chromium/base/logging.h:30:6: error: expected unqualified-id before ':' token
[INFO] [stderr]   /opt/rustwide/cargo-home/registry/src/index.crates.io-1949cf8c6b5b557f/sentry-contrib-native-sys-0.3.1/sentry-native/external/crashpad/third_party/mini_chromium/mini_chromium/base/logging.h:52:3: error: 'LoggingDestination' does not name a type
[INFO] [stderr]      52 |   LoggingDestination logging_dest = LOG_DEFAULT;
[INFO] [stderr]         |   ^~~~~~~~~~~~~~~~~~
[INFO] [stderr]   /opt/rustwide/cargo-home/registry/src/index.crates.io-1949cf8c6b5b557f/sentry-contrib-native-sys-0.3.1/sentry-native/external/crashpad/third_party/mini_chromium/mini_chromium/base/logging.cc:183:8: error: 'g_logging_destination' was not declared in this scope
[INFO] [stderr]     183 |   if ((g_logging_destination & LOG_TO_SYSTEM_DEBUG_LOG) != 0) {
[INFO] [stderr]         |        ^~~~~~~~~~~~~~~~~~~~~
[INFO] [stderr]   /opt/rustwide/cargo-home/registry/src/index.crates.io-1949cf8c6b5b557f/sentry-contrib-native-sys-0.3.1/sentry-native/external/crashpad/third_party/mini_chromium/mini_chromium/base/logging.cc:183:32: error: 'LOG_TO_SYSTEM_DEBUG_LOG' was not declared in this scope
[INFO] [stderr]     183 |   if ((g_logging_destination & LOG_TO_SYSTEM_DEBUG_LOG) != 0) {
[INFO] [stderr]         |                                ^~~~~~~~~~~~~~~~~~~~~~~
[INFO] [stderr]   gmake[2]: *** [crashpad_build/third_party/mini_chromium/CMakeFiles/mini_chromium.dir/build.make:107: crashpad_build/third_party/mini_chromium/CMakeFiles/mini_chromium.dir/mini_chromium/base/files/scoped_file.cc.o] Error 1
[INFO] [stderr]   gmake[2]: *** [crashpad_build/third_party/mini_chromium/CMakeFiles/mini_chromium.dir/build.make:121: crashpad_build/third_party/mini_chromium/CMakeFiles/mini_chromium.dir/mini_chromium/base/logging.cc.o] Error 1
[INFO] [stderr]   gmake[1]: *** [CMakeFiles/Makefile2:537: crashpad_build/third_party/mini_chromium/CMakeFiles/mini_chromium.dir/all] Error 2
[INFO] [stderr]   gmake[1]: *** Waiting for unfinished jobs....
[INFO] [stderr]   gmake: *** [Makefile:136: all] Error 2
[INFO] [stderr] 
[INFO] [stderr]   thread 'main' (403) panicked at /opt/rustwide/cargo-home/registry/src/index.crates.io-1949cf8c6b5b557f/cmake-0.1.45/src/lib.rs:894:5:
[INFO] [stderr] 
[INFO] [stderr]   command did not execute successfully, got: exit status: 2
[INFO] [stderr] 
[INFO] [stderr]   build script failed, must exit now
[INFO] [stderr]   stack backtrace:
[INFO] [stderr]      0:     0x61c24ec93661 - <<std[617be2ca0a6fd877]::sys::backtrace::BacktraceLock>::print::DisplayBacktrace as core[a373ad73a504971]::fmt::Display>::fmt
[INFO] [stderr]      1:     0x61c24eca7eea - core[a373ad73a504971]::fmt::write
[INFO] [stderr]      2:     0x61c24ec996dc - <std[617be2ca0a6fd877]::sys::stdio::unix::Stderr as core[a373ad73a504971]::io::write::Write>::write_fmt
[INFO] [stderr]      3:     0x61c24ec71a36 - std[617be2ca0a6fd877]::panicking::default_hook::{closure#0}
[INFO] [stderr]      4:     0x61c24ec8da21 - std[617be2ca0a6fd877]::panicking::default_hook
[INFO] [stderr]      5:     0x61c24ec8dbdb - std[617be2ca0a6fd877]::panicking::panic_with_hook
[INFO] [stderr]      6:     0x61c24ec71ae2 - std[617be2ca0a6fd877]::panicking::panic_handler::{closure#0}
[INFO] [stderr]      7:     0x61c24ec6a609 - std[617be2ca0a6fd877]::sys::backtrace::__rust_end_short_backtrace::<std[617be2ca0a6fd877]::panicking::panic_handler::{closure#0}, !>
[INFO] [stderr]      8:     0x61c24ec7231d - __rustc[ea4f61d10b84890b]::rust_begin_unwind
[INFO] [stderr]      9:     0x61c24eca865c - core[a373ad73a504971]::panicking::panic_fmt
[INFO] [stderr]     10:     0x61c24ec1dc57 - cmake[9d8e891ae553748b]::fail
[INFO] [stderr]     11:     0x61c24ec1d911 - cmake[9d8e891ae553748b]::run
[INFO] [stderr]     12:     0x61c24ec228bf - <cmake[9d8e891ae553748b]::Config>::build
[INFO] [stderr]     13:     0x61c24ec195d3 - build_script_build[8163b6ae9492c95a]::build
[INFO] [stderr]     14:     0x61c24ec18154 - build_script_build[8163b6ae9492c95a]::main
[INFO] [stderr]     15:     0x61c24ec1a8c3 - <fn() -> core[a373ad73a504971]::result::Result<(), anyhow[fa792c48853706d7]::Error> as core[a373ad73a504971]::ops::function::FnOnce<()>>::call_once
[INFO] [stderr]     16:     0x61c24ec1795e - std[617be2ca0a6fd877]::sys::backtrace::__rust_begin_short_backtrace::<fn() -> core[a373ad73a504971]::result::Result<(), anyhow[fa792c48853706d7]::Error>, core[a373ad73a504971]::result::Result<(), anyhow[fa792c48853706d7]::Error>>
[INFO] [stderr]     17:     0x61c24ec17969 - std[617be2ca0a6fd877]::rt::lang_start::<core[a373ad73a504971]::result::Result<(), anyhow[fa792c48853706d7]::Error>>::{closure#0}
[INFO] [stderr]     18:     0x61c24ec8ce28 - std[617be2ca0a6fd877]::rt::lang_start_internal
[INFO] [stderr]     19:     0x61c24ec17311 - std[617be2ca0a6fd877]::rt::lang_start::<core[a373ad73a504971]::result::Result<(), anyhow[fa792c48853706d7]::Error>>
[INFO] [stderr]     20:     0x61c24ec1a995 - main
[INFO] [stderr]     21:     0x7c2abea7e601 - <unknown>
[INFO] [stderr]     22:     0x7c2abea7e718 - __libc_start_main
[INFO] [stderr]     23:     0x61c24ec16415 - _start
[INFO] [stderr]     24:                0x0 - <unknown>
[INFO] [stderr] warning: build failed, waiting for other jobs to finish...
[INFO] running `Command { std: "docker" "inspect" "04d0d9762fa522f231ad8438a1b06e452567fb727733a16555f846b34a55ab3b", kill_on_drop: false }`
[INFO] running `Command { std: "docker" "rm" "-f" "04d0d9762fa522f231ad8438a1b06e452567fb727733a16555f846b34a55ab3b", kill_on_drop: false }`
[INFO] [stdout] 04d0d9762fa522f231ad8438a1b06e452567fb727733a16555f846b34a55ab3b
