[INFO] fetching crate sensevoice 0.1.2...
[INFO] testing sensevoice-0.1.2 against 1.100.0-beta.1+cargoflags=--release for beta-release-1.100-2
[INFO] extracting crate sensevoice 0.1.2 into /workspace/builds/worker-4-tc2/source
[INFO] started tweaking crates.io crate sensevoice 0.1.2
[INFO] removed 0 missing examples
[INFO] finished tweaking crates.io crate sensevoice 0.1.2
[INFO] tweaked toml for crates.io crate sensevoice 0.1.2 written to /workspace/builds/worker-4-tc2/source/Cargo.toml
[INFO] validating manifest of crates.io crate sensevoice 0.1.2 on toolchain 1.100.0-beta.1
[INFO] running `Command { std: CARGO_HOME="/workspace/cargo-home" RUSTUP_HOME="/workspace/rustup-home" "/workspace/cargo-home/bin/cargo" "+1.100.0-beta.1" "metadata" "--manifest-path" "Cargo.toml" "--no-deps", kill_on_drop: false }`
[INFO] crate crates.io crate sensevoice 0.1.2 already has a lockfile, it will not be regenerated
[INFO] running `Command { std: CARGO_HOME="/workspace/cargo-home" RUSTUP_HOME="/workspace/rustup-home" "/workspace/cargo-home/bin/cargo" "+1.100.0-beta.1" "fetch" "--manifest-path" "Cargo.toml", kill_on_drop: false }`
[INFO] [stderr] warning: `package.homepage` is redundant with `package.repository`
[INFO] [stderr]   --> Cargo.toml:38:12
[INFO] [stderr]    |
[INFO] [stderr] 38 | homepage = "https://github.com/FunAudioLLM/SenseVoice"
[INFO] [stderr]    |            ^^^^^^^^^^^^^^^^^^^^^^^^^^^^^^^^^^^^^^^^^^^
[INFO] [stderr] ...
[INFO] [stderr] 45 | repository = "https://github.com/FunAudioLLM/SenseVoice"
[INFO] [stderr]    |              -------------------------------------------
[INFO] [stderr]    |
[INFO] [stderr]    = note: `cargo::redundant_homepage` is set to `warn` by default
[INFO] [stderr] help: consider removing `package.homepage`
[INFO] [stderr] warning: `sensevoice` (manifest) generated 1 warning
[INFO] running `Command { std: "docker" "create" "-v" "/var/lib/crater-agent-workspace/builds/worker-4-tc2/source:/opt/rustwide/workdir:ro,Z" "-v" "/var/lib/crater-agent-workspace/builds/worker-4-tc2/target:/opt/rustwide/target:rw,Z" "-v" "/var/lib/crater-agent-workspace/cargo-home:/opt/rustwide/cargo-home:ro,Z" "-v" "/var/lib/crater-agent-workspace/rustup-home:/opt/rustwide/rustup-home:ro,Z" "-m" "1610612736" "--network" "none" "ghcr.io/rust-lang/crates-build-env/linux@sha256:77db811e55d90add9212f6832c23229e3de5f1c1f9905e8cb07319ea15df73ac" "sleep" "infinity", kill_on_drop: false }`
[INFO] [stdout] bb7ebfe5ac401e901000a7398426e62fbe5ba3d0450d494fb48afc0977e840ed
[INFO] running `Command { std: "docker" "start" "bb7ebfe5ac401e901000a7398426e62fbe5ba3d0450d494fb48afc0977e840ed", kill_on_drop: false }`
[INFO] running `Command { std: "docker" "inspect" "bb7ebfe5ac401e901000a7398426e62fbe5ba3d0450d494fb48afc0977e840ed", kill_on_drop: false }`
[INFO] running `Command { std: "docker" "exec" "-e" "SOURCE_DIR=/opt/rustwide/workdir" "-e" "CARGO_HOME=/opt/rustwide/cargo-home" "-e" "RUSTUP_HOME=/opt/rustwide/rustup-home" "-e" "CARGO_TARGET_DIR=/opt/rustwide/target" "-w" "/opt/rustwide/workdir" "--user" "0:0" "bb7ebfe5ac401e901000a7398426e62fbe5ba3d0450d494fb48afc0977e840ed" "/opt/rustwide/cargo-home/bin/cargo" "+1.100.0-beta.1" "metadata" "--no-deps" "--format-version=1", kill_on_drop: false }`
[INFO] running `Command { std: "docker" "inspect" "bb7ebfe5ac401e901000a7398426e62fbe5ba3d0450d494fb48afc0977e840ed", kill_on_drop: false }`
[INFO] running `Command { std: "docker" "exec" "-e" "SOURCE_DIR=/opt/rustwide/workdir" "-e" "CARGO_HOME=/opt/rustwide/cargo-home" "-e" "RUSTUP_HOME=/opt/rustwide/rustup-home" "-e" "CARGO_TARGET_DIR=/opt/rustwide/target" "-e" "CARGO_INCREMENTAL=0" "-e" "RUST_BACKTRACE=full" "-e" "RUSTFLAGS=--cap-lints=warn" "-e" "RUSTDOCFLAGS=--cap-lints=warn" "-w" "/opt/rustwide/workdir" "--user" "0:0" "bb7ebfe5ac401e901000a7398426e62fbe5ba3d0450d494fb48afc0977e840ed" "/opt/rustwide/cargo-home/bin/cargo" "+1.100.0-beta.1" "build" "--frozen" "--message-format=json" "--release", kill_on_drop: false }`
[INFO] [stderr] warning: `package.homepage` is redundant with `package.repository`
[INFO] [stderr]   --> Cargo.toml:38:12
[INFO] [stderr]    |
[INFO] [stderr] 38 | homepage = "https://github.com/FunAudioLLM/SenseVoice"
[INFO] [stderr]    |            ^^^^^^^^^^^^^^^^^^^^^^^^^^^^^^^^^^^^^^^^^^^
[INFO] [stderr] ...
[INFO] [stderr] 45 | repository = "https://github.com/FunAudioLLM/SenseVoice"
[INFO] [stderr]    |              -------------------------------------------
[INFO] [stderr]    |
[INFO] [stderr]    = note: `cargo::redundant_homepage` is set to `warn` by default
[INFO] [stderr] help: consider removing `package.homepage`
[INFO] [stderr] warning: `sensevoice` (manifest) generated 1 warning
[INFO] [stderr]    Compiling sensevoice v0.1.2 (/opt/rustwide/workdir)
[INFO] [stderr] error: failed to run custom build command for `sensevoice v0.1.2 (/opt/rustwide/workdir)`
[INFO] [stderr] note: To improve backtraces for build dependencies, set the CARGO_PROFILE_RELEASE_BUILD_OVERRIDE_DEBUG=true environment variable to enable debug information generation.
[INFO] [stderr] 
[INFO] [stderr] Caused by:
[INFO] [stderr]   process didn't exit successfully: `/opt/rustwide/target/release/build/sensevoice/60eae6b61887430b/out/build_script_build` (exit status: 101)
[INFO] [stderr]   --- stdout
[INFO] [stderr]   cargo:rerun-if-env-changed=DOCS_RS
[INFO] [stderr]   cargo:rerun-if-env-changed=FUNASR_LLAMA_SOURCE
[INFO] [stderr]   cargo:rerun-if-changed=runtime/llama.cpp/CMakeLists.txt
[INFO] [stderr]   cargo:rerun-if-changed=runtime/llama.cpp/funasr-capi/funasr_c_api.h
[INFO] [stderr]   cargo:rerun-if-changed=runtime/llama.cpp/funasr-capi/funasr_c_api.cpp
[INFO] [stderr]   cargo:rerun-if-changed=runtime/llama.cpp/funasr-common/funasr_sensevoice.h
[INFO] [stderr]   cargo:rerun-if-changed=runtime/llama.cpp/funasr-common/funasr_vad.h
[INFO] [stderr]   cargo:rerun-if-changed=runtime/llama.cpp/funasr-common/funasr_audio.h
[INFO] [stderr]   cargo:rerun-if-changed=runtime/llama.cpp/funasr-common/miniaudio.h
[INFO] [stderr]   cargo:rerun-if-changed=runtime/llama.cpp/funasr-sensevoice/funasr-sensevoice.cpp
[INFO] [stderr]   cargo:rerun-if-changed=runtime/llama.cpp/funasr-vad/funasr-vad.cpp
[INFO] [stderr]   -- The CXX compiler identification is GNU 15.2.0
[INFO] [stderr]   -- The C compiler identification is GNU 15.2.0
[INFO] [stderr]   -- Detecting CXX compiler ABI info
[INFO] [stderr]   -- Detecting CXX compiler ABI info - done
[INFO] [stderr]   -- Check for working CXX compiler: /usr/bin/c++ - skipped
[INFO] [stderr]   -- Detecting CXX compile features
[INFO] [stderr]   -- Detecting CXX compile features - done
[INFO] [stderr]   -- Detecting C compiler ABI info
[INFO] [stderr]   -- Detecting C compiler ABI info - done
[INFO] [stderr]   -- Check for working C compiler: /usr/bin/cc - skipped
[INFO] [stderr]   -- Detecting C compile features
[INFO] [stderr]   -- Detecting C compile features - done
[INFO] [stderr]   -- Configuring incomplete, errors occurred!
[INFO] [stderr] 
[INFO] [stderr]   --- stderr
[INFO] [stderr]   [ 11%] Creating directories for 'llama-populate'
[INFO] [stderr]   [ 22%] Performing download step (git clone) for 'llama-populate'
[INFO] [stderr]   Cloning into 'llama-src'...
[INFO] [stderr]   fatal: unable to access 'https://github.com/ggml-org/llama.cpp.git/': Could not resolve host: github.com
[INFO] [stderr]   Cloning into 'llama-src'...
[INFO] [stderr]   fatal: unable to access 'https://github.com/ggml-org/llama.cpp.git/': Could not resolve host: github.com
[INFO] [stderr]   Cloning into 'llama-src'...
[INFO] [stderr]   fatal: unable to access 'https://github.com/ggml-org/llama.cpp.git/': Could not resolve host: github.com
[INFO] [stderr]   Had to git clone more than once: 3 times.
[INFO] [stderr]   CMake Error at llama-subbuild/llama-populate-prefix/tmp/llama-populate-gitclone.cmake:50 (message):
[INFO] [stderr]     Failed to clone repository: 'https://github.com/ggml-org/llama.cpp.git'
[INFO] [stderr] 
[INFO] [stderr] 
[INFO] [stderr]   gmake[2]: *** [CMakeFiles/llama-populate.dir/build.make:102: llama-populate-prefix/src/llama-populate-stamp/llama-populate-download] Error 1
[INFO] [stderr]   gmake[1]: *** [CMakeFiles/Makefile2:87: CMakeFiles/llama-populate.dir/all] Error 2
[INFO] [stderr]   gmake: *** [Makefile:91: all] Error 2
[INFO] [stderr] 
[INFO] [stderr]   CMake Error at /usr/share/cmake-4.2/Modules/FetchContent.cmake:1928 (message):
[INFO] [stderr]     Build step for llama failed: 2
[INFO] [stderr]   Call Stack (most recent call first):
[INFO] [stderr]     /usr/share/cmake-4.2/Modules/FetchContent.cmake:1619 (__FetchContent_populateSubbuild)
[INFO] [stderr]     /usr/share/cmake-4.2/Modules/FetchContent.cmake:2155:EVAL:2 (__FetchContent_doPopulation)
[INFO] [stderr]     /usr/share/cmake-4.2/Modules/FetchContent.cmake:2155 (cmake_language)
[INFO] [stderr]     /usr/share/cmake-4.2/Modules/FetchContent.cmake:2394 (__FetchContent_Populate)
[INFO] [stderr]     CMakeLists.txt:49 (FetchContent_MakeAvailable)
[INFO] [stderr] 
[INFO] [stderr] 
[INFO] [stderr] 
[INFO] [stderr]   thread 'main' (81) panicked at build.rs:13:9:
[INFO] [stderr]   "cmake" "-S" "/opt/rustwide/workdir/runtime/llama.cpp" "-B" "/opt/rustwide/target/release/build/sensevoice/b6467b85868dcc3c/out/funasr-cmake-afbc840dba4b87a1" "-DCMAKE_BUILD_TYPE=Release" "-DFUNASR_BUILD_RUST=ON" "-DLLAMA_CURL=OFF" failed with status exit status: 1
[INFO] [stderr]   stack backtrace:
[INFO] [stderr]      0:     0x5d613701c6a1 - <<std[617be2ca0a6fd877]::sys::backtrace::BacktraceLock>::print::DisplayBacktrace as core[a373ad73a504971]::fmt::Display>::fmt
[INFO] [stderr]      1:     0x5d613702eefa - core[a373ad73a504971]::fmt::write
[INFO] [stderr]      2:     0x5d613702147c - <std[617be2ca0a6fd877]::sys::stdio::unix::Stderr as core[a373ad73a504971]::io::write::Write>::write_fmt
[INFO] [stderr]      3:     0x5d6136ffea46 - std[617be2ca0a6fd877]::panicking::default_hook::{closure#0}
[INFO] [stderr]      4:     0x5d6137017ab1 - std[617be2ca0a6fd877]::panicking::default_hook
[INFO] [stderr]      5:     0x5d6137017c6b - std[617be2ca0a6fd877]::panicking::panic_with_hook
[INFO] [stderr]      6:     0x5d6136ffeaf2 - std[617be2ca0a6fd877]::panicking::panic_handler::{closure#0}
[INFO] [stderr]      7:     0x5d6136ff7a49 - std[617be2ca0a6fd877]::sys::backtrace::__rust_end_short_backtrace::<std[617be2ca0a6fd877]::panicking::panic_handler::{closure#0}, !>
[INFO] [stderr]      8:     0x5d6136fff2bd - __rustc[ea4f61d10b84890b]::rust_begin_unwind
[INFO] [stderr]      9:     0x5d613702f62c - core[a373ad73a504971]::panicking::panic_fmt
[INFO] [stderr]     10:     0x5d6136fe8321 - build_script_build[26ad2fb2ed4aae6b]::run
[INFO] [stderr]     11:     0x5d6136fe8ccc - build_script_build[26ad2fb2ed4aae6b]::main
[INFO] [stderr]     12:     0x5d6136fec3c3 - <fn() as core[a373ad73a504971]::ops::function::FnOnce<()>>::call_once
[INFO] [stderr]     13:     0x5d6136fe5d1e - std[617be2ca0a6fd877]::sys::backtrace::__rust_begin_short_backtrace::<fn(), ()>
[INFO] [stderr]     14:     0x5d6136fe67e9 - std[617be2ca0a6fd877]::rt::lang_start::<()>::{closure#0}
[INFO] [stderr]     15:     0x5d6137016f28 - std[617be2ca0a6fd877]::rt::lang_start_internal
[INFO] [stderr]     16:     0x5d6136fe5411 - std[617be2ca0a6fd877]::rt::lang_start::<()>
[INFO] [stderr]     17:     0x5d6136fec465 - main
[INFO] [stderr]     18:     0x7fef5dd64601 - <unknown>
[INFO] [stderr]     19:     0x7fef5dd64718 - __libc_start_main
[INFO] [stderr]     20:     0x5d6136fe44a5 - _start
[INFO] [stderr]     21:                0x0 - <unknown>
[INFO] running `Command { std: "docker" "inspect" "bb7ebfe5ac401e901000a7398426e62fbe5ba3d0450d494fb48afc0977e840ed", kill_on_drop: false }`
[INFO] running `Command { std: "docker" "rm" "-f" "bb7ebfe5ac401e901000a7398426e62fbe5ba3d0450d494fb48afc0977e840ed", kill_on_drop: false }`
[INFO] [stdout] bb7ebfe5ac401e901000a7398426e62fbe5ba3d0450d494fb48afc0977e840ed
