[INFO] fetching crate sensehat 1.1.0...
[INFO] testing sensehat-1.1.0 against 1.100.0-beta.1+cargoflags=--release for beta-release-1.100-2
[INFO] extracting crate sensehat 1.1.0 into /workspace/builds/worker-0-tc2/source
[INFO] started tweaking crates.io crate sensehat 1.1.0
[INFO] finished tweaking crates.io crate sensehat 1.1.0
[INFO] tweaked toml for crates.io crate sensehat 1.1.0 written to /workspace/builds/worker-0-tc2/source/Cargo.toml
[INFO] validating manifest of crates.io crate sensehat 1.1.0 on toolchain 1.100.0-beta.1
[INFO] running `Command { std: CARGO_HOME="/workspace/cargo-home" RUSTUP_HOME="/workspace/rustup-home" "/workspace/cargo-home/bin/cargo" "+1.100.0-beta.1" "metadata" "--manifest-path" "Cargo.toml" "--no-deps", kill_on_drop: false }`
[INFO] running `Command { std: CARGO_HOME="/workspace/cargo-home" RUSTUP_HOME="/workspace/rustup-home" "/workspace/cargo-home/bin/cargo" "+1.100.0-beta.1" "generate-lockfile" "--manifest-path" "Cargo.toml", kill_on_drop: false }`
[INFO] [stderr]     Updating crates.io index
[INFO] [stderr]      Locking 34 packages to highest compatible versions
[INFO] [stderr]       Adding i2cdev v0.4.4 (available: v0.6.2)
[INFO] [stderr]       Adding measurements v0.10.4 (available: v0.11.1)
[INFO] running `Command { std: CARGO_HOME="/workspace/cargo-home" RUSTUP_HOME="/workspace/rustup-home" "/workspace/cargo-home/bin/cargo" "+1.100.0-beta.1" "fetch" "--manifest-path" "Cargo.toml", kill_on_drop: false }`
[INFO] [stderr] warning: Cargo.toml: `package.edition` is unspecified, defaulting to `2015` while the latest is `2024`
[INFO] [stderr] warning: `sensehat` (manifest) generated 1 warning
[INFO] running `Command { std: "docker" "create" "-v" "/var/lib/crater-agent-workspace/builds/worker-0-tc2/source:/opt/rustwide/workdir:ro,Z" "-v" "/var/lib/crater-agent-workspace/builds/worker-0-tc2/target:/opt/rustwide/target:rw,Z" "-v" "/var/lib/crater-agent-workspace/cargo-home:/opt/rustwide/cargo-home:ro,Z" "-v" "/var/lib/crater-agent-workspace/rustup-home:/opt/rustwide/rustup-home:ro,Z" "-m" "1610612736" "--network" "none" "ghcr.io/rust-lang/crates-build-env/linux@sha256:77db811e55d90add9212f6832c23229e3de5f1c1f9905e8cb07319ea15df73ac" "sleep" "infinity", kill_on_drop: false }`
[INFO] [stdout] ba144d8a6f5987398812661dc88ddfb12e3b855da8937579a66da6a2c3013a4e
[INFO] running `Command { std: "docker" "start" "ba144d8a6f5987398812661dc88ddfb12e3b855da8937579a66da6a2c3013a4e", kill_on_drop: false }`
[INFO] running `Command { std: "docker" "inspect" "ba144d8a6f5987398812661dc88ddfb12e3b855da8937579a66da6a2c3013a4e", kill_on_drop: false }`
[INFO] running `Command { std: "docker" "exec" "-e" "SOURCE_DIR=/opt/rustwide/workdir" "-e" "CARGO_HOME=/opt/rustwide/cargo-home" "-e" "RUSTUP_HOME=/opt/rustwide/rustup-home" "-e" "CARGO_TARGET_DIR=/opt/rustwide/target" "-w" "/opt/rustwide/workdir" "--user" "0:0" "ba144d8a6f5987398812661dc88ddfb12e3b855da8937579a66da6a2c3013a4e" "/opt/rustwide/cargo-home/bin/cargo" "+1.100.0-beta.1" "metadata" "--no-deps" "--format-version=1", kill_on_drop: false }`
[INFO] running `Command { std: "docker" "inspect" "ba144d8a6f5987398812661dc88ddfb12e3b855da8937579a66da6a2c3013a4e", kill_on_drop: false }`
[INFO] running `Command { std: "docker" "exec" "-e" "SOURCE_DIR=/opt/rustwide/workdir" "-e" "CARGO_HOME=/opt/rustwide/cargo-home" "-e" "RUSTUP_HOME=/opt/rustwide/rustup-home" "-e" "CARGO_TARGET_DIR=/opt/rustwide/target" "-e" "CARGO_INCREMENTAL=0" "-e" "RUST_BACKTRACE=full" "-e" "RUSTFLAGS=--cap-lints=warn" "-e" "RUSTDOCFLAGS=--cap-lints=warn" "-w" "/opt/rustwide/workdir" "--user" "0:0" "ba144d8a6f5987398812661dc88ddfb12e3b855da8937579a66da6a2c3013a4e" "/opt/rustwide/cargo-home/bin/cargo" "+1.100.0-beta.1" "build" "--frozen" "--message-format=json" "--release", kill_on_drop: false }`
[INFO] [stderr] warning: Cargo.toml: `package.edition` is unspecified, defaulting to `2015` while the latest is `2024`
[INFO] [stderr] warning: `sensehat` (manifest) generated 1 warning
[INFO] [stderr]    Compiling nix v0.14.1
[INFO] [stderr]    Compiling gcc v0.3.55
[INFO] [stderr]    Compiling void v1.0.2
[INFO] [stderr]    Compiling font8x8 v0.2.7
[INFO] [stderr]    Compiling tint v1.0.1
[INFO] [stderr]    Compiling measurements v0.10.4
[INFO] [stderr]    Compiling proc-macro2 v1.0.107
[INFO] [stderr]    Compiling errno v0.2.8
[INFO] [stderr]    Compiling memmap v0.7.0
[INFO] [stderr]    Compiling sensehat-screen v0.2.6
[INFO] [stderr]    Compiling framebuffer v0.2.2
[INFO] [stderr]    Compiling sensehat v1.1.0 (/opt/rustwide/workdir)
[INFO] [stdout] warning: use of deprecated struct `gcc::Build`: crate has been renamed to `cc`, the `gcc` name is not maintained
[INFO] [stdout]  --> build.rs:5:10
[INFO] [stdout]   |
[INFO] [stdout] 5 |     gcc::Build::new()
[INFO] [stdout]   |          ^^^^^
[INFO] [stdout]   |
[INFO] [stdout]   = note: `#[warn(deprecated)]` on by default
[INFO] [stdout] 
[INFO] [stdout] 
[INFO] [stdout] warning: use of deprecated associated function `gcc::Build::new`: crate has been renamed to `cc`, the `gcc` name is not maintained
[INFO] [stdout]  --> build.rs:5:17
[INFO] [stdout]   |
[INFO] [stdout] 5 |     gcc::Build::new()
[INFO] [stdout]   |                 ^^^
[INFO] [stdout] 
[INFO] [stdout] 
[INFO] [stderr] warning: sensehat@1.1.0: src/rtimulib_wrapper.cc:1:10: fatal error: RTIMULib.h: No such file or directory
[INFO] [stderr] warning: sensehat@1.1.0:     1 | #include "RTIMULib.h"
[INFO] [stderr] warning: sensehat@1.1.0:       |          ^~~~~~~~~~~~
[INFO] [stderr] warning: sensehat@1.1.0: compilation terminated.
[INFO] [stderr] error: failed to run custom build command for `sensehat v1.1.0 (/opt/rustwide/workdir)`
[INFO] [stderr] note: To improve backtraces for build dependencies, set the CARGO_PROFILE_RELEASE_BUILD_OVERRIDE_DEBUG=true environment variable to enable debug information generation.
[INFO] [stderr] 
[INFO] [stderr] Caused by:
[INFO] [stderr]   process didn't exit successfully: `/opt/rustwide/target/release/build/sensehat/e9f1fb0a97bb9fbc/out/build_script_build` (exit status: 101)
[INFO] [stderr]   --- stdout
[INFO] [stderr]   TARGET = Some("x86_64-unknown-linux-gnu")
[INFO] [stderr]   OPT_LEVEL = Some("3")
[INFO] [stderr]   TARGET = Some("x86_64-unknown-linux-gnu")
[INFO] [stderr]   HOST = Some("x86_64-unknown-linux-gnu")
[INFO] [stderr]   TARGET = Some("x86_64-unknown-linux-gnu")
[INFO] [stderr]   TARGET = Some("x86_64-unknown-linux-gnu")
[INFO] [stderr]   HOST = Some("x86_64-unknown-linux-gnu")
[INFO] [stderr]   CXX_x86_64-unknown-linux-gnu = None
[INFO] [stderr]   CXX_x86_64_unknown_linux_gnu = None
[INFO] [stderr]   HOST_CXX = None
[INFO] [stderr]   CXX = None
[INFO] [stderr]   HOST = Some("x86_64-unknown-linux-gnu")
[INFO] [stderr]   TARGET = Some("x86_64-unknown-linux-gnu")
[INFO] [stderr]   HOST = Some("x86_64-unknown-linux-gnu")
[INFO] [stderr]   CXXFLAGS_x86_64-unknown-linux-gnu = None
[INFO] [stderr]   CXXFLAGS_x86_64_unknown_linux_gnu = None
[INFO] [stderr]   HOST_CXXFLAGS = None
[INFO] [stderr]   CXXFLAGS = None
[INFO] [stderr]   DEBUG = Some("false")
[INFO] [stderr]   running: "c++" "-O3" "-ffunction-sections" "-fdata-sections" "-fPIC" "-m64" "-Wall" "-Wextra" "-o" "/opt/rustwide/target/release/build/sensehat/d39e5b6541bf4fbe/out/src/rtimulib_wrapper.o" "-c" "src/rtimulib_wrapper.cc"
[INFO] [stderr]   cargo:warning=src/rtimulib_wrapper.cc:1:10: fatal error: RTIMULib.h: No such file or directory
[INFO] [stderr]   cargo:warning=    1 | #include "RTIMULib.h"
[INFO] [stderr]   cargo:warning=      |          ^~~~~~~~~~~~
[INFO] [stderr]   cargo:warning=compilation terminated.
[INFO] [stderr]   exit status: 1
[INFO] [stderr] 
[INFO] [stderr]   --- stderr
[INFO] [stderr] 
[INFO] [stderr]   thread 'main' (212) panicked at /opt/rustwide/cargo-home/registry/src/index.crates.io-1949cf8c6b5b557f/gcc-0.3.55/src/lib.rs:1672:5:
[INFO] [stderr] 
[INFO] [stderr] 
[INFO] [stderr]   Internal error occurred: Command "c++" "-O3" "-ffunction-sections" "-fdata-sections" "-fPIC" "-m64" "-Wall" "-Wextra" "-o" "/opt/rustwide/target/release/build/sensehat/d39e5b6541bf4fbe/out/src/rtimulib_wrapper.o" "-c" "src/rtimulib_wrapper.cc" with args "c++" did not execute successfully (status code exit status: 1).
[INFO] [stderr] 
[INFO] [stderr] 
[INFO] [stderr]   stack backtrace:
[INFO] [stderr]      0:     0x5b73ea9f1dc1 - <<std[617be2ca0a6fd877]::sys::backtrace::BacktraceLock>::print::DisplayBacktrace as core[a373ad73a504971]::fmt::Display>::fmt
[INFO] [stderr]      1:     0x5b73eaa053da - core[a373ad73a504971]::fmt::write
[INFO] [stderr]      2:     0x5b73ea9f751c - <std[617be2ca0a6fd877]::sys::stdio::unix::Stderr as core[a373ad73a504971]::io::write::Write>::write_fmt
[INFO] [stderr]      3:     0x5b73ea9d0196 - std[617be2ca0a6fd877]::panicking::default_hook::{closure#0}
[INFO] [stderr]      4:     0x5b73ea9ec441 - std[617be2ca0a6fd877]::panicking::default_hook
[INFO] [stderr]      5:     0x5b73ea9ec5fb - std[617be2ca0a6fd877]::panicking::panic_with_hook
[INFO] [stderr]      6:     0x5b73ea9d0242 - std[617be2ca0a6fd877]::panicking::panic_handler::{closure#0}
[INFO] [stderr]      7:     0x5b73ea9c8ee9 - std[617be2ca0a6fd877]::sys::backtrace::__rust_end_short_backtrace::<std[617be2ca0a6fd877]::panicking::panic_handler::{closure#0}, !>
[INFO] [stderr]      8:     0x5b73ea9d0b4d - __rustc[ea4f61d10b84890b]::rust_begin_unwind
[INFO] [stderr]      9:     0x5b73eaa05b4c - core[a373ad73a504971]::panicking::panic_fmt
[INFO] [stderr]     10:     0x5b73ea99ab47 - gcc[4a8c019493453f2b]::fail
[INFO] [stderr]     11:     0x5b73ea9a5c2d - <gcc[4a8c019493453f2b]::Build>::compile
[INFO] [stderr]     12:     0x5b73ea998a38 - build_script_build[ff64f4384d373164]::main
[INFO] [stderr]     13:     0x5b73ea998a93 - <fn() as core[a373ad73a504971]::ops::function::FnOnce<()>>::call_once
[INFO] [stderr]     14:     0x5b73ea99896e - std[617be2ca0a6fd877]::sys::backtrace::__rust_begin_short_backtrace::<fn(), ()>
[INFO] [stderr]     15:     0x5b73ea998979 - std[617be2ca0a6fd877]::rt::lang_start::<()>::{closure#0}
[INFO] [stderr]     16:     0x5b73ea9eb8b8 - std[617be2ca0a6fd877]::rt::lang_start_internal
[INFO] [stderr]     17:     0x5b73ea998961 - std[617be2ca0a6fd877]::rt::lang_start::<()>
[INFO] [stderr]     18:     0x5b73ea998ad5 - main
[INFO] [stderr]     19:     0x743b411db601 - <unknown>
[INFO] [stderr]     20:     0x743b411db718 - __libc_start_main
[INFO] [stderr]     21:     0x5b73ea998875 - _start
[INFO] [stderr]     22:                0x0 - <unknown>
[INFO] [stderr] warning: build failed, waiting for other jobs to finish...
[INFO] running `Command { std: "docker" "inspect" "ba144d8a6f5987398812661dc88ddfb12e3b855da8937579a66da6a2c3013a4e", kill_on_drop: false }`
[INFO] running `Command { std: "docker" "rm" "-f" "ba144d8a6f5987398812661dc88ddfb12e3b855da8937579a66da6a2c3013a4e", kill_on_drop: false }`
[INFO] [stdout] ba144d8a6f5987398812661dc88ddfb12e3b855da8937579a66da6a2c3013a4e
