[INFO] fetching crate semora-cli 0.4.1...
[INFO] testing semora-cli-0.4.1 against 1.100.0-beta.1+cargoflags=--release for beta-release-1.100-2
[INFO] extracting crate semora-cli 0.4.1 into /workspace/builds/worker-7-tc2/source
[INFO] started tweaking crates.io crate semora-cli 0.4.1
[INFO] removed 0 missing tests
[INFO] finished tweaking crates.io crate semora-cli 0.4.1
[INFO] tweaked toml for crates.io crate semora-cli 0.4.1 written to /workspace/builds/worker-7-tc2/source/Cargo.toml
[INFO] validating manifest of crates.io crate semora-cli 0.4.1 on toolchain 1.100.0-beta.1
[INFO] running `Command { std: CARGO_HOME="/workspace/cargo-home" RUSTUP_HOME="/workspace/rustup-home" "/workspace/cargo-home/bin/cargo" "+1.100.0-beta.1" "metadata" "--manifest-path" "Cargo.toml" "--no-deps", kill_on_drop: false }`
[INFO] crate crates.io crate semora-cli 0.4.1 already has a lockfile, it will not be regenerated
[INFO] running `Command { std: CARGO_HOME="/workspace/cargo-home" RUSTUP_HOME="/workspace/rustup-home" "/workspace/cargo-home/bin/cargo" "+1.100.0-beta.1" "fetch" "--manifest-path" "Cargo.toml", kill_on_drop: false }`
[INFO] running `Command { std: "docker" "create" "-v" "/var/lib/crater-agent-workspace/builds/worker-7-tc2/source:/opt/rustwide/workdir:ro,Z" "-v" "/var/lib/crater-agent-workspace/builds/worker-7-tc2/target:/opt/rustwide/target:rw,Z" "-v" "/var/lib/crater-agent-workspace/cargo-home:/opt/rustwide/cargo-home:ro,Z" "-v" "/var/lib/crater-agent-workspace/rustup-home:/opt/rustwide/rustup-home:ro,Z" "-m" "1610612736" "--network" "none" "ghcr.io/rust-lang/crates-build-env/linux@sha256:77db811e55d90add9212f6832c23229e3de5f1c1f9905e8cb07319ea15df73ac" "sleep" "infinity", kill_on_drop: false }`
[INFO] [stdout] 74f86e0a5d15646702473debc0bcf5fcfbb4a94a71402b944d9b09f8c5732fab
[INFO] running `Command { std: "docker" "start" "74f86e0a5d15646702473debc0bcf5fcfbb4a94a71402b944d9b09f8c5732fab", kill_on_drop: false }`
[INFO] running `Command { std: "docker" "inspect" "74f86e0a5d15646702473debc0bcf5fcfbb4a94a71402b944d9b09f8c5732fab", kill_on_drop: false }`
[INFO] running `Command { std: "docker" "exec" "-e" "SOURCE_DIR=/opt/rustwide/workdir" "-e" "CARGO_HOME=/opt/rustwide/cargo-home" "-e" "RUSTUP_HOME=/opt/rustwide/rustup-home" "-e" "CARGO_TARGET_DIR=/opt/rustwide/target" "-w" "/opt/rustwide/workdir" "--user" "0:0" "74f86e0a5d15646702473debc0bcf5fcfbb4a94a71402b944d9b09f8c5732fab" "/opt/rustwide/cargo-home/bin/cargo" "+1.100.0-beta.1" "metadata" "--no-deps" "--format-version=1", kill_on_drop: false }`
[INFO] running `Command { std: "docker" "inspect" "74f86e0a5d15646702473debc0bcf5fcfbb4a94a71402b944d9b09f8c5732fab", kill_on_drop: false }`
[INFO] running `Command { std: "docker" "exec" "-e" "SOURCE_DIR=/opt/rustwide/workdir" "-e" "CARGO_HOME=/opt/rustwide/cargo-home" "-e" "RUSTUP_HOME=/opt/rustwide/rustup-home" "-e" "CARGO_TARGET_DIR=/opt/rustwide/target" "-e" "CARGO_INCREMENTAL=0" "-e" "RUST_BACKTRACE=full" "-e" "RUSTFLAGS=--cap-lints=warn" "-e" "RUSTDOCFLAGS=--cap-lints=warn" "-w" "/opt/rustwide/workdir" "--user" "0:0" "74f86e0a5d15646702473debc0bcf5fcfbb4a94a71402b944d9b09f8c5732fab" "/opt/rustwide/cargo-home/bin/cargo" "+1.100.0-beta.1" "build" "--frozen" "--message-format=json" "--release", kill_on_drop: false }`
[INFO] [stderr]    Compiling unicode-ident v1.0.26
[INFO] [stderr]    Compiling smallvec v1.16.2
[INFO] [stderr]    Compiling cc v1.5.1
[INFO] [stderr]    Compiling zeroize v1.9.0
[INFO] [stderr]    Compiling zerocopy v0.8.59
[INFO] [stderr]    Compiling bitflags v2.13.2
[INFO] [stderr]    Compiling rustls v0.23.45
[INFO] [stderr]    Compiling getrandom v0.2.17
[INFO] [stderr]    Compiling errno v0.3.14
[INFO] [stderr]    Compiling mio v1.2.3
[INFO] [stderr]    Compiling socket2 v0.6.5
[INFO] [stderr]    Compiling futures-sink v0.3.34
[INFO] [stderr]    Compiling getrandom v0.3.4
[INFO] [stderr]    Compiling futures-channel v0.3.34
[INFO] [stderr]    Compiling serde_json v1.0.151
[INFO] [stderr]    Compiling thiserror v2.0.21
[INFO] [stderr]    Compiling rustls-pki-types v1.15.1
[INFO] [stderr]    Compiling proc-macro2 v1.0.107
[INFO] [stderr]    Compiling futures-util v0.3.34
[INFO] [stderr]    Compiling signal-hook-registry v1.4.8
[INFO] [stderr]    Compiling rand_core v0.9.5
[INFO] [stderr]    Compiling rustix v1.1.5
[INFO] [stderr]    Compiling inotify-sys v0.1.8
[INFO] [stderr]    Compiling time-core v0.1.9
[INFO] [stderr]    Compiling num-conv v0.2.2
[INFO] [stderr]    Compiling parking_lot_core v0.9.12
[INFO] [stderr]    Compiling rand_core v0.6.4
[INFO] [stderr]    Compiling sha1 v0.10.7
[INFO] [stderr]    Compiling parking_lot v0.12.5
[INFO] [stderr]    Compiling time-macros v0.2.32
[INFO] [stderr]    Compiling deranged v0.5.8
[INFO] [stderr]    Compiling is-docker v0.2.0
[INFO] [stderr]    Compiling quote v1.0.47
[INFO] [stderr]    Compiling winnow v1.0.4
[INFO] [stderr]    Compiling webpki-roots v1.0.9
[INFO] [stderr]    Compiling clap_lex v1.1.1
[INFO] [stderr]    Compiling data-encoding v2.11.1
[INFO] [stderr]    Compiling syn v3.0.6
[INFO] [stderr]    Compiling toml_parser v1.1.3+spec-1.1.0
[INFO] [stderr]    Compiling clap_builder v4.6.7
[INFO] [stderr]    Compiling webpki-roots v0.26.11
[INFO] [stderr]    Compiling is-wsl v0.4.0
[INFO] [stderr]    Compiling inotify v0.11.5
[INFO] [stderr]    Compiling notify-types v2.1.0
[INFO] [stderr]    Compiling filetime v0.2.29
[INFO] [stderr]    Compiling toml_datetime v0.7.5+spec-1.1.0
[INFO] [stderr]    Compiling serde_spanned v1.1.1
[INFO] [stderr]    Compiling toml_writer v1.1.2+spec-1.1.0
[INFO] [stderr]    Compiling winnow v0.7.15
[INFO] [stderr]    Compiling ring v0.17.14
[INFO] [stderr]    Compiling notify v8.2.0
[INFO] [stderr]    Compiling open v5.4.4
[INFO] [stderr]    Compiling keyring v3.6.3
[INFO] [stderr]    Compiling dotenvy v0.15.7
[INFO] [stderr]    Compiling xattr v1.6.1
[INFO] [stderr]    Compiling time v0.3.55
[INFO] [stderr]    Compiling tar v0.4.46
[INFO] [stderr]    Compiling toml v0.9.12+spec-1.1.0
[INFO] [stderr]    Compiling synstructure v0.14.0
[INFO] [stderr]    Compiling zerofrom-derive v0.1.8
[INFO] [stderr]    Compiling yoke-derive v0.8.3
[INFO] [stderr]    Compiling zerovec-derive v0.11.6
[INFO] [stderr]    Compiling displaydoc v0.2.7
[INFO] [stderr]    Compiling tokio-macros v2.7.2
[INFO] [stderr]    Compiling serde_derive v1.0.229
[INFO] [stderr]    Compiling thiserror-impl v2.0.21
[INFO] [stderr]    Compiling clap_derive v4.6.7
[INFO] [stderr]    Compiling tokio v1.53.1
[INFO] [stderr]    Compiling zerofrom v0.1.8
[INFO] [stderr]    Compiling yoke v0.8.3
[INFO] [stderr]    Compiling zerovec v0.11.8
[INFO] [stderr]    Compiling zerotrie v0.2.5
[INFO] [stderr]    Compiling ppv-lite86 v0.2.21
[INFO] [stderr]    Compiling rand_chacha v0.9.0
[INFO] [stderr]    Compiling rand_chacha v0.3.1
[INFO] [stderr]    Compiling clap v4.6.7
[INFO] [stderr]    Compiling tinystr v0.8.4
[INFO] [stderr]    Compiling potential_utf v0.1.6
[INFO] [stderr]    Compiling icu_locale_core v2.3.0
[INFO] [stderr]    Compiling rand v0.9.5
[INFO] [stderr]    Compiling icu_collections v2.3.0
[INFO] [stderr]    Compiling rand v0.8.8
[INFO] [stderr]    Compiling serde v1.0.229
[INFO] [stderr]    Compiling icu_provider v2.3.1
[INFO] [stderr]    Compiling icu_normalizer v2.3.0
[INFO] [stderr]    Compiling icu_properties v2.3.0
[INFO] [stderr]    Compiling serde_urlencoded v0.7.1
[INFO] [stderr]    Compiling semora-proto v0.4.1
[INFO] [stderr]    Compiling idna_adapter v1.2.2
[INFO] [stderr]    Compiling idna v1.1.0
[INFO] [stderr]    Compiling url v2.5.8
[INFO] [stderr]    Compiling hyper v1.11.1
[INFO] [stderr]    Compiling tower v0.5.3
[INFO] [stderr]    Compiling tower-http v0.6.11
[INFO] [stderr]    Compiling hyper-util v0.1.21
[INFO] [stderr]    Compiling rustls-webpki v0.103.15
[INFO] [stderr]    Compiling tokio-rustls v0.26.5
[INFO] [stderr]    Compiling tungstenite v0.29.0
[INFO] [stderr]    Compiling hyper-rustls v0.27.10
[INFO] [stderr]    Compiling reqwest v0.12.28
[INFO] [stderr]    Compiling tokio-tungstenite v0.29.0
[INFO] [stderr]    Compiling semora-cli v0.4.1 (/opt/rustwide/workdir)
[INFO] [stderr] warning: unused dependency `keyring`
[INFO] [stderr]   --> Cargo.toml:23:15
[INFO] [stderr]    |
[INFO] [stderr] 23 | [dependencies.keyring]
[INFO] [stderr]    |               ^^^^^^^^
[INFO] [stderr]    |
[INFO] [stderr]    = note: `cargo::unused_dependencies` is set to `warn` by default
[INFO] [stderr] help: consider removing the dependency on `keyring`
[INFO] [stderr] warning: `semora-cli` (manifest) generated 1 warning
[INFO] [stderr]     Finished `release` profile [optimized] target(s) in 1m 22s
[INFO] running `Command { std: "docker" "inspect" "74f86e0a5d15646702473debc0bcf5fcfbb4a94a71402b944d9b09f8c5732fab", kill_on_drop: false }`
[INFO] running `Command { std: "docker" "exec" "-e" "SOURCE_DIR=/opt/rustwide/workdir" "-e" "CARGO_HOME=/opt/rustwide/cargo-home" "-e" "RUSTUP_HOME=/opt/rustwide/rustup-home" "-e" "CARGO_TARGET_DIR=/opt/rustwide/target" "-e" "CARGO_INCREMENTAL=0" "-e" "RUST_BACKTRACE=full" "-e" "RUSTFLAGS=--cap-lints=warn" "-e" "RUSTDOCFLAGS=--cap-lints=warn" "-w" "/opt/rustwide/workdir" "--user" "0:0" "74f86e0a5d15646702473debc0bcf5fcfbb4a94a71402b944d9b09f8c5732fab" "/opt/rustwide/cargo-home/bin/cargo" "+1.100.0-beta.1" "test" "--frozen" "--no-run" "--message-format=json" "--release", kill_on_drop: false }`
[INFO] [stderr]    Compiling serde_core v1.0.229
[INFO] [stderr]    Compiling tracing v0.1.44
[INFO] [stderr]    Compiling tokio v1.53.1
[INFO] [stderr]    Compiling rustix v1.1.5
[INFO] [stderr]    Compiling serde_json v1.0.151
[INFO] [stderr]    Compiling getrandom v0.4.3
[INFO] [stderr]    Compiling fastrand v2.5.0
[INFO] [stderr]    Compiling axum-core v0.5.6
[INFO] [stderr]    Compiling xattr v1.6.1
[INFO] [stderr]    Compiling tempfile v3.27.0
[INFO] [stderr]    Compiling serde v1.0.229
[INFO] [stderr]    Compiling deranged v0.5.8
[INFO] [stderr]    Compiling serde_spanned v1.1.1
[INFO] [stderr]    Compiling toml_datetime v0.7.5+spec-1.1.0
[INFO] [stderr]    Compiling serde_path_to_error v0.1.20
[INFO] [stderr]    Compiling tar v0.4.46
[INFO] [stderr]    Compiling toml v0.9.12+spec-1.1.0
[INFO] [stderr]    Compiling url v2.5.8
[INFO] [stderr]    Compiling serde_urlencoded v0.7.1
[INFO] [stderr]    Compiling time v0.3.55
[INFO] [stderr]    Compiling hyper v1.11.1
[INFO] [stderr]    Compiling tokio-rustls v0.26.5
[INFO] [stderr]    Compiling tower v0.5.3
[INFO] [stderr]    Compiling tokio-tungstenite v0.29.0
[INFO] [stderr]    Compiling tower-http v0.6.11
[INFO] [stderr]    Compiling hyper-util v0.1.21
[INFO] [stderr]    Compiling semora-proto v0.4.1
[INFO] [stderr]    Compiling hyper-rustls v0.27.10
[INFO] [stderr]    Compiling axum v0.8.9
[INFO] [stderr]    Compiling reqwest v0.12.28
[INFO] [stderr]    Compiling semora-cli v0.4.1 (/opt/rustwide/workdir)
[INFO] [stdout] error[E0433]: cannot find module or crate `semora_server` in this scope
[INFO] [stdout]  --> tests/common/mod.rs:9:5
[INFO] [stdout]   |
[INFO] [stdout] 9 | use semora_server::app::{self, AppState};
[INFO] [stdout]   |     ^^^^^^^^^^^^^ use of unresolved module or unlinked crate `semora_server`
[INFO] [stdout]   |
[INFO] [stdout]   = help: if you wanted to use a crate named `semora_server`, use `cargo add semora_server` to add it to your `Cargo.toml`
[INFO] [stdout] 
[INFO] [stdout] 
[INFO] [stdout] error[E0433]: cannot find module or crate `semora_server` in this scope
[INFO] [stdout]   --> tests/common/mod.rs:10:5
[INFO] [stdout]    |
[INFO] [stdout] 10 | use semora_server::auth::{apikey, users};
[INFO] [stdout]    |     ^^^^^^^^^^^^^ use of unresolved module or unlinked crate `semora_server`
[INFO] [stdout]    |
[INFO] [stdout]    = help: if you wanted to use a crate named `semora_server`, use `cargo add semora_server` to add it to your `Cargo.toml`
[INFO] [stdout] 
[INFO] [stdout] 
[INFO] [stdout] error[E0433]: cannot find module or crate `semora_server` in this scope
[INFO] [stdout]   --> tests/common/mod.rs:11:5
[INFO] [stdout]    |
[INFO] [stdout] 11 | use semora_server::config::Config;
[INFO] [stdout]    |     ^^^^^^^^^^^^^ use of unresolved module or unlinked crate `semora_server`
[INFO] [stdout]    |
[INFO] [stdout]    = help: if you wanted to use a crate named `semora_server`, use `cargo add semora_server` to add it to your `Cargo.toml`
[INFO] [stdout] 
[INFO] [stdout] 
[INFO] [stdout] error[E0433]: cannot find module or crate `semora_server` in this scope
[INFO] [stdout]  --> tests/project.rs:7:5
[INFO] [stdout]   |
[INFO] [stdout] 7 | use semora_server::auth::{apikey, users};
[INFO] [stdout]   |     ^^^^^^^^^^^^^ use of unresolved module or unlinked crate `semora_server`
[INFO] [stdout]   |
[INFO] [stdout]   = help: if you wanted to use a crate named `semora_server`, use `cargo add semora_server` to add it to your `Cargo.toml`
[INFO] [stdout] 
[INFO] [stdout] 
[INFO] [stdout] error[E0433]: cannot find module or crate `semora_server` in this scope
[INFO] [stdout]  --> tests/common/mod.rs:9:5
[INFO] [stdout]   |
[INFO] [stdout] 9 | use semora_server::app::{self, AppState};
[INFO] [stdout]   |     ^^^^^^^^^^^^^ use of unresolved module or unlinked crate `semora_server`
[INFO] [stdout]   |
[INFO] [stdout]   = help: if you wanted to use a crate named `semora_server`, use `cargo add semora_server` to add it to your `Cargo.toml`
[INFO] [stdout] 
[INFO] [stdout] 
[INFO] [stdout] error[E0433]: cannot find module or crate `semora_server` in this scope
[INFO] [stdout]   --> tests/common/mod.rs:10:5
[INFO] [stdout]    |
[INFO] [stdout] 10 | use semora_server::auth::{apikey, users};
[INFO] [stdout]    |     ^^^^^^^^^^^^^ use of unresolved module or unlinked crate `semora_server`
[INFO] [stdout]    |
[INFO] [stdout]    = help: if you wanted to use a crate named `semora_server`, use `cargo add semora_server` to add it to your `Cargo.toml`
[INFO] [stdout] 
[INFO] [stdout] 
[INFO] [stdout] error[E0433]: cannot find module or crate `semora_server` in this scope
[INFO] [stdout]   --> tests/common/mod.rs:11:5
[INFO] [stdout]    |
[INFO] [stdout] 11 | use semora_server::config::Config;
[INFO] [stdout]    |     ^^^^^^^^^^^^^ use of unresolved module or unlinked crate `semora_server`
[INFO] [stdout]    |
[INFO] [stdout]    = help: if you wanted to use a crate named `semora_server`, use `cargo add semora_server` to add it to your `Cargo.toml`
[INFO] [stdout] 
[INFO] [stdout] 
[INFO] [stdout] error[E0433]: cannot find module or crate `semora_server` in this scope
[INFO] [stdout]  --> tests/common/mod.rs:9:5
[INFO] [stdout]   |
[INFO] [stdout] 9 | use semora_server::app::{self, AppState};
[INFO] [stdout]   |     ^^^^^^^^^^^^^ use of unresolved module or unlinked crate `semora_server`
[INFO] [stdout]   |
[INFO] [stdout]   = help: if you wanted to use a crate named `semora_server`, use `cargo add semora_server` to add it to your `Cargo.toml`
[INFO] [stdout] 
[INFO] [stdout] 
[INFO] [stdout] error[E0433]: cannot find module or crate `semora_server` in this scope
[INFO] [stdout]   --> tests/common/mod.rs:10:5
[INFO] [stdout]    |
[INFO] [stdout] 10 | use semora_server::auth::{apikey, users};
[INFO] [stdout]    |     ^^^^^^^^^^^^^ use of unresolved module or unlinked crate `semora_server`
[INFO] [stdout]    |
[INFO] [stdout]    = help: if you wanted to use a crate named `semora_server`, use `cargo add semora_server` to add it to your `Cargo.toml`
[INFO] [stdout] 
[INFO] [stdout] 
[INFO] [stdout] error[E0433]: cannot find module or crate `semora_server` in this scope
[INFO] [stdout]   --> tests/common/mod.rs:11:5
[INFO] [stdout]    |
[INFO] [stdout] 11 | use semora_server::config::Config;
[INFO] [stdout]    |     ^^^^^^^^^^^^^ use of unresolved module or unlinked crate `semora_server`
[INFO] [stdout]    |
[INFO] [stdout]    = help: if you wanted to use a crate named `semora_server`, use `cargo add semora_server` to add it to your `Cargo.toml`
[INFO] [stdout] 
[INFO] [stdout] 
[INFO] [stdout] error[E0433]: cannot find module or crate `semora_server` in this scope
[INFO] [stdout]   --> tests/common/mod.rs:39:9
[INFO] [stdout]    |
[INFO] [stdout] 39 |         semora_server::routes::setup::mark_complete(&state, "Semora", false)
[INFO] [stdout]    |         ^^^^^^^^^^^^^ use of unresolved module or unlinked crate `semora_server`
[INFO] [stdout]    |
[INFO] [stdout]    = help: if you wanted to use a crate named `semora_server`, use `cargo add semora_server` to add it to your `Cargo.toml`
[INFO] [stdout] 
[INFO] [stdout] 
[INFO] [stdout] error[E0433]: cannot find module or crate `semora_server` in this scope
[INFO] [stdout]   --> tests/common/mod.rs:39:9
[INFO] [stdout]    |
[INFO] [stdout] 39 |         semora_server::routes::setup::mark_complete(&state, "Semora", false)
[INFO] [stdout]    |         ^^^^^^^^^^^^^ use of unresolved module or unlinked crate `semora_server`
[INFO] [stdout]    |
[INFO] [stdout]    = help: if you wanted to use a crate named `semora_server`, use `cargo add semora_server` to add it to your `Cargo.toml`
[INFO] [stdout] 
[INFO] [stdout] 
[INFO] [stdout] error[E0433]: cannot find module or crate `semora_server` in this scope
[INFO] [stdout]   --> tests/common/mod.rs:39:9
[INFO] [stdout]    |
[INFO] [stdout] 39 |         semora_server::routes::setup::mark_complete(&state, "Semora", false)
[INFO] [stdout]    |         ^^^^^^^^^^^^^ use of unresolved module or unlinked crate `semora_server`
[INFO] [stdout]    |
[INFO] [stdout]    = help: if you wanted to use a crate named `semora_server`, use `cargo add semora_server` to add it to your `Cargo.toml`
[INFO] [stdout] 
[INFO] [stdout] 
[INFO] [stdout] error[E0433]: cannot find module or crate `semora_server` in this scope
[INFO] [stdout]  --> tests/common/mod.rs:9:5
[INFO] [stdout]   |
[INFO] [stdout] 9 | use semora_server::app::{self, AppState};
[INFO] [stdout]   |     ^^^^^^^^^^^^^ use of unresolved module or unlinked crate `semora_server`
[INFO] [stdout]   |
[INFO] [stdout]   = help: if you wanted to use a crate named `semora_server`, use `cargo add semora_server` to add it to your `Cargo.toml`
[INFO] [stdout] 
[INFO] [stdout] 
[INFO] [stdout] error[E0433]: cannot find module or crate `semora_server` in this scope
[INFO] [stdout]   --> tests/common/mod.rs:10:5
[INFO] [stdout]    |
[INFO] [stdout] 10 | use semora_server::auth::{apikey, users};
[INFO] [stdout]    |     ^^^^^^^^^^^^^ use of unresolved module or unlinked crate `semora_server`
[INFO] [stdout]    |
[INFO] [stdout]    = help: if you wanted to use a crate named `semora_server`, use `cargo add semora_server` to add it to your `Cargo.toml`
[INFO] [stdout] 
[INFO] [stdout] 
[INFO] [stdout] error[E0433]: cannot find module or crate `semora_server` in this scope
[INFO] [stdout]   --> tests/common/mod.rs:11:5
[INFO] [stdout]    |
[INFO] [stdout] 11 | use semora_server::config::Config;
[INFO] [stdout]    |     ^^^^^^^^^^^^^ use of unresolved module or unlinked crate `semora_server`
[INFO] [stdout]    |
[INFO] [stdout]    = help: if you wanted to use a crate named `semora_server`, use `cargo add semora_server` to add it to your `Cargo.toml`
[INFO] [stdout] 
[INFO] [stdout] 
[INFO] [stdout] error[E0433]: cannot find module or crate `semora_server` in this scope
[INFO] [stdout]    --> tests/common/mod.rs:177:21
[INFO] [stdout]     |
[INFO] [stdout] 177 |         let token = semora_server::auth::session::create(
[INFO] [stdout]     |                     ^^^^^^^^^^^^^ use of unresolved module or unlinked crate `semora_server`
[INFO] [stdout]     |
[INFO] [stdout]     = help: if you wanted to use a crate named `semora_server`, use `cargo add semora_server` to add it to your `Cargo.toml`
[INFO] [stdout] 
[INFO] [stdout] 
[INFO] [stdout] error[E0433]: cannot find module or crate `semora_server` in this scope
[INFO] [stdout]    --> tests/common/mod.rs:177:21
[INFO] [stdout]     |
[INFO] [stdout] 177 |         let token = semora_server::auth::session::create(
[INFO] [stdout]     |                     ^^^^^^^^^^^^^ use of unresolved module or unlinked crate `semora_server`
[INFO] [stdout]     |
[INFO] [stdout]     = help: if you wanted to use a crate named `semora_server`, use `cargo add semora_server` to add it to your `Cargo.toml`
[INFO] [stdout] 
[INFO] [stdout] 
[INFO] [stdout] error[E0433]: cannot find module or crate `semora_server` in this scope
[INFO] [stdout]    --> tests/common/mod.rs:177:21
[INFO] [stdout]     |
[INFO] [stdout] 177 |         let token = semora_server::auth::session::create(
[INFO] [stdout]     |                     ^^^^^^^^^^^^^ use of unresolved module or unlinked crate `semora_server`
[INFO] [stdout]     |
[INFO] [stdout]     = help: if you wanted to use a crate named `semora_server`, use `cargo add semora_server` to add it to your `Cargo.toml`
[INFO] [stdout] 
[INFO] [stdout] 
[INFO] [stdout] error[E0433]: cannot find module or crate `semora_server` in this scope
[INFO] [stdout]    --> tests/common/mod.rs:185:20
[INFO] [stdout]     |
[INFO] [stdout] 185 |         let csrf = semora_server::auth::csrf::token_for(
[INFO] [stdout]     |                    ^^^^^^^^^^^^^ use of unresolved module or unlinked crate `semora_server`
[INFO] [stdout]     |
[INFO] [stdout]     = help: if you wanted to use a crate named `semora_server`, use `cargo add semora_server` to add it to your `Cargo.toml`
[INFO] [stdout] 
[INFO] [stdout] 
[INFO] [stdout] error[E0433]: cannot find module or crate `semora_server` in this scope
[INFO] [stdout]    --> tests/common/mod.rs:185:20
[INFO] [stdout]     |
[INFO] [stdout] 185 |         let csrf = semora_server::auth::csrf::token_for(
[INFO] [stdout]     |                    ^^^^^^^^^^^^^ use of unresolved module or unlinked crate `semora_server`
[INFO] [stdout]     |
[INFO] [stdout]     = help: if you wanted to use a crate named `semora_server`, use `cargo add semora_server` to add it to your `Cargo.toml`
[INFO] [stdout] 
[INFO] [stdout] 
[INFO] [stdout] error[E0433]: cannot find module or crate `semora_server` in this scope
[INFO] [stdout]    --> tests/common/mod.rs:185:20
[INFO] [stdout]     |
[INFO] [stdout] 185 |         let csrf = semora_server::auth::csrf::token_for(
[INFO] [stdout]     |                    ^^^^^^^^^^^^^ use of unresolved module or unlinked crate `semora_server`
[INFO] [stdout]     |
[INFO] [stdout]     = help: if you wanted to use a crate named `semora_server`, use `cargo add semora_server` to add it to your `Cargo.toml`
[INFO] [stdout] 
[INFO] [stdout] 
[INFO] [stdout] error[E0433]: cannot find module or crate `semora_server` in this scope
[INFO] [stdout]    --> tests/common/mod.rs:187:14
[INFO] [stdout]     |
[INFO] [stdout] 187 |             &semora_server::crypto::hash_token(&token),
[INFO] [stdout]     |              ^^^^^^^^^^^^^ use of unresolved module or unlinked crate `semora_server`
[INFO] [stdout]     |
[INFO] [stdout]     = help: if you wanted to use a crate named `semora_server`, use `cargo add semora_server` to add it to your `Cargo.toml`
[INFO] [stdout] 
[INFO] [stdout] 
[INFO] [stdout] error[E0433]: cannot find module or crate `semora_server` in this scope
[INFO] [stdout]    --> tests/common/mod.rs:187:14
[INFO] [stdout]     |
[INFO] [stdout] 187 |             &semora_server::crypto::hash_token(&token),
[INFO] [stdout]     |              ^^^^^^^^^^^^^ use of unresolved module or unlinked crate `semora_server`
[INFO] [stdout]     |
[INFO] [stdout]     = help: if you wanted to use a crate named `semora_server`, use `cargo add semora_server` to add it to your `Cargo.toml`
[INFO] [stdout] 
[INFO] [stdout] 
[INFO] [stdout] error[E0433]: cannot find module or crate `semora_server` in this scope
[INFO] [stdout]    --> tests/common/mod.rs:187:14
[INFO] [stdout]     |
[INFO] [stdout] 187 |             &semora_server::crypto::hash_token(&token),
[INFO] [stdout]     |              ^^^^^^^^^^^^^ use of unresolved module or unlinked crate `semora_server`
[INFO] [stdout]     |
[INFO] [stdout]     = help: if you wanted to use a crate named `semora_server`, use `cargo add semora_server` to add it to your `Cargo.toml`
[INFO] [stdout] 
[INFO] [stdout] 
[INFO] [stdout] error[E0433]: cannot find module or crate `semora_server` in this scope
[INFO] [stdout]    --> tests/common/mod.rs:195:21
[INFO] [stdout]     |
[INFO] [stdout] 195 |         let token = semora_server::auth::session::create(
[INFO] [stdout]     |                     ^^^^^^^^^^^^^ use of unresolved module or unlinked crate `semora_server`
[INFO] [stdout]     |
[INFO] [stdout]     = help: if you wanted to use a crate named `semora_server`, use `cargo add semora_server` to add it to your `Cargo.toml`
[INFO] [stdout] 
[INFO] [stdout] 
[INFO] [stdout] error[E0433]: cannot find module or crate `semora_server` in this scope
[INFO] [stdout]    --> tests/common/mod.rs:195:21
[INFO] [stdout]     |
[INFO] [stdout] 195 |         let token = semora_server::auth::session::create(
[INFO] [stdout]     |                     ^^^^^^^^^^^^^ use of unresolved module or unlinked crate `semora_server`
[INFO] [stdout]     |
[INFO] [stdout]     = help: if you wanted to use a crate named `semora_server`, use `cargo add semora_server` to add it to your `Cargo.toml`
[INFO] [stdout] 
[INFO] [stdout] 
[INFO] [stdout] error[E0433]: cannot find module or crate `semora_server` in this scope
[INFO] [stdout]    --> tests/common/mod.rs:195:21
[INFO] [stdout]     |
[INFO] [stdout] 195 |         let token = semora_server::auth::session::create(
[INFO] [stdout]     |                     ^^^^^^^^^^^^^ use of unresolved module or unlinked crate `semora_server`
[INFO] [stdout]     |
[INFO] [stdout]     = help: if you wanted to use a crate named `semora_server`, use `cargo add semora_server` to add it to your `Cargo.toml`
[INFO] [stdout] 
[INFO] [stdout] 
[INFO] [stdout] error[E0433]: cannot find module or crate `semora_server` in this scope
[INFO] [stdout]    --> tests/common/mod.rs:204:20
[INFO] [stdout]     |
[INFO] [stdout] 204 |         let csrf = semora_server::auth::csrf::token_for(
[INFO] [stdout]     |                    ^^^^^^^^^^^^^ use of unresolved module or unlinked crate `semora_server`
[INFO] [stdout]     |
[INFO] [stdout]     = help: if you wanted to use a crate named `semora_server`, use `cargo add semora_server` to add it to your `Cargo.toml`
[INFO] [stdout] 
[INFO] [stdout] 
[INFO] [stdout] error[E0433]: cannot find module or crate `semora_server` in this scope
[INFO] [stdout]    --> tests/common/mod.rs:204:20
[INFO] [stdout]     |
[INFO] [stdout] 204 |         let csrf = semora_server::auth::csrf::token_for(
[INFO] [stdout]     |                    ^^^^^^^^^^^^^ use of unresolved module or unlinked crate `semora_server`
[INFO] [stdout]     |
[INFO] [stdout]     = help: if you wanted to use a crate named `semora_server`, use `cargo add semora_server` to add it to your `Cargo.toml`
[INFO] [stdout] 
[INFO] [stdout] 
[INFO] [stdout] error[E0433]: cannot find module or crate `semora_server` in this scope
[INFO] [stdout]    --> tests/common/mod.rs:206:14
[INFO] [stdout]     |
[INFO] [stdout] 206 |             &semora_server::crypto::hash_token(&token),
[INFO] [stdout]     |              ^^^^^^^^^^^^^ use of unresolved module or unlinked crate `semora_server`
[INFO] [stdout]     |
[INFO] [stdout]     = help: if you wanted to use a crate named `semora_server`, use `cargo add semora_server` to add it to your `Cargo.toml`
[INFO] [stdout] 
[INFO] [stdout] 
[INFO] [stdout] error[E0433]: cannot find module or crate `semora_server` in this scope
[INFO] [stdout]    --> tests/common/mod.rs:206:14
[INFO] [stdout]     |
[INFO] [stdout] 206 |             &semora_server::crypto::hash_token(&token),
[INFO] [stdout]     |              ^^^^^^^^^^^^^ use of unresolved module or unlinked crate `semora_server`
[INFO] [stdout]     |
[INFO] [stdout]     = help: if you wanted to use a crate named `semora_server`, use `cargo add semora_server` to add it to your `Cargo.toml`
[INFO] [stdout] 
[INFO] [stdout] 
[INFO] [stdout] error[E0433]: cannot find module or crate `semora_server` in this scope
[INFO] [stdout]    --> tests/project.rs:786:19
[INFO] [stdout]     |
[INFO] [stdout] 786 |     let project = semora_server::projects::insert_project(
[INFO] [stdout]     |                   ^^^^^^^^^^^^^ use of unresolved module or unlinked crate `semora_server`
[INFO] [stdout]     |
[INFO] [stdout]     = help: if you wanted to use a crate named `semora_server`, use `cargo add semora_server` to add it to your `Cargo.toml`
[INFO] [stdout] 
[INFO] [stdout] 
[INFO] [stdout] error[E0433]: cannot find module or crate `semora_server` in this scope
[INFO] [stdout]    --> tests/project.rs:795:5
[INFO] [stdout]     |
[INFO] [stdout] 795 |     semora_server::collab::add_collaborator(
[INFO] [stdout]     |     ^^^^^^^^^^^^^ use of unresolved module or unlinked crate `semora_server`
[INFO] [stdout]     |
[INFO] [stdout]     = help: if you wanted to use a crate named `semora_server`, use `cargo add semora_server` to add it to your `Cargo.toml`
[INFO] [stdout] 
[INFO] [stdout] 
[INFO] [stdout] error[E0433]: cannot find module or crate `semora_server` in this scope
[INFO] [stdout]   --> tests/common/mod.rs:39:9
[INFO] [stdout]    |
[INFO] [stdout] 39 |         semora_server::routes::setup::mark_complete(&state, "Semora", false)
[INFO] [stdout]    |         ^^^^^^^^^^^^^ use of unresolved module or unlinked crate `semora_server`
[INFO] [stdout]    |
[INFO] [stdout]    = help: if you wanted to use a crate named `semora_server`, use `cargo add semora_server` to add it to your `Cargo.toml`
[INFO] [stdout] 
[INFO] [stdout] 
[INFO] [stdout] error[E0433]: cannot find module or crate `semora_server` in this scope
[INFO] [stdout]    --> tests/common/mod.rs:204:20
[INFO] [stdout]     |
[INFO] [stdout] 204 |         let csrf = semora_server::auth::csrf::token_for(
[INFO] [stdout]     |                    ^^^^^^^^^^^^^ use of unresolved module or unlinked crate `semora_server`
[INFO] [stdout]     |
[INFO] [stdout]     = help: if you wanted to use a crate named `semora_server`, use `cargo add semora_server` to add it to your `Cargo.toml`
[INFO] [stdout] 
[INFO] [stdout] 
[INFO] [stdout] error[E0433]: cannot find module or crate `semora_server` in this scope
[INFO] [stdout]    --> tests/common/mod.rs:206:14
[INFO] [stdout]     |
[INFO] [stdout] 206 |             &semora_server::crypto::hash_token(&token),
[INFO] [stdout]     |              ^^^^^^^^^^^^^ use of unresolved module or unlinked crate `semora_server`
[INFO] [stdout]     |
[INFO] [stdout]     = help: if you wanted to use a crate named `semora_server`, use `cargo add semora_server` to add it to your `Cargo.toml`
[INFO] [stdout] 
[INFO] [stdout] 
[INFO] [stdout] error[E0433]: cannot find module or crate `semora_server` in this scope
[INFO] [stdout]    --> tests/common/mod.rs:177:21
[INFO] [stdout]     |
[INFO] [stdout] 177 |         let token = semora_server::auth::session::create(
[INFO] [stdout]     |                     ^^^^^^^^^^^^^ use of unresolved module or unlinked crate `semora_server`
[INFO] [stdout]     |
[INFO] [stdout]     = help: if you wanted to use a crate named `semora_server`, use `cargo add semora_server` to add it to your `Cargo.toml`
[INFO] [stdout] 
[INFO] [stdout] 
[INFO] [stdout] error[E0433]: cannot find module or crate `semora_server` in this scope
[INFO] [stdout]    --> tests/common/mod.rs:185:20
[INFO] [stdout]     |
[INFO] [stdout] 185 |         let csrf = semora_server::auth::csrf::token_for(
[INFO] [stdout]     |                    ^^^^^^^^^^^^^ use of unresolved module or unlinked crate `semora_server`
[INFO] [stdout]     |
[INFO] [stdout]     = help: if you wanted to use a crate named `semora_server`, use `cargo add semora_server` to add it to your `Cargo.toml`
[INFO] [stdout] 
[INFO] [stdout] 
[INFO] [stdout] For more information about this error, try `rustc --explain E0433`.
[INFO] [stdout] 
[INFO] [stderr] error: could not compile `semora-cli` (test "watch") due to 10 previous errors
[INFO] [stderr] warning: build failed, waiting for other jobs to finish...
[INFO] [stdout] error[E0433]: cannot find module or crate `semora_server` in this scope
[INFO] [stdout]    --> tests/common/mod.rs:187:14
[INFO] [stdout]     |
[INFO] [stdout] 187 |             &semora_server::crypto::hash_token(&token),
[INFO] [stdout]     |              ^^^^^^^^^^^^^ use of unresolved module or unlinked crate `semora_server`
[INFO] [stdout]     |
[INFO] [stdout]     = help: if you wanted to use a crate named `semora_server`, use `cargo add semora_server` to add it to your `Cargo.toml`
[INFO] [stdout] 
[INFO] [stdout] 
[INFO] [stdout] error[E0433]: cannot find module or crate `semora_server` in this scope
[INFO] [stdout]    --> tests/common/mod.rs:195:21
[INFO] [stdout]     |
[INFO] [stdout] 195 |         let token = semora_server::auth::session::create(
[INFO] [stdout]     |                     ^^^^^^^^^^^^^ use of unresolved module or unlinked crate `semora_server`
[INFO] [stdout]     |
[INFO] [stdout]     = help: if you wanted to use a crate named `semora_server`, use `cargo add semora_server` to add it to your `Cargo.toml`
[INFO] [stdout] 
[INFO] [stdout] 
[INFO] [stdout] For more information about this error, try `rustc --explain E0433`.
[INFO] [stdout] 
[INFO] [stdout] error[E0433]: cannot find module or crate `semora_server` in this scope
[INFO] [stdout]    --> tests/common/mod.rs:204:20
[INFO] [stdout]     |
[INFO] [stdout] 204 |         let csrf = semora_server::auth::csrf::token_for(
[INFO] [stdout]     |                    ^^^^^^^^^^^^^ use of unresolved module or unlinked crate `semora_server`
[INFO] [stdout]     |
[INFO] [stdout]     = help: if you wanted to use a crate named `semora_server`, use `cargo add semora_server` to add it to your `Cargo.toml`
[INFO] [stdout] 
[INFO] [stdout] 
[INFO] [stderr] error: could not compile `semora-cli` (test "login") due to 10 previous errors
[INFO] [stdout] error[E0433]: cannot find module or crate `semora_server` in this scope
[INFO] [stdout]    --> tests/common/mod.rs:206:14
[INFO] [stdout]     |
[INFO] [stdout] 206 |             &semora_server::crypto::hash_token(&token),
[INFO] [stdout]     |              ^^^^^^^^^^^^^ use of unresolved module or unlinked crate `semora_server`
[INFO] [stdout]     |
[INFO] [stdout]     = help: if you wanted to use a crate named `semora_server`, use `cargo add semora_server` to add it to your `Cargo.toml`
[INFO] [stdout] 
[INFO] [stdout] 
[INFO] [stdout] For more information about this error, try `rustc --explain E0433`.
[INFO] [stdout] 
[INFO] [stderr] error: could not compile `semora-cli` (test "project") due to 13 previous errors
[INFO] [stdout] For more information about this error, try `rustc --explain E0433`.
[INFO] [stdout] 
[INFO] [stderr] error: could not compile `semora-cli` (test "project_map") due to 10 previous errors
[INFO] running `Command { std: "docker" "inspect" "74f86e0a5d15646702473debc0bcf5fcfbb4a94a71402b944d9b09f8c5732fab", kill_on_drop: false }`
[INFO] running `Command { std: "docker" "rm" "-f" "74f86e0a5d15646702473debc0bcf5fcfbb4a94a71402b944d9b09f8c5732fab", kill_on_drop: false }`
[INFO] [stdout] 74f86e0a5d15646702473debc0bcf5fcfbb4a94a71402b944d9b09f8c5732fab
