[INFO] fetching crate semiont-http-transport 0.6.13...
[INFO] testing semiont-http-transport-0.6.13 against 1.99.0-beta.8+cargoflags=--release for beta-release-1.100-2
[INFO] extracting crate semiont-http-transport 0.6.13 into /workspace/builds/worker-5-tc1/source
[INFO] started tweaking crates.io crate semiont-http-transport 0.6.13
[INFO] removed 0 missing tests
[INFO] finished tweaking crates.io crate semiont-http-transport 0.6.13
[INFO] tweaked toml for crates.io crate semiont-http-transport 0.6.13 written to /workspace/builds/worker-5-tc1/source/Cargo.toml
[INFO] validating manifest of crates.io crate semiont-http-transport 0.6.13 on toolchain 1.99.0-beta.8
[INFO] running `Command { std: CARGO_HOME="/workspace/cargo-home" RUSTUP_HOME="/workspace/rustup-home" "/workspace/cargo-home/bin/cargo" "+1.99.0-beta.8" "metadata" "--manifest-path" "Cargo.toml" "--no-deps", kill_on_drop: false }`
[INFO] crate crates.io crate semiont-http-transport 0.6.13 already has a lockfile, it will not be regenerated
[INFO] running `Command { std: CARGO_HOME="/workspace/cargo-home" RUSTUP_HOME="/workspace/rustup-home" "/workspace/cargo-home/bin/cargo" "+1.99.0-beta.8" "fetch" "--manifest-path" "Cargo.toml", kill_on_drop: false }`
[INFO] [stderr]     Blocking waiting for file lock on package cache
[INFO] [stderr]     Updating crates.io index
[INFO] [stderr]  Downloading crates ...
[INFO] [stderr]   Downloaded semiont-codegen v0.6.13
[INFO] [stderr]   Downloaded semiont-telemetry v0.6.13
[INFO] [stderr]   Downloaded uuid v1.28.0
[INFO] [stderr]   Downloaded rustls-platform-verifier-android v0.2.0
[INFO] [stderr]   Downloaded hyper-rustls v0.27.10
[INFO] [stderr]   Downloaded rustls-platform-verifier v0.7.1
[INFO] [stderr]   Downloaded opentelemetry v0.33.0
[INFO] [stderr]   Downloaded hyper v1.12.0
[INFO] [stderr]   Downloaded opentelemetry_sdk v0.33.0
[INFO] [stderr]   Downloaded rustls v0.23.45
[INFO] [stderr]   Downloaded semiont v0.6.13
[INFO] [stderr]   Downloaded tokio v1.53.2
[INFO] running `Command { std: "docker" "create" "-v" "/var/lib/crater-agent-workspace/builds/worker-5-tc1/source:/opt/rustwide/workdir:ro,Z" "-v" "/var/lib/crater-agent-workspace/builds/worker-5-tc1/target:/opt/rustwide/target:rw,Z" "-v" "/var/lib/crater-agent-workspace/cargo-home:/opt/rustwide/cargo-home:ro,Z" "-v" "/var/lib/crater-agent-workspace/rustup-home:/opt/rustwide/rustup-home:ro,Z" "-m" "1610612736" "--network" "none" "ghcr.io/rust-lang/crates-build-env/linux@sha256:77db811e55d90add9212f6832c23229e3de5f1c1f9905e8cb07319ea15df73ac" "sleep" "infinity", kill_on_drop: false }`
[INFO] [stdout] 73bd1992ce566c0ba8bb4dbeb6d809fa06c27e5fb8e4ce29de32c122fa7e21ab
[INFO] running `Command { std: "docker" "start" "73bd1992ce566c0ba8bb4dbeb6d809fa06c27e5fb8e4ce29de32c122fa7e21ab", kill_on_drop: false }`
[INFO] running `Command { std: "docker" "inspect" "73bd1992ce566c0ba8bb4dbeb6d809fa06c27e5fb8e4ce29de32c122fa7e21ab", kill_on_drop: false }`
[INFO] running `Command { std: "docker" "exec" "-e" "SOURCE_DIR=/opt/rustwide/workdir" "-e" "CARGO_HOME=/opt/rustwide/cargo-home" "-e" "RUSTUP_HOME=/opt/rustwide/rustup-home" "-e" "CARGO_TARGET_DIR=/opt/rustwide/target" "-w" "/opt/rustwide/workdir" "--user" "0:0" "73bd1992ce566c0ba8bb4dbeb6d809fa06c27e5fb8e4ce29de32c122fa7e21ab" "/opt/rustwide/cargo-home/bin/cargo" "+1.99.0-beta.8" "metadata" "--no-deps" "--format-version=1", kill_on_drop: false }`
[INFO] running `Command { std: "docker" "inspect" "73bd1992ce566c0ba8bb4dbeb6d809fa06c27e5fb8e4ce29de32c122fa7e21ab", kill_on_drop: false }`
[INFO] running `Command { std: "docker" "exec" "-e" "SOURCE_DIR=/opt/rustwide/workdir" "-e" "CARGO_HOME=/opt/rustwide/cargo-home" "-e" "RUSTUP_HOME=/opt/rustwide/rustup-home" "-e" "CARGO_TARGET_DIR=/opt/rustwide/target" "-e" "CARGO_INCREMENTAL=0" "-e" "RUST_BACKTRACE=full" "-e" "RUSTFLAGS=--cap-lints=warn" "-e" "RUSTDOCFLAGS=--cap-lints=warn" "-w" "/opt/rustwide/workdir" "--user" "0:0" "73bd1992ce566c0ba8bb4dbeb6d809fa06c27e5fb8e4ce29de32c122fa7e21ab" "/opt/rustwide/cargo-home/bin/cargo" "+1.99.0-beta.8" "build" "--frozen" "--message-format=json" "--release", kill_on_drop: false }`
[INFO] [stderr]    Compiling futures-core v0.3.34
[INFO] [stderr]    Compiling stable_deref_trait v1.2.1
[INFO] [stderr]    Compiling futures-sink v0.3.34
[INFO] [stderr]    Compiling bytes v1.12.1
[INFO] [stderr]    Compiling memchr v2.8.3
[INFO] [stderr]    Compiling writeable v0.6.4
[INFO] [stderr]    Compiling litemap v0.8.3
[INFO] [stderr]    Compiling utf8_iter v1.0.4
[INFO] [stderr]    Compiling icu_properties_data v2.3.0
[INFO] [stderr]    Compiling smallvec v1.16.2
[INFO] [stderr]    Compiling icu_normalizer_data v2.3.0
[INFO] [stderr]    Compiling serde_core v1.0.229
[INFO] [stderr]    Compiling zmij v1.0.23
[INFO] [stderr]    Compiling serde_json v1.0.151
[INFO] [stderr]    Compiling syn v3.0.6
[INFO] [stderr]    Compiling socket2 v0.6.5
[INFO] [stderr]    Compiling mio v1.2.3
[INFO] [stderr]    Compiling futures-io v0.3.34
[INFO] [stderr]    Compiling equivalent v1.0.2
[INFO] [stderr]    Compiling futures-task v0.3.34
[INFO] [stderr]    Compiling futures-channel v0.3.34
[INFO] [stderr]    Compiling percent-encoding v2.3.2
[INFO] [stderr]    Compiling hashbrown v0.17.1
[INFO] [stderr]    Compiling itoa v1.0.18
[INFO] [stderr]    Compiling ring v0.17.14
[INFO] [stderr]    Compiling getrandom v0.4.3
[INFO] [stderr]    Compiling httparse v1.10.1
[INFO] [stderr]    Compiling serde v1.0.229
[INFO] [stderr]    Compiling tower-service v0.3.3
[INFO] [stderr]    Compiling try-lock v0.2.5
[INFO] [stderr]    Compiling thiserror v2.0.21
[INFO] [stderr]    Compiling base64 v0.23.1
[INFO] [stderr]    Compiling want v0.3.2
[INFO] [stderr]    Compiling form_urlencoded v1.2.2
[INFO] [stderr]    Compiling getrandom v0.2.17
[INFO] [stderr]    Compiling sync_wrapper v1.0.2
[INFO] [stderr]    Compiling untrusted v0.9.0
[INFO] [stderr]    Compiling tower-layer v0.3.3
[INFO] [stderr]    Compiling atomic-waker v1.1.2
[INFO] [stderr]    Compiling uuid v1.28.0
[INFO] [stderr]    Compiling tracing v0.1.44
[INFO] [stderr]    Compiling ipnet v2.12.2
[INFO] [stderr]    Compiling http v1.5.0
[INFO] [stderr]    Compiling indexmap v2.14.2
[INFO] [stderr]    Compiling http-body v1.1.0
[INFO] [stderr]    Compiling http-body-util v0.1.5
[INFO] [stderr]    Compiling semiont-codegen v0.6.13
[INFO] [stderr]    Compiling semiont v0.6.13
[INFO] [stderr]    Compiling synstructure v0.14.0
[INFO] [stderr]    Compiling zerovec-derive v0.11.6
[INFO] [stderr]    Compiling displaydoc v0.2.7
[INFO] [stderr]    Compiling tokio-macros v2.7.2
[INFO] [stderr]    Compiling futures-macro v0.3.34
[INFO] [stderr]    Compiling serde_derive v1.0.229
[INFO] [stderr]    Compiling thiserror-impl v2.0.21
[INFO] [stderr]    Compiling zerofrom-derive v0.1.8
[INFO] [stderr]    Compiling yoke-derive v0.8.4
[INFO] [stderr]    Compiling tokio v1.53.2
[INFO] [stderr]    Compiling futures-util v0.3.34
[INFO] [stderr]    Compiling zerofrom v0.1.8
[INFO] [stderr]    Compiling opentelemetry v0.33.0
[INFO] [stderr]    Compiling yoke v0.8.3
[INFO] [stderr]    Compiling zerovec v0.11.8
[INFO] [stderr]    Compiling zerotrie v0.2.5
[INFO] [stderr]    Compiling tinystr v0.8.4
[INFO] [stderr]    Compiling potential_utf v0.1.6
[INFO] [stderr]    Compiling icu_collections v2.3.0
[INFO] [stderr]    Compiling icu_locale_core v2.3.0
[INFO] [stderr]    Compiling icu_provider v2.3.1
[INFO] [stderr]    Compiling icu_normalizer v2.3.0
[INFO] [stderr]    Compiling icu_properties v2.3.0
[INFO] [stderr]    Compiling futures-executor v0.3.34
[INFO] [stderr]    Compiling futures v0.3.34
[INFO] [stderr]    Compiling tokio-util v0.7.19
[INFO] [stderr]    Compiling hyper v1.12.0
[INFO] [stderr]    Compiling tower v0.5.3
[INFO] [stderr]    Compiling tokio-stream v0.1.19
[INFO] [stderr]    Compiling idna_adapter v1.2.2
[INFO] [stderr]    Compiling idna v1.1.0
[INFO] [stderr]    Compiling url v2.5.8
[INFO] [stderr]    Compiling hyper-util v0.1.21
[INFO] [stderr]    Compiling tower-http v0.6.11
[INFO] [stderr]    Compiling reqwest v0.13.5
[INFO] [stderr]    Compiling semiont-telemetry v0.6.13
[INFO] [stderr]    Compiling semiont-http-transport v0.6.13 (/opt/rustwide/workdir)
[INFO] [stderr]     Finished `release` profile [optimized] target(s) in 1m 58s
[INFO] running `Command { std: "docker" "inspect" "73bd1992ce566c0ba8bb4dbeb6d809fa06c27e5fb8e4ce29de32c122fa7e21ab", kill_on_drop: false }`
[INFO] running `Command { std: "docker" "exec" "-e" "SOURCE_DIR=/opt/rustwide/workdir" "-e" "CARGO_HOME=/opt/rustwide/cargo-home" "-e" "RUSTUP_HOME=/opt/rustwide/rustup-home" "-e" "CARGO_TARGET_DIR=/opt/rustwide/target" "-e" "CARGO_INCREMENTAL=0" "-e" "RUST_BACKTRACE=full" "-e" "RUSTFLAGS=--cap-lints=warn" "-e" "RUSTDOCFLAGS=--cap-lints=warn" "-w" "/opt/rustwide/workdir" "--user" "0:0" "73bd1992ce566c0ba8bb4dbeb6d809fa06c27e5fb8e4ce29de32c122fa7e21ab" "/opt/rustwide/cargo-home/bin/cargo" "+1.99.0-beta.8" "test" "--frozen" "--no-run" "--message-format=json" "--release", kill_on_drop: false }`
[INFO] [stderr]    Compiling zerocopy v0.8.59
[INFO] [stderr]    Compiling serde_core v1.0.229
[INFO] [stderr]    Compiling zeroize v1.9.0
[INFO] [stderr]    Compiling tokio v1.53.2
[INFO] [stderr]    Compiling serde_json v1.0.151
[INFO] [stderr]    Compiling rustls v0.23.45
[INFO] [stderr]    Compiling httpdate v1.0.3
[INFO] [stderr]    Compiling semiont v0.6.13
[INFO] [stderr]    Compiling openssl-probe v0.2.1
[INFO] [stderr]    Compiling opentelemetry v0.33.0
[INFO] [stderr]    Compiling futures-executor v0.3.34
[INFO] [stderr]    Compiling mime v0.3.17
[INFO] [stderr]    Compiling matchit v0.8.4
[INFO] [stderr]    Compiling axum-core v0.5.6
[INFO] [stderr]    Compiling futures v0.3.34
[INFO] [stderr]    Compiling rustls-pki-types v1.15.1
[INFO] [stderr]    Compiling rustls-webpki v0.103.15
[INFO] [stderr]    Compiling rustls-native-certs v0.8.4
[INFO] [stderr]    Compiling serde v1.0.229
[INFO] [stderr]    Compiling serde_path_to_error v0.1.20
[INFO] [stderr]    Compiling ppv-lite86 v0.2.21
[INFO] [stderr]    Compiling tokio-util v0.7.19
[INFO] [stderr]    Compiling hyper v1.12.0
[INFO] [stderr]    Compiling tower v0.5.3
[INFO] [stderr]    Compiling tokio-rustls v0.26.5
[INFO] [stderr]    Compiling rustls-platform-verifier v0.7.1
[INFO] [stderr]    Compiling rand_chacha v0.9.0
[INFO] [stderr]    Compiling rand v0.9.5
[INFO] [stderr]    Compiling tokio-stream v0.1.19
[INFO] [stderr]    Compiling tower-http v0.6.11
[INFO] [stderr]    Compiling proptest v1.11.0
[INFO] [stderr]    Compiling hyper-util v0.1.21
[INFO] [stderr]    Compiling opentelemetry_sdk v0.33.0
[INFO] [stderr]    Compiling hyper-rustls v0.27.10
[INFO] [stderr]    Compiling axum v0.8.9
[INFO] [stderr]    Compiling reqwest v0.13.5
[INFO] [stderr]    Compiling semiont-telemetry v0.6.13
[INFO] [stderr]    Compiling semiont-http-transport v0.6.13 (/opt/rustwide/workdir)
[INFO] [stdout] error: couldn't read `tests/../../../docs/builder/skills/semiont-worker/SKILL.md`: No such file or directory (os error 2)
[INFO] [stdout]     --> tests/sign_in.rs:2971:9
[INFO] [stdout]      |
[INFO] [stdout] 2971 |         include_str!("../../../docs/builder/skills/semiont-worker/SKILL.md"),
[INFO] [stdout]      |         ^^^^^^^^^^^^^^^^^^^^^^^^^^^^^^^^^^^^^^^^^^^^^^^^^^^^^^^^^^^^^^^^^^^^
[INFO] [stdout] 
[INFO] [stdout] 
[INFO] [stdout] error[E0432]: unresolved import `semiont_http_transport::discovery`
[INFO] [stdout]   --> tests/sign_in.rs:45:29
[INFO] [stdout]    |
[INFO] [stdout] 45 | use semiont_http_transport::discovery::http_discovery;
[INFO] [stdout]    |                             ^^^^^^^^^ could not find `discovery` in `semiont_http_transport`
[INFO] [stdout]    |
[INFO] [stdout] note: found an item that was configured out
[INFO] [stdout]   --> src/lib.rs:25:9
[INFO] [stdout]    |
[INFO] [stdout] 24 | #[cfg(feature = "sign-in")]
[INFO] [stdout]    |       ------------------- the item is gated behind the `sign-in` feature
[INFO] [stdout] 25 | pub mod discovery;
[INFO] [stdout]    |         ^^^^^^^^^
[INFO] [stdout] 
[INFO] [stdout] 
[INFO] [stdout] error[E0432]: unresolved import `semiont_http_transport::loopback`
[INFO] [stdout]   --> tests/sign_in.rs:46:29
[INFO] [stdout]    |
[INFO] [stdout] 46 | use semiont_http_transport::loopback::LoopbackRedirect;
[INFO] [stdout]    |                             ^^^^^^^^ could not find `loopback` in `semiont_http_transport`
[INFO] [stdout]    |
[INFO] [stdout] note: found an item that was configured out
[INFO] [stdout]   --> src/lib.rs:27:9
[INFO] [stdout]    |
[INFO] [stdout] 26 | #[cfg(feature = "sign-in")]
[INFO] [stdout]    |       ------------------- the item is gated behind the `sign-in` feature
[INFO] [stdout] 27 | pub mod loopback;
[INFO] [stdout]    |         ^^^^^^^^
[INFO] [stdout] 
[INFO] [stdout] 
[INFO] [stdout] error[E0432]: unresolved import `semiont_http_transport::oauth`
[INFO] [stdout]   --> tests/sign_in.rs:47:29
[INFO] [stdout]    |
[INFO] [stdout] 47 | use semiont_http_transport::oauth::{
[INFO] [stdout]    |                             ^^^^^ could not find `oauth` in `semiont_http_transport`
[INFO] [stdout]    |
[INFO] [stdout] note: found an item that was configured out
[INFO] [stdout]   --> src/lib.rs:29:9
[INFO] [stdout]    |
[INFO] [stdout] 28 | #[cfg(feature = "sign-in")]
[INFO] [stdout]    |       ------------------- the item is gated behind the `sign-in` feature
[INFO] [stdout] 29 | pub mod oauth;
[INFO] [stdout]    |         ^^^^^
[INFO] [stdout] 
[INFO] [stdout] 
[INFO] [stdout] error[E0432]: unresolved import `semiont_http_transport::session`
[INFO] [stdout]   --> tests/sign_in.rs:53:29
[INFO] [stdout]    |
[INFO] [stdout] 53 | use semiont_http_transport::session::{
[INFO] [stdout]    |                             ^^^^^^^ could not find `session` in `semiont_http_transport`
[INFO] [stdout]    |
[INFO] [stdout] note: found an item that was configured out
[INFO] [stdout]   --> src/lib.rs:32:9
[INFO] [stdout]    |
[INFO] [stdout] 31 | #[cfg(feature = "sign-in")]
[INFO] [stdout]    |       ------------------- the item is gated behind the `sign-in` feature
[INFO] [stdout] 32 | pub mod session;
[INFO] [stdout]    |         ^^^^^^^
[INFO] [stdout] 
[INFO] [stdout] 
[INFO] [stdout] error[E0433]: cannot find module or crate `base64` in this scope
[INFO] [stdout]   --> tests/sign_in.rs:16:5
[INFO] [stdout]    |
[INFO] [stdout] 16 | use base64::engine::general_purpose::URL_SAFE_NO_PAD;
[INFO] [stdout]    |     ^^^^^^ use of unresolved module or unlinked crate `base64`
[INFO] [stdout]    |
[INFO] [stdout]    = help: if you wanted to use a crate named `base64`, use `cargo add base64` to add it to your `Cargo.toml`
[INFO] [stdout] 
[INFO] [stdout] 
[INFO] [stdout] error[E0432]: unresolved import `base64`
[INFO] [stdout]   --> tests/sign_in.rs:15:5
[INFO] [stdout]    |
[INFO] [stdout] 15 | use base64::Engine;
[INFO] [stdout]    |     ^^^^^^ use of unresolved module or unlinked crate `base64`
[INFO] [stdout]    |
[INFO] [stdout]    = help: if you wanted to use a crate named `base64`, use `cargo add base64` to add it to your `Cargo.toml`
[INFO] [stdout] 
[INFO] [stdout] 
[INFO] [stdout] warning: method call on a diverging inference variable
[INFO] [stdout]     --> tests/sign_in.rs:2620:36
[INFO] [stdout]      |
[INFO] [stdout] 2620 |             redirect_uri: redirect.redirect_uri(),
[INFO] [stdout]      |                                    ^^^^^^^^^^^^
[INFO] [stdout]      |
[INFO] [stdout]      = help: consider providing a type annotation
[INFO] [stdout]      = warning: this was previously accepted by the compiler but is being phased out; it will become a hard error in a future release!
[INFO] [stdout]      = note: for more information, see issue #156047 <https://github.com/rust-lang/rust/issues/156047>
[INFO] [stdout]      = note: `#[warn(method_call_on_diverging_infer_var)]` (part of `#[warn(future_incompatible)]`) on by default
[INFO] [stdout] 
[INFO] [stdout] 
[INFO] [stdout] error[E0599]: no method named `redirect_uri` found for type `!` in the current scope
[INFO] [stdout]     --> tests/sign_in.rs:2620:36
[INFO] [stdout]      |
[INFO] [stdout] 2620 |             redirect_uri: redirect.redirect_uri(),
[INFO] [stdout]      |                                    ^^^^^^^^^^^^ method not found in `!`
[INFO] [stdout] 
[INFO] [stdout] 
[INFO] [stdout] error[E0277]: the size for values of type `str` cannot be known at compilation time
[INFO] [stdout]     --> tests/sign_in.rs:2616:9
[INFO] [stdout]      |
[INFO] [stdout] 2616 |     let url = begin_sign_in(
[INFO] [stdout]      |         ^^^ doesn't have a size known at compile-time
[INFO] [stdout]      |
[INFO] [stdout]      = help: the trait `Sized` is not implemented for `str`
[INFO] [stdout]      = note: all local variables must have a statically known size
[INFO] [stdout] 
[INFO] [stdout] 
[INFO] [stdout] error[E0277]: the size for values of type `str` cannot be known at compilation time
[INFO] [stdout]     --> tests/sign_in.rs:2616:15
[INFO] [stdout]      |
[INFO] [stdout] 2616 |       let url = begin_sign_in(
[INFO] [stdout]      |  _______________^
[INFO] [stdout] 2617 | |         &browser,
[INFO] [stdout] 2618 | |         BeginAuthorization {
[INFO] [stdout] 2619 | |             target: gateway,
[INFO] [stdout] ...    |
[INFO] [stdout] 2627 | |     .await?;
[INFO] [stdout]      | |___________^ doesn't have a size known at compile-time
[INFO] [stdout]      |
[INFO] [stdout]      = help: the trait `Sized` is not implemented for `str`
[INFO] [stdout]      = note: all local variables must have a statically known size
[INFO] [stdout] 
[INFO] [stdout] 
[INFO] [stdout] error[E0277]: the size for values of type `str` cannot be known at compilation time
[INFO] [stdout]     --> tests/sign_in.rs:2627:11
[INFO] [stdout]      |
[INFO] [stdout] 2627 |     .await?;
[INFO] [stdout]      |           ^ doesn't have a size known at compile-time
[INFO] [stdout]      |
[INFO] [stdout]      = help: the trait `Sized` is not implemented for `str`
[INFO] [stdout] note: required by an implicit `Sized` bound in `ControlFlow`
[INFO] [stdout]     --> /rustc/dfb0accb7f508ae8be965d8629557221c889dd98/library/core/src/ops/control_flow.rs:89:0
[INFO] [stdout] 
[INFO] [stdout] 
[INFO] [stdout] error[E0599]: no method named `callback` found for type `!` in the current scope
[INFO] [stdout]     --> tests/sign_in.rs:2629:29
[INFO] [stdout]      |
[INFO] [stdout] 2629 |     let callback = redirect.callback().await?;
[INFO] [stdout]      |                             ^^^^^^^^ method not found in `!`
[INFO] [stdout] 
[INFO] [stdout] 
[INFO] [stdout] warning: unreachable call
[INFO] [stdout]     --> tests/sign_in.rs:2629:29
[INFO] [stdout]      |
[INFO] [stdout] 2629 |     let callback = redirect.callback().await?;
[INFO] [stdout]      |                    -------- ^^^^^^^^ unreachable call
[INFO] [stdout]      |                    |
[INFO] [stdout]      |                    any code following this expression is unreachable
[INFO] [stdout]      |
[INFO] [stdout]      = note: `#[warn(unreachable_code)]` (part of `#[warn(unused)]`) on by default
[INFO] [stdout] 
[INFO] [stdout] 
[INFO] [stdout] Some errors have detailed explanations: E0277, E0432, E0433, E0599.
[INFO] [stdout] 
[INFO] [stdout] For more information about an error, try `rustc --explain E0277`.
[INFO] [stdout] 
[INFO] [stderr] error: could not compile `semiont-http-transport` (test "sign_in") due to 12 previous errors; 3 warnings emitted
[INFO] [stderr] warning: build failed, waiting for other jobs to finish...
[INFO] running `Command { std: "docker" "inspect" "73bd1992ce566c0ba8bb4dbeb6d809fa06c27e5fb8e4ce29de32c122fa7e21ab", kill_on_drop: false }`
[INFO] running `Command { std: "docker" "rm" "-f" "73bd1992ce566c0ba8bb4dbeb6d809fa06c27e5fb8e4ce29de32c122fa7e21ab", kill_on_drop: false }`
[INFO] [stdout] 73bd1992ce566c0ba8bb4dbeb6d809fa06c27e5fb8e4ce29de32c122fa7e21ab
