[INFO] fetching crate selmr 0.4.3...
[INFO] testing selmr-0.4.3 against 1.99.0-beta.8+cargoflags=--release for beta-release-1.100-2
[INFO] extracting crate selmr 0.4.3 into /workspace/builds/worker-4-tc1/source
[INFO] started tweaking crates.io crate selmr 0.4.3
[INFO] removed 0 missing tests
[INFO] finished tweaking crates.io crate selmr 0.4.3
[INFO] tweaked toml for crates.io crate selmr 0.4.3 written to /workspace/builds/worker-4-tc1/source/Cargo.toml
[INFO] validating manifest of crates.io crate selmr 0.4.3 on toolchain 1.99.0-beta.8
[INFO] running `Command { std: CARGO_HOME="/workspace/cargo-home" RUSTUP_HOME="/workspace/rustup-home" "/workspace/cargo-home/bin/cargo" "+1.99.0-beta.8" "metadata" "--manifest-path" "Cargo.toml" "--no-deps", kill_on_drop: false }`
[INFO] crate crates.io crate selmr 0.4.3 already has a lockfile, it will not be regenerated
[INFO] running `Command { std: CARGO_HOME="/workspace/cargo-home" RUSTUP_HOME="/workspace/rustup-home" "/workspace/cargo-home/bin/cargo" "+1.99.0-beta.8" "fetch" "--manifest-path" "Cargo.toml", kill_on_drop: false }`
[INFO] [stderr]     Updating crates.io index
[INFO] [stderr]  Downloading crates ...
[INFO] [stderr]   Downloaded lzma-rs v0.3.0
[INFO] [stderr]   Downloaded cc v1.2.33
[INFO] [stderr]   Downloaded deflate64 v0.1.9
[INFO] [stderr]   Downloaded thiserror v2.0.14
[INFO] [stderr]   Downloaded thiserror-impl v2.0.14
[INFO] [stderr]   Downloaded bzip2 v0.5.2
[INFO] [stderr]   Downloaded indextree v4.7.4
[INFO] [stderr]   Downloaded proc-macro2 v1.0.97
[INFO] [stderr]   Downloaded priority-queue v2.5.0
[INFO] [stderr]   Downloaded indextree-macros v0.1.3
[INFO] [stderr]   Downloaded counter v0.6.0
[INFO] [stderr]   Downloaded inventory v0.3.20
[INFO] running `Command { std: "docker" "create" "-v" "/var/lib/crater-agent-workspace/builds/worker-4-tc1/source:/opt/rustwide/workdir:ro,Z" "-v" "/var/lib/crater-agent-workspace/builds/worker-4-tc1/target:/opt/rustwide/target:rw,Z" "-v" "/var/lib/crater-agent-workspace/cargo-home:/opt/rustwide/cargo-home:ro,Z" "-v" "/var/lib/crater-agent-workspace/rustup-home:/opt/rustwide/rustup-home:ro,Z" "-m" "1610612736" "--network" "none" "ghcr.io/rust-lang/crates-build-env/linux@sha256:77db811e55d90add9212f6832c23229e3de5f1c1f9905e8cb07319ea15df73ac" "sleep" "infinity", kill_on_drop: false }`
[INFO] [stdout] 624d5466052f7eda635689bf45ba5d4540d4eee7c5a5ba1c7a3a5e5f36c03574
[INFO] running `Command { std: "docker" "start" "624d5466052f7eda635689bf45ba5d4540d4eee7c5a5ba1c7a3a5e5f36c03574", kill_on_drop: false }`
[INFO] running `Command { std: "docker" "inspect" "624d5466052f7eda635689bf45ba5d4540d4eee7c5a5ba1c7a3a5e5f36c03574", kill_on_drop: false }`
[INFO] running `Command { std: "docker" "exec" "-e" "SOURCE_DIR=/opt/rustwide/workdir" "-e" "CARGO_HOME=/opt/rustwide/cargo-home" "-e" "RUSTUP_HOME=/opt/rustwide/rustup-home" "-e" "CARGO_TARGET_DIR=/opt/rustwide/target" "-w" "/opt/rustwide/workdir" "--user" "0:0" "624d5466052f7eda635689bf45ba5d4540d4eee7c5a5ba1c7a3a5e5f36c03574" "/opt/rustwide/cargo-home/bin/cargo" "+1.99.0-beta.8" "metadata" "--no-deps" "--format-version=1", kill_on_drop: false }`
[INFO] running `Command { std: "docker" "inspect" "624d5466052f7eda635689bf45ba5d4540d4eee7c5a5ba1c7a3a5e5f36c03574", kill_on_drop: false }`
[INFO] running `Command { std: "docker" "exec" "-e" "SOURCE_DIR=/opt/rustwide/workdir" "-e" "CARGO_HOME=/opt/rustwide/cargo-home" "-e" "RUSTUP_HOME=/opt/rustwide/rustup-home" "-e" "CARGO_TARGET_DIR=/opt/rustwide/target" "-e" "CARGO_INCREMENTAL=0" "-e" "RUST_BACKTRACE=full" "-e" "RUSTFLAGS=--cap-lints=warn" "-e" "RUSTDOCFLAGS=--cap-lints=warn" "-w" "/opt/rustwide/workdir" "--user" "0:0" "624d5466052f7eda635689bf45ba5d4540d4eee7c5a5ba1c7a3a5e5f36c03574" "/opt/rustwide/cargo-home/bin/cargo" "+1.99.0-beta.8" "build" "--frozen" "--message-format=json" "--release", kill_on_drop: false }`
[INFO] [stderr]    Compiling proc-macro2 v1.0.97
[INFO] [stderr]    Compiling libc v0.2.175
[INFO] [stderr]    Compiling cfg-if v1.0.1
[INFO] [stderr]    Compiling thiserror v2.0.14
[INFO] [stderr]    Compiling serde v1.0.219
[INFO] [stderr]    Compiling getrandom v0.3.3
[INFO] [stderr]    Compiling either v1.15.0
[INFO] [stderr]    Compiling hashbrown v0.15.5
[INFO] [stderr]    Compiling pyo3-build-config v0.22.6
[INFO] [stderr]    Compiling miniz_oxide v0.8.9
[INFO] [stderr]    Compiling aho-corasick v1.1.3
[INFO] [stderr]    Compiling inout v0.1.4
[INFO] [stderr]    Compiling serde_json v1.0.142
[INFO] [stderr]    Compiling digest v0.10.7
[INFO] [stderr]    Compiling zip v2.4.2
[INFO] [stderr]    Compiling time v0.3.41
[INFO] [stderr]    Compiling crc32fast v1.5.0
[INFO] [stderr]    Compiling cipher v0.4.4
[INFO] [stderr]    Compiling itertools v0.14.0
[INFO] [stderr]    Compiling lzma-rs v0.3.0
[INFO] [stderr]    Compiling unindent v0.2.4
[INFO] [stderr]    Compiling inventory v0.3.20
[INFO] [stderr]    Compiling indoc v2.0.6
[INFO] [stderr]    Compiling hmac v0.12.1
[INFO] [stderr]    Compiling sha1 v0.10.6
[INFO] [stderr]    Compiling zopfli v0.8.2
[INFO] [stderr]    Compiling aes v0.8.4
[INFO] [stderr]    Compiling deflate64 v0.1.9
[INFO] [stderr]    Compiling pbkdf2 v0.12.2
[INFO] [stderr]    Compiling ordered-float v4.6.0
[INFO] [stderr]    Compiling counter v0.6.0
[INFO] [stderr]    Compiling jobserver v0.1.33
[INFO] [stderr]    Compiling cc v1.2.33
[INFO] [stderr]    Compiling flate2 v1.1.2
[INFO] [stderr]    Compiling quote v1.0.40
[INFO] [stderr]    Compiling syn v2.0.106
[INFO] [stderr]    Compiling pyo3-macros-backend v0.22.6
[INFO] [stderr]    Compiling pyo3-ffi v0.22.6
[INFO] [stderr]    Compiling pyo3 v0.22.6
[INFO] [stderr]    Compiling regex-automata v0.4.9
[INFO] [stderr]    Compiling zstd-sys v2.0.15+zstd.1.5.7
[INFO] [stderr]    Compiling lzma-sys v0.1.20
[INFO] [stderr]    Compiling bzip2-sys v0.1.13+1.0.8
[INFO] [stderr]    Compiling bzip2 v0.5.2
[INFO] [stderr]    Compiling xz2 v0.1.7
[INFO] [stderr]    Compiling regex v1.11.1
[INFO] [stderr]    Compiling thiserror-impl v2.0.14
[INFO] [stderr]    Compiling serde_derive v1.0.219
[INFO] [stderr]    Compiling strum_macros v0.27.2
[INFO] [stderr]    Compiling zeroize_derive v1.4.2
[INFO] [stderr]    Compiling displaydoc v0.2.5
[INFO] [stderr]    Compiling zeroize v1.8.1
[INFO] [stderr]    Compiling strum v0.27.2
[INFO] [stderr]    Compiling indextree-macros v0.1.3
[INFO] [stderr]    Compiling indextree v4.7.4
[INFO] [stderr]    Compiling pyo3-macros v0.22.6
[INFO] [stderr]    Compiling indexmap v2.10.0
[INFO] [stderr]    Compiling priority-queue v2.5.0
[INFO] [stderr]    Compiling zstd-safe v7.2.4
[INFO] [stderr]    Compiling zstd v0.13.3
[INFO] [stderr]    Compiling selmr v0.4.3 (/opt/rustwide/workdir)
[INFO] [stdout] warning: unnecessary parentheses around closure body
[INFO] [stdout]    --> src/text_structs.rs:686:37
[INFO] [stdout]     |
[INFO] [stdout] 686 |                     .filter(|(e, _)|(e.to_string().contains(filter)))
[INFO] [stdout]     |                                     ^                              ^
[INFO] [stdout]     |
[INFO] [stdout]     = note: `#[warn(unused_parens)]` (part of `#[warn(unused)]`) on by default
[INFO] [stdout] help: remove these parentheses
[INFO] [stdout]     |
[INFO] [stdout] 686 -                     .filter(|(e, _)|(e.to_string().contains(filter)))
[INFO] [stdout] 686 +                     .filter(|(e, _)|e.to_string().contains(filter))
[INFO] [stdout]     |
[INFO] [stdout] 
[INFO] [stdout] 
[INFO] [stderr]     Finished `release` profile [optimized] target(s) in 56.22s
[INFO] running `Command { std: "docker" "inspect" "624d5466052f7eda635689bf45ba5d4540d4eee7c5a5ba1c7a3a5e5f36c03574", kill_on_drop: false }`
[INFO] running `Command { std: "docker" "exec" "-e" "SOURCE_DIR=/opt/rustwide/workdir" "-e" "CARGO_HOME=/opt/rustwide/cargo-home" "-e" "RUSTUP_HOME=/opt/rustwide/rustup-home" "-e" "CARGO_TARGET_DIR=/opt/rustwide/target" "-e" "CARGO_INCREMENTAL=0" "-e" "RUST_BACKTRACE=full" "-e" "RUSTFLAGS=--cap-lints=warn" "-e" "RUSTDOCFLAGS=--cap-lints=warn" "-w" "/opt/rustwide/workdir" "--user" "0:0" "624d5466052f7eda635689bf45ba5d4540d4eee7c5a5ba1c7a3a5e5f36c03574" "/opt/rustwide/cargo-home/bin/cargo" "+1.99.0-beta.8" "test" "--frozen" "--no-run" "--message-format=json" "--release", kill_on_drop: false }`
[INFO] [stderr]    Compiling selmr v0.4.3 (/opt/rustwide/workdir)
[INFO] [stdout] error[E0433]: cannot find module or crate `selmr` in this scope
[INFO] [stdout]  --> tests/tests_selmr.rs:3:9
[INFO] [stdout]   |
[INFO] [stdout] 3 |     use selmr::selmr::SELMR;
[INFO] [stdout]   |         ^^^^^ use of unresolved module or unlinked crate `selmr`
[INFO] [stdout]   |
[INFO] [stdout]   = help: if you wanted to use a crate named `selmr`, use `cargo add selmr` to add it to your `Cargo.toml`
[INFO] [stdout] 
[INFO] [stdout] 
[INFO] [stdout] error[E0433]: cannot find module or crate `selmr` in this scope
[INFO] [stdout]  --> tests/tests_selmr.rs:4:9
[INFO] [stdout]   |
[INFO] [stdout] 4 |     use selmr::text_structs::Text;
[INFO] [stdout]   |         ^^^^^ use of unresolved module or unlinked crate `selmr`
[INFO] [stdout]   |
[INFO] [stdout]   = help: if you wanted to use a crate named `selmr`, use `cargo add selmr` to add it to your `Cargo.toml`
[INFO] [stdout] 
[INFO] [stdout] 
[INFO] [stdout] error[E0433]: cannot find module or crate `selmr` in this scope
[INFO] [stdout]  --> tests/tests_selmr.rs:5:9
[INFO] [stdout]   |
[INFO] [stdout] 5 |     use selmr::selmr::Params;
[INFO] [stdout]   |         ^^^^^ use of unresolved module or unlinked crate `selmr`
[INFO] [stdout]   |
[INFO] [stdout]   = help: if you wanted to use a crate named `selmr`, use `cargo add selmr` to add it to your `Cargo.toml`
[INFO] [stdout] 
[INFO] [stdout] 
[INFO] [stdout] error[E0433]: cannot find module or crate `selmr` in this scope
[INFO] [stdout]  --> tests/tests_selmr.rs:6:9
[INFO] [stdout]   |
[INFO] [stdout] 6 |     use selmr::selmr::Measure;
[INFO] [stdout]   |         ^^^^^ use of unresolved module or unlinked crate `selmr`
[INFO] [stdout]   |
[INFO] [stdout]   = help: if you wanted to use a crate named `selmr`, use `cargo add selmr` to add it to your `Cargo.toml`
[INFO] [stdout] 
[INFO] [stdout] 
[INFO] [stdout] For more information about this error, try `rustc --explain E0433`.
[INFO] [stdout] 
[INFO] [stderr] error: could not compile `selmr` (test "tests_selmr") due to 4 previous errors
[INFO] [stderr] warning: build failed, waiting for other jobs to finish...
[INFO] [stdout] warning: unnecessary parentheses around closure body
[INFO] [stdout]    --> src/text_structs.rs:686:37
[INFO] [stdout]     |
[INFO] [stdout] 686 |                     .filter(|(e, _)|(e.to_string().contains(filter)))
[INFO] [stdout]     |                                     ^                              ^
[INFO] [stdout]     |
[INFO] [stdout]     = note: `#[warn(unused_parens)]` (part of `#[warn(unused)]`) on by default
[INFO] [stdout] help: remove these parentheses
[INFO] [stdout]     |
[INFO] [stdout] 686 -                     .filter(|(e, _)|(e.to_string().contains(filter)))
[INFO] [stdout] 686 +                     .filter(|(e, _)|e.to_string().contains(filter))
[INFO] [stdout]     |
[INFO] [stdout] 
[INFO] [stdout] 
[INFO] [stdout] error: linking with `cc` failed: exit status: 1
[INFO] [stdout]   |
[INFO] [stdout]   = note:  "cc" "-m64" "/opt/rustwide/target/release/deps/rustc9kEGFK/symbols.o" "<17 object files omitted>" "-Wl,--as-needed" "-Wl,-Bstatic" "/opt/rustwide/target/release/deps/{libserde_json-9c5e61aad723f2ca,libitoa-6ac79ecd3493b3ff,libryu-85b27257faa1b487}.rlib" "<sysroot>/lib/rustlib/x86_64-unknown-linux-gnu/lib/{libtest-*,libgetopts-*,librustc_std_workspace_std-*}.rlib" "/opt/rustwide/target/release/deps/{libordered_float-cfbf63a4ef67c625,libpriority_queue-ab7c679821de4320,libunicode_segmentation-a906e22c0cd74357,libzip-d55acd385a7d08b1,libxz2-7cbcc2c5a54c0749,liblzma_sys-d2b4628111ef7bae,libdeflate64-c1be2b8beb9e73b3,libgetrandom-56cadce965c3ee7b,libpbkdf2-915bb65a29cdd085,libzstd-bb43adfbda0e7837,libzstd_safe-706a03f0df95b8c9,libzstd_sys-928e25949d9c9159,libzopfli-6dacad5637321623,libsimd_adler32-bf7f10e7deecf981,libbumpalo-f24781512c5c2b30,liblog-a5dbc7d0ef8ca989,libbzip2-e2635b3a5e79aa87,libbzip2_sys-52b00c7fbacc6eb7,libflate2-e59b0e4f61ffc68e,libminiz_oxide-924c44588ce3e42d,libadler2-8213662f6a5e4f3b,libtime-7a8af97404439888,libtime_core-480e382de9b2e2ac,libnum_conv-ea2b56a62748def3,libderanged-5c424ff9c80f8b9b,libpowerfmt-36b72e9804a215c5,libthiserror-79ad4213ec81ff1e,liblzma_rs-2e6531e4e6c3db6d,libcrc-69845f2c923c9c12,libcrc_catalog-b7a716524961c2f9,libbyteorder-612182941aaee0f7,libcrc32fast-bbd2d25b522b8aa4,libaes-ef1084319034099c,libcipher-537f16f2a310e6d7,libinout-19c1cd4f1e9299e6,libzeroize-1f7803ecb84625ce,libsha1-c7703b21f2d15276,libcpufeatures-d130f14a0caf1da0,libhmac-fb69889fa8aaa464,libdigest-ef823af4bccef20a,libsubtle-55d0ad28af99a64a,libblock_buffer-d5fc60b98bff2639,libcrypto_common-a539223aa7b38bc4,libgeneric_array-9150e99984dc4e51,libtypenum-ea0e09983336543b,libconstant_time_eq-2200b598ee090f26,libregex-9e293382de1686ac,libregex_automata-ce3d5ca2d73a4a00,libaho_corasick-5ef7661e19b1bd3a,libmemchr-1575c1aec56f4c4b,libregex_syntax-72e625bf9c5a7e0d,libindexmap-25222a54112dbc24,libequivalent-26a0d6a3c1145f1b,libhashbrown-4aea916998c5a49c,libcounter-28b1619d5f184463,libnum_traits-c4bb5d617fe10b48,libpyo3-fb19cd069bf66ed8,libcfg_if-57ac97a4dec91d60,libmemoffset-f78b5bb6cb58d3d0,libonce_cell-35d4cc1b6bbf4e72,libpyo3_ffi-9855d02d2eab197f,liblibc-c01a236730e2bc9f,libinventory-a75756a7066277cd,libunindent-10f59537ed93d6a4,libserde-1630a3bc3a7cc3a3}.rlib" "<sysroot>/lib/rustlib/x86_64-unknown-linux-gnu/lib/{libstd-*,libpanic_unwind-*,libobject-*,libmemchr-*,libaddr2line-*,libgimli-*,libcfg_if-*,librustc_demangle-*,libstd_detect-*,libhashbrown-*,librustc_std_workspace_alloc-*,libminiz_oxide-*,libadler2-*,libunwind-*,liblibc-*,librustc_std_workspace_core-*,liballoc-*,libcore-*,libcompiler_builtins-*}.rlib" "-Wl,-Bdynamic" "-llzma" "-lbz2" "-lgcc_s" "-lutil" "-lrt" "-lpthread" "-lm" "-ldl" "-lc" "-L" "/opt/rustwide/target/release/deps/rustc9kEGFK/raw-dylibs" "-B<sysroot>/lib/rustlib/x86_64-unknown-linux-gnu/bin/gcc-ld" "-fuse-ld=lld" "-Wl,--eh-frame-hdr" "-Wl,-z,noexecstack" "-L" "/opt/rustwide/target/release/build/zstd-sys-6608629c3e833f3c/out" "-L" "/usr/lib" "-L" "/usr/lib/x86_64-linux-gnu" "-L" "<sysroot>/lib/rustlib/x86_64-unknown-linux-gnu/lib" "-o" "/opt/rustwide/target/release/deps/selmr-234db0425bc17d95" "-Wl,--gc-sections" "-pie" "-Wl,-z,relro,-z,now" "-Wl,-O1" "-Wl,--strip-debug" "-nodefaultlibs"
[INFO] [stdout]   = note: some arguments are omitted. use `--verbose` to show all linker arguments
[INFO] [stdout]   = note: rust-lld: error: undefined symbol: PyExc_TypeError
[INFO] [stdout]           >>> referenced by selmr.38c00e47d5f534b5-cgu.02
[INFO] [stdout]           >>>               /opt/rustwide/target/release/deps/selmr-234db0425bc17d95.selmr.38c00e47d5f534b5-cgu.02.rcgu.o:(<<pyo3::err::PyErr>::new<pyo3::exceptions::PyTypeError, &str>::{closure#0} as core::ops::function::FnOnce<(pyo3::marker::Python,)>>::call_once::{shim:vtable#0} (.llvm.7175942371453422807))
[INFO] [stdout]           >>> referenced by selmr.38c00e47d5f534b5-cgu.10
[INFO] [stdout]           >>>               /opt/rustwide/target/release/deps/selmr-234db0425bc17d95.selmr.38c00e47d5f534b5-cgu.10.rcgu.o:(<<pyo3::err::PyErr>::new<pyo3::exceptions::PyTypeError, alloc::string::String>::{closure#0} as core::ops::function::FnOnce<(pyo3::marker::Python,)>>::call_once::{shim:vtable#0})
[INFO] [stdout]           >>> referenced by selmr.38c00e47d5f534b5-cgu.10
[INFO] [stdout]           >>>               /opt/rustwide/target/release/deps/selmr-234db0425bc17d95.selmr.38c00e47d5f534b5-cgu.10.rcgu.o:(<<pyo3::err::PyErr>::new<pyo3::exceptions::PyTypeError, core::io::error::Error>::{closure#0} as core::ops::function::FnOnce<(pyo3::marker::Python,)>>::call_once::{shim:vtable#0})
[INFO] [stdout]           >>> referenced 8 more times
[INFO] [stdout]           
[INFO] [stdout]           rust-lld: error: undefined symbol: Py_IncRef
[INFO] [stdout]           >>> referenced by selmr.38c00e47d5f534b5-cgu.02
[INFO] [stdout]           >>>               /opt/rustwide/target/release/deps/selmr-234db0425bc17d95.selmr.38c00e47d5f534b5-cgu.02.rcgu.o:(<<pyo3::err::PyErr>::new<pyo3::exceptions::PyTypeError, &str>::{closure#0} as core::ops::function::FnOnce<(pyo3::marker::Python,)>>::call_once::{shim:vtable#0} (.llvm.7175942371453422807))
[INFO] [stdout]           >>> referenced by selmr.38c00e47d5f534b5-cgu.10
[INFO] [stdout]           >>>               /opt/rustwide/target/release/deps/selmr-234db0425bc17d95.selmr.38c00e47d5f534b5-cgu.10.rcgu.o:(<<pyo3::err::PyErr>::new<pyo3::exceptions::PyTypeError, alloc::string::String>::{closure#0} as core::ops::function::FnOnce<(pyo3::marker::Python,)>>::call_once::{shim:vtable#0})
[INFO] [stdout]           >>> referenced by selmr.38c00e47d5f534b5-cgu.10
[INFO] [stdout]           >>>               /opt/rustwide/target/release/deps/selmr-234db0425bc17d95.selmr.38c00e47d5f534b5-cgu.10.rcgu.o:(<<pyo3::err::PyErr>::new<pyo3::exceptions::PyTypeError, core::io::error::Error>::{closure#0} as core::ops::function::FnOnce<(pyo3::marker::Python,)>>::call_once::{shim:vtable#0})
[INFO] [stdout]           >>> referenced 97 more times
[INFO] [stdout]           
[INFO] [stdout]           rust-lld: error: undefined symbol: PyList_New
[INFO] [stdout]           >>> referenced by selmr.38c00e47d5f534b5-cgu.02
[INFO] [stdout]           >>>               /opt/rustwide/target/release/deps/selmr-234db0425bc17d95.selmr.38c00e47d5f534b5-cgu.02.rcgu.o:(<alloc::vec::Vec<alloc::string::String> as pyo3::conversion::IntoPy<pyo3::instance::Py<pyo3::types::any::PyAny>>>::into_py)
[INFO] [stdout]           >>> referenced by selmr.38c00e47d5f534b5-cgu.02
[INFO] [stdout]           >>>               /opt/rustwide/target/release/deps/selmr-234db0425bc17d95.selmr.38c00e47d5f534b5-cgu.02.rcgu.o:(<alloc::vec::Vec<(alloc::string::String, f32)> as pyo3::conversion::IntoPy<pyo3::instance::Py<pyo3::types::any::PyAny>>>::into_py)
[INFO] [stdout]           >>> referenced by selmr.38c00e47d5f534b5-cgu.02
[INFO] [stdout]           >>>               /opt/rustwide/target/release/deps/selmr-234db0425bc17d95.selmr.38c00e47d5f534b5-cgu.02.rcgu.o:(<alloc::vec::Vec<(alloc::string::String, usize)> as pyo3::conversion::IntoPy<pyo3::instance::Py<pyo3::types::any::PyAny>>>::into_py)
[INFO] [stdout]           >>> referenced 2 more times
[INFO] [stdout]           
[INFO] [stdout]           rust-lld: error: undefined symbol: PyList_SetItem
[INFO] [stdout]           >>> referenced by selmr.38c00e47d5f534b5-cgu.02
[INFO] [stdout]           >>>               /opt/rustwide/target/release/deps/selmr-234db0425bc17d95.selmr.38c00e47d5f534b5-cgu.02.rcgu.o:(<alloc::vec::Vec<alloc::string::String> as pyo3::conversion::IntoPy<pyo3::instance::Py<pyo3::types::any::PyAny>>>::into_py)
[INFO] [stdout]           >>> referenced by selmr.38c00e47d5f534b5-cgu.02
[INFO] [stdout]           >>>               /opt/rustwide/target/release/deps/selmr-234db0425bc17d95.selmr.38c00e47d5f534b5-cgu.02.rcgu.o:(<alloc::vec::Vec<(alloc::string::String, f32)> as pyo3::conversion::IntoPy<pyo3::instance::Py<pyo3::types::any::PyAny>>>::into_py)
[INFO] [stdout]           >>> referenced by selmr.38c00e47d5f534b5-cgu.02
[INFO] [stdout]           >>>               /opt/rustwide/target/release/deps/selmr-234db0425bc17d95.selmr.38c00e47d5f534b5-cgu.02.rcgu.o:(<alloc::vec::Vec<(alloc::string::String, usize)> as pyo3::conversion::IntoPy<pyo3::instance::Py<pyo3::types::any::PyAny>>>::into_py)
[INFO] [stdout]           >>> referenced 2 more times
[INFO] [stdout]           
[INFO] [stdout]           rust-lld: error: undefined symbol: Py_DecRef
[INFO] [stdout]           >>> referenced by selmr.38c00e47d5f534b5-cgu.02
[INFO] [stdout]           >>>               /opt/rustwide/target/release/deps/selmr-234db0425bc17d95.selmr.38c00e47d5f534b5-cgu.02.rcgu.o:(<alloc::vec::Vec<alloc::string::String> as pyo3::conversion::IntoPy<pyo3::instance::Py<pyo3::types::any::PyAny>>>::into_py)
[INFO] [stdout]           >>> referenced by selmr.38c00e47d5f534b5-cgu.02
[INFO] [stdout]           >>>               /opt/rustwide/target/release/deps/selmr-234db0425bc17d95.selmr.38c00e47d5f534b5-cgu.02.rcgu.o:(<alloc::vec::Vec<(alloc::string::String, f32)> as pyo3::conversion::IntoPy<pyo3::instance::Py<pyo3::types::any::PyAny>>>::into_py)
[INFO] [stdout]           >>> referenced by selmr.38c00e47d5f534b5-cgu.02
[INFO] [stdout]           >>>               /opt/rustwide/target/release/deps/selmr-234db0425bc17d95.selmr.38c00e47d5f534b5-cgu.02.rcgu.o:(<alloc::vec::Vec<(alloc::string::String, usize)> as pyo3::conversion::IntoPy<pyo3::instance::Py<pyo3::types::any::PyAny>>>::into_py)
[INFO] [stdout]           >>> referenced 149 more times
[INFO] [stdout]           
[INFO] [stdout]           rust-lld: error: undefined symbol: PyTuple_New
[INFO] [stdout]           >>> referenced by selmr.38c00e47d5f534b5-cgu.08
[INFO] [stdout]           >>>               /opt/rustwide/target/release/deps/selmr-234db0425bc17d95.selmr.38c00e47d5f534b5-cgu.08.rcgu.o:(<(alloc::string::String, alloc::string::String) as pyo3::conversion::IntoPy<pyo3::instance::Py<pyo3::types::any::PyAny>>>::into_py)
[INFO] [stdout]           >>> referenced by selmr.38c00e47d5f534b5-cgu.08
[INFO] [stdout]           >>>               /opt/rustwide/target/release/deps/selmr-234db0425bc17d95.selmr.38c00e47d5f534b5-cgu.08.rcgu.o:(<(alloc::string::String, f32) as pyo3::conversion::IntoPy<pyo3::instance::Py<pyo3::types::any::PyAny>>>::into_py)
[INFO] [stdout]           >>> referenced by selmr.38c00e47d5f534b5-cgu.08
[INFO] [stdout]           >>>               /opt/rustwide/target/release/deps/selmr-234db0425bc17d95.selmr.38c00e47d5f534b5-cgu.08.rcgu.o:(<(alloc::string::String, usize) as pyo3::conversion::IntoPy<pyo3::instance::Py<pyo3::types::any::PyAny>>>::into_py)
[INFO] [stdout]           >>> referenced 7 more times
[INFO] [stdout]           
[INFO] [stdout]           rust-lld: error: undefined symbol: PyTuple_SetItem
[INFO] [stdout]           >>> referenced by selmr.38c00e47d5f534b5-cgu.08
[INFO] [stdout]           >>>               /opt/rustwide/target/release/deps/selmr-234db0425bc17d95.selmr.38c00e47d5f534b5-cgu.08.rcgu.o:(<(alloc::string::String, alloc::string::String) as pyo3::conversion::IntoPy<pyo3::instance::Py<pyo3::types::any::PyAny>>>::into_py)
[INFO] [stdout]           >>> referenced by selmr.38c00e47d5f534b5-cgu.08
[INFO] [stdout]           >>>               /opt/rustwide/target/release/deps/selmr-234db0425bc17d95.selmr.38c00e47d5f534b5-cgu.08.rcgu.o:(<(alloc::string::String, f32) as pyo3::conversion::IntoPy<pyo3::instance::Py<pyo3::types::any::PyAny>>>::into_py)
[INFO] [stdout]           >>> referenced by selmr.38c00e47d5f534b5-cgu.08
[INFO] [stdout]           >>>               /opt/rustwide/target/release/deps/selmr-234db0425bc17d95.selmr.38c00e47d5f534b5-cgu.08.rcgu.o:(<(alloc::string::String, usize) as pyo3::conversion::IntoPy<pyo3::instance::Py<pyo3::types::any::PyAny>>>::into_py)
[INFO] [stdout]           >>> referenced 7 more times
[INFO] [stdout]           
[INFO] [stdout]           rust-lld: error: undefined symbol: PyErr_WriteUnraisable
[INFO] [stdout]           >>> referenced by selmr.38c00e47d5f534b5-cgu.10
[INFO] [stdout]           >>>               /opt/rustwide/target/release/deps/selmr-234db0425bc17d95.selmr.38c00e47d5f534b5-cgu.10.rcgu.o:(pyo3::impl_::trampoline::trampoline_unraisable::<pyo3::impl_::trampoline::dealloc::{closure#0}>)
[INFO] [stdout]           >>> referenced by pyo3.b51547910c5fd218-cgu.00
[INFO] [stdout]           >>>               pyo3-fb19cd069bf66ed8.pyo3.b51547910c5fd218-cgu.00.rcgu.o:(pyo3::instance::python_format) in archive /opt/rustwide/target/release/deps/libpyo3-fb19cd069bf66ed8.rlib
[INFO] [stdout]           
[INFO] [stdout]           rust-lld: error: undefined symbol: PyObject_GC_UnTrack
[INFO] [stdout]           >>> referenced by selmr.38c00e47d5f534b5-cgu.10
[INFO] [stdout]           >>>               /opt/rustwide/target/release/deps/selmr-234db0425bc17d95.selmr.38c00e47d5f534b5-cgu.10.rcgu.o:(pyo3::impl_::pyclass::tp_dealloc_with_gc::<selmr::hac::PyHAC>)
[INFO] [stdout]           >>> referenced by selmr.38c00e47d5f534b5-cgu.10
[INFO] [stdout]           >>>               /opt/rustwide/target/release/deps/selmr-234db0425bc17d95.selmr.38c00e47d5f534b5-cgu.10.rcgu.o:(pyo3::impl_::pyclass::tp_dealloc_with_gc::<selmr::pyselmr::PySELMR>)
[INFO] [stdout]           
[INFO] [stdout]           rust-lld: error: undefined symbol: PyType_IsSubtype
[INFO] [stdout]           >>> referenced by selmr.38c00e47d5f534b5-cgu.10
[INFO] [stdout]           >>>               /opt/rustwide/target/release/deps/selmr-234db0425bc17d95.selmr.38c00e47d5f534b5-cgu.10.rcgu.o:(<selmr::pyselmr::PySELMR>::__pymethod_add__)
[INFO] [stdout]           >>> referenced by selmr.38c00e47d5f534b5-cgu.10
[INFO] [stdout]           >>>               /opt/rustwide/target/release/deps/selmr-234db0425bc17d95.selmr.38c00e47d5f534b5-cgu.10.rcgu.o:(<selmr::pyselmr::PySELMR>::__pymethod_read__)
[INFO] [stdout]           >>> referenced by selmr.38c00e47d5f534b5-cgu.10
[INFO] [stdout]           >>>               /opt/rustwide/target/release/deps/selmr-234db0425bc17d95.selmr.38c00e47d5f534b5-cgu.10.rcgu.o:(<selmr::pyselmr::PySELMR>::__pymethod_merge__)
[INFO] [stdout]           >>> referenced 18 more times
[INFO] [stdout]           
[INFO] [stdout]           rust-lld: error: undefined symbol: _Py_NoneStruct
[INFO] [stdout]           >>> referenced by selmr.38c00e47d5f534b5-cgu.10
[INFO] [stdout]           >>>               /opt/rustwide/target/release/deps/selmr-234db0425bc17d95.selmr.38c00e47d5f534b5-cgu.10.rcgu.o:(<selmr::pyselmr::PySELMR>::__pymethod_add__)
[INFO] [stdout]           >>> referenced by selmr.38c00e47d5f534b5-cgu.10
[INFO] [stdout]           >>>               /opt/rustwide/target/release/deps/selmr-234db0425bc17d95.selmr.38c00e47d5f534b5-cgu.10.rcgu.o:(<selmr::pyselmr::PySELMR>::__pymethod_read__)
[INFO] [stdout]           >>> referenced by selmr.38c00e47d5f534b5-cgu.10
[INFO] [stdout]           >>>               /opt/rustwide/target/release/deps/selmr-234db0425bc17d95.selmr.38c00e47d5f534b5-cgu.10.rcgu.o:(<selmr::pyselmr::PySELMR>::__pymethod_merge__)
[INFO] [stdout]           >>> referenced 13 more times
[INFO] [stdout]           
[INFO] [stdout]           rust-lld: error: undefined symbol: PyDict_Next
[INFO] [stdout]           >>> referenced by selmr.38c00e47d5f534b5-cgu.11
[INFO] [stdout]           >>>               /opt/rustwide/target/release/deps/selmr-234db0425bc17d95.selmr.38c00e47d5f534b5-cgu.11.rcgu.o:(<pyo3::impl_::extract_argument::FunctionDescription>::extract_arguments_tuple_dict::<pyo3::impl_::extract_argument::NoVarargs, pyo3::impl_::extract_argument::NoVarkeywords>)
[INFO] [stdout]           >>> referenced by selmr.38c00e47d5f534b5-cgu.11
[INFO] [stdout]           >>>               /opt/rustwide/target/release/deps/selmr-234db0425bc17d95.selmr.38c00e47d5f534b5-cgu.11.rcgu.o:(<pyo3::impl_::extract_argument::FunctionDescription>::extract_arguments_tuple_dict::<pyo3::impl_::extract_argument::NoVarargs, pyo3::impl_::extract_argument::NoVarkeywords>)
[INFO] [stdout]           
[INFO] [stdout]           rust-lld: error: undefined symbol: PyType_GetFlags
[INFO] [stdout]           >>> referenced by selmr.38c00e47d5f534b5-cgu.11
[INFO] [stdout]           >>>               /opt/rustwide/target/release/deps/selmr-234db0425bc17d95.selmr.38c00e47d5f534b5-cgu.11.rcgu.o:(pyo3::impl_::extract_argument::extract_argument::<alloc::vec::Vec<alloc::string::String>>)
[INFO] [stdout]           >>> referenced by selmr.38c00e47d5f534b5-cgu.12
[INFO] [stdout]           >>>               /opt/rustwide/target/release/deps/selmr-234db0425bc17d95.selmr.38c00e47d5f534b5-cgu.12.rcgu.o:(<pyo3::pycell::impl_::PyClassObjectBase<pyo3_ffi::object::PyObject> as pyo3::pycell::impl_::PyClassObjectLayout<pyo3::types::any::PyAny>>::tp_dealloc)
[INFO] [stdout]           >>> referenced by pyo3.b51547910c5fd218-cgu.00
[INFO] [stdout]           >>>               pyo3-fb19cd069bf66ed8.pyo3.b51547910c5fd218-cgu.00.rcgu.o:(<pyo3::instance::Bound<pyo3::types::any::PyAny>>::lookup_special::<&pyo3::instance::Bound<pyo3::types::string::PyString>>) in archive /opt/rustwide/target/release/deps/libpyo3-fb19cd069bf66ed8.rlib
[INFO] [stdout]           >>> referenced 13 more times
[INFO] [stdout]           
[INFO] [stdout]           rust-lld: error: undefined symbol: PyBaseObject_Type
[INFO] [stdout]           >>> referenced by selmr.38c00e47d5f534b5-cgu.10
[INFO] [stdout]           >>>               /opt/rustwide/target/release/deps/selmr-234db0425bc17d95.selmr.38c00e47d5f534b5-cgu.10.rcgu.o:(selmr::pyselmr::_::__INVENTORY::trampoline)
[INFO] [stdout]           >>> referenced by selmr.38c00e47d5f534b5-cgu.12
[INFO] [stdout]           >>>               /opt/rustwide/target/release/deps/selmr-234db0425bc17d95.selmr.38c00e47d5f534b5-cgu.12.rcgu.o:(selmr::hac::_::__INVENTORY::trampoline)
[INFO] [stdout]           >>> referenced by selmr.38c00e47d5f534b5-cgu.13
[INFO] [stdout]           >>>               /opt/rustwide/target/release/deps/selmr-234db0425bc17d95.selmr.38c00e47d5f534b5-cgu.13.rcgu.o:(pyo3::pyclass::create_type_object::create_type_object::<selmr::hac::PyHAC> (.llvm.12615277237326611659))
[INFO] [stdout]           >>> referenced 5 more times
[INFO] [stdout]           
[INFO] [stdout]           rust-lld: error: undefined symbol: PySequence_Check
[INFO] [stdout]           >>> referenced by selmr.38c00e47d5f534b5-cgu.13
[INFO] [stdout]           >>>               /opt/rustwide/target/release/deps/selmr-234db0425bc17d95.selmr.38c00e47d5f534b5-cgu.13.rcgu.o:(pyo3::types::sequence::extract_sequence::<alloc::string::String>)
[INFO] [stdout]           
[INFO] [stdout]           rust-lld: error: undefined symbol: PySequence_Size
[INFO] [stdout]           >>> referenced by selmr.38c00e47d5f534b5-cgu.13
[INFO] [stdout]           >>>               /opt/rustwide/target/release/deps/selmr-234db0425bc17d95.selmr.38c00e47d5f534b5-cgu.13.rcgu.o:(pyo3::types::sequence::extract_sequence::<alloc::string::String>)
[INFO] [stdout]           
[INFO] [stdout]           rust-lld: error: undefined symbol: PyType_GetSlot
[INFO] [stdout]           >>> referenced by selmr.38c00e47d5f534b5-cgu.12
[INFO] [stdout]           >>>               /opt/rustwide/target/release/deps/selmr-234db0425bc17d95.selmr.38c00e47d5f534b5-cgu.12.rcgu.o:(<pyo3::pycell::impl_::PyClassObjectBase<pyo3_ffi::object::PyObject> as pyo3::pycell::impl_::PyClassObjectLayout<pyo3::types::any::PyAny>>::tp_dealloc)
[INFO] [stdout]           >>> referenced by pyo3.b51547910c5fd218-cgu.00
[INFO] [stdout]           >>>               pyo3-fb19cd069bf66ed8.pyo3.b51547910c5fd218-cgu.00.rcgu.o:(<pyo3::instance::Bound<pyo3::types::any::PyAny>>::lookup_special::<&pyo3::instance::Bound<pyo3::types::string::PyString>>) in archive /opt/rustwide/target/release/deps/libpyo3-fb19cd069bf66ed8.rlib
[INFO] [stdout]           >>> referenced by pyo3.b51547910c5fd218-cgu.10
[INFO] [stdout]           >>>               pyo3-fb19cd069bf66ed8.pyo3.b51547910c5fd218-cgu.10.rcgu.o:(<pyo3::pyclass_init::PyNativeTypeInitializer<_> as pyo3::pyclass_init::PyObjectInit<_>>::into_new_object::inner) in archive /opt/rustwide/target/release/deps/libpyo3-fb19cd069bf66ed8.rlib
[INFO] [stdout]           >>> referenced 1 more times
[INFO] [stdout]           
[INFO] [stdout]           rust-lld: error: undefined symbol: PyExc_SystemError
[INFO] [stdout]           >>> referenced by selmr.38c00e47d5f534b5-cgu.13
[INFO] [stdout]           >>>               /opt/rustwide/target/release/deps/selmr-234db0425bc17d95.selmr.38c00e47d5f534b5-cgu.13.rcgu.o:(<<pyo3::err::PyErr>::new<pyo3::exceptions::PySystemError, &str>::{closure#0} as core::ops::function::FnOnce<(pyo3::marker::Python,)>>::call_once::{shim:vtable#0})
[INFO] [stdout]           >>> referenced by pyo3.b51547910c5fd218-cgu.00
[INFO] [stdout]           >>>               pyo3-fb19cd069bf66ed8.pyo3.b51547910c5fd218-cgu.00.rcgu.o:(<<pyo3::err::PyErr>::new<pyo3::exceptions::PySystemError, &str>::{closure#0} as core::ops::function::FnOnce<(pyo3::marker::Python,)>>::call_once::{shim:vtable#0} (.llvm.3467037687723644307)) in archive /opt/rustwide/target/release/deps/libpyo3-fb19cd069bf66ed8.rlib
[INFO] [stdout]           >>> referenced by pyo3.b51547910c5fd218-cgu.04
[INFO] [stdout]           >>>               pyo3-fb19cd069bf66ed8.pyo3.b51547910c5fd218-cgu.04.rcgu.o:(<<pyo3::err::PyErr>::new<pyo3::exceptions::PySystemError, &str>::{closure#0} as core::ops::function::FnOnce<(pyo3::marker::Python,)>>::call_once::{shim:vtable#0}) in archive /opt/rustwide/target/release/deps/libpyo3-fb19cd069bf66ed8.rlib
[INFO] [stdout]           >>> referenced 8 more times
[INFO] [stdout]           
[INFO] [stdout]           rust-lld: error: undefined symbol: PyUnicode_FromStringAndSize
[INFO] [stdout]           >>> referenced by pyo3.b51547910c5fd218-cgu.00
[INFO] [stdout]           >>>               pyo3-fb19cd069bf66ed8.pyo3.b51547910c5fd218-cgu.00.rcgu.o:(<<pyo3::err::PyErr>::new<pyo3::exceptions::PySystemError, &str>::{closure#0} as core::ops::function::FnOnce<(pyo3::marker::Python,)>>::call_once::{shim:vtable#0} (.llvm.3467037687723644307)) in archive /opt/rustwide/target/release/deps/libpyo3-fb19cd069bf66ed8.rlib
[INFO] [stdout]           >>> referenced by pyo3.b51547910c5fd218-cgu.02
[INFO] [stdout]           >>>               pyo3-fb19cd069bf66ed8.pyo3.b51547910c5fd218-cgu.02.rcgu.o:(<alloc::ffi::c_str::NulError as pyo3::err::err_state::PyErrArguments>::arguments) in archive /opt/rustwide/target/release/deps/libpyo3-fb19cd069bf66ed8.rlib
[INFO] [stdout]           >>> referenced by pyo3.b51547910c5fd218-cgu.03
[INFO] [stdout]           >>>               pyo3-fb19cd069bf66ed8.pyo3.b51547910c5fd218-cgu.03.rcgu.o:(<pyo3::types::string::PyString>::new_bound) in archive /opt/rustwide/target/release/deps/libpyo3-fb19cd069bf66ed8.rlib
[INFO] [stdout]           >>> referenced 21 more times
[INFO] [stdout]           
[INFO] [stdout]           rust-lld: error: undefined symbol: PyDict_Size
[INFO] [stdout]           >>> referenced by pyo3.b51547910c5fd218-cgu.00
[INFO] [stdout]           >>>               pyo3-fb19cd069bf66ed8.pyo3.b51547910c5fd218-cgu.00.rcgu.o:(<pyo3::instance::Borrowed<pyo3::types::dict::PyDict>>::iter_borrowed) in archive /opt/rustwide/target/release/deps/libpyo3-fb19cd069bf66ed8.rlib
[INFO] [stdout]           
[INFO] [stdout]           rust-lld: error: too many errors emitted, stopping now (use --error-limit=0 to see all errors)
[INFO] [stdout]           collect2: error: ld returned 1 exit status
[INFO] [stdout]           
[INFO] [stdout] 
[INFO] [stdout] 
[INFO] [stderr] error: could not compile `selmr` (lib test) due to 1 previous error; 1 warning emitted
[INFO] running `Command { std: "docker" "inspect" "624d5466052f7eda635689bf45ba5d4540d4eee7c5a5ba1c7a3a5e5f36c03574", kill_on_drop: false }`
[INFO] running `Command { std: "docker" "rm" "-f" "624d5466052f7eda635689bf45ba5d4540d4eee7c5a5ba1c7a3a5e5f36c03574", kill_on_drop: false }`
[INFO] [stdout] 624d5466052f7eda635689bf45ba5d4540d4eee7c5a5ba1c7a3a5e5f36c03574
