[INFO] fetching crate sedona-geometry 0.5.0...
[INFO] testing sedona-geometry-0.5.0 against 1.99.0-beta.8+cargoflags=--release for beta-release-1.100-2
[INFO] extracting crate sedona-geometry 0.5.0 into /workspace/builds/worker-7-tc1/source
[INFO] started tweaking crates.io crate sedona-geometry 0.5.0
[INFO] finished tweaking crates.io crate sedona-geometry 0.5.0
[INFO] tweaked toml for crates.io crate sedona-geometry 0.5.0 written to /workspace/builds/worker-7-tc1/source/Cargo.toml
[INFO] validating manifest of crates.io crate sedona-geometry 0.5.0 on toolchain 1.99.0-beta.8
[INFO] running `Command { std: CARGO_HOME="/workspace/cargo-home" RUSTUP_HOME="/workspace/rustup-home" "/workspace/cargo-home/bin/cargo" "+1.99.0-beta.8" "metadata" "--manifest-path" "Cargo.toml" "--no-deps", kill_on_drop: false }`
[INFO] crate crates.io crate sedona-geometry 0.5.0 already has a lockfile, it will not be regenerated
[INFO] running `Command { std: CARGO_HOME="/workspace/cargo-home" RUSTUP_HOME="/workspace/rustup-home" "/workspace/cargo-home/bin/cargo" "+1.99.0-beta.8" "fetch" "--manifest-path" "Cargo.toml", kill_on_drop: false }`
[INFO] [stderr]     Updating crates.io index
[INFO] [stderr]  Downloading crates ...
[INFO] [stderr]   Downloaded serde_with_macros v3.23.0
[INFO] [stderr]   Downloaded serde_with v3.23.0
[INFO] [stderr]   Downloaded jiff-static v0.2.18
[INFO] [stderr]   Downloaded lru v0.18.0
[INFO] [stderr]   Downloaded wkb v0.9.2
[INFO] [stderr]   Downloaded wkt v0.14.0
[INFO] [stderr]   Downloaded jiff v0.2.18
[INFO] running `Command { std: "docker" "create" "-v" "/var/lib/crater-agent-workspace/builds/worker-7-tc1/source:/opt/rustwide/workdir:ro,Z" "-v" "/var/lib/crater-agent-workspace/builds/worker-7-tc1/target:/opt/rustwide/target:rw,Z" "-v" "/var/lib/crater-agent-workspace/cargo-home:/opt/rustwide/cargo-home:ro,Z" "-v" "/var/lib/crater-agent-workspace/rustup-home:/opt/rustwide/rustup-home:ro,Z" "-m" "1610612736" "--network" "none" "ghcr.io/rust-lang/crates-build-env/linux@sha256:77db811e55d90add9212f6832c23229e3de5f1c1f9905e8cb07319ea15df73ac" "sleep" "infinity", kill_on_drop: false }`
[INFO] [stdout] de76d744227f9612465912c67c7479ad5945d9bbfe5338a780a8743bf885d048
[INFO] running `Command { std: "docker" "start" "de76d744227f9612465912c67c7479ad5945d9bbfe5338a780a8743bf885d048", kill_on_drop: false }`
[INFO] running `Command { std: "docker" "inspect" "de76d744227f9612465912c67c7479ad5945d9bbfe5338a780a8743bf885d048", kill_on_drop: false }`
[INFO] running `Command { std: "docker" "exec" "-e" "SOURCE_DIR=/opt/rustwide/workdir" "-e" "CARGO_HOME=/opt/rustwide/cargo-home" "-e" "RUSTUP_HOME=/opt/rustwide/rustup-home" "-e" "CARGO_TARGET_DIR=/opt/rustwide/target" "-w" "/opt/rustwide/workdir" "--user" "0:0" "de76d744227f9612465912c67c7479ad5945d9bbfe5338a780a8743bf885d048" "/opt/rustwide/cargo-home/bin/cargo" "+1.99.0-beta.8" "metadata" "--no-deps" "--format-version=1", kill_on_drop: false }`
[INFO] running `Command { std: "docker" "inspect" "de76d744227f9612465912c67c7479ad5945d9bbfe5338a780a8743bf885d048", kill_on_drop: false }`
[INFO] running `Command { std: "docker" "exec" "-e" "SOURCE_DIR=/opt/rustwide/workdir" "-e" "CARGO_HOME=/opt/rustwide/cargo-home" "-e" "RUSTUP_HOME=/opt/rustwide/rustup-home" "-e" "CARGO_TARGET_DIR=/opt/rustwide/target" "-e" "CARGO_INCREMENTAL=0" "-e" "RUST_BACKTRACE=full" "-e" "RUSTFLAGS=--cap-lints=warn" "-e" "RUSTDOCFLAGS=--cap-lints=warn" "-w" "/opt/rustwide/workdir" "--user" "0:0" "de76d744227f9612465912c67c7479ad5945d9bbfe5338a780a8743bf885d048" "/opt/rustwide/cargo-home/bin/cargo" "+1.99.0-beta.8" "build" "--frozen" "--message-format=json" "--release", kill_on_drop: false }`
[INFO] [stderr]    Compiling proc-macro2 v1.0.106
[INFO] [stderr]    Compiling libm v0.2.15
[INFO] [stderr]    Compiling num-traits v0.2.19
[INFO] [stderr]    Compiling indexmap v2.14.1
[INFO] [stderr]    Compiling lru v0.18.0
[INFO] [stderr]    Compiling quote v1.0.45
[INFO] [stderr]    Compiling syn v3.0.5
[INFO] [stderr]    Compiling syn v2.0.117
[INFO] [stderr]    Compiling toml_edit v0.23.10+spec-1.0.0
[INFO] [stderr]    Compiling proc-macro-crate v3.4.0
[INFO] [stderr]    Compiling num_enum_derive v0.7.5
[INFO] [stderr]    Compiling thiserror-impl v1.0.69
[INFO] [stderr]    Compiling serde_derive v1.0.228
[INFO] [stderr]    Compiling num_enum v0.7.5
[INFO] [stderr]    Compiling thiserror v1.0.69
[INFO] [stderr]    Compiling darling_core v0.24.1
[INFO] [stderr]    Compiling thiserror-impl v2.0.20
[INFO] [stderr]    Compiling serde v1.0.228
[INFO] [stderr]    Compiling thiserror v2.0.20
[INFO] [stderr]    Compiling geo-types v0.7.20
[INFO] [stderr]    Compiling geo-traits v0.3.0
[INFO] [stderr]    Compiling wkb v0.9.2
[INFO] [stderr]    Compiling darling_macro v0.24.1
[INFO] [stderr]    Compiling darling v0.24.1
[INFO] [stderr]    Compiling serde_with_macros v3.23.0
[INFO] [stderr]    Compiling serde_with v3.23.0
[INFO] [stderr]    Compiling sedona-geometry v0.5.0 (/opt/rustwide/workdir)
[INFO] [stderr]     Finished `release` profile [optimized] target(s) in 19.96s
[INFO] running `Command { std: "docker" "inspect" "de76d744227f9612465912c67c7479ad5945d9bbfe5338a780a8743bf885d048", kill_on_drop: false }`
[INFO] running `Command { std: "docker" "exec" "-e" "SOURCE_DIR=/opt/rustwide/workdir" "-e" "CARGO_HOME=/opt/rustwide/cargo-home" "-e" "RUSTUP_HOME=/opt/rustwide/rustup-home" "-e" "CARGO_TARGET_DIR=/opt/rustwide/target" "-e" "CARGO_INCREMENTAL=0" "-e" "RUST_BACKTRACE=full" "-e" "RUSTFLAGS=--cap-lints=warn" "-e" "RUSTDOCFLAGS=--cap-lints=warn" "-w" "/opt/rustwide/workdir" "--user" "0:0" "de76d744227f9612465912c67c7479ad5945d9bbfe5338a780a8743bf885d048" "/opt/rustwide/cargo-home/bin/cargo" "+1.99.0-beta.8" "test" "--frozen" "--no-run" "--message-format=json" "--release", kill_on_drop: false }`
[INFO] [stderr]    Compiling syn v2.0.117
[INFO] [stderr]    Compiling memchr v2.8.2
[INFO] [stderr]    Compiling num-traits v0.2.19
[INFO] [stderr]    Compiling rstest_macros v0.27.0
[INFO] [stderr]    Compiling futures-task v0.3.31
[INFO] [stderr]    Compiling futures-core v0.3.31
[INFO] [stderr]    Compiling serde_json v1.0.151
[INFO] [stderr]    Compiling futures-util v0.3.31
[INFO] [stderr]    Compiling aho-corasick v1.1.4
[INFO] [stderr]    Compiling geo-types v0.7.20
[INFO] [stderr]    Compiling geo-traits v0.3.0
[INFO] [stderr]    Compiling regex-automata v0.4.13
[INFO] [stderr]    Compiling regex v1.13.0
[INFO] [stderr]    Compiling thiserror-impl v1.0.69
[INFO] [stderr]    Compiling num_enum_derive v0.7.5
[INFO] [stderr]    Compiling serde_derive v1.0.228
[INFO] [stderr]    Compiling num_enum v0.7.5
[INFO] [stderr]    Compiling thiserror v1.0.69
[INFO] [stderr]    Compiling wkb v0.9.2
[INFO] [stderr]    Compiling wkt v0.14.0
[INFO] [stderr]    Compiling serde v1.0.228
[INFO] [stderr]    Compiling sedona-geometry v0.5.0 (/opt/rustwide/workdir)
[INFO] [stderr]    Compiling rstest v0.27.0
[INFO] [stdout] error[E0433]: cannot find module or crate `sedona_testing` in this scope
[INFO] [stdout]    --> src/wkb_header.rs:491:9
[INFO] [stdout]     |
[INFO] [stdout] 491 |     use sedona_testing::fixtures::*;
[INFO] [stdout]     |         ^^^^^^^^^^^^^^ use of unresolved module or unlinked crate `sedona_testing`
[INFO] [stdout]     |
[INFO] [stdout]     = help: if you wanted to use a crate named `sedona_testing`, use `cargo add sedona_testing` to add it to your `Cargo.toml`
[INFO] [stdout] 
[INFO] [stdout] 
[INFO] [stdout] error[E0425]: cannot find value `POINT_WITH_SRID_4326_EWKB` in this scope
[INFO] [stdout]    --> src/wkb_header.rs:632:42
[INFO] [stdout]     |
[INFO] [stdout] 632 |         let header = WkbHeader::try_new(&POINT_WITH_SRID_4326_EWKB).unwrap();
[INFO] [stdout]     |                                          ^^^^^^^^^^^^^^^^^^^^^^^^^ not found in this scope
[INFO] [stdout] 
[INFO] [stdout] 
[INFO] [stdout] error[E0425]: cannot find value `POINT_Z_WITH_SRID_3857_EWKB` in this scope
[INFO] [stdout]    --> src/wkb_header.rs:639:42
[INFO] [stdout]     |
[INFO] [stdout] 639 |         let header = WkbHeader::try_new(&POINT_Z_WITH_SRID_3857_EWKB).unwrap();
[INFO] [stdout]     |                                          ^^^^^^^^^^^^^^^^^^^^^^^^^^^ not found in this scope
[INFO] [stdout] 
[INFO] [stdout] 
[INFO] [stdout] error[E0425]: cannot find value `POINT_M_WITH_SRID_4326_EWKB` in this scope
[INFO] [stdout]    --> src/wkb_header.rs:646:42
[INFO] [stdout]     |
[INFO] [stdout] 646 |         let header = WkbHeader::try_new(&POINT_M_WITH_SRID_4326_EWKB).unwrap();
[INFO] [stdout]     |                                          ^^^^^^^^^^^^^^^^^^^^^^^^^^^ not found in this scope
[INFO] [stdout] 
[INFO] [stdout] 
[INFO] [stdout] error[E0425]: cannot find value `POINT_ZM_WITH_SRID_4326_EWKB` in this scope
[INFO] [stdout]    --> src/wkb_header.rs:653:42
[INFO] [stdout]     |
[INFO] [stdout] 653 |         let header = WkbHeader::try_new(&POINT_ZM_WITH_SRID_4326_EWKB).unwrap();
[INFO] [stdout]     |                                          ^^^^^^^^^^^^^^^^^^^^^^^^^^^^ not found in this scope
[INFO] [stdout] 
[INFO] [stdout] 
[INFO] [stdout] error[E0425]: cannot find value `GEOMETRYCOLLECTION_POINT_WITH_SRID_4326_EWKB` in this scope
[INFO] [stdout]    --> src/wkb_header.rs:660:42
[INFO] [stdout]     |
[INFO] [stdout] 660 |         let header = WkbHeader::try_new(&GEOMETRYCOLLECTION_POINT_WITH_SRID_4326_EWKB).unwrap();
[INFO] [stdout]     |                                          ^^^^^^^^^^^^^^^^^^^^^^^^^^^^^^^^^^^^^^^^^^^^ not found in this scope
[INFO] [stdout] 
[INFO] [stdout] 
[INFO] [stdout] error[E0425]: cannot find value `GEOMETRYCOLLECTION_POINT_Z_WITH_SRID_4326_EWKB` in this scope
[INFO] [stdout]    --> src/wkb_header.rs:672:42
[INFO] [stdout]     |
[INFO] [stdout] 672 |         let header = WkbHeader::try_new(&GEOMETRYCOLLECTION_POINT_Z_WITH_SRID_4326_EWKB).unwrap();
[INFO] [stdout]     |                                          ^^^^^^^^^^^^^^^^^^^^^^^^^^^^^^^^^^^^^^^^^^^^^^ not found in this scope
[INFO] [stdout] 
[INFO] [stdout] 
[INFO] [stdout] error[E0425]: cannot find value `GEOMETRYCOLLECTION_POINT_M_WITH_SRID_4326_EWKB` in this scope
[INFO] [stdout]    --> src/wkb_header.rs:685:42
[INFO] [stdout]     |
[INFO] [stdout] 685 |         let header = WkbHeader::try_new(&GEOMETRYCOLLECTION_POINT_M_WITH_SRID_4326_EWKB).unwrap();
[INFO] [stdout]     |                                          ^^^^^^^^^^^^^^^^^^^^^^^^^^^^^^^^^^^^^^^^^^^^^^ not found in this scope
[INFO] [stdout] 
[INFO] [stdout] 
[INFO] [stdout] error[E0425]: cannot find value `GEOMETRYCOLLECTION_POINT_ZM_WITH_SRID_4326_EWKB` in this scope
[INFO] [stdout]    --> src/wkb_header.rs:698:42
[INFO] [stdout]     |
[INFO] [stdout] 698 |         let header = WkbHeader::try_new(&GEOMETRYCOLLECTION_POINT_ZM_WITH_SRID_4326_EWKB).unwrap();
[INFO] [stdout]     |                                          ^^^^^^^^^^^^^^^^^^^^^^^^^^^^^^^^^^^^^^^^^^^^^^^ not found in this scope
[INFO] [stdout] 
[INFO] [stdout] 
[INFO] [stdout] error[E0425]: cannot find value `LINESTRING_WITH_SRID_4326_EWKB` in this scope
[INFO] [stdout]    --> src/wkb_header.rs:713:42
[INFO] [stdout]     |
[INFO] [stdout] 713 |         let header = WkbHeader::try_new(&LINESTRING_WITH_SRID_4326_EWKB).unwrap();
[INFO] [stdout]     |                                          ^^^^^^^^^^^^^^^^^^^^^^^^^^^^^^ not found in this scope
[INFO] [stdout] 
[INFO] [stdout] 
[INFO] [stdout] error[E0425]: cannot find value `POLYGON_WITH_SRID_4326_EWKB` in this scope
[INFO] [stdout]    --> src/wkb_header.rs:726:42
[INFO] [stdout]     |
[INFO] [stdout] 726 |         let header = WkbHeader::try_new(&POLYGON_WITH_SRID_4326_EWKB).unwrap();
[INFO] [stdout]     |                                          ^^^^^^^^^^^^^^^^^^^^^^^^^^^ not found in this scope
[INFO] [stdout] 
[INFO] [stdout] 
[INFO] [stdout] error[E0425]: cannot find value `MULTIPOINT_WITH_SRID_4326_EWKB` in this scope
[INFO] [stdout]    --> src/wkb_header.rs:736:42
[INFO] [stdout]     |
[INFO] [stdout] 736 |         let header = WkbHeader::try_new(&MULTIPOINT_WITH_SRID_4326_EWKB).unwrap();
[INFO] [stdout]     |                                          ^^^^^^^^^^^^^^^^^^^^^^^^^^^^^^ not found in this scope
[INFO] [stdout] 
[INFO] [stdout] 
[INFO] [stdout] error[E0425]: cannot find value `POINT_EMPTY_WITH_SRID_4326_EWKB` in this scope
[INFO] [stdout]    --> src/wkb_header.rs:750:42
[INFO] [stdout]     |
[INFO] [stdout] 750 |         let header = WkbHeader::try_new(&POINT_EMPTY_WITH_SRID_4326_EWKB).unwrap();
[INFO] [stdout]     |                                          ^^^^^^^^^^^^^^^^^^^^^^^^^^^^^^^ not found in this scope
[INFO] [stdout] 
[INFO] [stdout] 
[INFO] [stdout] error[E0425]: cannot find value `GEOMETRYCOLLECTION_EMPTY_WITH_SRID_4326_EWKB` in this scope
[INFO] [stdout]    --> src/wkb_header.rs:756:42
[INFO] [stdout]     |
[INFO] [stdout] 756 |         let header = WkbHeader::try_new(&GEOMETRYCOLLECTION_EMPTY_WITH_SRID_4326_EWKB).unwrap();
[INFO] [stdout]     |                                          ^^^^^^^^^^^^^^^^^^^^^^^^^^^^^^^^^^^^^^^^^^^^ not found in this scope
[INFO] [stdout] 
[INFO] [stdout] 
[INFO] [stdout] error[E0425]: cannot find value `POINT_WITH_SRID_4326_EWKB` in this scope
[INFO] [stdout]     --> src/wkb_header.rs:1056:19
[INFO] [stdout]      |
[INFO] [stdout] 1056 |         let wkb = POINT_WITH_SRID_4326_EWKB;
[INFO] [stdout]      |                   ^^^^^^^^^^^^^^^^^^^^^^^^^ not found in this scope
[INFO] [stdout] 
[INFO] [stdout] 
[INFO] [stdout] error[E0425]: cannot find value `MULTIPOINT_WITH_SRID_4326_EWKB` in this scope
[INFO] [stdout]     --> src/wkb_header.rs:1067:19
[INFO] [stdout]      |
[INFO] [stdout] 1067 |         let wkb = MULTIPOINT_WITH_SRID_4326_EWKB;
[INFO] [stdout]      |                   ^^^^^^^^^^^^^^^^^^^^^^^^^^^^^^ not found in this scope
[INFO] [stdout] 
[INFO] [stdout] 
[INFO] [stdout] error[E0425]: cannot find value `GEOMETRYCOLLECTION_POINT_ZM_WITH_SRID_4326_EWKB` in this scope
[INFO] [stdout]     --> src/wkb_header.rs:1077:19
[INFO] [stdout]      |
[INFO] [stdout] 1077 |         let wkb = GEOMETRYCOLLECTION_POINT_ZM_WITH_SRID_4326_EWKB;
[INFO] [stdout]      |                   ^^^^^^^^^^^^^^^^^^^^^^^^^^^^^^^^^^^^^^^^^^^^^^^ not found in this scope
[INFO] [stdout] 
[INFO] [stdout] 
[INFO] [stdout] error[E0425]: cannot find value `POINT_WITH_SRID_4326_EWKB` in this scope
[INFO] [stdout]     --> src/wkb_header.rs:1192:14
[INFO] [stdout]      |
[INFO] [stdout] 1192 |             &POINT_WITH_SRID_4326_EWKB[..],
[INFO] [stdout]      |              ^^^^^^^^^^^^^^^^^^^^^^^^^ not found in this scope
[INFO] [stdout] 
[INFO] [stdout] 
[INFO] [stdout] error[E0425]: cannot find value `POINT_Z_WITH_SRID_3857_EWKB` in this scope
[INFO] [stdout]     --> src/wkb_header.rs:1193:14
[INFO] [stdout]      |
[INFO] [stdout] 1193 |             &POINT_Z_WITH_SRID_3857_EWKB[..],
[INFO] [stdout]      |              ^^^^^^^^^^^^^^^^^^^^^^^^^^^ not found in this scope
[INFO] [stdout] 
[INFO] [stdout] 
[INFO] [stdout] error[E0425]: cannot find value `POINT_M_WITH_SRID_4326_EWKB` in this scope
[INFO] [stdout]     --> src/wkb_header.rs:1194:14
[INFO] [stdout]      |
[INFO] [stdout] 1194 |             &POINT_M_WITH_SRID_4326_EWKB[..],
[INFO] [stdout]      |              ^^^^^^^^^^^^^^^^^^^^^^^^^^^ not found in this scope
[INFO] [stdout] 
[INFO] [stdout] 
[INFO] [stdout] error[E0425]: cannot find value `POINT_ZM_WITH_SRID_4326_EWKB` in this scope
[INFO] [stdout]     --> src/wkb_header.rs:1195:14
[INFO] [stdout]      |
[INFO] [stdout] 1195 |             &POINT_ZM_WITH_SRID_4326_EWKB[..],
[INFO] [stdout]      |              ^^^^^^^^^^^^^^^^^^^^^^^^^^^^ not found in this scope
[INFO] [stdout] 
[INFO] [stdout] 
[INFO] [stdout] error[E0425]: cannot find value `LINESTRING_WITH_SRID_4326_EWKB` in this scope
[INFO] [stdout]     --> src/wkb_header.rs:1230:43
[INFO] [stdout]      |
[INFO] [stdout] 1230 |             WkbPointLayout::try_from_wkb(&LINESTRING_WITH_SRID_4326_EWKB)
[INFO] [stdout]      |                                           ^^^^^^^^^^^^^^^^^^^^^^^^^^^^^^ not found in this scope
[INFO] [stdout] 
[INFO] [stdout] 
[INFO] [stdout] error[E0425]: cannot find value `MULTIPOINT_WITH_SRID_4326_EWKB` in this scope
[INFO] [stdout]     --> src/wkb_header.rs:1235:43
[INFO] [stdout]      |
[INFO] [stdout] 1235 |             WkbPointLayout::try_from_wkb(&MULTIPOINT_WITH_SRID_4326_EWKB)
[INFO] [stdout]      |                                           ^^^^^^^^^^^^^^^^^^^^^^^^^^^^^^ not found in this scope
[INFO] [stdout] 
[INFO] [stdout] 
[INFO] [stdout] error[E0425]: cannot find value `POINT_WITH_SRID_4326_EWKB` in this scope
[INFO] [stdout]     --> src/wkb_header.rs:1271:19
[INFO] [stdout]      |
[INFO] [stdout] 1271 |         let wkb = POINT_WITH_SRID_4326_EWKB;
[INFO] [stdout]      |                   ^^^^^^^^^^^^^^^^^^^^^^^^^ not found in this scope
[INFO] [stdout] 
[INFO] [stdout] 
[INFO] [stdout] error[E0425]: cannot find value `POINT_WITH_SRID_4326_EWKB` in this scope
[INFO] [stdout]     --> src/wkb_header.rs:1336:14
[INFO] [stdout]      |
[INFO] [stdout] 1336 |             &POINT_WITH_SRID_4326_EWKB[..],
[INFO] [stdout]      |              ^^^^^^^^^^^^^^^^^^^^^^^^^ not found in this scope
[INFO] [stdout] 
[INFO] [stdout] 
[INFO] [stdout] error[E0425]: cannot find value `POINT_Z_WITH_SRID_3857_EWKB` in this scope
[INFO] [stdout]     --> src/wkb_header.rs:1337:14
[INFO] [stdout]      |
[INFO] [stdout] 1337 |             &POINT_Z_WITH_SRID_3857_EWKB[..],
[INFO] [stdout]      |              ^^^^^^^^^^^^^^^^^^^^^^^^^^^ not found in this scope
[INFO] [stdout] 
[INFO] [stdout] 
[INFO] [stdout] error[E0425]: cannot find value `POINT_M_WITH_SRID_4326_EWKB` in this scope
[INFO] [stdout]     --> src/wkb_header.rs:1338:14
[INFO] [stdout]      |
[INFO] [stdout] 1338 |             &POINT_M_WITH_SRID_4326_EWKB[..],
[INFO] [stdout]      |              ^^^^^^^^^^^^^^^^^^^^^^^^^^^ not found in this scope
[INFO] [stdout] 
[INFO] [stdout] 
[INFO] [stdout] error[E0425]: cannot find value `POINT_ZM_WITH_SRID_4326_EWKB` in this scope
[INFO] [stdout]     --> src/wkb_header.rs:1339:14
[INFO] [stdout]      |
[INFO] [stdout] 1339 |             &POINT_ZM_WITH_SRID_4326_EWKB[..],
[INFO] [stdout]      |              ^^^^^^^^^^^^^^^^^^^^^^^^^^^^ not found in this scope
[INFO] [stdout] 
[INFO] [stdout] 
[INFO] [stdout] error[E0425]: cannot find value `POINT_EMPTY_WITH_SRID_4326_EWKB` in this scope
[INFO] [stdout]     --> src/wkb_header.rs:1355:28
[INFO] [stdout]      |
[INFO] [stdout] 1355 |             read_point_xy(&POINT_EMPTY_WITH_SRID_4326_EWKB).unwrap(),
[INFO] [stdout]      |                            ^^^^^^^^^^^^^^^^^^^^^^^^^^^^^^^ not found in this scope
[INFO] [stdout] 
[INFO] [stdout] 
[INFO] [stdout] Some errors have detailed explanations: E0425, E0433.
[INFO] [stdout] 
[INFO] [stdout] For more information about an error, try `rustc --explain E0425`.
[INFO] [stdout] 
[INFO] [stderr] error: could not compile `sedona-geometry` (lib test) due to 29 previous errors
[INFO] running `Command { std: "docker" "inspect" "de76d744227f9612465912c67c7479ad5945d9bbfe5338a780a8743bf885d048", kill_on_drop: false }`
[INFO] running `Command { std: "docker" "rm" "-f" "de76d744227f9612465912c67c7479ad5945d9bbfe5338a780a8743bf885d048", kill_on_drop: false }`
[INFO] [stdout] de76d744227f9612465912c67c7479ad5945d9bbfe5338a780a8743bf885d048
