[INFO] fetching crate sedona-geo-generic-alg 0.5.0...
[INFO] testing sedona-geo-generic-alg-0.5.0 against 1.99.0-beta.8+cargoflags=--release for beta-release-1.100-2
[INFO] extracting crate sedona-geo-generic-alg 0.5.0 into /workspace/builds/worker-0-tc1/source
[INFO] started tweaking crates.io crate sedona-geo-generic-alg 0.5.0
[INFO] finished tweaking crates.io crate sedona-geo-generic-alg 0.5.0
[INFO] tweaked toml for crates.io crate sedona-geo-generic-alg 0.5.0 written to /workspace/builds/worker-0-tc1/source/Cargo.toml
[INFO] validating manifest of crates.io crate sedona-geo-generic-alg 0.5.0 on toolchain 1.99.0-beta.8
[INFO] running `Command { std: CARGO_HOME="/workspace/cargo-home" RUSTUP_HOME="/workspace/rustup-home" "/workspace/cargo-home/bin/cargo" "+1.99.0-beta.8" "metadata" "--manifest-path" "Cargo.toml" "--no-deps", kill_on_drop: false }`
[INFO] crate crates.io crate sedona-geo-generic-alg 0.5.0 already has a lockfile, it will not be regenerated
[INFO] running `Command { std: CARGO_HOME="/workspace/cargo-home" RUSTUP_HOME="/workspace/rustup-home" "/workspace/cargo-home/bin/cargo" "+1.99.0-beta.8" "fetch" "--manifest-path" "Cargo.toml", kill_on_drop: false }`
[INFO] [stderr]     Updating crates.io index
[INFO] [stderr]  Downloading crates ...
[INFO] [stderr]   Downloaded sedona-geo-traits-ext v0.5.0
[INFO] [stderr]   Downloaded rstar v0.13.0
[INFO] [stderr]   Downloaded i_tree v0.19.0
[INFO] [stderr]   Downloaded i_shape v5.0.0
[INFO] [stderr]   Downloaded i_key_sort v0.11.0
[INFO] [stderr]   Downloaded criterion-plot v0.8.1
[INFO] [stderr]   Downloaded i_float v5.0.0
[INFO] [stderr]   Downloaded criterion v0.8.1
[INFO] [stderr]   Downloaded i_overlay v9.0.0
[INFO] running `Command { std: "docker" "create" "-v" "/var/lib/crater-agent-workspace/builds/worker-0-tc1/source:/opt/rustwide/workdir:ro,Z" "-v" "/var/lib/crater-agent-workspace/builds/worker-0-tc1/target:/opt/rustwide/target:rw,Z" "-v" "/var/lib/crater-agent-workspace/cargo-home:/opt/rustwide/cargo-home:ro,Z" "-v" "/var/lib/crater-agent-workspace/rustup-home:/opt/rustwide/rustup-home:ro,Z" "-m" "1610612736" "--network" "none" "ghcr.io/rust-lang/crates-build-env/linux@sha256:77db811e55d90add9212f6832c23229e3de5f1c1f9905e8cb07319ea15df73ac" "sleep" "infinity", kill_on_drop: false }`
[INFO] [stdout] 1311b1a30be3ffbe7b7e74ae5902c3235b6b0963a0bd6c13618731bd37f734ea
[INFO] running `Command { std: "docker" "start" "1311b1a30be3ffbe7b7e74ae5902c3235b6b0963a0bd6c13618731bd37f734ea", kill_on_drop: false }`
[INFO] running `Command { std: "docker" "inspect" "1311b1a30be3ffbe7b7e74ae5902c3235b6b0963a0bd6c13618731bd37f734ea", kill_on_drop: false }`
[INFO] running `Command { std: "docker" "exec" "-e" "SOURCE_DIR=/opt/rustwide/workdir" "-e" "CARGO_HOME=/opt/rustwide/cargo-home" "-e" "RUSTUP_HOME=/opt/rustwide/rustup-home" "-e" "CARGO_TARGET_DIR=/opt/rustwide/target" "-w" "/opt/rustwide/workdir" "--user" "0:0" "1311b1a30be3ffbe7b7e74ae5902c3235b6b0963a0bd6c13618731bd37f734ea" "/opt/rustwide/cargo-home/bin/cargo" "+1.99.0-beta.8" "metadata" "--no-deps" "--format-version=1", kill_on_drop: false }`
[INFO] running `Command { std: "docker" "inspect" "1311b1a30be3ffbe7b7e74ae5902c3235b6b0963a0bd6c13618731bd37f734ea", kill_on_drop: false }`
[INFO] running `Command { std: "docker" "exec" "-e" "SOURCE_DIR=/opt/rustwide/workdir" "-e" "CARGO_HOME=/opt/rustwide/cargo-home" "-e" "RUSTUP_HOME=/opt/rustwide/rustup-home" "-e" "CARGO_TARGET_DIR=/opt/rustwide/target" "-e" "CARGO_INCREMENTAL=0" "-e" "RUST_BACKTRACE=full" "-e" "RUSTFLAGS=--cap-lints=warn" "-e" "RUSTDOCFLAGS=--cap-lints=warn" "-w" "/opt/rustwide/workdir" "--user" "0:0" "1311b1a30be3ffbe7b7e74ae5902c3235b6b0963a0bd6c13618731bd37f734ea" "/opt/rustwide/cargo-home/bin/cargo" "+1.99.0-beta.8" "build" "--frozen" "--message-format=json" "--release", kill_on_drop: false }`
[INFO] [stderr]    Compiling proc-macro2 v1.0.106
[INFO] [stderr]    Compiling winnow v0.7.14
[INFO] [stderr]    Compiling toml_datetime v0.7.5+spec-1.1.0
[INFO] [stderr]    Compiling thiserror v2.0.20
[INFO] [stderr]    Compiling i_tree v0.19.0
[INFO] [stderr]    Compiling i_key_sort v0.11.0
[INFO] [stderr]    Compiling indexmap v2.14.1
[INFO] [stderr]    Compiling float_next_after v2.0.0
[INFO] [stderr]    Compiling i_float v5.0.0
[INFO] [stderr]    Compiling approx v0.5.1
[INFO] [stderr]    Compiling rstar v0.12.2
[INFO] [stderr]    Compiling rstar v0.13.0
[INFO] [stderr]    Compiling quote v1.0.45
[INFO] [stderr]    Compiling syn v3.0.5
[INFO] [stderr]    Compiling syn v2.0.117
[INFO] [stderr]    Compiling i_shape v5.0.0
[INFO] [stderr]    Compiling i_overlay v9.0.0
[INFO] [stderr]    Compiling toml_parser v1.0.6+spec-1.1.0
[INFO] [stderr]    Compiling toml_edit v0.23.10+spec-1.0.0
[INFO] [stderr]    Compiling thiserror-impl v2.0.20
[INFO] [stderr]    Compiling thiserror-impl v1.0.69
[INFO] [stderr]    Compiling proc-macro-crate v3.4.0
[INFO] [stderr]    Compiling num_enum_derive v0.7.5
[INFO] [stderr]    Compiling geo-types v0.7.20
[INFO] [stderr]    Compiling num_enum v0.7.5
[INFO] [stderr]    Compiling thiserror v1.0.69
[INFO] [stderr]    Compiling geo-traits v0.3.0
[INFO] [stderr]    Compiling wkb v0.9.2
[INFO] [stderr]    Compiling sedona-geo-traits-ext v0.5.0
[INFO] [stderr]    Compiling sedona-geo-generic-alg v0.5.0 (/opt/rustwide/workdir)
[INFO] [stderr]     Finished `release` profile [optimized] target(s) in 16.01s
[INFO] running `Command { std: "docker" "inspect" "1311b1a30be3ffbe7b7e74ae5902c3235b6b0963a0bd6c13618731bd37f734ea", kill_on_drop: false }`
[INFO] running `Command { std: "docker" "exec" "-e" "SOURCE_DIR=/opt/rustwide/workdir" "-e" "CARGO_HOME=/opt/rustwide/cargo-home" "-e" "RUSTUP_HOME=/opt/rustwide/rustup-home" "-e" "CARGO_TARGET_DIR=/opt/rustwide/target" "-e" "CARGO_INCREMENTAL=0" "-e" "RUST_BACKTRACE=full" "-e" "RUSTFLAGS=--cap-lints=warn" "-e" "RUSTDOCFLAGS=--cap-lints=warn" "-w" "/opt/rustwide/workdir" "--user" "0:0" "1311b1a30be3ffbe7b7e74ae5902c3235b6b0963a0bd6c13618731bd37f734ea" "/opt/rustwide/cargo-home/bin/cargo" "+1.99.0-beta.8" "test" "--frozen" "--no-run" "--message-format=json" "--release", kill_on_drop: false }`
[INFO] [stderr]    Compiling num-traits v0.2.19
[INFO] [stderr]    Compiling rand_core v0.10.0
[INFO] [stderr]    Compiling zerocopy v0.8.33
[INFO] [stderr]    Compiling syn v2.0.117
[INFO] [stderr]    Compiling zmij v1.0.12
[INFO] [stderr]    Compiling getrandom v0.4.1
[INFO] [stderr]    Compiling cc v1.4.0
[INFO] [stderr]    Compiling regex-automata v0.4.13
[INFO] [stderr]    Compiling i_float v1.16.0
[INFO] [stderr]    Compiling rayon v1.12.0
[INFO] [stderr]    Compiling clap_builder v4.6.0
[INFO] [stderr]    Compiling i_tree v0.18.0
[INFO] [stderr]    Compiling humantime v2.3.0
[INFO] [stderr]    Compiling criterion-plot v0.8.1
[INFO] [stderr]    Compiling page_size v0.6.0
[INFO] [stderr]    Compiling sif-itree v0.4.1
[INFO] [stderr]    Compiling chacha20 v0.10.0
[INFO] [stderr]    Compiling rand_pcg v0.10.2
[INFO] [stderr]    Compiling i_shape v1.18.0
[INFO] [stderr]    Compiling serde_json v1.0.151
[INFO] [stderr]    Compiling rand v0.10.1
[INFO] [stderr]    Compiling approx v0.5.1
[INFO] [stderr]    Compiling rstar v0.12.2
[INFO] [stderr]    Compiling spade v2.15.0
[INFO] [stderr]    Compiling plotters v0.3.7
[INFO] [stderr]    Compiling earcut v0.4.5
[INFO] [stderr]    Compiling rstar v0.13.0
[INFO] [stderr]    Compiling rand_distr v0.6.0
[INFO] [stderr]    Compiling alloca v0.4.0
[INFO] [stderr]    Compiling clap v4.6.0
[INFO] [stderr]    Compiling geo-types v0.7.20
[INFO] [stderr]    Compiling i_key_sort v0.10.3
[INFO] [stderr]    Compiling regex v1.13.0
[INFO] [stderr]    Compiling thiserror-impl v1.0.69
[INFO] [stderr]    Compiling zerocopy-derive v0.8.33
[INFO] [stderr]    Compiling serde_derive v1.0.228
[INFO] [stderr]    Compiling num_enum_derive v0.7.5
[INFO] [stderr]    Compiling i_overlay v4.5.2
[INFO] [stderr]    Compiling geo-traits v0.3.0
[INFO] [stderr]    Compiling env_logger v0.10.2
[INFO] [stderr]    Compiling num_enum v0.7.5
[INFO] [stderr]    Compiling pretty_env_logger v0.5.0
[INFO] [stderr]    Compiling thiserror v1.0.69
[INFO] [stderr]    Compiling wkb v0.9.2
[INFO] [stderr]    Compiling wkt v0.14.0
[INFO] [stderr]    Compiling sedona-geo-traits-ext v0.5.0
[INFO] [stderr]    Compiling geo v0.33.1
[INFO] [stderr]    Compiling sedona-geo-generic-alg v0.5.0 (/opt/rustwide/workdir)
[INFO] [stderr]    Compiling serde v1.0.228
[INFO] [stderr]    Compiling half v2.7.1
[INFO] [stderr]    Compiling tinytemplate v1.2.1
[INFO] [stderr]    Compiling ciborium-ll v0.2.2
[INFO] [stderr]    Compiling ciborium v0.2.2
[INFO] [stderr]    Compiling criterion v0.8.1
[INFO] [stdout] error[E0433]: cannot find module or crate `sedona_testing` in this scope
[INFO] [stdout]    --> src/algorithm/dimensions.rs:656:13
[INFO] [stdout]     |
[INFO] [stdout] 656 |         use sedona_testing::create::make_wkb;
[INFO] [stdout]     |             ^^^^^^^^^^^^^^ use of unresolved module or unlinked crate `sedona_testing`
[INFO] [stdout]     |
[INFO] [stdout]     = help: if you wanted to use a crate named `sedona_testing`, use `cargo add sedona_testing` to add it to your `Cargo.toml`
[INFO] [stdout] 
[INFO] [stdout] 
[INFO] [stdout] error[E0433]: cannot find module or crate `sedona_testing` in this scope
[INFO] [stdout]     --> src/algorithm/line_measures/metric_spaces/euclidean/distance.rs:1798:22
[INFO] [stdout]      |
[INFO] [stdout] 1798 |             let ls = sedona_testing::fixtures::norway_main::<f64>();
[INFO] [stdout]      |                      ^^^^^^^^^^^^^^ use of unresolved module or unlinked crate `sedona_testing`
[INFO] [stdout]      |
[INFO] [stdout]      = help: if you wanted to use a crate named `sedona_testing`, use `cargo add sedona_testing` to add it to your `Cargo.toml`
[INFO] [stdout] 
[INFO] [stdout] 
[INFO] [stdout] error[E0433]: cannot find module or crate `sedona_testing` in this scope
[INFO] [stdout]     --> src/algorithm/line_measures/metric_spaces/euclidean/distance.rs:1824:25
[INFO] [stdout]      |
[INFO] [stdout] 1824 |             let shell = sedona_testing::fixtures::shell::<f64>();
[INFO] [stdout]      |                         ^^^^^^^^^^^^^^ use of unresolved module or unlinked crate `sedona_testing`
[INFO] [stdout]      |
[INFO] [stdout]      = help: if you wanted to use a crate named `sedona_testing`, use `cargo add sedona_testing` to add it to your `Cargo.toml`
[INFO] [stdout] 
[INFO] [stdout] 
[INFO] [stdout] error[E0433]: cannot find module or crate `sedona_testing` in this scope
[INFO] [stdout]     --> src/algorithm/line_measures/metric_spaces/euclidean/distance.rs:1825:24
[INFO] [stdout]      |
[INFO] [stdout] 1825 |             let ring = sedona_testing::fixtures::ring::<f64>();
[INFO] [stdout]      |                        ^^^^^^^^^^^^^^ use of unresolved module or unlinked crate `sedona_testing`
[INFO] [stdout]      |
[INFO] [stdout]      = help: if you wanted to use a crate named `sedona_testing`, use `cargo add sedona_testing` to add it to your `Cargo.toml`
[INFO] [stdout] 
[INFO] [stdout] 
[INFO] [stdout] error[E0433]: cannot find module or crate `sedona_testing` in this scope
[INFO] [stdout]     --> src/algorithm/line_measures/metric_spaces/euclidean/distance.rs:1826:32
[INFO] [stdout]      |
[INFO] [stdout] 1826 |             let poly_in_ring = sedona_testing::fixtures::poly_in_ring::<f64>();
[INFO] [stdout]      |                                ^^^^^^^^^^^^^^ use of unresolved module or unlinked crate `sedona_testing`
[INFO] [stdout]      |
[INFO] [stdout]      = help: if you wanted to use a crate named `sedona_testing`, use `cargo add sedona_testing` to add it to your `Cargo.toml`
[INFO] [stdout] 
[INFO] [stdout] 
[INFO] [stdout] error[E0433]: cannot find module or crate `sedona_testing` in this scope
[INFO] [stdout]     --> src/algorithm/line_measures/metric_spaces/euclidean/distance.rs:1845:24
[INFO] [stdout]      |
[INFO] [stdout] 1845 |             let ring = sedona_testing::fixtures::ring::<f64>();
[INFO] [stdout]      |                        ^^^^^^^^^^^^^^ use of unresolved module or unlinked crate `sedona_testing`
[INFO] [stdout]      |
[INFO] [stdout]      = help: if you wanted to use a crate named `sedona_testing`, use `cargo add sedona_testing` to add it to your `Cargo.toml`
[INFO] [stdout] 
[INFO] [stdout] 
[INFO] [stdout] error[E0433]: cannot find module or crate `sedona_testing` in this scope
[INFO] [stdout]     --> src/algorithm/line_measures/metric_spaces/euclidean/distance.rs:1846:32
[INFO] [stdout]      |
[INFO] [stdout] 1846 |             let poly_in_ring = sedona_testing::fixtures::poly_in_ring::<f64>();
[INFO] [stdout]      |                                ^^^^^^^^^^^^^^ use of unresolved module or unlinked crate `sedona_testing`
[INFO] [stdout]      |
[INFO] [stdout]      = help: if you wanted to use a crate named `sedona_testing`, use `cargo add sedona_testing` to add it to your `Cargo.toml`
[INFO] [stdout] 
[INFO] [stdout] 
[INFO] [stdout] For more information about this error, try `rustc --explain E0433`.
[INFO] [stdout] 
[INFO] [stderr] error: could not compile `sedona-geo-generic-alg` (lib test) due to 7 previous errors
[INFO] running `Command { std: "docker" "inspect" "1311b1a30be3ffbe7b7e74ae5902c3235b6b0963a0bd6c13618731bd37f734ea", kill_on_drop: false }`
[INFO] running `Command { std: "docker" "rm" "-f" "1311b1a30be3ffbe7b7e74ae5902c3235b6b0963a0bd6c13618731bd37f734ea", kill_on_drop: false }`
[INFO] [stdout] 1311b1a30be3ffbe7b7e74ae5902c3235b6b0963a0bd6c13618731bd37f734ea
