[INFO] fetching crate sea_orm_resource 0.1.0...
[INFO] testing sea_orm_resource-0.1.0 against 1.100.0-beta.1+cargoflags=--release for beta-release-1.100-2
[INFO] extracting crate sea_orm_resource 0.1.0 into /workspace/builds/worker-3-tc2/source
[INFO] started tweaking crates.io crate sea_orm_resource 0.1.0
[INFO] removed 0 missing tests
[INFO] finished tweaking crates.io crate sea_orm_resource 0.1.0
[INFO] tweaked toml for crates.io crate sea_orm_resource 0.1.0 written to /workspace/builds/worker-3-tc2/source/Cargo.toml
[INFO] validating manifest of crates.io crate sea_orm_resource 0.1.0 on toolchain 1.100.0-beta.1
[INFO] running `Command { std: CARGO_HOME="/workspace/cargo-home" RUSTUP_HOME="/workspace/rustup-home" "/workspace/cargo-home/bin/cargo" "+1.100.0-beta.1" "metadata" "--manifest-path" "Cargo.toml" "--no-deps", kill_on_drop: false }`
[INFO] crate crates.io crate sea_orm_resource 0.1.0 already has a lockfile, it will not be regenerated
[INFO] running `Command { std: CARGO_HOME="/workspace/cargo-home" RUSTUP_HOME="/workspace/rustup-home" "/workspace/cargo-home/bin/cargo" "+1.100.0-beta.1" "fetch" "--manifest-path" "Cargo.toml", kill_on_drop: false }`
[INFO] running `Command { std: "docker" "create" "-v" "/var/lib/crater-agent-workspace/builds/worker-3-tc2/source:/opt/rustwide/workdir:ro,Z" "-v" "/var/lib/crater-agent-workspace/builds/worker-3-tc2/target:/opt/rustwide/target:rw,Z" "-v" "/var/lib/crater-agent-workspace/cargo-home:/opt/rustwide/cargo-home:ro,Z" "-v" "/var/lib/crater-agent-workspace/rustup-home:/opt/rustwide/rustup-home:ro,Z" "-m" "1610612736" "--network" "none" "ghcr.io/rust-lang/crates-build-env/linux@sha256:77db811e55d90add9212f6832c23229e3de5f1c1f9905e8cb07319ea15df73ac" "sleep" "infinity", kill_on_drop: false }`
[INFO] [stdout] cf9833e1aa6c4b2b798335de2e9362383fc31031ca1f2b41b1c65b06a13b907c
[INFO] running `Command { std: "docker" "start" "cf9833e1aa6c4b2b798335de2e9362383fc31031ca1f2b41b1c65b06a13b907c", kill_on_drop: false }`
[INFO] running `Command { std: "docker" "inspect" "cf9833e1aa6c4b2b798335de2e9362383fc31031ca1f2b41b1c65b06a13b907c", kill_on_drop: false }`
[INFO] running `Command { std: "docker" "exec" "-e" "SOURCE_DIR=/opt/rustwide/workdir" "-e" "CARGO_HOME=/opt/rustwide/cargo-home" "-e" "RUSTUP_HOME=/opt/rustwide/rustup-home" "-e" "CARGO_TARGET_DIR=/opt/rustwide/target" "-w" "/opt/rustwide/workdir" "--user" "0:0" "cf9833e1aa6c4b2b798335de2e9362383fc31031ca1f2b41b1c65b06a13b907c" "/opt/rustwide/cargo-home/bin/cargo" "+1.100.0-beta.1" "metadata" "--no-deps" "--format-version=1", kill_on_drop: false }`
[INFO] running `Command { std: "docker" "inspect" "cf9833e1aa6c4b2b798335de2e9362383fc31031ca1f2b41b1c65b06a13b907c", kill_on_drop: false }`
[INFO] running `Command { std: "docker" "exec" "-e" "SOURCE_DIR=/opt/rustwide/workdir" "-e" "CARGO_HOME=/opt/rustwide/cargo-home" "-e" "RUSTUP_HOME=/opt/rustwide/rustup-home" "-e" "CARGO_TARGET_DIR=/opt/rustwide/target" "-e" "CARGO_INCREMENTAL=0" "-e" "RUST_BACKTRACE=full" "-e" "RUSTFLAGS=--cap-lints=warn" "-e" "RUSTDOCFLAGS=--cap-lints=warn" "-w" "/opt/rustwide/workdir" "--user" "0:0" "cf9833e1aa6c4b2b798335de2e9362383fc31031ca1f2b41b1c65b06a13b907c" "/opt/rustwide/cargo-home/bin/cargo" "+1.100.0-beta.1" "build" "--frozen" "--message-format=json" "--release", kill_on_drop: false }`
[INFO] [stderr]    Compiling syn v3.0.3
[INFO] [stderr]    Compiling darling_core v0.24.0
[INFO] [stderr]    Compiling darling_macro v0.24.0
[INFO] [stderr]    Compiling darling v0.24.0
[INFO] [stderr]    Compiling sea_orm_resource v0.1.0 (/opt/rustwide/workdir)
[INFO] [stderr]     Finished `release` profile [optimized] target(s) in 13.43s
[INFO] running `Command { std: "docker" "inspect" "cf9833e1aa6c4b2b798335de2e9362383fc31031ca1f2b41b1c65b06a13b907c", kill_on_drop: false }`
[INFO] running `Command { std: "docker" "exec" "-e" "SOURCE_DIR=/opt/rustwide/workdir" "-e" "CARGO_HOME=/opt/rustwide/cargo-home" "-e" "RUSTUP_HOME=/opt/rustwide/rustup-home" "-e" "CARGO_TARGET_DIR=/opt/rustwide/target" "-e" "CARGO_INCREMENTAL=0" "-e" "RUST_BACKTRACE=full" "-e" "RUSTFLAGS=--cap-lints=warn" "-e" "RUSTDOCFLAGS=--cap-lints=warn" "-w" "/opt/rustwide/workdir" "--user" "0:0" "cf9833e1aa6c4b2b798335de2e9362383fc31031ca1f2b41b1c65b06a13b907c" "/opt/rustwide/cargo-home/bin/cargo" "+1.100.0-beta.1" "test" "--frozen" "--no-run" "--message-format=json" "--release", kill_on_drop: false }`
[INFO] [stderr]    Compiling serde_core v1.0.229
[INFO] [stderr]    Compiling serde v1.0.229
[INFO] [stderr]    Compiling num-traits v0.2.19
[INFO] [stderr]    Compiling syn v2.0.118
[INFO] [stderr]    Compiling syn v3.0.3
[INFO] [stderr]    Compiling serde_json v1.0.151
[INFO] [stderr]    Compiling thiserror v2.0.20
[INFO] [stderr]    Compiling rust_decimal v1.41.0
[INFO] [stderr]    Compiling typenum v1.20.0
[INFO] [stderr]    Compiling smallvec v1.15.1
[INFO] [stderr]    Compiling writeable v0.6.3
[INFO] [stderr]    Compiling litemap v0.8.2
[INFO] [stderr]    Compiling hybrid-array v0.4.13
[INFO] [stderr]    Compiling pin-project-lite v0.2.17
[INFO] [stderr]    Compiling utf8_iter v1.0.4
[INFO] [stderr]    Compiling icu_normalizer_data v2.2.0
[INFO] [stderr]    Compiling icu_properties_data v2.2.0
[INFO] [stderr]    Compiling cmov v0.5.4
[INFO] [stderr]    Compiling futures-core v0.3.34
[INFO] [stderr]    Compiling either v1.15.0
[INFO] [stderr]    Compiling ctutils v0.4.2
[INFO] [stderr]    Compiling generic-array v0.14.7
[INFO] [stderr]    Compiling crypto-common v0.2.2
[INFO] [stderr]    Compiling block-buffer v0.12.1
[INFO] [stderr]    Compiling ring v0.17.14
[INFO] [stderr]    Compiling zeroize v1.8.2
[INFO] [stderr]    Compiling rustls-pki-types v1.14.1
[INFO] [stderr]    Compiling digest v0.11.3
[INFO] [stderr]    Compiling powerfmt v0.2.0
[INFO] [stderr]    Compiling target-triple v1.0.0
[INFO] [stderr]    Compiling untrusted v0.9.0
[INFO] [stderr]    Compiling deranged v0.5.8
[INFO] [stderr]    Compiling regex-automata v0.4.16
[INFO] [stderr]    Compiling parking_lot_core v0.9.12
[INFO] [stderr]    Compiling block-buffer v0.10.4
[INFO] [stderr]    Compiling synstructure v0.13.2
[INFO] [stderr]    Compiling darling_core v0.20.11
[INFO] [stderr]    Compiling proc-macro2-diagnostics v0.10.1
[INFO] [stderr]    Compiling crypto-common v0.1.7
[INFO] [stderr]    Compiling mio v1.2.0
[INFO] [stderr]    Compiling socket2 v0.6.3
[INFO] [stderr]    Compiling proc-macro-error-attr2 v2.0.0
[INFO] [stderr]    Compiling bytes v1.11.1
[INFO] [stderr]    Compiling foldhash v0.2.0
[INFO] [stderr]    Compiling serde_derive v1.0.229
[INFO] [stderr]    Compiling thiserror-impl v2.0.20
[INFO] [stderr]    Compiling zerofrom-derive v0.1.7
[INFO] [stderr]    Compiling yoke-derive v0.8.2
[INFO] [stderr]    Compiling zerovec-derive v0.11.3
[INFO] [stderr]    Compiling displaydoc v0.2.5
[INFO] [stderr]    Compiling tracing-attributes v0.1.31
[INFO] [stderr]    Compiling allocator-api2 v0.2.21
[INFO] [stderr]    Compiling zerofrom v0.1.7
[INFO] [stderr]    Compiling yoke v0.8.2
[INFO] [stderr]    Compiling cpufeatures v0.3.0
[INFO] [stderr]    Compiling futures-sink v0.3.34
[INFO] [stderr]    Compiling arrayvec v0.7.6
[INFO] [stderr]    Compiling percent-encoding v2.3.2
[INFO] [stderr]    Compiling zerotrie v0.2.4
[INFO] [stderr]    Compiling tinyvec_macros v0.1.1
[INFO] [stderr]    Compiling tinyvec v1.11.0
[INFO] [stderr]    Compiling form_urlencoded v1.2.2
[INFO] [stderr]    Compiling darling_core v0.24.0
[INFO] [stderr]    Compiling time v0.3.47
[INFO] [stderr]    Compiling darling_macro v0.20.11
[INFO] [stderr]    Compiling zerovec v0.11.6
[INFO] [stderr]    Compiling darling v0.20.11
[INFO] [stderr]    Compiling derive_more-impl v2.1.1
[INFO] [stderr]    Compiling tokio v1.53.1
[INFO] [stderr]    Compiling sea-query-derive v1.0.0
[INFO] [stderr]    Compiling tinystr v0.8.3
[INFO] [stderr]    Compiling icu_locale_core v2.2.0
[INFO] [stderr]    Compiling potential_utf v0.1.5
[INFO] [stderr]    Compiling icu_collections v2.2.0
[INFO] [stderr]    Compiling hashbrown v0.16.1
[INFO] [stderr]    Compiling icu_provider v2.2.0
[INFO] [stderr]    Compiling icu_normalizer v2.2.0
[INFO] [stderr]    Compiling icu_properties v2.2.0
[INFO] [stderr]    Compiling chrono v0.4.45
[INFO] [stderr]    Compiling idna_adapter v1.2.1
[INFO] [stderr]    Compiling idna v1.1.0
[INFO] [stderr]    Compiling ouroboros_macro v0.18.5
[INFO] [stderr]    Compiling async-stream-impl v0.3.6
[INFO] [stderr]    Compiling rustls-webpki v0.103.13
[INFO] [stderr]    Compiling regex v1.13.1
[INFO] [stderr]    Compiling proc-macro-error2 v2.0.1
[INFO] [stderr]    Compiling digest v0.10.7
[INFO] [stderr]    Compiling rustls v0.23.39
[INFO] [stderr]    Compiling parking_lot v0.12.5
[INFO] [stderr]    Compiling uuid v1.24.1
[INFO] [stderr]    Compiling concurrent-queue v2.5.0
[INFO] [stderr]    Compiling tracing-core v0.1.36
[INFO] [stderr]    Compiling getrandom v0.4.2
[INFO] [stderr]    Compiling futures-io v0.3.34
[INFO] [stderr]    Compiling slab v0.4.12
[INFO] [stderr]    Compiling futures-task v0.3.34
[INFO] [stderr]    Compiling parking v2.2.1
[INFO] [stderr]    Compiling subtle v2.6.1
[INFO] [stderr]    Compiling cpufeatures v0.2.17
[INFO] [stderr]    Compiling crc-catalog v2.5.0
[INFO] [stderr]    Compiling futures-util v0.3.34
[INFO] [stderr]    Compiling crc v3.4.0
[INFO] [stderr]    Compiling tracing v0.1.44
[INFO] [stderr]    Compiling sha2 v0.10.9
[INFO] [stderr]    Compiling event-listener v5.4.1
[INFO] [stderr]    Compiling futures-intrusive v0.5.0
[INFO] [stderr]    Compiling tokio-stream v0.1.19
[INFO] [stderr]    Compiling sea-bae v0.2.1
[INFO] [stderr]    Compiling pluralizer v0.5.0
[INFO] [stderr]    Compiling url v2.5.8
[INFO] [stderr]    Compiling darling_macro v0.24.0
[INFO] [stderr]    Compiling hashlink v0.11.1
[INFO] [stderr]    Compiling unicode-normalization v0.1.25
[INFO] [stderr]    Compiling chacha20 v0.10.0
[INFO] [stderr]    Compiling hmac v0.13.0
[INFO] [stderr]    Compiling crossbeam-queue v0.3.12
[INFO] [stderr]    Compiling webpki-roots v1.0.7
[INFO] [stderr]    Compiling itertools v0.14.0
[INFO] [stderr]    Compiling proc-macro2 v1.0.107
[INFO] [stderr]    Compiling base64 v0.22.1
[INFO] [stderr]    Compiling unicode-properties v0.1.4
[INFO] [stderr]    Compiling unicode-bidi v0.3.18
[INFO] [stderr]    Compiling hkdf v0.13.0
[INFO] [stderr]    Compiling sqlx-core v0.9.0
[INFO] [stderr]    Compiling stringprep v0.1.5
[INFO] [stderr]    Compiling rand v0.10.2
[INFO] [stderr]    Compiling futures-channel v0.3.34
[INFO] [stderr]    Compiling sea-orm-macros v2.0.2
[INFO] [stderr]    Compiling sha2 v0.11.0
[INFO] [stderr]    Compiling derive-where v1.6.1
[INFO] [stderr]    Compiling async-trait v0.1.92
[INFO] [stderr]    Compiling md-5 v0.11.0
[INFO] [stderr]    Compiling atoi v2.0.0
[INFO] [stderr]    Compiling quote v1.0.47
[INFO] [stderr]    Compiling whoami v2.1.2
[INFO] [stderr]    Compiling bitflags v2.11.1
[INFO] [stderr]    Compiling dotenvy v0.15.7
[INFO] [stderr]    Compiling hex v0.4.3
[INFO] [stderr]    Compiling byteorder v1.5.0
[INFO] [stderr]    Compiling sqlx-postgres v0.9.0
[INFO] [stderr]    Compiling darling v0.24.0
[INFO] [stderr]    Compiling ordered-float v4.6.0
[INFO] [stderr]    Compiling winnow v1.0.2
[INFO] [stderr]    Compiling sea-query v1.0.1
[INFO] [stderr]    Compiling toml_parser v1.1.2+spec-1.1.0
[INFO] [stderr]    Compiling serde_spanned v1.1.1
[INFO] [stderr]    Compiling toml_datetime v1.1.1+spec-1.1.0
[INFO] [stderr]    Compiling toml_writer v1.1.1+spec-1.1.0
[INFO] [stderr]    Compiling static_assertions v1.1.0
[INFO] [stderr]    Compiling aliasable v0.1.3
[INFO] [stderr]    Compiling ident_case v1.0.1
[INFO] [stderr]    Compiling ouroboros v0.18.5
[INFO] [stderr]    Compiling toml v1.1.2+spec-1.1.0
[INFO] [stderr]    Compiling sea_orm_resource v0.1.0 (/opt/rustwide/workdir)
[INFO] [stderr]    Compiling async-stream v0.3.6
[INFO] [stderr]    Compiling derive_more v2.1.1
[INFO] [stderr]    Compiling sqlx v0.9.0
[INFO] [stderr]    Compiling sea-query-sqlx v0.9.1
[INFO] [stderr]    Compiling strum v0.28.0
[INFO] [stderr]    Compiling termcolor v1.4.1
[INFO] [stderr]    Compiling sea-orm v2.0.2
[INFO] [stderr]    Compiling trybuild v1.0.120
[INFO] [stdout] error[E0432]: unresolved import `core_proc_macros`
[INFO] [stdout]  --> tests/integration.rs:3:5
[INFO] [stdout]   |
[INFO] [stdout] 3 | use core_proc_macros::{ApiResource, SeaOrmResource};
[INFO] [stdout]   |     ^^^^^^^^^^^^^^^^ use of unresolved module or unlinked crate `core_proc_macros`
[INFO] [stdout]   |
[INFO] [stdout]   = help: if you wanted to use a crate named `core_proc_macros`, use `cargo add core_proc_macros` to add it to your `Cargo.toml`
[INFO] [stdout] 
[INFO] [stdout] 
[INFO] [stdout] error: cannot find attribute `sea_orm_resource` in this scope
[INFO] [stdout]   --> tests/integration.rs:36:7
[INFO] [stdout]    |
[INFO] [stdout] 36 |     #[sea_orm_resource(url = "/v2/users", tag = "User Management")]
[INFO] [stdout]    |       ^^^^^^^^^^^^^^^^
[INFO] [stdout]    |
[INFO] [stdout]    = note: `sea_orm_resource` is in scope, but it is a crate, not an attribute
[INFO] [stdout] help: `sea_orm_resource` is an attribute that can be used by the derive macro `SeaOrmResource`, you might be missing a `derive` attribute
[INFO] [stdout]    |
[INFO] [stdout] 37 +     #[derive(SeaOrmResource)]
[INFO] [stdout] 38 |     pub struct Model {
[INFO] [stdout]    |
[INFO] [stdout] 
[INFO] [stdout] 
[INFO] [stdout] error: cannot find attribute `sea_orm_resource` in this scope
[INFO] [stdout]   --> tests/integration.rs:64:7
[INFO] [stdout]    |
[INFO] [stdout] 64 |     #[sea_orm_resource(collection = "inventory_items")]
[INFO] [stdout]    |       ^^^^^^^^^^^^^^^^
[INFO] [stdout]    |
[INFO] [stdout]    = note: `sea_orm_resource` is in scope, but it is a crate, not an attribute
[INFO] [stdout] help: `sea_orm_resource` is an attribute that can be used by the derive macro `SeaOrmResource`, you might be missing a `derive` attribute
[INFO] [stdout]    |
[INFO] [stdout] 65 +     #[derive(SeaOrmResource)]
[INFO] [stdout] 66 |     pub struct Model {
[INFO] [stdout]    |
[INFO] [stdout] 
[INFO] [stdout] 
[INFO] [stdout] error[E0599]: no associated function or constant named `URL` found for struct `Model` in the current scope
[INFO] [stdout]   --> tests/integration.rs:23:23
[INFO] [stdout]    |
[INFO] [stdout] 10 | pub struct Model {
[INFO] [stdout]    | ---------------- associated function or constant `URL` not found for this struct
[INFO] [stdout] ...
[INFO] [stdout] 23 |     assert_eq!(Model::URL, "/projects");
[INFO] [stdout]    |                       ^^^ associated function or constant not found in `Model`
[INFO] [stdout] 
[INFO] [stdout] 
[INFO] [stdout] error[E0599]: no associated function or constant named `COLLECTION` found for struct `Model` in the current scope
[INFO] [stdout]   --> tests/integration.rs:24:23
[INFO] [stdout]    |
[INFO] [stdout] 10 | pub struct Model {
[INFO] [stdout]    | ---------------- associated function or constant `COLLECTION` not found for this struct
[INFO] [stdout] ...
[INFO] [stdout] 24 |     assert_eq!(Model::COLLECTION, "projects");
[INFO] [stdout]    |                       ^^^^^^^^^^ associated function or constant not found in `Model`
[INFO] [stdout] 
[INFO] [stdout] 
[INFO] [stdout] error[E0599]: no associated function or constant named `TAG` found for struct `Model` in the current scope
[INFO] [stdout]   --> tests/integration.rs:25:23
[INFO] [stdout]    |
[INFO] [stdout] 10 | pub struct Model {
[INFO] [stdout]    | ---------------- associated function or constant `TAG` not found for this struct
[INFO] [stdout] ...
[INFO] [stdout] 25 |     assert_eq!(Model::TAG, "Projects");
[INFO] [stdout]    |                       ^^^ associated function or constant not found in `Model`
[INFO] [stdout] 
[INFO] [stdout] 
[INFO] [stdout] error[E0599]: no associated function or constant named `URL` found for struct `custom::Model` in the current scope
[INFO] [stdout]   --> tests/integration.rs:50:27
[INFO] [stdout]    |
[INFO] [stdout] 37 |     pub struct Model {
[INFO] [stdout]    |     ---------------- associated function or constant `URL` not found for this struct
[INFO] [stdout] ...
[INFO] [stdout] 50 |         assert_eq!(Model::URL, "/v2/users");
[INFO] [stdout]    |                           ^^^ associated function or constant not found in `custom::Model`
[INFO] [stdout] 
[INFO] [stdout] 
[INFO] [stdout] error[E0599]: no associated function or constant named `COLLECTION` found for struct `custom::Model` in the current scope
[INFO] [stdout]   --> tests/integration.rs:51:27
[INFO] [stdout]    |
[INFO] [stdout] 37 |     pub struct Model {
[INFO] [stdout]    |     ---------------- associated function or constant `COLLECTION` not found for this struct
[INFO] [stdout] ...
[INFO] [stdout] 51 |         assert_eq!(Model::COLLECTION, "users");
[INFO] [stdout]    |                           ^^^^^^^^^^ associated function or constant not found in `custom::Model`
[INFO] [stdout] 
[INFO] [stdout] 
[INFO] [stdout] error[E0599]: no associated function or constant named `TAG` found for struct `custom::Model` in the current scope
[INFO] [stdout]   --> tests/integration.rs:52:27
[INFO] [stdout]    |
[INFO] [stdout] 37 |     pub struct Model {
[INFO] [stdout]    |     ---------------- associated function or constant `TAG` not found for this struct
[INFO] [stdout] ...
[INFO] [stdout] 52 |         assert_eq!(Model::TAG, "User Management");
[INFO] [stdout]    |                           ^^^ associated function or constant not found in `custom::Model`
[INFO] [stdout] 
[INFO] [stdout] 
[INFO] [stdout] error[E0599]: no associated function or constant named `COLLECTION` found for struct `custom_collection::Model` in the current scope
[INFO] [stdout]   --> tests/integration.rs:78:27
[INFO] [stdout]    |
[INFO] [stdout] 65 |     pub struct Model {
[INFO] [stdout]    |     ---------------- associated function or constant `COLLECTION` not found for this struct
[INFO] [stdout] ...
[INFO] [stdout] 78 |         assert_eq!(Model::COLLECTION, "inventory_items");
[INFO] [stdout]    |                           ^^^^^^^^^^ associated function or constant not found in `custom_collection::Model`
[INFO] [stdout] 
[INFO] [stdout] 
[INFO] [stdout] error[E0599]: no associated function or constant named `TAG` found for struct `custom_collection::Model` in the current scope
[INFO] [stdout]   --> tests/integration.rs:79:27
[INFO] [stdout]    |
[INFO] [stdout] 65 |     pub struct Model {
[INFO] [stdout]    |     ---------------- associated function or constant `TAG` not found for this struct
[INFO] [stdout] ...
[INFO] [stdout] 79 |         assert_eq!(Model::TAG, "Inventory Items"); // Snake case to title case
[INFO] [stdout]    |                           ^^^ associated function or constant not found in `custom_collection::Model`
[INFO] [stdout] 
[INFO] [stdout] 
[INFO] [stdout] Some errors have detailed explanations: E0432, E0599.
[INFO] [stdout] 
[INFO] [stdout] For more information about an error, try `rustc --explain E0432`.
[INFO] [stdout] 
[INFO] [stderr] error: could not compile `sea_orm_resource` (test "integration") due to 11 previous errors
[INFO] running `Command { std: "docker" "inspect" "cf9833e1aa6c4b2b798335de2e9362383fc31031ca1f2b41b1c65b06a13b907c", kill_on_drop: false }`
[INFO] running `Command { std: "docker" "rm" "-f" "cf9833e1aa6c4b2b798335de2e9362383fc31031ca1f2b41b1c65b06a13b907c", kill_on_drop: false }`
[INFO] [stdout] cf9833e1aa6c4b2b798335de2e9362383fc31031ca1f2b41b1c65b06a13b907c
