[INFO] fetching crate sea-clickhouse 0.15.0...
[INFO] testing sea-clickhouse-0.15.0 against 1.99.0-beta.8+cargoflags=--release for beta-release-1.100-2
[INFO] extracting crate sea-clickhouse 0.15.0 into /workspace/builds/worker-2-tc1/source
[INFO] started tweaking crates.io crate sea-clickhouse 0.15.0
[INFO] removed 0 missing examples
[INFO] removed 0 missing tests
[INFO] finished tweaking crates.io crate sea-clickhouse 0.15.0
[INFO] tweaked toml for crates.io crate sea-clickhouse 0.15.0 written to /workspace/builds/worker-2-tc1/source/Cargo.toml
[INFO] validating manifest of crates.io crate sea-clickhouse 0.15.0 on toolchain 1.99.0-beta.8
[INFO] running `Command { std: CARGO_HOME="/workspace/cargo-home" RUSTUP_HOME="/workspace/rustup-home" "/workspace/cargo-home/bin/cargo" "+1.99.0-beta.8" "metadata" "--manifest-path" "Cargo.toml" "--no-deps", kill_on_drop: false }`
[INFO] crate crates.io crate sea-clickhouse 0.15.0 already has a lockfile, it will not be regenerated
[INFO] running `Command { std: CARGO_HOME="/workspace/cargo-home" RUSTUP_HOME="/workspace/rustup-home" "/workspace/cargo-home/bin/cargo" "+1.99.0-beta.8" "fetch" "--manifest-path" "Cargo.toml", kill_on_drop: false }`
[INFO] [stderr]     Updating crates.io index
[INFO] [stderr]  Downloading crates ...
[INFO] [stderr]   Downloaded trybuild v1.0.116
[INFO] [stderr]   Downloaded inherent v1.0.13
[INFO] [stderr]   Downloaded sea-orm-arrow v2.0.0-rc.3
[INFO] [stderr]   Downloaded sea-query v1.0.0-rc.33
[INFO] [stderr]   Downloaded arrow-string v57.3.0
[INFO] [stderr]   Downloaded arrow-row v57.3.0
[INFO] [stderr]   Downloaded arrow-ord v57.3.0
[INFO] [stderr]   Downloaded arrow v57.3.0
[INFO] [stderr]   Downloaded arrow-arith v57.3.0
[INFO] [stderr]   Downloaded arrow-cast v57.3.0
[INFO] [stderr]   Downloaded rustls-webpki v0.103.11
[INFO] [stderr]   Downloaded higher-kinded-types v0.2.1
[INFO] [stderr]   Downloaded polonius-the-crab v0.5.0
[INFO] [stderr]   Downloaded opentelemetry-otlp v0.31.1
[INFO] [stderr]   Downloaded openssl-sys v0.9.113
[INFO] [stderr]   Downloaded openssl v0.10.77
[INFO] [stderr]   Downloaded hyper-rustls v0.27.8
[INFO] [stderr]   Downloaded i256 v0.1.1
[INFO] [stderr]   Downloaded fixnum v0.9.5
[INFO] [stderr]   Downloaded clickhouse-types v0.1.2
[INFO] [stderr]   Downloaded clickhouse-macros v0.3.0
[INFO] [stderr]   Downloaded bnum v0.13.0
[INFO] [stderr]   Downloaded cityhash-rs v1.0.1
[INFO] running `Command { std: "docker" "create" "-v" "/var/lib/crater-agent-workspace/builds/worker-2-tc1/source:/opt/rustwide/workdir:ro,Z" "-v" "/var/lib/crater-agent-workspace/builds/worker-2-tc1/target:/opt/rustwide/target:rw,Z" "-v" "/var/lib/crater-agent-workspace/cargo-home:/opt/rustwide/cargo-home:ro,Z" "-v" "/var/lib/crater-agent-workspace/rustup-home:/opt/rustwide/rustup-home:ro,Z" "-m" "1610612736" "--network" "none" "ghcr.io/rust-lang/crates-build-env/linux@sha256:77db811e55d90add9212f6832c23229e3de5f1c1f9905e8cb07319ea15df73ac" "sleep" "infinity", kill_on_drop: false }`
[INFO] [stdout] 6397a779ea7fc9f67861053aebe2645a0434b776fbe33b4c7454619bfdf1ab71
[INFO] running `Command { std: "docker" "start" "6397a779ea7fc9f67861053aebe2645a0434b776fbe33b4c7454619bfdf1ab71", kill_on_drop: false }`
[INFO] running `Command { std: "docker" "inspect" "6397a779ea7fc9f67861053aebe2645a0434b776fbe33b4c7454619bfdf1ab71", kill_on_drop: false }`
[INFO] running `Command { std: "docker" "exec" "-e" "SOURCE_DIR=/opt/rustwide/workdir" "-e" "CARGO_HOME=/opt/rustwide/cargo-home" "-e" "RUSTUP_HOME=/opt/rustwide/rustup-home" "-e" "CARGO_TARGET_DIR=/opt/rustwide/target" "-w" "/opt/rustwide/workdir" "--user" "0:0" "6397a779ea7fc9f67861053aebe2645a0434b776fbe33b4c7454619bfdf1ab71" "/opt/rustwide/cargo-home/bin/cargo" "+1.99.0-beta.8" "metadata" "--no-deps" "--format-version=1", kill_on_drop: false }`
[INFO] running `Command { std: "docker" "inspect" "6397a779ea7fc9f67861053aebe2645a0434b776fbe33b4c7454619bfdf1ab71", kill_on_drop: false }`
[INFO] running `Command { std: "docker" "exec" "-e" "SOURCE_DIR=/opt/rustwide/workdir" "-e" "CARGO_HOME=/opt/rustwide/cargo-home" "-e" "RUSTUP_HOME=/opt/rustwide/rustup-home" "-e" "CARGO_TARGET_DIR=/opt/rustwide/target" "-e" "CARGO_INCREMENTAL=0" "-e" "RUST_BACKTRACE=full" "-e" "RUSTFLAGS=--cap-lints=warn" "-e" "RUSTDOCFLAGS=--cap-lints=warn" "-w" "/opt/rustwide/workdir" "--user" "0:0" "6397a779ea7fc9f67861053aebe2645a0434b776fbe33b4c7454619bfdf1ab71" "/opt/rustwide/cargo-home/bin/cargo" "+1.99.0-beta.8" "build" "--frozen" "--message-format=json" "--release", kill_on_drop: false }`
[INFO] [stderr]    Compiling proc-macro2 v1.0.106
[INFO] [stderr]    Compiling unicode-ident v1.0.24
[INFO] [stderr]    Compiling quote v1.0.45
[INFO] [stderr]    Compiling stable_deref_trait v1.2.1
[INFO] [stderr]    Compiling serde_core v1.0.228
[INFO] [stderr]    Compiling serde v1.0.228
[INFO] [stderr]    Compiling writeable v0.6.3
[INFO] [stderr]    Compiling libc v0.2.185
[INFO] [stderr]    Compiling litemap v0.8.2
[INFO] [stderr]    Compiling itoa v1.0.18
[INFO] [stderr]    Compiling utf8_iter v1.0.4
[INFO] [stderr]    Compiling icu_properties_data v2.2.0
[INFO] [stderr]    Compiling smallvec v1.15.1
[INFO] [stderr]    Compiling icu_normalizer_data v2.2.0
[INFO] [stderr]    Compiling pin-project-lite v0.2.17
[INFO] [stderr]    Compiling paste v1.0.15
[INFO] [stderr]    Compiling futures-core v0.3.32
[INFO] [stderr]    Compiling memchr v2.8.0
[INFO] [stderr]    Compiling futures-sink v0.3.32
[INFO] [stderr]    Compiling httparse v1.10.1
[INFO] [stderr]    Compiling thiserror v2.0.18
[INFO] [stderr]    Compiling try-lock v0.2.5
[INFO] [stderr]    Compiling zmij v1.0.21
[INFO] [stderr]    Compiling once_cell v1.21.4
[INFO] [stderr]    Compiling macro_rules_attribute-proc_macro v0.2.2
[INFO] [stderr]    Compiling want v0.3.1
[INFO] [stderr]    Compiling futures-channel v0.3.32
[INFO] [stderr]    Compiling futures-io v0.3.32
[INFO] [stderr]    Compiling percent-encoding v2.3.2
[INFO] [stderr]    Compiling serde_json v1.0.149
[INFO] [stderr]    Compiling slab v0.4.12
[INFO] [stderr]    Compiling tracing-core v0.1.36
[INFO] [stderr]    Compiling atomic-waker v1.1.2
[INFO] [stderr]    Compiling never-say-never v6.6.666
[INFO] [stderr]    Compiling futures-task v0.3.32
[INFO] [stderr]    Compiling tower-service v0.3.3
[INFO] [stderr]    Compiling bstr v1.12.1
[INFO] [stderr]    Compiling lz4_flex v0.11.6
[INFO] [stderr]    Compiling bnum v0.13.0
[INFO] [stderr]    Compiling cityhash-rs v1.0.1
[INFO] [stderr]    Compiling form_urlencoded v1.2.2
[INFO] [stderr]    Compiling macro_rules_attribute v0.2.2
[INFO] [stderr]    Compiling higher-kinded-types v0.2.1
[INFO] [stderr]    Compiling futures-util v0.3.32
[INFO] [stderr]    Compiling polonius-the-crab v0.5.0
[INFO] [stderr]    Compiling tracing v0.1.44
[INFO] [stderr]    Compiling syn v2.0.117
[INFO] [stderr]    Compiling socket2 v0.6.3
[INFO] [stderr]    Compiling mio v1.2.0
[INFO] [stderr]    Compiling synstructure v0.13.2
[INFO] [stderr]    Compiling serde_derive_internals v0.29.1
[INFO] [stderr]    Compiling zerofrom-derive v0.1.7
[INFO] [stderr]    Compiling yoke-derive v0.8.2
[INFO] [stderr]    Compiling zerovec-derive v0.11.3
[INFO] [stderr]    Compiling displaydoc v0.2.5
[INFO] [stderr]    Compiling serde_derive v1.0.228
[INFO] [stderr]    Compiling tokio-macros v2.7.0
[INFO] [stderr]    Compiling thiserror-impl v2.0.18
[INFO] [stderr]    Compiling clickhouse-macros v0.3.0
[INFO] [stderr]    Compiling tokio v1.51.1
[INFO] [stderr]    Compiling zerofrom v0.1.7
[INFO] [stderr]    Compiling yoke v0.8.2
[INFO] [stderr]    Compiling zerovec v0.11.6
[INFO] [stderr]    Compiling zerotrie v0.2.4
[INFO] [stderr]    Compiling tinystr v0.8.3
[INFO] [stderr]    Compiling potential_utf v0.1.5
[INFO] [stderr]    Compiling icu_collections v2.2.0
[INFO] [stderr]    Compiling icu_locale_core v2.2.0
[INFO] [stderr]    Compiling bytes v1.11.1
[INFO] [stderr]    Compiling icu_provider v2.2.0
[INFO] [stderr]    Compiling icu_normalizer v2.2.0
[INFO] [stderr]    Compiling icu_properties v2.2.0
[INFO] [stderr]    Compiling http v1.4.0
[INFO] [stderr]    Compiling clickhouse-types v0.1.2
[INFO] [stderr]    Compiling idna_adapter v1.2.1
[INFO] [stderr]    Compiling idna v1.1.0
[INFO] [stderr]    Compiling http-body v1.0.1
[INFO] [stderr]    Compiling hyper v1.9.0
[INFO] [stderr]    Compiling http-body-util v0.1.3
[INFO] [stderr]    Compiling url v2.5.8
[INFO] [stderr]    Compiling hyper-util v0.1.20
[INFO] [stderr]    Compiling sea-clickhouse v0.15.0 (/opt/rustwide/workdir)
[INFO] [stderr]     Finished `release` profile [optimized + debuginfo] target(s) in 54.75s
[INFO] running `Command { std: "docker" "inspect" "6397a779ea7fc9f67861053aebe2645a0434b776fbe33b4c7454619bfdf1ab71", kill_on_drop: false }`
[INFO] running `Command { std: "docker" "exec" "-e" "SOURCE_DIR=/opt/rustwide/workdir" "-e" "CARGO_HOME=/opt/rustwide/cargo-home" "-e" "RUSTUP_HOME=/opt/rustwide/rustup-home" "-e" "CARGO_TARGET_DIR=/opt/rustwide/target" "-e" "CARGO_INCREMENTAL=0" "-e" "RUST_BACKTRACE=full" "-e" "RUSTFLAGS=--cap-lints=warn" "-e" "RUSTDOCFLAGS=--cap-lints=warn" "-w" "/opt/rustwide/workdir" "--user" "0:0" "6397a779ea7fc9f67861053aebe2645a0434b776fbe33b4c7454619bfdf1ab71" "/opt/rustwide/cargo-home/bin/cargo" "+1.99.0-beta.8" "test" "--frozen" "--no-run" "--message-format=json" "--release", kill_on_drop: false }`
[INFO] [stderr]    Compiling syn v2.0.117
[INFO] [stderr]    Compiling cfg-if v1.0.4
[INFO] [stderr]    Compiling futures-sink v0.3.32
[INFO] [stderr]    Compiling parking_lot_core v0.9.12
[INFO] [stderr]    Compiling zerocopy v0.8.48
[INFO] [stderr]    Compiling tracing-core v0.1.36
[INFO] [stderr]    Compiling lock_api v0.4.14
[INFO] [stderr]    Compiling percent-encoding v2.3.2
[INFO] [stderr]    Compiling getrandom v0.3.4
[INFO] [stderr]    Compiling errno v0.3.14
[INFO] [stderr]    Compiling sync_wrapper v1.0.2
[INFO] [stderr]    Compiling base64 v0.22.1
[INFO] [stderr]    Compiling tower-layer v0.3.3
[INFO] [stderr]    Compiling anyhow v1.0.102
[INFO] [stderr]    Compiling autocfg v1.5.0
[INFO] [stderr]    Compiling crossbeam-utils v0.8.21
[INFO] [stderr]    Compiling signal-hook-registry v1.4.8
[INFO] [stderr]    Compiling futures-channel v0.3.32
[INFO] [stderr]    Compiling regex-syntax v0.8.10
[INFO] [stderr]    Compiling httpdate v1.0.3
[INFO] [stderr]    Compiling either v1.15.0
[INFO] [stderr]    Compiling form_urlencoded v1.2.2
[INFO] [stderr]    Compiling parking_lot v0.12.5
[INFO] [stderr]    Compiling num-traits v0.2.19
[INFO] [stderr]    Compiling log v0.4.29
[INFO] [stderr]    Compiling rand_core v0.9.5
[INFO] [stderr]    Compiling itertools v0.14.0
[INFO] [stderr]    Compiling ipnet v2.12.0
[INFO] [stderr]    Compiling iri-string v0.7.12
[INFO] [stderr]    Compiling bitflags v2.11.0
[INFO] [stderr]    Compiling ryu v1.0.23
[INFO] [stderr]    Compiling rayon-core v1.13.0
[INFO] [stderr]    Compiling target-triple v1.0.0
[INFO] [stderr]    Compiling getrandom v0.4.2
[INFO] [stderr]    Compiling clap_lex v1.1.0
[INFO] [stderr]    Compiling ciborium-io v0.2.2
[INFO] [stderr]    Compiling typenum v1.19.0
[INFO] [stderr]    Compiling rand_core v0.6.4
[INFO] [stderr]    Compiling anstyle v1.0.14
[INFO] [stderr]    Compiling plotters-backend v0.3.7
[INFO] [stderr]    Compiling winnow v1.0.1
[INFO] [stderr]    Compiling i256 v0.1.1
[INFO] [stderr]    Compiling rand v0.8.5
[INFO] [stderr]    Compiling clap_builder v4.6.0
[INFO] [stderr]    Compiling plotters-svg v0.3.7
[INFO] [stderr]    Compiling sharded-slab v0.1.7
[INFO] [stderr]    Compiling itertools v0.10.5
[INFO] [stderr]    Compiling tracing-log v0.2.0
[INFO] [stderr]    Compiling crossbeam-epoch v0.9.18
[INFO] [stderr]    Compiling toml_parser v1.1.2+spec-1.1.0
[INFO] [stderr]    Compiling thread_local v1.1.9
[INFO] [stderr]    Compiling regex-automata v0.4.14
[INFO] [stderr]    Compiling toml_datetime v1.1.1+spec-1.1.0
[INFO] [stderr]    Compiling serde_spanned v1.1.1
[INFO] [stderr]    Compiling num-conv v0.2.1
[INFO] [stderr]    Compiling powerfmt v0.2.0
[INFO] [stderr]    Compiling nu-ansi-term v0.50.3
[INFO] [stderr]    Compiling crossbeam-deque v0.8.6
[INFO] [stderr]    Compiling time-core v0.1.8
[INFO] [stderr]    Compiling same-file v1.0.6
[INFO] [stderr]    Compiling cast v0.3.0
[INFO] [stderr]    Compiling toml_writer v1.1.1+spec-1.1.0
[INFO] [stderr]    Compiling walkdir v2.5.0
[INFO] [stderr]    Compiling time-macros v0.2.27
[INFO] [stderr]    Compiling plotters v0.3.7
[INFO] [stderr]    Compiling chrono v0.4.44
[INFO] [stderr]    Compiling toml v1.1.2+spec-1.1.0
[INFO] [stderr]    Compiling itertools v0.13.0
[INFO] [stderr]    Compiling rayon v1.11.0
[INFO] [stderr]    Compiling criterion-plot v0.5.0
[INFO] [stderr]    Compiling static_assertions v1.1.0
[INFO] [stderr]    Compiling clap v4.6.0
[INFO] [stderr]    Compiling equivalent v1.0.2
[INFO] [stderr]    Compiling anes v0.1.6
[INFO] [stderr]    Compiling oorandom v11.1.5
[INFO] [stderr]    Compiling glob v0.3.3
[INFO] [stderr]    Compiling hashbrown v0.17.0
[INFO] [stderr]    Compiling uuid v1.23.0
[INFO] [stderr]    Compiling serde_bytes v0.11.19
[INFO] [stderr]    Compiling rustc-hash v2.1.2
[INFO] [stderr]    Compiling indexmap v2.14.0
[INFO] [stderr]    Compiling synstructure v0.13.2
[INFO] [stderr]    Compiling serde_derive_internals v0.29.1
[INFO] [stderr]    Compiling matchers v0.2.0
[INFO] [stderr]    Compiling regex v1.12.3
[INFO] [stderr]    Compiling serde_derive v1.0.228
[INFO] [stderr]    Compiling zerofrom-derive v0.1.7
[INFO] [stderr]    Compiling yoke-derive v0.8.2
[INFO] [stderr]    Compiling zerovec-derive v0.11.3
[INFO] [stderr]    Compiling zerocopy-derive v0.8.48
[INFO] [stderr]    Compiling displaydoc v0.2.5
[INFO] [stderr]    Compiling tracing-attributes v0.1.31
[INFO] [stderr]    Compiling tokio-macros v2.7.0
[INFO] [stderr]    Compiling futures-macro v0.3.32
[INFO] [stderr]    Compiling thiserror-impl v2.0.18
[INFO] [stderr]    Compiling pin-project-internal v1.1.11
[INFO] [stderr]    Compiling zerofrom v0.1.7
[INFO] [stderr]    Compiling async-trait v0.1.89
[INFO] [stderr]    Compiling prost-derive v0.14.3
[INFO] [stderr]    Compiling clickhouse-macros v0.3.0
[INFO] [stderr]    Compiling serde_repr v0.1.20
[INFO] [stderr]    Compiling yoke v0.8.2
[INFO] [stderr]    Compiling tracing v0.1.44
[INFO] [stderr]    Compiling futures-util v0.3.32
[INFO] [stderr]    Compiling zerovec v0.11.6
[INFO] [stderr]    Compiling zerotrie v0.2.4
[INFO] [stderr]    Compiling pin-project v1.1.11
[INFO] [stderr]    Compiling tinystr v0.8.3
[INFO] [stderr]    Compiling potential_utf v0.1.5
[INFO] [stderr]    Compiling thiserror v2.0.18
[INFO] [stderr]    Compiling icu_locale_core v2.2.0
[INFO] [stderr]    Compiling icu_collections v2.2.0
[INFO] [stderr]    Compiling opentelemetry v0.31.0
[INFO] [stderr]    Compiling serde v1.0.228
[INFO] [stderr]    Compiling bytes v1.11.1
[INFO] [stderr]    Compiling serde_urlencoded v0.7.1
[INFO] [stderr]    Compiling tracing-serde v0.2.0
[INFO] [stderr]    Compiling tinytemplate v1.2.1
[INFO] [stderr]    Compiling fixnum v0.9.5
[INFO] [stderr]    Compiling trybuild v1.0.116
[INFO] [stderr]    Compiling tracing-subscriber v0.3.23
[INFO] [stderr]    Compiling icu_provider v2.2.0
[INFO] [stderr]    Compiling icu_normalizer v2.2.0
[INFO] [stderr]    Compiling icu_properties v2.2.0
[INFO] [stderr]    Compiling http v1.4.0
[INFO] [stderr]    Compiling tokio v1.51.1
[INFO] [stderr]    Compiling prost v0.14.3
[INFO] [stderr]    Compiling clickhouse-types v0.1.2
[INFO] [stderr]    Compiling idna_adapter v1.2.1
[INFO] [stderr]    Compiling tracing-opentelemetry v0.32.1
[INFO] [stderr]    Compiling idna v1.1.0
[INFO] [stderr]    Compiling futures-executor v0.3.32
[INFO] [stderr]    Compiling http-body v1.0.1
[INFO] [stderr]    Compiling http-body-util v0.1.3
[INFO] [stderr]    Compiling url v2.5.8
[INFO] [stderr]    Compiling ppv-lite86 v0.2.21
[INFO] [stderr]    Compiling half v2.7.1
[INFO] [stderr]    Compiling ciborium-ll v0.2.2
[INFO] [stderr]    Compiling ciborium v0.2.2
[INFO] [stderr]    Compiling rand_chacha v0.9.0
[INFO] [stderr]    Compiling rand v0.9.3
[INFO] [stderr]    Compiling criterion v0.6.0
[INFO] [stderr]    Compiling opentelemetry_sdk v0.31.0
[INFO] [stderr]    Compiling deranged v0.5.8
[INFO] [stderr]    Compiling time v0.3.47
[INFO] [stderr]    Compiling hyper v1.9.0
[INFO] [stderr]    Compiling tokio-stream v0.1.18
[INFO] [stderr]    Compiling tower v0.5.3
[INFO] [stderr]    Compiling tonic v0.14.5
[INFO] [stderr]    Compiling opentelemetry-stdout v0.31.0
[INFO] [stderr]    Compiling tower-http v0.6.8
[INFO] [stderr]    Compiling hyper-util v0.1.20
[INFO] [stderr]    Compiling tonic-prost v0.14.5
[INFO] [stderr]    Compiling opentelemetry-proto v0.31.0
[INFO] [stderr]    Compiling reqwest v0.12.28
[INFO] [stderr]    Compiling sea-clickhouse v0.15.0 (/opt/rustwide/workdir)
[INFO] [stderr]    Compiling opentelemetry-http v0.31.0
[INFO] [stderr]    Compiling opentelemetry-otlp v0.31.1
[INFO] [stdout] error[E0432]: unresolved import `crate::data_row`
[INFO] [stdout]    --> src/schema/mod.rs:700:20
[INFO] [stdout]     |
[INFO] [stdout] 700 |         use crate::data_row::RowBatch;
[INFO] [stdout]     |                    ^^^^^^^^ could not find `data_row` in the crate root
[INFO] [stdout]     |
[INFO] [stdout] note: found an item that was configured out
[INFO] [stdout]    --> src/lib.rs:49:5
[INFO] [stdout]     |
[INFO] [stdout]  48 | #[cfg(feature = "sea-ql")]
[INFO] [stdout]     |       ------------------ the item is gated behind the `sea-ql` feature
[INFO] [stdout]  49 | mod data_row;
[INFO] [stdout]     |     ^^^^^^^^
[INFO] [stdout] 
[INFO] [stdout] 
[INFO] [stdout] error[E0432]: unresolved import `crate::data_row`
[INFO] [stdout]    --> src/schema/mod.rs:738:20
[INFO] [stdout]     |
[INFO] [stdout] 738 |         use crate::data_row::DataRow;
[INFO] [stdout]     |                    ^^^^^^^^ could not find `data_row` in the crate root
[INFO] [stdout]     |
[INFO] [stdout] note: found an item that was configured out
[INFO] [stdout]    --> src/lib.rs:49:5
[INFO] [stdout]     |
[INFO] [stdout]  48 | #[cfg(feature = "sea-ql")]
[INFO] [stdout]     |       ------------------ the item is gated behind the `sea-ql` feature
[INFO] [stdout]  49 | mod data_row;
[INFO] [stdout]     |     ^^^^^^^^
[INFO] [stdout] 
[INFO] [stdout] 
[INFO] [stdout] error[E0433]: cannot find module or crate `sea_orm_arrow` in this scope
[INFO] [stdout]   --> examples/arrow_batch_schema.rs:17:5
[INFO] [stdout]    |
[INFO] [stdout] 17 | use sea_orm_arrow::arrow::array::RecordBatch;
[INFO] [stdout]    |     ^^^^^^^^^^^^^ use of unresolved module or unlinked crate `sea_orm_arrow`
[INFO] [stdout]    |
[INFO] [stdout]    = help: if you wanted to use a crate named `sea_orm_arrow`, use `cargo add sea_orm_arrow` to add it to your `Cargo.toml`
[INFO] [stdout] 
[INFO] [stdout] 
[INFO] [stdout] error[E0433]: cannot find module or crate `sea_orm_arrow` in this scope
[INFO] [stdout]    --> examples/arrow_batch_schema.rs:117:5
[INFO] [stdout]     |
[INFO] [stdout] 117 |     sea_orm_arrow::arrow::util::pretty::print_batches(&result).unwrap();
[INFO] [stdout]     |     ^^^^^^^^^^^^^ use of unresolved module or unlinked crate `sea_orm_arrow`
[INFO] [stdout]     |
[INFO] [stdout]     = help: if you wanted to use a crate named `sea_orm_arrow`, use `cargo add sea_orm_arrow` to add it to your `Cargo.toml`
[INFO] [stdout] 
[INFO] [stdout] 
[INFO] [stdout] error[E0599]: no method named `fetch_rows` found for struct `Query` in the current scope
[INFO] [stdout]   --> examples/arrow_batch_schema.rs:42:42
[INFO] [stdout]    |
[INFO] [stdout] 42 |     let mut cursor = client.query(QUERY).fetch_rows()?;
[INFO] [stdout]    |                                          ^^^^^^^^^^
[INFO] [stdout]    |
[INFO] [stdout] help: there is a method `fetch` with a similar name
[INFO] [stdout]    |
[INFO] [stdout] 42 -     let mut cursor = client.query(QUERY).fetch_rows()?;
[INFO] [stdout] 42 +     let mut cursor = client.query(QUERY).fetch()?;
[INFO] [stdout]    |
[INFO] [stdout] 
[INFO] [stdout] 
[INFO] [stdout] error[E0599]: no associated function or constant named `from_arrow` found for struct `ClickHouseSchema` in the current scope
[INFO] [stdout]    --> examples/arrow_batch_schema.rs:70:39
[INFO] [stdout]     |
[INFO] [stdout]  70 |         let mut s = ClickHouseSchema::from_arrow(&schema);
[INFO] [stdout]     |                                       ^^^^^^^^^^ associated function or constant not found in `ClickHouseSchema`
[INFO] [stdout]     |
[INFO] [stdout] note: if you're trying to build a new `ClickHouseSchema`, consider using `ClickHouseSchema::new` which returns `ClickHouseSchema`
[INFO] [stdout]    --> src/schema/mod.rs:163:5
[INFO] [stdout]     |
[INFO] [stdout] 163 |     pub fn new(columns: impl IntoIterator<Item = impl Into<SchemaColumn>>) -> Self {
[INFO] [stdout]     |     ^^^^^^^^^^^^^^^^^^^^^^^^^^^^^^^^^^^^^^^^^^^^^^^^^^^^^^^^^^^^^^^^^^^^^^^^^^^^^^
[INFO] [stdout] help: there is a method `borrow` with a similar name, but with different arguments
[INFO] [stdout]    --> /rustc/dfb0accb7f508ae8be965d8629557221c889dd98/library/core/src/borrow.rs:179:4
[INFO] [stdout] 
[INFO] [stdout] 
[INFO] [stdout] error[E0599]: no method named `insert_arrow` found for struct `Client` in the current scope
[INFO] [stdout]    --> examples/arrow_batch_schema.rs:102:29
[INFO] [stdout]     |
[INFO] [stdout] 102 |     let mut insert = client.insert_arrow(TABLE, &batches[0].schema()).await?;
[INFO] [stdout]     |                             ^^^^^^^^^^^^
[INFO] [stdout]     |
[INFO] [stdout] help: there is a method `insert` with a similar name, but with different arguments
[INFO] [stdout]    --> src/lib.rs:472:5
[INFO] [stdout]     |
[INFO] [stdout] 472 |     pub async fn insert<T: Row>(&self, table: &str) -> Result<insert::Insert<T>> {
[INFO] [stdout]     |     ^^^^^^^^^^^^^^^^^^^^^^^^^^^^^^^^^^^^^^^^^^^^^^^^^^^^^^^^^^^^^^^^^^^^^^^^^^^^
[INFO] [stdout] 
[INFO] [stdout] 
[INFO] [stdout] warning: method call on a diverging inference variable
[INFO] [stdout]    --> examples/arrow_batch_schema.rs:104:16
[INFO] [stdout]     |
[INFO] [stdout] 104 |         insert.write_batch(batch).await?;
[INFO] [stdout]     |                ^^^^^^^^^^^
[INFO] [stdout]     |
[INFO] [stdout]     = help: consider providing a type annotation
[INFO] [stdout]     = warning: this was previously accepted by the compiler but is being phased out; it will become a hard error in a future release!
[INFO] [stdout]     = note: for more information, see issue #156047 <https://github.com/rust-lang/rust/issues/156047>
[INFO] [stdout]     = note: `#[warn(method_call_on_diverging_infer_var)]` (part of `#[warn(future_incompatible)]`) on by default
[INFO] [stdout] 
[INFO] [stdout] 
[INFO] [stdout] error[E0599]: no method named `write_batch` found for type `!` in the current scope
[INFO] [stdout]    --> examples/arrow_batch_schema.rs:104:16
[INFO] [stdout]     |
[INFO] [stdout] 104 |         insert.write_batch(batch).await?;
[INFO] [stdout]     |                ^^^^^^^^^^^ method not found in `!`
[INFO] [stdout] 
[INFO] [stdout] 
[INFO] [stdout] error[E0599]: no method named `end` found for type `!` in the current scope
[INFO] [stdout]    --> examples/arrow_batch_schema.rs:106:12
[INFO] [stdout]     |
[INFO] [stdout] 106 |     insert.end().await?;
[INFO] [stdout]     |            ^^^
[INFO] [stdout]     |
[INFO] [stdout] help: there is a method `and` with a similar name, but with different arguments
[INFO] [stdout]    --> /opt/rustwide/cargo-home/registry/src/index.crates.io-1949cf8c6b5b557f/tower-http-0.6.8/src/follow_redirect/policy/mod.rs:141:5
[INFO] [stdout]     |
[INFO] [stdout] 141 | /     fn and<P, B, E>(self, other: P) -> And<Self, P>
[INFO] [stdout] 142 | |     where
[INFO] [stdout] 143 | |         Self: Policy<B, E> + Sized,
[INFO] [stdout] 144 | |         P: Policy<B, E>;
[INFO] [stdout]     | |________________________^
[INFO] [stdout] 
[INFO] [stdout] 
[INFO] [stdout] warning: unreachable call
[INFO] [stdout]    --> examples/arrow_batch_schema.rs:106:12
[INFO] [stdout]     |
[INFO] [stdout] 106 |     insert.end().await?;
[INFO] [stdout]     |     ------ ^^^ unreachable call
[INFO] [stdout]     |     |
[INFO] [stdout]     |     any code following this expression is unreachable
[INFO] [stdout]     |
[INFO] [stdout]     = note: `#[warn(unreachable_code)]` (part of `#[warn(unused)]`) on by default
[INFO] [stdout] 
[INFO] [stdout] 
[INFO] [stdout] error[E0599]: no method named `fetch_rows` found for struct `Query` in the current scope
[INFO] [stdout]    --> examples/arrow_batch_schema.rs:111:48
[INFO] [stdout]     |
[INFO] [stdout] 111 |     let mut cursor = client.query(&select_sql).fetch_rows()?;
[INFO] [stdout]     |                                                ^^^^^^^^^^
[INFO] [stdout]     |
[INFO] [stdout] help: there is a method `fetch` with a similar name
[INFO] [stdout]     |
[INFO] [stdout] 111 -     let mut cursor = client.query(&select_sql).fetch_rows()?;
[INFO] [stdout] 111 +     let mut cursor = client.query(&select_sql).fetch()?;
[INFO] [stdout]     |
[INFO] [stdout] 
[INFO] [stdout] 
[INFO] [stdout] Some errors have detailed explanations: E0433, E0599.
[INFO] [stdout] 
[INFO] [stdout] For more information about an error, try `rustc --explain E0433`.
[INFO] [stdout] 
[INFO] [stderr] error: could not compile `sea-clickhouse` (example "arrow_batch_schema") due to 8 previous errors; 3 warnings emitted
[INFO] [stderr] warning: build failed, waiting for other jobs to finish...
[INFO] [stdout] error[E0599]: no associated function or constant named `from_row_batch` found for struct `schema::ClickHouseSchema` in the current scope
[INFO] [stdout]    --> src/schema/mod.rs:716:37
[INFO] [stdout]     |
[INFO] [stdout]  93 | pub struct ClickHouseSchema {
[INFO] [stdout]     | --------------------------- associated function or constant `from_row_batch` not found for this struct
[INFO] [stdout] ...
[INFO] [stdout] 716 |         let ddl = ClickHouseSchema::from_row_batch(&batch)
[INFO] [stdout]     |                                     ^^^^^^^^^^^^^^ associated function or constant not found in `schema::ClickHouseSchema`
[INFO] [stdout]     |
[INFO] [stdout] note: if you're trying to build a new `schema::ClickHouseSchema`, consider using `schema::ClickHouseSchema::new` which returns `schema::ClickHouseSchema`
[INFO] [stdout]    --> src/schema/mod.rs:163:5
[INFO] [stdout]     |
[INFO] [stdout] 163 |     pub fn new(columns: impl IntoIterator<Item = impl Into<SchemaColumn>>) -> Self {
[INFO] [stdout]     |     ^^^^^^^^^^^^^^^^^^^^^^^^^^^^^^^^^^^^^^^^^^^^^^^^^^^^^^^^^^^^^^^^^^^^^^^^^^^^^^
[INFO] [stdout] 
[INFO] [stdout] 
[INFO] [stdout] error[E0599]: no associated function or constant named `from_data_row` found for struct `schema::ClickHouseSchema` in the current scope
[INFO] [stdout]    --> src/schema/mod.rs:747:40
[INFO] [stdout]     |
[INFO] [stdout]  93 | pub struct ClickHouseSchema {
[INFO] [stdout]     | --------------------------- associated function or constant `from_data_row` not found for this struct
[INFO] [stdout] ...
[INFO] [stdout] 747 |         let schema = ClickHouseSchema::from_data_row(&row);
[INFO] [stdout]     |                                        ^^^^^^^^^^^^^ associated function or constant not found in `schema::ClickHouseSchema`
[INFO] [stdout]     |
[INFO] [stdout] note: if you're trying to build a new `schema::ClickHouseSchema`, consider using `schema::ClickHouseSchema::new` which returns `schema::ClickHouseSchema`
[INFO] [stdout]    --> src/schema/mod.rs:163:5
[INFO] [stdout]     |
[INFO] [stdout] 163 |     pub fn new(columns: impl IntoIterator<Item = impl Into<SchemaColumn>>) -> Self {
[INFO] [stdout]     |     ^^^^^^^^^^^^^^^^^^^^^^^^^^^^^^^^^^^^^^^^^^^^^^^^^^^^^^^^^^^^^^^^^^^^^^^^^^^^^^
[INFO] [stdout] 
[INFO] [stdout] 
[INFO] [stdout] Some errors have detailed explanations: E0432, E0599.
[INFO] [stdout] 
[INFO] [stdout] For more information about an error, try `rustc --explain E0432`.
[INFO] [stdout] 
[INFO] [stderr] error: could not compile `sea-clickhouse` (lib test) due to 4 previous errors
[INFO] [stderr] error: could not compile `sea-clickhouse` (test "it")
[INFO] [stderr] 
[INFO] [stderr] Caused by:
[INFO] [stderr]   process didn't exit successfully: `/opt/rustwide/rustup-home/toolchains/1.99.0-beta.8-x86_64-unknown-linux-gnu/bin/rustc --crate-name it --edition=2024 tests/it/main.rs --error-format=json --json=diagnostic-rendered-ansi,artifacts,future-incompat --emit=dep-info,link -C opt-level=3 -C embed-bitcode=no -C debuginfo=2 --warn=rust_2018_idioms --warn=unreachable_pub --allow=unexpected_cfgs '--warn=clippy::undocumented_unsafe_blocks' --test --cfg 'feature="default"' --cfg 'feature="lz4"' --check-cfg 'cfg(docsrs,test)' --check-cfg 'cfg(feature, values("arrow", "bigdecimal", "chrono", "default", "futures03", "inserter", "lz4", "native-tls", "opentelemetry", "rust_decimal", "rustls-tls", "rustls-tls-aws-lc", "rustls-tls-native-roots", "rustls-tls-ring", "rustls-tls-webpki-roots", "sea-orm-arrow", "sea-ql", "sea-query", "test-util", "time", "uuid", "zstd"))' -C metadata=f862aef424a3eb1d -C extra-filename=-f69ce8433ed8bfcd --out-dir /opt/rustwide/target/release/deps -L dependency=/opt/rustwide/target/release/deps --extern bnum=/opt/rustwide/target/release/deps/libbnum-8606e2ebfb09dd2b.rlib --extern bstr=/opt/rustwide/target/release/deps/libbstr-04bd52d238c4d383.rlib --extern bytes=/opt/rustwide/target/release/deps/libbytes-1159a45f30423731.rlib --extern cityhash_rs=/opt/rustwide/target/release/deps/libcityhash_rs-11442190b2b62dc7.rlib --extern clickhouse_macros=/opt/rustwide/target/release/deps/libclickhouse_macros-d9debaeda12b7ded.so --extern clickhouse_types=/opt/rustwide/target/release/deps/libclickhouse_types-57617de45d2dbcef.rlib --extern criterion=/opt/rustwide/target/release/deps/libcriterion-039bb49128e191bf.rlib --extern fixnum=/opt/rustwide/target/release/deps/libfixnum-7351193ba6a6d510.rlib --extern futures_channel=/opt/rustwide/target/release/deps/libfutures_channel-68364ead9048af98.rlib --extern futures_util=/opt/rustwide/target/release/deps/libfutures_util-fc559ae7c71aa969.rlib --extern http_body_util=/opt/rustwide/target/release/deps/libhttp_body_util-a128a136988699de.rlib --extern hyper=/opt/rustwide/target/release/deps/libhyper-4d707720ef44a4a0.rlib --extern hyper_util=/opt/rustwide/target/release/deps/libhyper_util-4fba60340d365040.rlib --extern indexmap=/opt/rustwide/target/release/deps/libindexmap-8b271c89d01e5e24.rlib --extern lz4_flex=/opt/rustwide/target/release/deps/liblz4_flex-13aea13ed1ea2e9b.rlib --extern opentelemetry_otlp=/opt/rustwide/target/release/deps/libopentelemetry_otlp-27e99785a7c8280a.rlib --extern opentelemetry_stdout=/opt/rustwide/target/release/deps/libopentelemetry_stdout-36cebdf9ccdbe53f.rlib --extern opentelemetry_sdk=/opt/rustwide/target/release/deps/libopentelemetry_sdk-f718c9eb7a8a99be.rlib --extern polonius_the_crab=/opt/rustwide/target/release/deps/libpolonius_the_crab-c56bcb45ba626cba.rlib --extern rand=/opt/rustwide/target/release/deps/librand-378bf2dc8eac6cc5.rlib --extern rustc_hash=/opt/rustwide/target/release/deps/librustc_hash-e0bd0caddb1b10c2.rlib --extern clickhouse=/opt/rustwide/target/release/deps/libclickhouse-88644b6d8a42cb71.rlib --extern serde=/opt/rustwide/target/release/deps/libserde-0717b4464802cb94.rlib --extern serde_bytes=/opt/rustwide/target/release/deps/libserde_bytes-f72a0b3aa3a0badf.rlib --extern serde_json=/opt/rustwide/target/release/deps/libserde_json-e252aacbeba368ae.rlib --extern serde_repr=/opt/rustwide/target/release/deps/libserde_repr-4388026c0394c707.so --extern thiserror=/opt/rustwide/target/release/deps/libthiserror-34d8a0f7743264fb.rlib --extern time=/opt/rustwide/target/release/deps/libtime-ea8c6421f2947988.rlib --extern tokio=/opt/rustwide/target/release/deps/libtokio-f35738c6b3713a20.rlib --extern tracing=/opt/rustwide/target/release/deps/libtracing-b4dc2ec8fa2e644f.rlib --extern tracing_opentelemetry=/opt/rustwide/target/release/deps/libtracing_opentelemetry-3dc2a8a296105dc9.rlib --extern tracing_subscriber=/opt/rustwide/target/release/deps/libtracing_subscriber-cc8f064ffbe29a23.rlib --extern trybuild=/opt/rustwide/target/release/deps/libtrybuild-2833a1b78077bca9.rlib --extern url=/opt/rustwide/target/release/deps/liburl-3646cefc8d8ec7b7.rlib --extern uuid=/opt/rustwide/target/release/deps/libuuid-228a483eeaa5bea7.rlib --cap-lints=warn` (signal: 9, SIGKILL: kill)
[INFO] running `Command { std: "docker" "inspect" "6397a779ea7fc9f67861053aebe2645a0434b776fbe33b4c7454619bfdf1ab71", kill_on_drop: false }`
[INFO] running `Command { std: "docker" "rm" "-f" "6397a779ea7fc9f67861053aebe2645a0434b776fbe33b4c7454619bfdf1ab71", kill_on_drop: false }`
[INFO] [stdout] 6397a779ea7fc9f67861053aebe2645a0434b776fbe33b4c7454619bfdf1ab71
