[INFO] fetching crate sdl3-main 0.7.0...
[INFO] testing sdl3-main-0.7.0 against 1.100.0-beta.1+cargoflags=--release for beta-release-1.100-2
[INFO] extracting crate sdl3-main 0.7.0 into /workspace/builds/worker-6-tc2/source
[INFO] started tweaking crates.io crate sdl3-main 0.7.0
[INFO] removed 0 missing tests
[INFO] finished tweaking crates.io crate sdl3-main 0.7.0
[INFO] tweaked toml for crates.io crate sdl3-main 0.7.0 written to /workspace/builds/worker-6-tc2/source/Cargo.toml
[INFO] validating manifest of crates.io crate sdl3-main 0.7.0 on toolchain 1.100.0-beta.1
[INFO] running `Command { std: CARGO_HOME="/workspace/cargo-home" RUSTUP_HOME="/workspace/rustup-home" "/workspace/cargo-home/bin/cargo" "+1.100.0-beta.1" "metadata" "--manifest-path" "Cargo.toml" "--no-deps", kill_on_drop: false }`
[INFO] crate crates.io crate sdl3-main 0.7.0 already has a lockfile, it will not be regenerated
[INFO] running `Command { std: CARGO_HOME="/workspace/cargo-home" RUSTUP_HOME="/workspace/rustup-home" "/workspace/cargo-home/bin/cargo" "+1.100.0-beta.1" "fetch" "--manifest-path" "Cargo.toml", kill_on_drop: false }`
[INFO] running `Command { std: "docker" "create" "-v" "/var/lib/crater-agent-workspace/builds/worker-6-tc2/source:/opt/rustwide/workdir:ro,Z" "-v" "/var/lib/crater-agent-workspace/builds/worker-6-tc2/target:/opt/rustwide/target:rw,Z" "-v" "/var/lib/crater-agent-workspace/cargo-home:/opt/rustwide/cargo-home:ro,Z" "-v" "/var/lib/crater-agent-workspace/rustup-home:/opt/rustwide/rustup-home:ro,Z" "-m" "1610612736" "--network" "none" "ghcr.io/rust-lang/crates-build-env/linux@sha256:77db811e55d90add9212f6832c23229e3de5f1c1f9905e8cb07319ea15df73ac" "sleep" "infinity", kill_on_drop: false }`
[INFO] [stdout] cc5fea89dc470cb4042ff34aabd34534df0d43385b8d371d35b9b3b2fcc72304
[INFO] running `Command { std: "docker" "start" "cc5fea89dc470cb4042ff34aabd34534df0d43385b8d371d35b9b3b2fcc72304", kill_on_drop: false }`
[INFO] running `Command { std: "docker" "inspect" "cc5fea89dc470cb4042ff34aabd34534df0d43385b8d371d35b9b3b2fcc72304", kill_on_drop: false }`
[INFO] running `Command { std: "docker" "exec" "-e" "SOURCE_DIR=/opt/rustwide/workdir" "-e" "CARGO_HOME=/opt/rustwide/cargo-home" "-e" "RUSTUP_HOME=/opt/rustwide/rustup-home" "-e" "CARGO_TARGET_DIR=/opt/rustwide/target" "-w" "/opt/rustwide/workdir" "--user" "0:0" "cc5fea89dc470cb4042ff34aabd34534df0d43385b8d371d35b9b3b2fcc72304" "/opt/rustwide/cargo-home/bin/cargo" "+1.100.0-beta.1" "metadata" "--no-deps" "--format-version=1", kill_on_drop: false }`
[INFO] running `Command { std: "docker" "inspect" "cc5fea89dc470cb4042ff34aabd34534df0d43385b8d371d35b9b3b2fcc72304", kill_on_drop: false }`
[INFO] running `Command { std: "docker" "exec" "-e" "SOURCE_DIR=/opt/rustwide/workdir" "-e" "CARGO_HOME=/opt/rustwide/cargo-home" "-e" "RUSTUP_HOME=/opt/rustwide/rustup-home" "-e" "CARGO_TARGET_DIR=/opt/rustwide/target" "-e" "CARGO_INCREMENTAL=0" "-e" "RUST_BACKTRACE=full" "-e" "RUSTFLAGS=--cap-lints=warn" "-e" "RUSTDOCFLAGS=--cap-lints=warn" "-w" "/opt/rustwide/workdir" "--user" "0:0" "cc5fea89dc470cb4042ff34aabd34534df0d43385b8d371d35b9b3b2fcc72304" "/opt/rustwide/cargo-home/bin/cargo" "+1.100.0-beta.1" "build" "--frozen" "--message-format=json" "--release", kill_on_drop: false }`
[INFO] [stderr]    Compiling sdl3-sys v0.7.0+SDL-3.4.16
[INFO] [stderr]    Compiling sdl3-main-macros v0.2.4
[INFO] [stderr]    Compiling sdl3-main v0.7.0 (/opt/rustwide/workdir)
[INFO] [stderr]     Finished `release` profile [optimized] target(s) in 2.92s
[INFO] running `Command { std: "docker" "inspect" "cc5fea89dc470cb4042ff34aabd34534df0d43385b8d371d35b9b3b2fcc72304", kill_on_drop: false }`
[INFO] running `Command { std: "docker" "exec" "-e" "SOURCE_DIR=/opt/rustwide/workdir" "-e" "CARGO_HOME=/opt/rustwide/cargo-home" "-e" "RUSTUP_HOME=/opt/rustwide/rustup-home" "-e" "CARGO_TARGET_DIR=/opt/rustwide/target" "-e" "CARGO_INCREMENTAL=0" "-e" "RUST_BACKTRACE=full" "-e" "RUSTFLAGS=--cap-lints=warn" "-e" "RUSTDOCFLAGS=--cap-lints=warn" "-w" "/opt/rustwide/workdir" "--user" "0:0" "cc5fea89dc470cb4042ff34aabd34534df0d43385b8d371d35b9b3b2fcc72304" "/opt/rustwide/cargo-home/bin/cargo" "+1.100.0-beta.1" "test" "--frozen" "--no-run" "--message-format=json" "--release", kill_on_drop: false }`
[INFO] [stderr]    Compiling escape8259 v0.5.3
[INFO] [stderr]    Compiling syn v2.0.101
[INFO] [stderr]    Compiling clap_builder v4.5.38
[INFO] [stderr]    Compiling clap_derive v4.5.32
[INFO] [stderr]    Compiling ctor v0.2.9
[INFO] [stderr]    Compiling libtest-mimic-collect-macro v0.3.0
[INFO] [stderr]    Compiling clap v4.5.38
[INFO] [stderr]    Compiling libtest-mimic v0.8.1
[INFO] [stderr]    Compiling libtest-mimic-collect v0.3.2
[INFO] [stderr]    Compiling sdl3-main v0.7.0 (/opt/rustwide/workdir)
[INFO] [stdout] error: linking with `cc` failed: exit status: 1
[INFO] [stdout]   |
[INFO] [stdout]   = note:  "cc" "-m64" "/opt/rustwide/target/release/build/sdl3-main/ec8f8e6dd4036790/out/rustceMz0aO/symbols.o" "<2 object files omitted>" "-Wl,--as-needed" "-Wl,-Bstatic" "<sysroot>/lib/rustlib/x86_64-unknown-linux-gnu/lib/{libtest-*,libgetopts-*,librustc_std_workspace_std-*}.rlib" "/opt/rustwide/target/release/build/sdl3-sys/0f1224ba4de99e07/out/libsdl3_sys-0f1224ba4de99e07.rlib" "<sysroot>/lib/rustlib/x86_64-unknown-linux-gnu/lib/{libstd-*,libpanic_unwind-*,libobject-*,libmemchr-*,libaddr2line-*,libgimli-*,libcfg_if-*,librustc_demangle-*,libstd_detect-*,libhashbrown-*,librustc_std_workspace_alloc-*,libminiz_oxide-*,libadler2-*,libunwind-*,liblibc-*,librustc_std_workspace_core-*,liballoc-*,libcore-*,libcompiler_builtins-*}.rlib" "-Wl,-Bdynamic" "-lSDL3" "-lgcc_s" "-lutil" "-lrt" "-lpthread" "-lm" "-ldl" "-lc" "-L" "/opt/rustwide/target/release/build/sdl3-main/ec8f8e6dd4036790/out/rustceMz0aO/raw-dylibs" "-B<sysroot>/lib/rustlib/x86_64-unknown-linux-gnu/bin/gcc-ld" "-fuse-ld=lld" "-Wl,--eh-frame-hdr" "-Wl,-z,noexecstack" "-L" "<sysroot>/lib/rustlib/x86_64-unknown-linux-gnu/lib" "-o" "/opt/rustwide/target/release/build/sdl3-main/ec8f8e6dd4036790/out/sdl3_main-ec8f8e6dd4036790" "-Wl,--gc-sections" "-pie" "-Wl,-z,relro,-z,now" "-Wl,-O1" "-Wl,--strip-debug" "-nodefaultlibs"
[INFO] [stdout]   = note: some arguments are omitted. use `--verbose` to show all linker arguments
[INFO] [stdout]   = note: rust-lld: error: unable to find library -lSDL3
[INFO] [stdout]           collect2: error: ld returned 1 exit status
[INFO] [stdout]           
[INFO] [stdout] 
[INFO] [stdout] 
[INFO] [stderr] error: could not compile `sdl3-main` (lib test) due to 1 previous error
[INFO] [stderr] warning: build failed, waiting for other jobs to finish...
[INFO] [stdout] error: linking with `cc` failed: exit status: 1
[INFO] [stdout]   |
[INFO] [stdout]   = note:  "cc" "-m64" "/opt/rustwide/target/release/build/sdl3-main/5c4da449593cb29e/out/rustcn0O44Z/symbols.o" "<4 object files omitted>" "-Wl,--as-needed" "-Wl,-Bstatic" "/opt/rustwide/target/release/build/sdl3-main/7f596db14dc307c6/out/libsdl3_main-7f596db14dc307c6.rlib" "/opt/rustwide/target/release/build/sdl3-sys/0f1224ba4de99e07/out/libsdl3_sys-0f1224ba4de99e07.rlib" "/opt/rustwide/target/release/build/libtest-mimic-collect/074e83a4451427b5/out/liblibtest_mimic_collect-074e83a4451427b5.rlib" "/opt/rustwide/target/release/build/libtest-mimic/36d778b92e7b8bfa/out/liblibtest_mimic-36d778b92e7b8bfa.rlib" "/opt/rustwide/target/release/build/escape8259/f40f844d39cbf2c0/out/libescape8259-f40f844d39cbf2c0.rlib" "/opt/rustwide/target/release/build/clap/1132beeb4acef837/out/libclap-1132beeb4acef837.rlib" "/opt/rustwide/target/release/build/clap_builder/da77878d764f6b18/out/libclap_builder-da77878d764f6b18.rlib" "/opt/rustwide/target/release/build/strsim/59d8e27f2067b49a/out/libstrsim-59d8e27f2067b49a.rlib" "/opt/rustwide/target/release/build/anstream/d20833f678952659/out/libanstream-d20833f678952659.rlib" "/opt/rustwide/target/release/build/anstyle-query/e5119e0ffcc33888/out/libanstyle_query-e5119e0ffcc33888.rlib" "/opt/rustwide/target/release/build/is_terminal_polyfill/b73ba43195072384/out/libis_terminal_polyfill-b73ba43195072384.rlib" "/opt/rustwide/target/release/build/colorchoice/af8f89a4102b8c70/out/libcolorchoice-af8f89a4102b8c70.rlib" "/opt/rustwide/target/release/build/anstyle-parse/fe75c18ca222b86c/out/libanstyle_parse-fe75c18ca222b86c.rlib" "/opt/rustwide/target/release/build/utf8parse/fd39fdebeec71100/out/libutf8parse-fd39fdebeec71100.rlib" "/opt/rustwide/target/release/build/clap_lex/0c7bf81b6a2ddeb7/out/libclap_lex-0c7bf81b6a2ddeb7.rlib" "/opt/rustwide/target/release/build/anstyle/66032ee646ec795a/out/libanstyle-66032ee646ec795a.rlib" "<sysroot>/lib/rustlib/x86_64-unknown-linux-gnu/lib/{libstd-*,libpanic_unwind-*,libobject-*,libmemchr-*,libaddr2line-*,libgimli-*,libcfg_if-*,librustc_demangle-*,libstd_detect-*,libhashbrown-*,librustc_std_workspace_alloc-*,libminiz_oxide-*,libadler2-*,libunwind-*,liblibc-*,librustc_std_workspace_core-*,liballoc-*,libcore-*,libcompiler_builtins-*}.rlib" "-Wl,-Bdynamic" "-lSDL3" "-lgcc_s" "-lutil" "-lrt" "-lpthread" "-lm" "-ldl" "-lc" "-L" "/opt/rustwide/target/release/build/sdl3-main/5c4da449593cb29e/out/rustcn0O44Z/raw-dylibs" "-B<sysroot>/lib/rustlib/x86_64-unknown-linux-gnu/bin/gcc-ld" "-fuse-ld=lld" "-Wl,--eh-frame-hdr" "-Wl,-z,noexecstack" "-L" "<sysroot>/lib/rustlib/x86_64-unknown-linux-gnu/lib" "-o" "/opt/rustwide/target/release/build/sdl3-main/5c4da449593cb29e/out/on_main_thread-5c4da449593cb29e" "-Wl,--gc-sections" "-pie" "-Wl,-z,relro,-z,now" "-Wl,-O1" "-Wl,--strip-debug" "-nodefaultlibs"
[INFO] [stdout]   = note: some arguments are omitted. use `--verbose` to show all linker arguments
[INFO] [stdout]   = note: rust-lld: error: unable to find library -lSDL3
[INFO] [stdout]           collect2: error: ld returned 1 exit status
[INFO] [stdout]           
[INFO] [stdout] 
[INFO] [stdout] 
[INFO] [stderr] error: could not compile `sdl3-main` (test "on_main_thread") due to 1 previous error
[INFO] running `Command { std: "docker" "inspect" "cc5fea89dc470cb4042ff34aabd34534df0d43385b8d371d35b9b3b2fcc72304", kill_on_drop: false }`
[INFO] running `Command { std: "docker" "rm" "-f" "cc5fea89dc470cb4042ff34aabd34534df0d43385b8d371d35b9b3b2fcc72304", kill_on_drop: false }`
[INFO] [stdout] cc5fea89dc470cb4042ff34aabd34534df0d43385b8d371d35b9b3b2fcc72304
