[INFO] fetching crate sdl2_timing 0.2.0...
[INFO] testing sdl2_timing-0.2.0 against 1.99.0-beta.8+cargoflags=--release for beta-release-1.100-2
[INFO] extracting crate sdl2_timing 0.2.0 into /workspace/builds/worker-2-tc1/source
[INFO] started tweaking crates.io crate sdl2_timing 0.2.0
[INFO] finished tweaking crates.io crate sdl2_timing 0.2.0
[INFO] tweaked toml for crates.io crate sdl2_timing 0.2.0 written to /workspace/builds/worker-2-tc1/source/Cargo.toml
[INFO] validating manifest of crates.io crate sdl2_timing 0.2.0 on toolchain 1.99.0-beta.8
[INFO] running `Command { std: CARGO_HOME="/workspace/cargo-home" RUSTUP_HOME="/workspace/rustup-home" "/workspace/cargo-home/bin/cargo" "+1.99.0-beta.8" "metadata" "--manifest-path" "Cargo.toml" "--no-deps", kill_on_drop: false }`
[INFO] crate crates.io crate sdl2_timing 0.2.0 already has a lockfile, it will not be regenerated
[INFO] running `Command { std: CARGO_HOME="/workspace/cargo-home" RUSTUP_HOME="/workspace/rustup-home" "/workspace/cargo-home/bin/cargo" "+1.99.0-beta.8" "fetch" "--manifest-path" "Cargo.toml", kill_on_drop: false }`
[INFO] [stderr]     Blocking waiting for file lock on package cache
[INFO] [stderr]     Updating crates.io index
[INFO] [stderr]  Downloading crates ...
[INFO] [stderr]   Downloaded cfg-if v0.1.6
[INFO] [stderr]   Downloaded log v0.4.6
[INFO] [stderr]   Downloaded num-traits v0.2.6
[INFO] [stderr]   Downloaded c_vec v1.3.2
[INFO] [stderr]   Downloaded num-integer v0.1.39
[INFO] [stderr]   Downloaded chrono v0.4.10
[INFO] [stderr]   Downloaded sdl2 v0.33.0
[INFO] [stderr]   Downloaded sdl2-sys v0.33.0
[INFO] [stderr]   Downloaded winapi v0.3.6
[INFO] running `Command { std: "docker" "create" "-v" "/var/lib/crater-agent-workspace/builds/worker-2-tc1/source:/opt/rustwide/workdir:ro,Z" "-v" "/var/lib/crater-agent-workspace/builds/worker-2-tc1/target:/opt/rustwide/target:rw,Z" "-v" "/var/lib/crater-agent-workspace/cargo-home:/opt/rustwide/cargo-home:ro,Z" "-v" "/var/lib/crater-agent-workspace/rustup-home:/opt/rustwide/rustup-home:ro,Z" "-m" "1610612736" "--network" "none" "ghcr.io/rust-lang/crates-build-env/linux@sha256:77db811e55d90add9212f6832c23229e3de5f1c1f9905e8cb07319ea15df73ac" "sleep" "infinity", kill_on_drop: false }`
[INFO] [stdout] 3ae88857a2080de3d83cab22fc60489ec77625326c1759cd72292ea2888b9c51
[INFO] running `Command { std: "docker" "start" "3ae88857a2080de3d83cab22fc60489ec77625326c1759cd72292ea2888b9c51", kill_on_drop: false }`
[INFO] running `Command { std: "docker" "inspect" "3ae88857a2080de3d83cab22fc60489ec77625326c1759cd72292ea2888b9c51", kill_on_drop: false }`
[INFO] running `Command { std: "docker" "exec" "-e" "SOURCE_DIR=/opt/rustwide/workdir" "-e" "CARGO_HOME=/opt/rustwide/cargo-home" "-e" "RUSTUP_HOME=/opt/rustwide/rustup-home" "-e" "CARGO_TARGET_DIR=/opt/rustwide/target" "-w" "/opt/rustwide/workdir" "--user" "0:0" "3ae88857a2080de3d83cab22fc60489ec77625326c1759cd72292ea2888b9c51" "/opt/rustwide/cargo-home/bin/cargo" "+1.99.0-beta.8" "metadata" "--no-deps" "--format-version=1", kill_on_drop: false }`
[INFO] running `Command { std: "docker" "inspect" "3ae88857a2080de3d83cab22fc60489ec77625326c1759cd72292ea2888b9c51", kill_on_drop: false }`
[INFO] running `Command { std: "docker" "exec" "-e" "SOURCE_DIR=/opt/rustwide/workdir" "-e" "CARGO_HOME=/opt/rustwide/cargo-home" "-e" "RUSTUP_HOME=/opt/rustwide/rustup-home" "-e" "CARGO_TARGET_DIR=/opt/rustwide/target" "-e" "CARGO_INCREMENTAL=0" "-e" "RUST_BACKTRACE=full" "-e" "RUSTFLAGS=--cap-lints=warn" "-e" "RUSTDOCFLAGS=--cap-lints=warn" "-w" "/opt/rustwide/workdir" "--user" "0:0" "3ae88857a2080de3d83cab22fc60489ec77625326c1759cd72292ea2888b9c51" "/opt/rustwide/cargo-home/bin/cargo" "+1.99.0-beta.8" "build" "--frozen" "--message-format=json" "--release", kill_on_drop: false }`
[INFO] [stderr]    Compiling cfg-if v0.1.6
[INFO] [stderr]    Compiling sdl2 v0.33.0
[INFO] [stderr]    Compiling c_vec v1.3.2
[INFO] [stderr]    Compiling sdl2-sys v0.33.0
[INFO] [stderr]    Compiling log v0.4.6
[INFO] [stderr]    Compiling sdl2_timing v0.2.0 (/opt/rustwide/workdir)
[INFO] [stdout] warning: use of deprecated associated function `core::num::<impl u64>::max_value`: replaced by the `MAX` associated constant on this type
[INFO] [stdout]    --> src/lib.rs:221:47
[INFO] [stdout]     |
[INFO] [stdout] 221 |             self.measures.insert(&name, (u64::max_value(),0,0,0));
[INFO] [stdout]     |                                               ^^^^^^^^^
[INFO] [stdout]     |
[INFO] [stdout]     = note: `#[warn(deprecated)]` on by default
[INFO] [stdout] 
[INFO] [stdout] 
[INFO] [stdout] warning: variable does not need to be mutable
[INFO] [stdout]    --> src/lib.rs:223:13
[INFO] [stdout]     |
[INFO] [stdout] 223 |         let mut m = self.measures.get_mut(&name).unwrap();
[INFO] [stdout]     |             ----^
[INFO] [stdout]     |             |
[INFO] [stdout]     |             help: remove this `mut`
[INFO] [stdout]     |
[INFO] [stdout]     = note: `#[warn(unused_mut)]` (part of `#[warn(unused)]`) on by default
[INFO] [stdout] 
[INFO] [stdout] 
[INFO] [stderr]     Finished `release` profile [optimized] target(s) in 3.76s
[INFO] running `Command { std: "docker" "inspect" "3ae88857a2080de3d83cab22fc60489ec77625326c1759cd72292ea2888b9c51", kill_on_drop: false }`
[INFO] running `Command { std: "docker" "exec" "-e" "SOURCE_DIR=/opt/rustwide/workdir" "-e" "CARGO_HOME=/opt/rustwide/cargo-home" "-e" "RUSTUP_HOME=/opt/rustwide/rustup-home" "-e" "CARGO_TARGET_DIR=/opt/rustwide/target" "-e" "CARGO_INCREMENTAL=0" "-e" "RUST_BACKTRACE=full" "-e" "RUSTFLAGS=--cap-lints=warn" "-e" "RUSTDOCFLAGS=--cap-lints=warn" "-w" "/opt/rustwide/workdir" "--user" "0:0" "3ae88857a2080de3d83cab22fc60489ec77625326c1759cd72292ea2888b9c51" "/opt/rustwide/cargo-home/bin/cargo" "+1.99.0-beta.8" "test" "--frozen" "--no-run" "--message-format=json" "--release", kill_on_drop: false }`
[INFO] [stderr]    Compiling num-traits v0.2.6
[INFO] [stderr]    Compiling num-integer v0.1.39
[INFO] [stderr]    Compiling time v0.1.42
[INFO] [stderr]    Compiling colored v1.9.3
[INFO] [stdout] warning: use of deprecated associated function `core::num::<impl u64>::max_value`: replaced by the `MAX` associated constant on this type
[INFO] [stdout]    --> src/lib.rs:221:47
[INFO] [stdout]     |
[INFO] [stdout] 221 |             self.measures.insert(&name, (u64::max_value(),0,0,0));
[INFO] [stdout]     |                                               ^^^^^^^^^
[INFO] [stdout]     |
[INFO] [stdout]     = note: `#[warn(deprecated)]` on by default
[INFO] [stdout] 
[INFO] [stdout] 
[INFO] [stdout] warning: variable does not need to be mutable
[INFO] [stdout]    --> src/lib.rs:223:13
[INFO] [stdout]     |
[INFO] [stdout] 223 |         let mut m = self.measures.get_mut(&name).unwrap();
[INFO] [stdout]     |             ----^
[INFO] [stdout]     |             |
[INFO] [stdout]     |             help: remove this `mut`
[INFO] [stdout]     |
[INFO] [stdout]     = note: `#[warn(unused_mut)]` (part of `#[warn(unused)]`) on by default
[INFO] [stdout] 
[INFO] [stdout] 
[INFO] [stderr]    Compiling chrono v0.4.10
[INFO] [stderr]    Compiling simple_logger v1.6.0
[INFO] [stderr]    Compiling sdl2_timing v0.2.0 (/opt/rustwide/workdir)
[INFO] [stdout] warning: use of deprecated associated function `core::num::<impl u64>::max_value`: replaced by the `MAX` associated constant on this type
[INFO] [stdout]    --> src/lib.rs:221:47
[INFO] [stdout]     |
[INFO] [stdout] 221 |             self.measures.insert(&name, (u64::max_value(),0,0,0));
[INFO] [stdout]     |                                               ^^^^^^^^^
[INFO] [stdout]     |
[INFO] [stdout]     = note: `#[warn(deprecated)]` on by default
[INFO] [stdout] 
[INFO] [stdout] 
[INFO] [stdout] warning: variable does not need to be mutable
[INFO] [stdout]    --> src/lib.rs:223:13
[INFO] [stdout]     |
[INFO] [stdout] 223 |         let mut m = self.measures.get_mut(&name).unwrap();
[INFO] [stdout]     |             ----^
[INFO] [stdout]     |             |
[INFO] [stdout]     |             help: remove this `mut`
[INFO] [stdout]     |
[INFO] [stdout]     = note: `#[warn(unused_mut)]` (part of `#[warn(unused)]`) on by default
[INFO] [stdout] 
[INFO] [stdout] 
[INFO] [stdout] error: linking with `cc` failed: exit status: 1
[INFO] [stdout]   |
[INFO] [stdout]   = note:  "cc" "-m64" "/opt/rustwide/target/release/deps/rustc8Tomzz/symbols.o" "<2 object files omitted>" "-Wl,--as-needed" "-Wl,-Bstatic" "<sysroot>/lib/rustlib/x86_64-unknown-linux-gnu/lib/{libtest-*,libgetopts-*,librustc_std_workspace_std-*}.rlib" "/opt/rustwide/target/release/deps/{libsdl2-6b088a56c3776a90,libc_vec-697dc03a036313c8,libsdl2_sys-02c083ac5567fdc4,libbitflags-a7685ea2c2c46ab3,liblazy_static-480433dca0d17907,liblibc-1b1509b0790e61ce,liblog-4945fbbbd37f2d3a,libcfg_if-fb5e5fec09d90f00}.rlib" "<sysroot>/lib/rustlib/x86_64-unknown-linux-gnu/lib/{libstd-*,libpanic_unwind-*,libobject-*,libmemchr-*,libaddr2line-*,libgimli-*,libcfg_if-*,librustc_demangle-*,libstd_detect-*,libhashbrown-*,librustc_std_workspace_alloc-*,libminiz_oxide-*,libadler2-*,libunwind-*,liblibc-*,librustc_std_workspace_core-*,liballoc-*,libcore-*,libcompiler_builtins-*}.rlib" "-Wl,-Bdynamic" "-lSDL2" "-lSDL2_ttf" "-lSDL2_gfx" "-lutil" "-ldl" "-lutil" "-lgcc_s" "-lutil" "-lrt" "-lpthread" "-lm" "-ldl" "-lc" "-L" "/opt/rustwide/target/release/deps/rustc8Tomzz/raw-dylibs" "-B<sysroot>/lib/rustlib/x86_64-unknown-linux-gnu/bin/gcc-ld" "-fuse-ld=lld" "-Wl,--eh-frame-hdr" "-Wl,-z,noexecstack" "-L" "<sysroot>/lib/rustlib/x86_64-unknown-linux-gnu/lib" "-o" "/opt/rustwide/target/release/deps/sdl2_timing-b3f9956cb37d5bff" "-Wl,--gc-sections" "-pie" "-Wl,-z,relro,-z,now" "-Wl,-O1" "-Wl,--strip-debug" "-nodefaultlibs"
[INFO] [stdout]   = note: some arguments are omitted. use `--verbose` to show all linker arguments
[INFO] [stdout]   = note: rust-lld: error: unable to find library -lSDL2_ttf
[INFO] [stdout]           rust-lld: error: unable to find library -lSDL2_gfx
[INFO] [stdout]           collect2: error: ld returned 1 exit status
[INFO] [stdout]           
[INFO] [stdout] 
[INFO] [stdout] 
[INFO] [stderr] error: could not compile `sdl2_timing` (lib test) due to 1 previous error; 2 warnings emitted
[INFO] [stderr] warning: build failed, waiting for other jobs to finish...
[INFO] [stdout] error: linking with `cc` failed: exit status: 1
[INFO] [stdout]   |
[INFO] [stdout]   = note:  "cc" "-m64" "/opt/rustwide/target/release/examples/rustc5ZnF0X/symbols.o" "<3 object files omitted>" "-Wl,--as-needed" "-Wl,-Bstatic" "/opt/rustwide/target/release/deps/{libsimple_logger-d081528ece07c7ce,libcolored-1e07f5b4787c949a,libatty-500e9c7aad814d86,libchrono-42c19675d10f3316,libnum_integer-9fadb13edd7903a5,libnum_traits-def3861423fd2091,libtime-577bf2b2a65e4e2d,libsdl2_timing-d2328747e97fd0bb,libsdl2-6b088a56c3776a90,libc_vec-697dc03a036313c8,libsdl2_sys-02c083ac5567fdc4,libbitflags-a7685ea2c2c46ab3,liblazy_static-480433dca0d17907,liblibc-1b1509b0790e61ce,liblog-4945fbbbd37f2d3a,libcfg_if-fb5e5fec09d90f00}.rlib" "<sysroot>/lib/rustlib/x86_64-unknown-linux-gnu/lib/{libstd-*,libpanic_unwind-*,libobject-*,libmemchr-*,libaddr2line-*,libgimli-*,libcfg_if-*,librustc_demangle-*,libstd_detect-*,libhashbrown-*,librustc_std_workspace_alloc-*,libminiz_oxide-*,libadler2-*,libunwind-*,liblibc-*,librustc_std_workspace_core-*,liballoc-*,libcore-*,libcompiler_builtins-*}.rlib" "-Wl,-Bdynamic" "-lSDL2" "-lSDL2_ttf" "-lSDL2_gfx" "-lutil" "-ldl" "-lutil" "-lgcc_s" "-lutil" "-lrt" "-lpthread" "-lm" "-ldl" "-lc" "-L" "/opt/rustwide/target/release/examples/rustc5ZnF0X/raw-dylibs" "-B<sysroot>/lib/rustlib/x86_64-unknown-linux-gnu/bin/gcc-ld" "-fuse-ld=lld" "-Wl,--eh-frame-hdr" "-Wl,-z,noexecstack" "-L" "<sysroot>/lib/rustlib/x86_64-unknown-linux-gnu/lib" "-o" "/opt/rustwide/target/release/examples/demo-760726fe2cf81e39" "-Wl,--gc-sections" "-pie" "-Wl,-z,relro,-z,now" "-Wl,-O1" "-Wl,--strip-debug" "-nodefaultlibs"
[INFO] [stdout]   = note: some arguments are omitted. use `--verbose` to show all linker arguments
[INFO] [stdout]   = note: rust-lld: error: unable to find library -lSDL2_ttf
[INFO] [stdout]           rust-lld: error: unable to find library -lSDL2_gfx
[INFO] [stdout]           collect2: error: ld returned 1 exit status
[INFO] [stdout]           
[INFO] [stdout] 
[INFO] [stdout] 
[INFO] [stderr] error: could not compile `sdl2_timing` (example "demo") due to 1 previous error
[INFO] running `Command { std: "docker" "inspect" "3ae88857a2080de3d83cab22fc60489ec77625326c1759cd72292ea2888b9c51", kill_on_drop: false }`
[INFO] running `Command { std: "docker" "rm" "-f" "3ae88857a2080de3d83cab22fc60489ec77625326c1759cd72292ea2888b9c51", kill_on_drop: false }`
[INFO] [stdout] 3ae88857a2080de3d83cab22fc60489ec77625326c1759cd72292ea2888b9c51
