[INFO] fetching crate sdl2-extras 0.1.4...
[INFO] testing sdl2-extras-0.1.4 against 1.100.0-beta.1+cargoflags=--release for beta-release-1.100-2
[INFO] extracting crate sdl2-extras 0.1.4 into /workspace/builds/worker-2-tc2/source
[INFO] started tweaking crates.io crate sdl2-extras 0.1.4
[INFO] finished tweaking crates.io crate sdl2-extras 0.1.4
[INFO] tweaked toml for crates.io crate sdl2-extras 0.1.4 written to /workspace/builds/worker-2-tc2/source/Cargo.toml
[INFO] validating manifest of crates.io crate sdl2-extras 0.1.4 on toolchain 1.100.0-beta.1
[INFO] running `Command { std: CARGO_HOME="/workspace/cargo-home" RUSTUP_HOME="/workspace/rustup-home" "/workspace/cargo-home/bin/cargo" "+1.100.0-beta.1" "metadata" "--manifest-path" "Cargo.toml" "--no-deps", kill_on_drop: false }`
[INFO] running `Command { std: CARGO_HOME="/workspace/cargo-home" RUSTUP_HOME="/workspace/rustup-home" "/workspace/cargo-home/bin/cargo" "+1.100.0-beta.1" "generate-lockfile" "--manifest-path" "Cargo.toml", kill_on_drop: false }`
[INFO] [stderr]     Updating crates.io index
[INFO] [stderr]      Locking 71 packages to highest compatible versions
[INFO] [stderr]       Adding sdl2 v0.31.0 (available: v0.38.0)
[INFO] [stderr]       Adding specs v0.14.3 (available: v0.20.0)
[INFO] running `Command { std: CARGO_HOME="/workspace/cargo-home" RUSTUP_HOME="/workspace/rustup-home" "/workspace/cargo-home/bin/cargo" "+1.100.0-beta.1" "fetch" "--manifest-path" "Cargo.toml", kill_on_drop: false }`
[INFO] [stderr] warning: Cargo.toml: `package.edition` is unspecified, defaulting to `2015` while the latest is `2024`
[INFO] [stderr] warning: `sdl2-extras` (manifest) generated 1 warning
[INFO] running `Command { std: "docker" "create" "-v" "/var/lib/crater-agent-workspace/builds/worker-2-tc2/source:/opt/rustwide/workdir:ro,Z" "-v" "/var/lib/crater-agent-workspace/builds/worker-2-tc2/target:/opt/rustwide/target:rw,Z" "-v" "/var/lib/crater-agent-workspace/cargo-home:/opt/rustwide/cargo-home:ro,Z" "-v" "/var/lib/crater-agent-workspace/rustup-home:/opt/rustwide/rustup-home:ro,Z" "-m" "1610612736" "--network" "none" "ghcr.io/rust-lang/crates-build-env/linux@sha256:77db811e55d90add9212f6832c23229e3de5f1c1f9905e8cb07319ea15df73ac" "sleep" "infinity", kill_on_drop: false }`
[INFO] [stdout] cac36ab86d4501945beaa2db99529435422fdeaa068cab84f7d31865288ef08c
[INFO] running `Command { std: "docker" "start" "cac36ab86d4501945beaa2db99529435422fdeaa068cab84f7d31865288ef08c", kill_on_drop: false }`
[INFO] running `Command { std: "docker" "inspect" "cac36ab86d4501945beaa2db99529435422fdeaa068cab84f7d31865288ef08c", kill_on_drop: false }`
[INFO] running `Command { std: "docker" "exec" "-e" "SOURCE_DIR=/opt/rustwide/workdir" "-e" "CARGO_HOME=/opt/rustwide/cargo-home" "-e" "RUSTUP_HOME=/opt/rustwide/rustup-home" "-e" "CARGO_TARGET_DIR=/opt/rustwide/target" "-w" "/opt/rustwide/workdir" "--user" "0:0" "cac36ab86d4501945beaa2db99529435422fdeaa068cab84f7d31865288ef08c" "/opt/rustwide/cargo-home/bin/cargo" "+1.100.0-beta.1" "metadata" "--no-deps" "--format-version=1", kill_on_drop: false }`
[INFO] running `Command { std: "docker" "inspect" "cac36ab86d4501945beaa2db99529435422fdeaa068cab84f7d31865288ef08c", kill_on_drop: false }`
[INFO] running `Command { std: "docker" "exec" "-e" "SOURCE_DIR=/opt/rustwide/workdir" "-e" "CARGO_HOME=/opt/rustwide/cargo-home" "-e" "RUSTUP_HOME=/opt/rustwide/rustup-home" "-e" "CARGO_TARGET_DIR=/opt/rustwide/target" "-e" "CARGO_INCREMENTAL=0" "-e" "RUST_BACKTRACE=full" "-e" "RUSTFLAGS=--cap-lints=warn" "-e" "RUSTDOCFLAGS=--cap-lints=warn" "-w" "/opt/rustwide/workdir" "--user" "0:0" "cac36ab86d4501945beaa2db99529435422fdeaa068cab84f7d31865288ef08c" "/opt/rustwide/cargo-home/bin/cargo" "+1.100.0-beta.1" "build" "--frozen" "--message-format=json" "--release", kill_on_drop: false }`
[INFO] [stderr] warning: Cargo.toml: `package.edition` is unspecified, defaulting to `2015` while the latest is `2024`
[INFO] [stderr] warning: `sdl2-extras` (manifest) generated 1 warning
[INFO] [stderr]    Compiling cfg-if v0.1.10
[INFO] [stderr]    Compiling lazy_static v0.2.11
[INFO] [stderr]    Compiling bitflags v0.7.0
[INFO] [stderr]    Compiling floating-duration v0.1.2
[INFO] [stderr]    Compiling libc v0.2.191
[INFO] [stderr]    Compiling num-integer v0.1.47
[INFO] [stderr]    Compiling sdl2-sys v0.31.0
[INFO] [stderr]    Compiling num-iter v0.1.46
[INFO] [stderr]    Compiling num v0.1.43
[INFO] [stderr]    Compiling rand v0.4.6
[INFO] [stderr]    Compiling rand v0.3.23
[INFO] [stderr]    Compiling sdl2 v0.31.0
[INFO] [stderr]    Compiling sdl2-extras v0.1.4 (/opt/rustwide/workdir)
[INFO] [stdout] warning: hiding a lifetime that's named elsewhere is confusing
[INFO] [stdout]   --> src/managers/texture_manager.rs:10:45
[INFO] [stdout]    |
[INFO] [stdout] 10 |     fn load(&'l self, path: &str) -> Result<Texture, String> {
[INFO] [stdout]    |              -- the lifetime is named here  ^^^^^^^ the same lifetime is hidden here
[INFO] [stdout]    |
[INFO] [stdout]    = help: the same lifetime is referred to in inconsistent ways, making the signature confusing
[INFO] [stdout]    = note: `#[warn(mismatched_lifetime_syntaxes)]` on by default
[INFO] [stdout] help: consistently use `'l`
[INFO] [stdout]    |
[INFO] [stdout] 10 |     fn load(&'l self, path: &str) -> Result<Texture<'l>, String> {
[INFO] [stdout]    |                                                    ++++
[INFO] [stdout] 
[INFO] [stdout] 
[INFO] [stderr]     Finished `release` profile [optimized] target(s) in 5.94s
[INFO] [stderr] warning: the following packages contain code that will be rejected by a future version of Rust: bitflags v0.7.0
[INFO] [stderr] note: to see what the problems were, use the option `--future-incompat-report`, or run `cargo report future-incompatibilities --id 1`
[INFO] running `Command { std: "docker" "inspect" "cac36ab86d4501945beaa2db99529435422fdeaa068cab84f7d31865288ef08c", kill_on_drop: false }`
[INFO] running `Command { std: "docker" "exec" "-e" "SOURCE_DIR=/opt/rustwide/workdir" "-e" "CARGO_HOME=/opt/rustwide/cargo-home" "-e" "RUSTUP_HOME=/opt/rustwide/rustup-home" "-e" "CARGO_TARGET_DIR=/opt/rustwide/target" "-e" "CARGO_INCREMENTAL=0" "-e" "RUST_BACKTRACE=full" "-e" "RUSTFLAGS=--cap-lints=warn" "-e" "RUSTDOCFLAGS=--cap-lints=warn" "-w" "/opt/rustwide/workdir" "--user" "0:0" "cac36ab86d4501945beaa2db99529435422fdeaa068cab84f7d31865288ef08c" "/opt/rustwide/cargo-home/bin/cargo" "+1.100.0-beta.1" "test" "--frozen" "--no-run" "--message-format=json" "--release", kill_on_drop: false }`
[INFO] [stderr] warning: Cargo.toml: `package.edition` is unspecified, defaulting to `2015` while the latest is `2024`
[INFO] [stderr] warning: `sdl2-extras` (manifest) generated 1 warning
[INFO] [stdout] warning: hiding a lifetime that's named elsewhere is confusing
[INFO] [stdout]   --> src/managers/texture_manager.rs:10:45
[INFO] [stdout]    |
[INFO] [stdout] 10 |     fn load(&'l self, path: &str) -> Result<Texture, String> {
[INFO] [stdout]    |              -- the lifetime is named here  ^^^^^^^ the same lifetime is hidden here
[INFO] [stdout]    |
[INFO] [stdout]    = help: the same lifetime is referred to in inconsistent ways, making the signature confusing
[INFO] [stdout]    = note: `#[warn(mismatched_lifetime_syntaxes)]` on by default
[INFO] [stdout] help: consistently use `'l`
[INFO] [stdout]    |
[INFO] [stdout] 10 |     fn load(&'l self, path: &str) -> Result<Texture<'l>, String> {
[INFO] [stdout]    |                                                    ++++
[INFO] [stdout] 
[INFO] [stdout] 
[INFO] [stderr]    Compiling sdl2-extras v0.1.4 (/opt/rustwide/workdir)
[INFO] [stdout] warning: hiding a lifetime that's named elsewhere is confusing
[INFO] [stdout]   --> src/managers/texture_manager.rs:10:45
[INFO] [stdout]    |
[INFO] [stdout] 10 |     fn load(&'l self, path: &str) -> Result<Texture, String> {
[INFO] [stdout]    |              -- the lifetime is named here  ^^^^^^^ the same lifetime is hidden here
[INFO] [stdout]    |
[INFO] [stdout]    = help: the same lifetime is referred to in inconsistent ways, making the signature confusing
[INFO] [stdout]    = note: `#[warn(mismatched_lifetime_syntaxes)]` on by default
[INFO] [stdout] help: consistently use `'l`
[INFO] [stdout]    |
[INFO] [stdout] 10 |     fn load(&'l self, path: &str) -> Result<Texture<'l>, String> {
[INFO] [stdout]    |                                                    ++++
[INFO] [stdout] 
[INFO] [stdout] 
[INFO] [stdout] error: linking with `cc` failed: exit status: 1
[INFO] [stdout]   |
[INFO] [stdout]   = note:  "cc" "-m64" "/opt/rustwide/target/release/build/sdl2-extras/07343e82eb3e2993/out/rustcgWEt97/symbols.o" "<2 object files omitted>" "-Wl,--as-needed" "-Wl,-Bstatic" "<sysroot>/lib/rustlib/x86_64-unknown-linux-gnu/lib/{libtest-*,libgetopts-*,librustc_std_workspace_std-*}.rlib" "/opt/rustwide/target/release/build/floating-duration/7b04122e99e8f973/out/libfloating_duration-7b04122e99e8f973.rlib" "/opt/rustwide/target/release/build/sdl2/02ee41de06d78685/out/libsdl2-02ee41de06d78685.rlib" "/opt/rustwide/target/release/build/rand/37b9532b6181a4ce/out/librand-37b9532b6181a4ce.rlib" "/opt/rustwide/target/release/build/rand/1e1a37e693de4e74/out/librand-1e1a37e693de4e74.rlib" "/opt/rustwide/target/release/build/sdl2-sys/b10e4407368221e9/out/libsdl2_sys-b10e4407368221e9.rlib" "/opt/rustwide/target/release/build/bitflags/df77fe360619f5b2/out/libbitflags-df77fe360619f5b2.rlib" "/opt/rustwide/target/release/build/lazy_static/244fe1defb7b6462/out/liblazy_static-244fe1defb7b6462.rlib" "/opt/rustwide/target/release/build/libc/a0a6e54f1566fa83/out/liblibc-a0a6e54f1566fa83.rlib" "/opt/rustwide/target/release/build/num/4e25c3a0c3bd36a6/out/libnum-4e25c3a0c3bd36a6.rlib" "/opt/rustwide/target/release/build/num-iter/31e2577e9c2ad15a/out/libnum_iter-31e2577e9c2ad15a.rlib" "/opt/rustwide/target/release/build/num-integer/ff1540ae7bb6aaf5/out/libnum_integer-ff1540ae7bb6aaf5.rlib" "/opt/rustwide/target/release/build/num-traits/e3a070e9a3cdac24/out/libnum_traits-e3a070e9a3cdac24.rlib" "<sysroot>/lib/rustlib/x86_64-unknown-linux-gnu/lib/{libstd-*,libpanic_unwind-*,libobject-*,libmemchr-*,libaddr2line-*,libgimli-*,libcfg_if-*,librustc_demangle-*,libstd_detect-*,libhashbrown-*,librustc_std_workspace_alloc-*,libminiz_oxide-*,libadler2-*,libunwind-*,liblibc-*,librustc_std_workspace_core-*,liballoc-*,libcore-*,libcompiler_builtins-*}.rlib" "-Wl,-Bdynamic" "-lSDL2_ttf" "-lSDL2_image" "-lSDL2" "-lgcc_s" "-lutil" "-lrt" "-lpthread" "-lm" "-ldl" "-lc" "-L" "/opt/rustwide/target/release/build/sdl2-extras/07343e82eb3e2993/out/rustcgWEt97/raw-dylibs" "-B<sysroot>/lib/rustlib/x86_64-unknown-linux-gnu/bin/gcc-ld" "-fuse-ld=lld" "-Wl,--eh-frame-hdr" "-Wl,-z,noexecstack" "-L" "<sysroot>/lib/rustlib/x86_64-unknown-linux-gnu/lib" "-o" "/opt/rustwide/target/release/build/sdl2-extras/07343e82eb3e2993/out/sdl2_extras-07343e82eb3e2993" "-Wl,--gc-sections" "-pie" "-Wl,-z,relro,-z,now" "-Wl,-O1" "-Wl,--strip-debug" "-nodefaultlibs"
[INFO] [stdout]   = note: some arguments are omitted. use `--verbose` to show all linker arguments
[INFO] [stdout]   = note: rust-lld: error: unable to find library -lSDL2_ttf
[INFO] [stdout]           rust-lld: error: unable to find library -lSDL2_image
[INFO] [stdout]           collect2: error: ld returned 1 exit status
[INFO] [stdout]           
[INFO] [stdout] 
[INFO] [stdout] 
[INFO] [stderr] error: could not compile `sdl2-extras` (lib test) due to 1 previous error; 1 warning emitted
[INFO] running `Command { std: "docker" "inspect" "cac36ab86d4501945beaa2db99529435422fdeaa068cab84f7d31865288ef08c", kill_on_drop: false }`
[INFO] running `Command { std: "docker" "rm" "-f" "cac36ab86d4501945beaa2db99529435422fdeaa068cab84f7d31865288ef08c", kill_on_drop: false }`
[INFO] [stdout] cac36ab86d4501945beaa2db99529435422fdeaa068cab84f7d31865288ef08c
