[INFO] fetching crate sdivi-parsing 0.2.52...
[INFO] testing sdivi-parsing-0.2.52 against 1.100.0-beta.1+cargoflags=--release for beta-release-1.100-2
[INFO] extracting crate sdivi-parsing 0.2.52 into /workspace/builds/worker-5-tc2/source
[INFO] started tweaking crates.io crate sdivi-parsing 0.2.52
[INFO] removed 0 missing tests
[INFO] finished tweaking crates.io crate sdivi-parsing 0.2.52
[INFO] tweaked toml for crates.io crate sdivi-parsing 0.2.52 written to /workspace/builds/worker-5-tc2/source/Cargo.toml
[INFO] validating manifest of crates.io crate sdivi-parsing 0.2.52 on toolchain 1.100.0-beta.1
[INFO] running `Command { std: CARGO_HOME="/workspace/cargo-home" RUSTUP_HOME="/workspace/rustup-home" "/workspace/cargo-home/bin/cargo" "+1.100.0-beta.1" "metadata" "--manifest-path" "Cargo.toml" "--no-deps", kill_on_drop: false }`
[INFO] crate crates.io crate sdivi-parsing 0.2.52 already has a lockfile, it will not be regenerated
[INFO] running `Command { std: CARGO_HOME="/workspace/cargo-home" RUSTUP_HOME="/workspace/rustup-home" "/workspace/cargo-home/bin/cargo" "+1.100.0-beta.1" "fetch" "--manifest-path" "Cargo.toml", kill_on_drop: false }`
[INFO] running `Command { std: "docker" "create" "-v" "/var/lib/crater-agent-workspace/builds/worker-5-tc2/source:/opt/rustwide/workdir:ro,Z" "-v" "/var/lib/crater-agent-workspace/builds/worker-5-tc2/target:/opt/rustwide/target:rw,Z" "-v" "/var/lib/crater-agent-workspace/cargo-home:/opt/rustwide/cargo-home:ro,Z" "-v" "/var/lib/crater-agent-workspace/rustup-home:/opt/rustwide/rustup-home:ro,Z" "-m" "1610612736" "--network" "none" "ghcr.io/rust-lang/crates-build-env/linux@sha256:77db811e55d90add9212f6832c23229e3de5f1c1f9905e8cb07319ea15df73ac" "sleep" "infinity", kill_on_drop: false }`
[INFO] [stdout] 6c75b0be8741bc32f5424d4b5e0e90c50745802cb76cc94551975c77cfc0b003
[INFO] running `Command { std: "docker" "start" "6c75b0be8741bc32f5424d4b5e0e90c50745802cb76cc94551975c77cfc0b003", kill_on_drop: false }`
[INFO] running `Command { std: "docker" "inspect" "6c75b0be8741bc32f5424d4b5e0e90c50745802cb76cc94551975c77cfc0b003", kill_on_drop: false }`
[INFO] running `Command { std: "docker" "exec" "-e" "SOURCE_DIR=/opt/rustwide/workdir" "-e" "CARGO_HOME=/opt/rustwide/cargo-home" "-e" "RUSTUP_HOME=/opt/rustwide/rustup-home" "-e" "CARGO_TARGET_DIR=/opt/rustwide/target" "-w" "/opt/rustwide/workdir" "--user" "0:0" "6c75b0be8741bc32f5424d4b5e0e90c50745802cb76cc94551975c77cfc0b003" "/opt/rustwide/cargo-home/bin/cargo" "+1.100.0-beta.1" "metadata" "--no-deps" "--format-version=1", kill_on_drop: false }`
[INFO] running `Command { std: "docker" "inspect" "6c75b0be8741bc32f5424d4b5e0e90c50745802cb76cc94551975c77cfc0b003", kill_on_drop: false }`
[INFO] running `Command { std: "docker" "exec" "-e" "SOURCE_DIR=/opt/rustwide/workdir" "-e" "CARGO_HOME=/opt/rustwide/cargo-home" "-e" "RUSTUP_HOME=/opt/rustwide/rustup-home" "-e" "CARGO_TARGET_DIR=/opt/rustwide/target" "-e" "CARGO_INCREMENTAL=0" "-e" "RUST_BACKTRACE=full" "-e" "RUSTFLAGS=--cap-lints=warn" "-e" "RUSTDOCFLAGS=--cap-lints=warn" "-w" "/opt/rustwide/workdir" "--user" "0:0" "6c75b0be8741bc32f5424d4b5e0e90c50745802cb76cc94551975c77cfc0b003" "/opt/rustwide/cargo-home/bin/cargo" "+1.100.0-beta.1" "build" "--frozen" "--message-format=json" "--release", kill_on_drop: false }`
[INFO] [stderr]    Compiling crossbeam-epoch v0.9.20
[INFO] [stderr]    Compiling hashbrown v0.15.5
[INFO] [stderr]    Compiling cc v1.0.106
[INFO] [stderr]    Compiling winnow v0.6.26
[INFO] [stderr]    Compiling rayon-core v1.12.1
[INFO] [stderr]    Compiling aho-corasick v1.1.4
[INFO] [stderr]    Compiling serde_yml v0.0.12
[INFO] [stderr]    Compiling bstr v1.12.1
[INFO] [stderr]    Compiling syn v2.0.117
[INFO] [stderr]    Compiling libyml v0.0.5
[INFO] [stderr]    Compiling serde_json v1.0.149
[INFO] [stderr]    Compiling crossbeam-deque v0.8.6
[INFO] [stderr]    Compiling indexmap v2.7.0
[INFO] [stderr]    Compiling tree-sitter v0.22.6
[INFO] [stderr]    Compiling regex-automata v0.4.14
[INFO] [stderr]    Compiling rayon v1.9.0
[INFO] [stderr]    Compiling serde_derive v1.0.228
[INFO] [stderr]    Compiling thiserror-impl v2.0.18
[INFO] [stderr]    Compiling thiserror v2.0.18
[INFO] [stderr]    Compiling regex v1.12.3
[INFO] [stderr]    Compiling globset v0.4.14
[INFO] [stderr]    Compiling ignore v0.4.21
[INFO] [stderr]    Compiling serde v1.0.228
[INFO] [stderr]    Compiling serde_spanned v0.6.9
[INFO] [stderr]    Compiling toml_datetime v0.6.11
[INFO] [stderr]    Compiling toml_edit v0.22.20
[INFO] [stderr]    Compiling toml v0.8.19
[INFO] [stderr]    Compiling sdivi-config v0.2.52
[INFO] [stderr]    Compiling sdivi-parsing v0.2.52 (/opt/rustwide/workdir)
[INFO] [stderr] warning: unused dependency `serde_json`
[INFO] [stderr]   --> Cargo.toml:21:15
[INFO] [stderr]    |
[INFO] [stderr] 21 | [dependencies.serde_json]
[INFO] [stderr]    |               ^^^^^^^^^^^
[INFO] [stderr]    |
[INFO] [stderr]    = note: `cargo::unused_dependencies` is set to `warn` by default
[INFO] [stderr] help: consider removing the dependency on `serde_json`
[INFO] [stderr] warning: `sdivi-parsing` (manifest) generated 1 warning
[INFO] [stderr]     Finished `release` profile [optimized] target(s) in 43.11s
[INFO] running `Command { std: "docker" "inspect" "6c75b0be8741bc32f5424d4b5e0e90c50745802cb76cc94551975c77cfc0b003", kill_on_drop: false }`
[INFO] running `Command { std: "docker" "exec" "-e" "SOURCE_DIR=/opt/rustwide/workdir" "-e" "CARGO_HOME=/opt/rustwide/cargo-home" "-e" "RUSTUP_HOME=/opt/rustwide/rustup-home" "-e" "CARGO_TARGET_DIR=/opt/rustwide/target" "-e" "CARGO_INCREMENTAL=0" "-e" "RUST_BACKTRACE=full" "-e" "RUSTFLAGS=--cap-lints=warn" "-e" "RUSTDOCFLAGS=--cap-lints=warn" "-w" "/opt/rustwide/workdir" "--user" "0:0" "6c75b0be8741bc32f5424d4b5e0e90c50745802cb76cc94551975c77cfc0b003" "/opt/rustwide/cargo-home/bin/cargo" "+1.100.0-beta.1" "test" "--frozen" "--no-run" "--message-format=json" "--release", kill_on_drop: false }`
[INFO] [stderr]    Compiling getrandom v0.2.17
[INFO] [stderr]    Compiling num-traits v0.2.19
[INFO] [stderr]    Compiling tree-sitter-typescript v0.21.2
[INFO] [stderr]    Compiling tree-sitter-go v0.21.2
[INFO] [stderr]    Compiling tree-sitter-java v0.21.0
[INFO] [stderr]    Compiling tree-sitter-python v0.21.0
[INFO] [stderr]    Compiling tree-sitter-javascript v0.21.4
[INFO] [stderr]    Compiling getrandom v0.3.4
[INFO] [stderr]    Compiling ppv-lite86 v0.2.21
[INFO] [stderr]    Compiling wait-timeout v0.2.1
[INFO] [stderr]    Compiling serde_spanned v0.6.9
[INFO] [stderr]    Compiling toml_datetime v0.6.11
[INFO] [stderr]    Compiling serde_yml v0.0.12
[INFO] [stderr]    Compiling fixedbitset v0.4.2
[INFO] [stderr]    Compiling bit-set v0.5.3
[INFO] [stderr]    Compiling tempfile v3.19.1
[INFO] [stderr]    Compiling rand_core v0.6.4
[INFO] [stderr]    Compiling toml_edit v0.22.20
[INFO] [stderr]    Compiling petgraph v0.6.5
[INFO] [stderr]    Compiling rusty-fork v0.3.1
[INFO] [stderr]    Compiling rand_xorshift v0.3.0
[INFO] [stderr]    Compiling rand_chacha v0.3.1
[INFO] [stderr]    Compiling rand v0.8.6
[INFO] [stderr]    Compiling proptest v1.5.0
[INFO] [stderr]    Compiling toml v0.8.19
[INFO] [stderr]    Compiling sdivi-config v0.2.52
[INFO] [stderr]    Compiling sdivi-parsing v0.2.51
[INFO] [stderr]    Compiling sdivi-parsing v0.2.52 (/opt/rustwide/workdir)
[INFO] [stderr]    Compiling sdivi-lang-python v0.2.51
[INFO] [stderr]    Compiling sdivi-lang-javascript v0.2.51
[INFO] [stderr]    Compiling sdivi-lang-go v0.2.51
[INFO] [stderr]    Compiling sdivi-lang-java v0.2.51
[INFO] [stderr]    Compiling sdivi-graph v0.2.51
[INFO] [stderr]    Compiling sdivi-lang-typescript v0.2.51
[INFO] [stdout] error[E0432]: unresolved import `sdivi_lang_rust`
[INFO] [stdout]  --> tests/full_pipeline.rs:9:5
[INFO] [stdout]   |
[INFO] [stdout] 9 | use sdivi_lang_rust::RustAdapter;
[INFO] [stdout]   |     ^^^^^^^^^^^^^^^ use of unresolved module or unlinked crate `sdivi_lang_rust`
[INFO] [stdout]   |
[INFO] [stdout] help: there is a crate or module with a similar name
[INFO] [stdout]   |
[INFO] [stdout] 9 - use sdivi_lang_rust::RustAdapter;
[INFO] [stdout] 9 + use sdivi_lang_go::RustAdapter;
[INFO] [stdout]   |
[INFO] [stdout] 
[INFO] [stdout] 
[INFO] [stdout] error[E0432]: unresolved import `sdivi_lang_rust`
[INFO] [stdout]  --> tests/proptest.rs:3:5
[INFO] [stdout]   |
[INFO] [stdout] 3 | use sdivi_lang_rust::RustAdapter;
[INFO] [stdout]   |     ^^^^^^^^^^^^^^^ use of unresolved module or unlinked crate `sdivi_lang_rust`
[INFO] [stdout]   |
[INFO] [stdout] help: there is a crate or module with a similar name
[INFO] [stdout]   |
[INFO] [stdout] 3 - use sdivi_lang_rust::RustAdapter;
[INFO] [stdout] 3 + use sdivi_lang_go::RustAdapter;
[INFO] [stdout]   |
[INFO] [stdout] 
[INFO] [stdout] 
[INFO] [stderr] error: could not compile `sdivi-parsing` (test "proptest") due to 1 previous error
[INFO] [stdout] error[E0432]: unresolved import `sdivi_lang_rust`
[INFO] [stdout]  --> tests/extract_behavior.rs:7:5
[INFO] [stdout]   |
[INFO] [stdout] 7 | use sdivi_lang_rust::RustAdapter;
[INFO] [stdout]   |     ^^^^^^^^^^^^^^^ use of unresolved module or unlinked crate `sdivi_lang_rust`
[INFO] [stdout]   |
[INFO] [stdout] help: there is a crate or module with a similar name
[INFO] [stdout]   |
[INFO] [stdout] 7 - use sdivi_lang_rust::RustAdapter;
[INFO] [stdout] 7 + use sdivi_lang_go::RustAdapter;
[INFO] [stdout]   |
[INFO] [stdout] 
[INFO] [stdout] 
[INFO] [stderr] warning: build failed, waiting for other jobs to finish...
[INFO] [stdout] For more information about this error, try `rustc --explain E0432`.
[INFO] [stdout] 
[INFO] [stdout] For more information about this error, try `rustc --explain E0432`.
[INFO] [stdout] 
[INFO] [stderr] error: could not compile `sdivi-parsing` (test "full_pipeline") due to 1 previous error
[INFO] [stdout] error[E0432]: unresolved import `sdivi_lang_rust`
[INFO] [stdout]  --> tests/memory_invariant.rs:7:5
[INFO] [stdout]   |
[INFO] [stdout] 7 | use sdivi_lang_rust::RustAdapter;
[INFO] [stdout]   |     ^^^^^^^^^^^^^^^ use of unresolved module or unlinked crate `sdivi_lang_rust`
[INFO] [stdout]   |
[INFO] [stdout] help: there is a crate or module with a similar name
[INFO] [stdout]   |
[INFO] [stdout] 7 - use sdivi_lang_rust::RustAdapter;
[INFO] [stdout] 7 + use sdivi_lang_go::RustAdapter;
[INFO] [stdout]   |
[INFO] [stdout] 
[INFO] [stdout] 
[INFO] [stdout] warning: unused import: `std::sync::atomic::Ordering`
[INFO] [stdout]  --> tests/memory_invariant.rs:9:5
[INFO] [stdout]   |
[INFO] [stdout] 9 | use std::sync::atomic::Ordering;
[INFO] [stdout]   |     ^^^^^^^^^^^^^^^^^^^^^^^^^^^
[INFO] [stdout]   |
[INFO] [stdout]   = note: `#[warn(unused_imports)]` (part of `#[warn(unused)]`) on by default
[INFO] [stdout] 
[INFO] [stdout] 
[INFO] [stdout] error[E0432]: unresolved import `sdivi_lang_rust`
[INFO] [stdout]   --> tests/import_extraction.rs:26:5
[INFO] [stdout]    |
[INFO] [stdout] 26 | use sdivi_lang_rust::RustAdapter;
[INFO] [stdout]    |     ^^^^^^^^^^^^^^^ use of unresolved module or unlinked crate `sdivi_lang_rust`
[INFO] [stdout]    |
[INFO] [stdout] help: there is a crate or module with a similar name
[INFO] [stdout]    |
[INFO] [stdout] 26 - use sdivi_lang_rust::RustAdapter;
[INFO] [stdout] 26 + use sdivi_lang_go::RustAdapter;
[INFO] [stdout]    |
[INFO] [stdout] 
[INFO] [stdout] 
[INFO] [stdout] For more information about this error, try `rustc --explain E0432`.
[INFO] [stdout] 
[INFO] [stderr] error: could not compile `sdivi-parsing` (test "memory_invariant") due to 1 previous error; 1 warning emitted
[INFO] [stdout] For more information about this error, try `rustc --explain E0432`.
[INFO] [stdout] 
[INFO] [stderr] error: could not compile `sdivi-parsing` (test "extract_behavior") due to 1 previous error
[INFO] [stdout] error[E0277]: the trait bound `PythonAdapter: LanguageAdapter` is not satisfied
[INFO] [stdout]   --> tests/import_extraction.rs:43:26
[INFO] [stdout]    |
[INFO] [stdout] 43 |         "python" => vec![Box::new(PythonAdapter)],
[INFO] [stdout]    |                          ^^^^^^^^^^^^^^^^^^^^^^^ the trait `LanguageAdapter` is not implemented for `PythonAdapter`
[INFO] [stdout]    |
[INFO] [stdout] note: there are multiple different versions of crate `sdivi_parsing` in the dependency graph
[INFO] [stdout]   --> src/adapter.rs:44:1
[INFO] [stdout]    |
[INFO] [stdout] 44 | pub trait LanguageAdapter: Send + Sync {
[INFO] [stdout]    | ^^^^^^^^^^^^^^^^^^^^^^^^^^^^^^^^^^^^^^ this is the expected trait
[INFO] [stdout]    |
[INFO] [stdout]   ::: /opt/rustwide/cargo-home/registry/src/index.crates.io-1949cf8c6b5b557f/sdivi-parsing-0.2.51/src/adapter.rs:44:1
[INFO] [stdout]    |
[INFO] [stdout] 44 | pub trait LanguageAdapter: Send + Sync {
[INFO] [stdout]    | -------------------------------------- this is the found trait
[INFO] [stdout]    = help: you can use `cargo tree` to explore your dependency tree
[INFO] [stdout]    = note: required for the cast from `Box<PythonAdapter>` to `Box<dyn LanguageAdapter>`
[INFO] [stdout] 
[INFO] [stdout] 
[INFO] [stdout] error[E0277]: the trait bound `TypeScriptAdapter: LanguageAdapter` is not satisfied
[INFO] [stdout]   --> tests/import_extraction.rs:44:30
[INFO] [stdout]    |
[INFO] [stdout] 44 |         "typescript" => vec![Box::new(TypeScriptAdapter)],
[INFO] [stdout]    |                              ^^^^^^^^^^^^^^^^^^^^^^^^^^^ the trait `LanguageAdapter` is not implemented for `TypeScriptAdapter`
[INFO] [stdout]    |
[INFO] [stdout] note: there are multiple different versions of crate `sdivi_parsing` in the dependency graph
[INFO] [stdout]   --> src/adapter.rs:44:1
[INFO] [stdout]    |
[INFO] [stdout] 44 | pub trait LanguageAdapter: Send + Sync {
[INFO] [stdout]    | ^^^^^^^^^^^^^^^^^^^^^^^^^^^^^^^^^^^^^^ this is the expected trait
[INFO] [stdout]    |
[INFO] [stdout]   ::: /opt/rustwide/cargo-home/registry/src/index.crates.io-1949cf8c6b5b557f/sdivi-parsing-0.2.51/src/adapter.rs:44:1
[INFO] [stdout]    |
[INFO] [stdout] 44 | pub trait LanguageAdapter: Send + Sync {
[INFO] [stdout]    | -------------------------------------- this is the found trait
[INFO] [stdout]    = help: you can use `cargo tree` to explore your dependency tree
[INFO] [stdout]    = note: required for the cast from `Box<TypeScriptAdapter>` to `Box<dyn LanguageAdapter>`
[INFO] [stdout] 
[INFO] [stdout] 
[INFO] [stdout] error[E0277]: the trait bound `JavaScriptAdapter: LanguageAdapter` is not satisfied
[INFO] [stdout]   --> tests/import_extraction.rs:45:30
[INFO] [stdout]    |
[INFO] [stdout] 45 |         "javascript" => vec![Box::new(JavaScriptAdapter)],
[INFO] [stdout]    |                              ^^^^^^^^^^^^^^^^^^^^^^^^^^^ the trait `LanguageAdapter` is not implemented for `JavaScriptAdapter`
[INFO] [stdout]    |
[INFO] [stdout] note: there are multiple different versions of crate `sdivi_parsing` in the dependency graph
[INFO] [stdout]   --> src/adapter.rs:44:1
[INFO] [stdout]    |
[INFO] [stdout] 44 | pub trait LanguageAdapter: Send + Sync {
[INFO] [stdout]    | ^^^^^^^^^^^^^^^^^^^^^^^^^^^^^^^^^^^^^^ this is the expected trait
[INFO] [stdout]    |
[INFO] [stdout]   ::: /opt/rustwide/cargo-home/registry/src/index.crates.io-1949cf8c6b5b557f/sdivi-parsing-0.2.51/src/adapter.rs:44:1
[INFO] [stdout]    |
[INFO] [stdout] 44 | pub trait LanguageAdapter: Send + Sync {
[INFO] [stdout]    | -------------------------------------- this is the found trait
[INFO] [stdout]    = help: you can use `cargo tree` to explore your dependency tree
[INFO] [stdout]    = note: required for the cast from `Box<JavaScriptAdapter>` to `Box<dyn LanguageAdapter>`
[INFO] [stdout] 
[INFO] [stdout] 
[INFO] [stdout] error[E0277]: the trait bound `GoAdapter: LanguageAdapter` is not satisfied
[INFO] [stdout]   --> tests/import_extraction.rs:46:22
[INFO] [stdout]    |
[INFO] [stdout] 46 |         "go" => vec![Box::new(GoAdapter)],
[INFO] [stdout]    |                      ^^^^^^^^^^^^^^^^^^^ the trait `LanguageAdapter` is not implemented for `GoAdapter`
[INFO] [stdout]    |
[INFO] [stdout] note: there are multiple different versions of crate `sdivi_parsing` in the dependency graph
[INFO] [stdout]   --> src/adapter.rs:44:1
[INFO] [stdout]    |
[INFO] [stdout] 44 | pub trait LanguageAdapter: Send + Sync {
[INFO] [stdout]    | ^^^^^^^^^^^^^^^^^^^^^^^^^^^^^^^^^^^^^^ this is the expected trait
[INFO] [stdout]    |
[INFO] [stdout]   ::: /opt/rustwide/cargo-home/registry/src/index.crates.io-1949cf8c6b5b557f/sdivi-parsing-0.2.51/src/adapter.rs:44:1
[INFO] [stdout]    |
[INFO] [stdout] 44 | pub trait LanguageAdapter: Send + Sync {
[INFO] [stdout]    | -------------------------------------- this is the found trait
[INFO] [stdout]    = help: you can use `cargo tree` to explore your dependency tree
[INFO] [stdout]    = note: required for the cast from `Box<GoAdapter>` to `Box<dyn LanguageAdapter>`
[INFO] [stdout] 
[INFO] [stdout] 
[INFO] [stdout] error[E0277]: the trait bound `JavaAdapter: LanguageAdapter` is not satisfied
[INFO] [stdout]   --> tests/import_extraction.rs:47:24
[INFO] [stdout]    |
[INFO] [stdout] 47 |         "java" => vec![Box::new(JavaAdapter)],
[INFO] [stdout]    |                        ^^^^^^^^^^^^^^^^^^^^^ the trait `LanguageAdapter` is not implemented for `JavaAdapter`
[INFO] [stdout]    |
[INFO] [stdout] note: there are multiple different versions of crate `sdivi_parsing` in the dependency graph
[INFO] [stdout]   --> src/adapter.rs:44:1
[INFO] [stdout]    |
[INFO] [stdout] 44 | pub trait LanguageAdapter: Send + Sync {
[INFO] [stdout]    | ^^^^^^^^^^^^^^^^^^^^^^^^^^^^^^^^^^^^^^ this is the expected trait
[INFO] [stdout]    |
[INFO] [stdout]   ::: /opt/rustwide/cargo-home/registry/src/index.crates.io-1949cf8c6b5b557f/sdivi-parsing-0.2.51/src/adapter.rs:44:1
[INFO] [stdout]    |
[INFO] [stdout] 44 | pub trait LanguageAdapter: Send + Sync {
[INFO] [stdout]    | -------------------------------------- this is the found trait
[INFO] [stdout]    = help: you can use `cargo tree` to explore your dependency tree
[INFO] [stdout]    = note: required for the cast from `Box<JavaAdapter>` to `Box<dyn LanguageAdapter>`
[INFO] [stdout] 
[INFO] [stdout] 
[INFO] [stdout] error[E0308]: mismatched types
[INFO] [stdout]    --> tests/import_extraction.rs:56:37
[INFO] [stdout]     |
[INFO] [stdout]  56 |     let dg = build_dependency_graph(&records);
[INFO] [stdout]     |              ---------------------- ^^^^^^^^ expected `&[FeatureRecord]`, found `&Vec<FeatureRecord>`
[INFO] [stdout]     |              |
[INFO] [stdout]     |              arguments to this function are incorrect
[INFO] [stdout]     |
[INFO] [stdout]     = note: expected reference `&[sdivi_parsing::feature_record::FeatureRecord]`
[INFO] [stdout]                found reference `&Vec<FeatureRecord>`
[INFO] [stdout] note: function defined here
[INFO] [stdout]    --> /opt/rustwide/cargo-home/registry/src/index.crates.io-1949cf8c6b5b557f/sdivi-graph-0.2.51/src/dependency_graph.rs:152:8
[INFO] [stdout]     |
[INFO] [stdout] 152 | pub fn build_dependency_graph(
[INFO] [stdout]     |        ^^^^^^^^^^^^^^^^^^^^^^
[INFO] [stdout] 
[INFO] [stdout] 
[INFO] [stdout] error[E0277]: the trait bound `PythonAdapter: LanguageAdapter` is not satisfied
[INFO] [stdout]    --> tests/import_extraction.rs:151:56
[INFO] [stdout]     |
[INFO] [stdout] 151 |     let adapters: Vec<Box<dyn LanguageAdapter>> = vec![Box::new(PythonAdapter)];
[INFO] [stdout]     |                                                        ^^^^^^^^^^^^^^^^^^^^^^^ the trait `LanguageAdapter` is not implemented for `PythonAdapter`
[INFO] [stdout]     |
[INFO] [stdout] note: there are multiple different versions of crate `sdivi_parsing` in the dependency graph
[INFO] [stdout]    --> src/adapter.rs:44:1
[INFO] [stdout]     |
[INFO] [stdout]  44 | pub trait LanguageAdapter: Send + Sync {
[INFO] [stdout]     | ^^^^^^^^^^^^^^^^^^^^^^^^^^^^^^^^^^^^^^ this is the expected trait
[INFO] [stdout]     |
[INFO] [stdout]    ::: /opt/rustwide/cargo-home/registry/src/index.crates.io-1949cf8c6b5b557f/sdivi-parsing-0.2.51/src/adapter.rs:44:1
[INFO] [stdout]     |
[INFO] [stdout]  44 | pub trait LanguageAdapter: Send + Sync {
[INFO] [stdout]     | -------------------------------------- this is the found trait
[INFO] [stdout]     = help: you can use `cargo tree` to explore your dependency tree
[INFO] [stdout]     = note: required for the cast from `Box<PythonAdapter>` to `Box<dyn LanguageAdapter>`
[INFO] [stdout] 
[INFO] [stdout] 
[INFO] [stdout] error[E0308]: mismatched types
[INFO] [stdout]    --> tests/import_extraction.rs:167:37
[INFO] [stdout]     |
[INFO] [stdout] 167 |     let dg = build_dependency_graph(&records);
[INFO] [stdout]     |              ---------------------- ^^^^^^^^ expected `&[FeatureRecord]`, found `&Vec<FeatureRecord>`
[INFO] [stdout]     |              |
[INFO] [stdout]     |              arguments to this function are incorrect
[INFO] [stdout]     |
[INFO] [stdout]     = note: expected reference `&[sdivi_parsing::feature_record::FeatureRecord]`
[INFO] [stdout]                found reference `&Vec<FeatureRecord>`
[INFO] [stdout] note: function defined here
[INFO] [stdout]    --> /opt/rustwide/cargo-home/registry/src/index.crates.io-1949cf8c6b5b557f/sdivi-graph-0.2.51/src/dependency_graph.rs:152:8
[INFO] [stdout]     |
[INFO] [stdout] 152 | pub fn build_dependency_graph(
[INFO] [stdout]     |        ^^^^^^^^^^^^^^^^^^^^^^
[INFO] [stdout] 
[INFO] [stdout] 
[INFO] [stdout] Some errors have detailed explanations: E0277, E0308, E0432.
[INFO] [stdout] 
[INFO] [stdout] For more information about an error, try `rustc --explain E0277`.
[INFO] [stdout] 
[INFO] [stderr] error: could not compile `sdivi-parsing` (test "import_extraction") due to 9 previous errors
[INFO] [stderr] warning: unused dependency `serde_json`
[INFO] [stderr]   --> Cargo.toml:21:15
[INFO] [stderr]    |
[INFO] [stderr] 21 | [dependencies.serde_json]
[INFO] [stderr]    |               ^^^^^^^^^^^
[INFO] [stderr]    |
[INFO] [stderr]    = note: `cargo::unused_dependencies` is set to `warn` by default
[INFO] [stderr] help: consider removing the dependency on `serde_json`
[INFO] [stderr] warning: `sdivi-parsing` (manifest) generated 1 warning
[INFO] running `Command { std: "docker" "inspect" "6c75b0be8741bc32f5424d4b5e0e90c50745802cb76cc94551975c77cfc0b003", kill_on_drop: false }`
[INFO] running `Command { std: "docker" "rm" "-f" "6c75b0be8741bc32f5424d4b5e0e90c50745802cb76cc94551975c77cfc0b003", kill_on_drop: false }`
[INFO] [stdout] 6c75b0be8741bc32f5424d4b5e0e90c50745802cb76cc94551975c77cfc0b003
