[INFO] fetching crate sdivi-detection 0.2.52...
[INFO] testing sdivi-detection-0.2.52 against 1.99.0-beta.8+cargoflags=--release for beta-release-1.100-2
[INFO] extracting crate sdivi-detection 0.2.52 into /workspace/builds/worker-7-tc1/source
[INFO] started tweaking crates.io crate sdivi-detection 0.2.52
[INFO] removed 0 missing tests
[INFO] finished tweaking crates.io crate sdivi-detection 0.2.52
[INFO] tweaked toml for crates.io crate sdivi-detection 0.2.52 written to /workspace/builds/worker-7-tc1/source/Cargo.toml
[INFO] validating manifest of crates.io crate sdivi-detection 0.2.52 on toolchain 1.99.0-beta.8
[INFO] running `Command { std: CARGO_HOME="/workspace/cargo-home" RUSTUP_HOME="/workspace/rustup-home" "/workspace/cargo-home/bin/cargo" "+1.99.0-beta.8" "metadata" "--manifest-path" "Cargo.toml" "--no-deps", kill_on_drop: false }`
[INFO] crate crates.io crate sdivi-detection 0.2.52 already has a lockfile, it will not be regenerated
[INFO] running `Command { std: CARGO_HOME="/workspace/cargo-home" RUSTUP_HOME="/workspace/rustup-home" "/workspace/cargo-home/bin/cargo" "+1.99.0-beta.8" "fetch" "--manifest-path" "Cargo.toml", kill_on_drop: false }`
[INFO] [stderr]     Updating crates.io index
[INFO] [stderr]  Downloading crates ...
[INFO] [stderr]   Downloaded sdivi-graph v0.2.52
[INFO] [stderr]   Downloaded sdivi-config v0.2.52
[INFO] [stderr]   Downloaded toml_edit v0.22.20
[INFO] [stderr]   Downloaded toml v0.8.19
[INFO] [stderr]   Downloaded proptest v1.5.0
[INFO] running `Command { std: "docker" "create" "-v" "/var/lib/crater-agent-workspace/builds/worker-7-tc1/source:/opt/rustwide/workdir:ro,Z" "-v" "/var/lib/crater-agent-workspace/builds/worker-7-tc1/target:/opt/rustwide/target:rw,Z" "-v" "/var/lib/crater-agent-workspace/cargo-home:/opt/rustwide/cargo-home:ro,Z" "-v" "/var/lib/crater-agent-workspace/rustup-home:/opt/rustwide/rustup-home:ro,Z" "-m" "1610612736" "--network" "none" "ghcr.io/rust-lang/crates-build-env/linux@sha256:77db811e55d90add9212f6832c23229e3de5f1c1f9905e8cb07319ea15df73ac" "sleep" "infinity", kill_on_drop: false }`
[INFO] [stdout] 0bc596956c1f5c32ffe857c6b11fdd5db56fc9457aaff667dec6e9863f6e21c6
[INFO] running `Command { std: "docker" "start" "0bc596956c1f5c32ffe857c6b11fdd5db56fc9457aaff667dec6e9863f6e21c6", kill_on_drop: false }`
[INFO] running `Command { std: "docker" "inspect" "0bc596956c1f5c32ffe857c6b11fdd5db56fc9457aaff667dec6e9863f6e21c6", kill_on_drop: false }`
[INFO] running `Command { std: "docker" "exec" "-e" "SOURCE_DIR=/opt/rustwide/workdir" "-e" "CARGO_HOME=/opt/rustwide/cargo-home" "-e" "RUSTUP_HOME=/opt/rustwide/rustup-home" "-e" "CARGO_TARGET_DIR=/opt/rustwide/target" "-w" "/opt/rustwide/workdir" "--user" "0:0" "0bc596956c1f5c32ffe857c6b11fdd5db56fc9457aaff667dec6e9863f6e21c6" "/opt/rustwide/cargo-home/bin/cargo" "+1.99.0-beta.8" "metadata" "--no-deps" "--format-version=1", kill_on_drop: false }`
[INFO] running `Command { std: "docker" "inspect" "0bc596956c1f5c32ffe857c6b11fdd5db56fc9457aaff667dec6e9863f6e21c6", kill_on_drop: false }`
[INFO] running `Command { std: "docker" "exec" "-e" "SOURCE_DIR=/opt/rustwide/workdir" "-e" "CARGO_HOME=/opt/rustwide/cargo-home" "-e" "RUSTUP_HOME=/opt/rustwide/rustup-home" "-e" "CARGO_TARGET_DIR=/opt/rustwide/target" "-e" "CARGO_INCREMENTAL=0" "-e" "RUST_BACKTRACE=full" "-e" "RUSTFLAGS=--cap-lints=warn" "-e" "RUSTDOCFLAGS=--cap-lints=warn" "-w" "/opt/rustwide/workdir" "--user" "0:0" "0bc596956c1f5c32ffe857c6b11fdd5db56fc9457aaff667dec6e9863f6e21c6" "/opt/rustwide/cargo-home/bin/cargo" "+1.99.0-beta.8" "build" "--frozen" "--message-format=json" "--release", kill_on_drop: false }`
[INFO] [stderr]    Compiling hashbrown v0.15.5
[INFO] [stderr]    Compiling serde_spanned v0.6.9
[INFO] [stderr]    Compiling toml_datetime v0.6.11
[INFO] [stderr]    Compiling serde_yml v0.0.12
[INFO] [stderr]    Compiling fixedbitset v0.4.2
[INFO] [stderr]    Compiling getrandom v0.2.17
[INFO] [stderr]    Compiling libyml v0.0.5
[INFO] [stderr]    Compiling ppv-lite86 v0.2.21
[INFO] [stderr]    Compiling rand_core v0.6.4
[INFO] [stderr]    Compiling rand_chacha v0.3.1
[INFO] [stderr]    Compiling rand v0.8.6
[INFO] [stderr]    Compiling indexmap v2.7.0
[INFO] [stderr]    Compiling toml_edit v0.22.20
[INFO] [stderr]    Compiling petgraph v0.6.5
[INFO] [stderr]    Compiling toml v0.8.19
[INFO] [stderr]    Compiling sdivi-config v0.2.52
[INFO] [stderr]    Compiling sdivi-graph v0.2.52
[INFO] [stderr]    Compiling sdivi-detection v0.2.52 (/opt/rustwide/workdir)
[INFO] [stderr]     Finished `release` profile [optimized] target(s) in 19.97s
[INFO] running `Command { std: "docker" "inspect" "0bc596956c1f5c32ffe857c6b11fdd5db56fc9457aaff667dec6e9863f6e21c6", kill_on_drop: false }`
[INFO] running `Command { std: "docker" "exec" "-e" "SOURCE_DIR=/opt/rustwide/workdir" "-e" "CARGO_HOME=/opt/rustwide/cargo-home" "-e" "RUSTUP_HOME=/opt/rustwide/rustup-home" "-e" "CARGO_TARGET_DIR=/opt/rustwide/target" "-e" "CARGO_INCREMENTAL=0" "-e" "RUST_BACKTRACE=full" "-e" "RUSTFLAGS=--cap-lints=warn" "-e" "RUSTDOCFLAGS=--cap-lints=warn" "-w" "/opt/rustwide/workdir" "--user" "0:0" "0bc596956c1f5c32ffe857c6b11fdd5db56fc9457aaff667dec6e9863f6e21c6" "/opt/rustwide/cargo-home/bin/cargo" "+1.99.0-beta.8" "test" "--frozen" "--no-run" "--message-format=json" "--release", kill_on_drop: false }`
[INFO] [stderr]    Compiling num-traits v0.2.19
[INFO] [stderr]    Compiling rand_chacha v0.3.1
[INFO] [stderr]    Compiling wait-timeout v0.2.1
[INFO] [stderr]    Compiling getrandom v0.3.4
[INFO] [stderr]    Compiling bit-vec v0.6.3
[INFO] [stderr]    Compiling rand_xorshift v0.3.0
[INFO] [stderr]    Compiling tempfile v3.19.1
[INFO] [stderr]    Compiling bit-set v0.5.3
[INFO] [stderr]    Compiling rand v0.8.6
[INFO] [stderr]    Compiling rusty-fork v0.3.1
[INFO] [stderr]    Compiling proptest v1.5.0
[INFO] [stderr]    Compiling sdivi-detection v0.2.52 (/opt/rustwide/workdir)
[INFO] [stdout] error[E0433]: cannot find module or crate `sdivi_parsing` in this scope
[INFO] [stdout]   --> tests/leiden_termination.rs:17:9
[INFO] [stdout]    |
[INFO] [stdout] 17 |     use sdivi_parsing::feature_record::FeatureRecord;
[INFO] [stdout]    |         ^^^^^^^^^^^^^ use of unresolved module or unlinked crate `sdivi_parsing`
[INFO] [stdout]    |
[INFO] [stdout]    = help: if you wanted to use a crate named `sdivi_parsing`, use `cargo add sdivi_parsing` to add it to your `Cargo.toml`
[INFO] [stdout] 
[INFO] [stdout] 
[INFO] [stdout] error[E0432]: unresolved import `sdivi_graph::dependency_graph::build_dependency_graph`
[INFO] [stdout]    --> tests/leiden_termination.rs:16:9
[INFO] [stdout]     |
[INFO] [stdout]  16 |     use sdivi_graph::dependency_graph::build_dependency_graph;
[INFO] [stdout]     |         ^^^^^^^^^^^^^^^^^^^^^^^^^^^^^^^----------------------
[INFO] [stdout]     |                                        |
[INFO] [stdout]     |                                        no `build_dependency_graph` in `dependency_graph`
[INFO] [stdout]     |
[INFO] [stdout] note: found an item that was configured out
[INFO] [stdout]    --> /opt/rustwide/cargo-home/registry/src/index.crates.io-1949cf8c6b5b557f/sdivi-graph-0.2.52/src/dependency_graph.rs:152:8
[INFO] [stdout]     |
[INFO] [stdout] 151 | #[cfg(feature = "pipeline-records")]
[INFO] [stdout]     |       ---------------------------- the item is gated behind the `pipeline-records` feature
[INFO] [stdout] 152 | pub fn build_dependency_graph(
[INFO] [stdout]     |        ^^^^^^^^^^^^^^^^^^^^^^
[INFO] [stdout] 
[INFO] [stdout] 
[INFO] [stdout] error[E0433]: cannot find module or crate `sdivi_parsing` in this scope
[INFO] [stdout]   --> tests/proptest_seeded.rs:10:5
[INFO] [stdout]    |
[INFO] [stdout] 10 | use sdivi_parsing::feature_record::FeatureRecord;
[INFO] [stdout]    |     ^^^^^^^^^^^^^ use of unresolved module or unlinked crate `sdivi_parsing`
[INFO] [stdout]    |
[INFO] [stdout]    = help: if you wanted to use a crate named `sdivi_parsing`, use `cargo add sdivi_parsing` to add it to your `Cargo.toml`
[INFO] [stdout] 
[INFO] [stdout] 
[INFO] [stdout] error[E0432]: unresolved import `sdivi_graph::dependency_graph::build_dependency_graph`
[INFO] [stdout]    --> tests/proptest_seeded.rs:9:5
[INFO] [stdout]     |
[INFO] [stdout]   9 | use sdivi_graph::dependency_graph::build_dependency_graph;
[INFO] [stdout]     |     ^^^^^^^^^^^^^^^^^^^^^^^^^^^^^^^----------------------
[INFO] [stdout]     |                                    |
[INFO] [stdout]     |                                    no `build_dependency_graph` in `dependency_graph`
[INFO] [stdout]     |
[INFO] [stdout] note: found an item that was configured out
[INFO] [stdout]    --> /opt/rustwide/cargo-home/registry/src/index.crates.io-1949cf8c6b5b557f/sdivi-graph-0.2.52/src/dependency_graph.rs:152:8
[INFO] [stdout]     |
[INFO] [stdout] 151 | #[cfg(feature = "pipeline-records")]
[INFO] [stdout]     |       ---------------------------- the item is gated behind the `pipeline-records` feature
[INFO] [stdout] 152 | pub fn build_dependency_graph(
[INFO] [stdout]     |        ^^^^^^^^^^^^^^^^^^^^^^
[INFO] [stdout] 
[INFO] [stdout] 
[INFO] [stdout] Some errors have detailed explanations: E0432, E0433.
[INFO] [stdout] 
[INFO] [stdout] For more information about an error, try `rustc --explain E0432`.
[INFO] [stdout] 
[INFO] [stderr] error: could not compile `sdivi-detection` (test "leiden_termination") due to 2 previous errors
[INFO] [stderr] warning: build failed, waiting for other jobs to finish...
[INFO] [stdout] Some errors have detailed explanations: E0432, E0433.
[INFO] [stdout] 
[INFO] [stdout] For more information about an error, try `rustc --explain E0432`.
[INFO] [stdout] 
[INFO] [stderr] error: could not compile `sdivi-detection` (test "proptest_seeded") due to 2 previous errors
[INFO] [stdout] error[E0433]: cannot find module or crate `sdivi_parsing` in this scope
[INFO] [stdout]   --> tests/partition.rs:14:5
[INFO] [stdout]    |
[INFO] [stdout] 14 | use sdivi_parsing::feature_record::FeatureRecord;
[INFO] [stdout]    |     ^^^^^^^^^^^^^ use of unresolved module or unlinked crate `sdivi_parsing`
[INFO] [stdout]    |
[INFO] [stdout]    = help: if you wanted to use a crate named `sdivi_parsing`, use `cargo add sdivi_parsing` to add it to your `Cargo.toml`
[INFO] [stdout] 
[INFO] [stdout] 
[INFO] [stdout] error[E0432]: unresolved import `sdivi_graph::dependency_graph::build_dependency_graph`
[INFO] [stdout]    --> tests/partition.rs:13:5
[INFO] [stdout]     |
[INFO] [stdout]  13 | use sdivi_graph::dependency_graph::build_dependency_graph;
[INFO] [stdout]     |     ^^^^^^^^^^^^^^^^^^^^^^^^^^^^^^^----------------------
[INFO] [stdout]     |                                    |
[INFO] [stdout]     |                                    no `build_dependency_graph` in `dependency_graph`
[INFO] [stdout]     |
[INFO] [stdout] note: found an item that was configured out
[INFO] [stdout]    --> /opt/rustwide/cargo-home/registry/src/index.crates.io-1949cf8c6b5b557f/sdivi-graph-0.2.52/src/dependency_graph.rs:152:8
[INFO] [stdout]     |
[INFO] [stdout] 151 | #[cfg(feature = "pipeline-records")]
[INFO] [stdout]     |       ---------------------------- the item is gated behind the `pipeline-records` feature
[INFO] [stdout] 152 | pub fn build_dependency_graph(
[INFO] [stdout]     |        ^^^^^^^^^^^^^^^^^^^^^^
[INFO] [stdout] 
[INFO] [stdout] 
[INFO] [stdout] error[E0433]: cannot find module or crate `sdivi_parsing` in this scope
[INFO] [stdout]   --> tests/warm_start.rs:17:5
[INFO] [stdout]    |
[INFO] [stdout] 17 | use sdivi_parsing::feature_record::FeatureRecord;
[INFO] [stdout]    |     ^^^^^^^^^^^^^ use of unresolved module or unlinked crate `sdivi_parsing`
[INFO] [stdout]    |
[INFO] [stdout]    = help: if you wanted to use a crate named `sdivi_parsing`, use `cargo add sdivi_parsing` to add it to your `Cargo.toml`
[INFO] [stdout] 
[INFO] [stdout] 
[INFO] [stdout] error[E0433]: cannot find module or crate `sdivi_pipeline` in this scope
[INFO] [stdout]   --> tests/warm_start.rs:18:5
[INFO] [stdout]    |
[INFO] [stdout] 18 | use sdivi_pipeline::cache::{load_cached_partition, save_cached_partition};
[INFO] [stdout]    |     ^^^^^^^^^^^^^^ use of unresolved module or unlinked crate `sdivi_pipeline`
[INFO] [stdout]    |
[INFO] [stdout]    = help: if you wanted to use a crate named `sdivi_pipeline`, use `cargo add sdivi_pipeline` to add it to your `Cargo.toml`
[INFO] [stdout] 
[INFO] [stdout] 
[INFO] [stdout] error[E0432]: unresolved import `sdivi_graph::dependency_graph::build_dependency_graph`
[INFO] [stdout]    --> tests/warm_start.rs:16:5
[INFO] [stdout]     |
[INFO] [stdout]  16 | use sdivi_graph::dependency_graph::build_dependency_graph;
[INFO] [stdout]     |     ^^^^^^^^^^^^^^^^^^^^^^^^^^^^^^^----------------------
[INFO] [stdout]     |                                    |
[INFO] [stdout]     |                                    no `build_dependency_graph` in `dependency_graph`
[INFO] [stdout]     |
[INFO] [stdout] note: found an item that was configured out
[INFO] [stdout]    --> /opt/rustwide/cargo-home/registry/src/index.crates.io-1949cf8c6b5b557f/sdivi-graph-0.2.52/src/dependency_graph.rs:152:8
[INFO] [stdout]     |
[INFO] [stdout] 151 | #[cfg(feature = "pipeline-records")]
[INFO] [stdout]     |       ---------------------------- the item is gated behind the `pipeline-records` feature
[INFO] [stdout] 152 | pub fn build_dependency_graph(
[INFO] [stdout]     |        ^^^^^^^^^^^^^^^^^^^^^^
[INFO] [stdout] 
[INFO] [stdout] 
[INFO] [stdout] Some errors have detailed explanations: E0432, E0433.
[INFO] [stdout] 
[INFO] [stdout] For more information about an error, try `rustc --explain E0432`.
[INFO] [stdout] 
[INFO] [stderr] error: could not compile `sdivi-detection` (test "warm_start") due to 3 previous errors
[INFO] [stdout] Some errors have detailed explanations: E0432, E0433.
[INFO] [stdout] 
[INFO] [stdout] For more information about an error, try `rustc --explain E0432`.
[INFO] [stdout] 
[INFO] [stderr] error: could not compile `sdivi-detection` (test "partition") due to 2 previous errors
[INFO] running `Command { std: "docker" "inspect" "0bc596956c1f5c32ffe857c6b11fdd5db56fc9457aaff667dec6e9863f6e21c6", kill_on_drop: false }`
[INFO] running `Command { std: "docker" "rm" "-f" "0bc596956c1f5c32ffe857c6b11fdd5db56fc9457aaff667dec6e9863f6e21c6", kill_on_drop: false }`
[INFO] [stdout] 0bc596956c1f5c32ffe857c6b11fdd5db56fc9457aaff667dec6e9863f6e21c6
