[INFO] fetching crate scuffle-signal 0.3.3...
[INFO] testing scuffle-signal-0.3.3 against 1.100.0-beta.1+cargoflags=--release for beta-release-1.100-2
[INFO] extracting crate scuffle-signal 0.3.3 into /workspace/builds/worker-4-tc2/source
[INFO] started tweaking crates.io crate scuffle-signal 0.3.3
[INFO] finished tweaking crates.io crate scuffle-signal 0.3.3
[INFO] tweaked toml for crates.io crate scuffle-signal 0.3.3 written to /workspace/builds/worker-4-tc2/source/Cargo.toml
[INFO] validating manifest of crates.io crate scuffle-signal 0.3.3 on toolchain 1.100.0-beta.1
[INFO] running `Command { std: CARGO_HOME="/workspace/cargo-home" RUSTUP_HOME="/workspace/rustup-home" "/workspace/cargo-home/bin/cargo" "+1.100.0-beta.1" "metadata" "--manifest-path" "Cargo.toml" "--no-deps", kill_on_drop: false }`
[INFO] crate crates.io crate scuffle-signal 0.3.3 already has a lockfile, it will not be regenerated
[INFO] running `Command { std: CARGO_HOME="/workspace/cargo-home" RUSTUP_HOME="/workspace/rustup-home" "/workspace/cargo-home/bin/cargo" "+1.100.0-beta.1" "fetch" "--manifest-path" "Cargo.toml", kill_on_drop: false }`
[INFO] [stderr]     Blocking waiting for file lock on package cache
[INFO] running `Command { std: "docker" "create" "-v" "/var/lib/crater-agent-workspace/builds/worker-4-tc2/source:/opt/rustwide/workdir:ro,Z" "-v" "/var/lib/crater-agent-workspace/builds/worker-4-tc2/target:/opt/rustwide/target:rw,Z" "-v" "/var/lib/crater-agent-workspace/cargo-home:/opt/rustwide/cargo-home:ro,Z" "-v" "/var/lib/crater-agent-workspace/rustup-home:/opt/rustwide/rustup-home:ro,Z" "-m" "1610612736" "--network" "none" "ghcr.io/rust-lang/crates-build-env/linux@sha256:77db811e55d90add9212f6832c23229e3de5f1c1f9905e8cb07319ea15df73ac" "sleep" "infinity", kill_on_drop: false }`
[INFO] [stdout] 0736a65128b1a0ce2f5b9c9a286f704aca25d983d2e1934e4d650df9b02de5e7
[INFO] running `Command { std: "docker" "start" "0736a65128b1a0ce2f5b9c9a286f704aca25d983d2e1934e4d650df9b02de5e7", kill_on_drop: false }`
[INFO] running `Command { std: "docker" "inspect" "0736a65128b1a0ce2f5b9c9a286f704aca25d983d2e1934e4d650df9b02de5e7", kill_on_drop: false }`
[INFO] running `Command { std: "docker" "exec" "-e" "SOURCE_DIR=/opt/rustwide/workdir" "-e" "CARGO_HOME=/opt/rustwide/cargo-home" "-e" "RUSTUP_HOME=/opt/rustwide/rustup-home" "-e" "CARGO_TARGET_DIR=/opt/rustwide/target" "-w" "/opt/rustwide/workdir" "--user" "0:0" "0736a65128b1a0ce2f5b9c9a286f704aca25d983d2e1934e4d650df9b02de5e7" "/opt/rustwide/cargo-home/bin/cargo" "+1.100.0-beta.1" "metadata" "--no-deps" "--format-version=1", kill_on_drop: false }`
[INFO] running `Command { std: "docker" "inspect" "0736a65128b1a0ce2f5b9c9a286f704aca25d983d2e1934e4d650df9b02de5e7", kill_on_drop: false }`
[INFO] running `Command { std: "docker" "exec" "-e" "SOURCE_DIR=/opt/rustwide/workdir" "-e" "CARGO_HOME=/opt/rustwide/cargo-home" "-e" "RUSTUP_HOME=/opt/rustwide/rustup-home" "-e" "CARGO_TARGET_DIR=/opt/rustwide/target" "-e" "CARGO_INCREMENTAL=0" "-e" "RUST_BACKTRACE=full" "-e" "RUSTFLAGS=--cap-lints=warn" "-e" "RUSTDOCFLAGS=--cap-lints=warn" "-w" "/opt/rustwide/workdir" "--user" "0:0" "0736a65128b1a0ce2f5b9c9a286f704aca25d983d2e1934e4d650df9b02de5e7" "/opt/rustwide/cargo-home/bin/cargo" "+1.100.0-beta.1" "build" "--frozen" "--message-format=json" "--release", kill_on_drop: false }`
[INFO] [stderr]    Compiling libc v0.2.172
[INFO] [stderr]    Compiling scuffle-workspace-hack v0.1.0
[INFO] [stderr]    Compiling pin-project-lite v0.2.16
[INFO] [stderr]    Compiling mio v1.0.4
[INFO] [stderr]    Compiling signal-hook-registry v1.4.5
[INFO] [stderr]    Compiling tokio v1.45.1
[INFO] [stderr]    Compiling scuffle-signal v0.3.3 (/opt/rustwide/workdir)
[INFO] [stderr] warning: unused dependency `scuffle-workspace-hack`
[INFO] [stderr]   --> Cargo.toml:21:15
[INFO] [stderr]    |
[INFO] [stderr] 21 | [dependencies.scuffle-workspace-hack]
[INFO] [stderr]    |               ^^^^^^^^^^^^^^^^^^^^^^^
[INFO] [stderr]    |
[INFO] [stderr]    = note: `cargo::unused_dependencies` is set to `warn` by default
[INFO] [stderr] help: consider removing the dependency on `scuffle-workspace-hack`
[INFO] [stderr] warning: `scuffle-signal` (manifest) generated 1 warning
[INFO] [stderr]     Finished `release` profile [optimized] target(s) in 3.56s
[INFO] running `Command { std: "docker" "inspect" "0736a65128b1a0ce2f5b9c9a286f704aca25d983d2e1934e4d650df9b02de5e7", kill_on_drop: false }`
[INFO] running `Command { std: "docker" "exec" "-e" "SOURCE_DIR=/opt/rustwide/workdir" "-e" "CARGO_HOME=/opt/rustwide/cargo-home" "-e" "RUSTUP_HOME=/opt/rustwide/rustup-home" "-e" "CARGO_TARGET_DIR=/opt/rustwide/target" "-e" "CARGO_INCREMENTAL=0" "-e" "RUST_BACKTRACE=full" "-e" "RUSTFLAGS=--cap-lints=warn" "-e" "RUSTDOCFLAGS=--cap-lints=warn" "-w" "/opt/rustwide/workdir" "--user" "0:0" "0736a65128b1a0ce2f5b9c9a286f704aca25d983d2e1934e4d650df9b02de5e7" "/opt/rustwide/cargo-home/bin/cargo" "+1.100.0-beta.1" "test" "--frozen" "--no-run" "--message-format=json" "--release", kill_on_drop: false }`
[INFO] [stderr]    Compiling proc-macro2 v1.0.95
[INFO] [stderr]    Compiling autocfg v1.4.0
[INFO] [stderr]    Compiling unicode-ident v1.0.18
[INFO] [stderr]    Compiling parking_lot_core v0.9.11
[INFO] [stderr]    Compiling futures-core v0.3.31
[INFO] [stderr]    Compiling scopeguard v1.2.0
[INFO] [stderr]    Compiling smallvec v1.15.0
[INFO] [stderr]    Compiling cfg-if v1.0.0
[INFO] [stderr]    Compiling bytes v1.10.1
[INFO] [stderr]    Compiling futures-sink v0.3.31
[INFO] [stderr]    Compiling memchr v2.7.4
[INFO] [stderr]    Compiling futures-io v0.3.31
[INFO] [stderr]    Compiling pin-utils v0.1.0
[INFO] [stderr]    Compiling futures-task v0.3.31
[INFO] [stderr]    Compiling socket2 v0.5.10
[INFO] [stderr]    Compiling futures-channel v0.3.31
[INFO] [stderr]    Compiling lock_api v0.4.13
[INFO] [stderr]    Compiling slab v0.4.9
[INFO] [stderr]    Compiling parking_lot v0.12.4
[INFO] [stderr]    Compiling quote v1.0.40
[INFO] [stderr]    Compiling syn v2.0.101
[INFO] [stderr]    Compiling tokio-macros v2.5.0
[INFO] [stderr]    Compiling futures-macro v0.3.31
[INFO] [stderr]    Compiling async-stream-impl v0.3.6
[INFO] [stderr]    Compiling tokio v1.45.1
[INFO] [stderr]    Compiling async-stream v0.3.6
[INFO] [stderr]    Compiling futures-util v0.3.31
[INFO] [stderr]    Compiling futures-executor v0.3.31
[INFO] [stderr]    Compiling futures v0.3.31
[INFO] [stderr]    Compiling tokio-stream v0.1.17
[INFO] [stderr]    Compiling scuffle-signal v0.3.3 (/opt/rustwide/workdir)
[INFO] [stderr]    Compiling tokio-test v0.4.4
[INFO] [stdout] error[E0432]: unresolved import `scuffle_future_ext`
[INFO] [stdout]    --> src/lib.rs:411:9
[INFO] [stdout]     |
[INFO] [stdout] 411 |     use scuffle_future_ext::FutureExt;
[INFO] [stdout]     |         ^^^^^^^^^^^^^^^^^^ use of unresolved module or unlinked crate `scuffle_future_ext`
[INFO] [stdout]     |
[INFO] [stdout]     = help: if you wanted to use a crate named `scuffle_future_ext`, use `cargo add scuffle_future_ext` to add it to your `Cargo.toml`
[INFO] [stdout] 
[INFO] [stdout] 
[INFO] [stdout] error[E0599]: no method named `with_timeout` found for mutable reference `&mut SignalHandler` in the current scope
[INFO] [stdout]    --> src/lib.rs:522:35
[INFO] [stdout]     |
[INFO] [stdout] 522 |         let recv = (&mut handler).with_timeout(Duration::from_millis(500)).await.unwrap();
[INFO] [stdout]     |                                   ^^^^^^^^^^^^ method not found in `&mut SignalHandler`
[INFO] [stdout] 
[INFO] [stdout] 
[INFO] [stdout] error[E0599]: no method named `with_timeout` found for mutable reference `&mut SignalHandler` in the current scope
[INFO] [stdout]    --> src/lib.rs:527:35
[INFO] [stdout]     |
[INFO] [stdout] 527 |         let recv = (&mut handler).with_timeout(Duration::from_millis(500)).await;
[INFO] [stdout]     |                                   ^^^^^^^^^^^^ method not found in `&mut SignalHandler`
[INFO] [stdout] 
[INFO] [stdout] 
[INFO] [stdout] error[E0599]: no method named `with_timeout` found for mutable reference `&mut SignalHandler` in the current scope
[INFO] [stdout]    --> src/lib.rs:534:35
[INFO] [stdout]     |
[INFO] [stdout] 534 |         let recv = (&mut handler).with_timeout(Duration::from_millis(500)).await.unwrap();
[INFO] [stdout]     |                                   ^^^^^^^^^^^^ method not found in `&mut SignalHandler`
[INFO] [stdout] 
[INFO] [stdout] 
[INFO] [stdout] error[E0599]: no method named `with_timeout` found for opaque type `impl Future<Output = SignalKind>` in the current scope
[INFO] [stdout]    --> src/lib.rs:553:35
[INFO] [stdout]     |
[INFO] [stdout] 553 |         let recv = handler.recv().with_timeout(Duration::from_millis(500)).await.unwrap();
[INFO] [stdout]     |                                   ^^^^^^^^^^^^ method not found in `impl Future<Output = SignalKind>`
[INFO] [stdout] 
[INFO] [stdout] 
[INFO] [stdout] error[E0599]: no method named `with_timeout` found for opaque type `impl Future<Output = SignalKind>` in the current scope
[INFO] [stdout]    --> src/lib.rs:559:35
[INFO] [stdout]     |
[INFO] [stdout] 559 |         let recv = handler.recv().with_timeout(Duration::from_millis(500)).await.unwrap();
[INFO] [stdout]     |                                   ^^^^^^^^^^^^ method not found in `impl Future<Output = SignalKind>`
[INFO] [stdout] 
[INFO] [stdout] 
[INFO] [stdout] error[E0599]: no method named `with_timeout` found for opaque type `impl Future<Output = SignalKind>` in the current scope
[INFO] [stdout]    --> src/lib.rs:570:32
[INFO] [stdout]     |
[INFO] [stdout] 570 |         assert!(handler.recv().with_timeout(Duration::from_millis(500)).await.is_err());
[INFO] [stdout]     |                                ^^^^^^^^^^^^ method not found in `impl Future<Output = SignalKind>`
[INFO] [stdout] 
[INFO] [stdout] 
[INFO] [stdout] Some errors have detailed explanations: E0432, E0599.
[INFO] [stdout] 
[INFO] [stdout] For more information about an error, try `rustc --explain E0432`.
[INFO] [stdout] 
[INFO] [stderr] error: could not compile `scuffle-signal` (lib test) due to 7 previous errors
[INFO] [stderr] warning: unused dependency `scuffle-workspace-hack`
[INFO] [stderr]   --> Cargo.toml:21:15
[INFO] [stderr]    |
[INFO] [stderr] 21 | [dependencies.scuffle-workspace-hack]
[INFO] [stderr]    |               ^^^^^^^^^^^^^^^^^^^^^^^
[INFO] [stderr]    |
[INFO] [stderr]    = note: `cargo::unused_dependencies` is set to `warn` by default
[INFO] [stderr] help: consider removing the dependency on `scuffle-workspace-hack`
[INFO] [stderr] warning: `scuffle-signal` (manifest) generated 1 warning
[INFO] running `Command { std: "docker" "inspect" "0736a65128b1a0ce2f5b9c9a286f704aca25d983d2e1934e4d650df9b02de5e7", kill_on_drop: false }`
[INFO] running `Command { std: "docker" "rm" "-f" "0736a65128b1a0ce2f5b9c9a286f704aca25d983d2e1934e4d650df9b02de5e7", kill_on_drop: false }`
[INFO] [stdout] 0736a65128b1a0ce2f5b9c9a286f704aca25d983d2e1934e4d650df9b02de5e7
