[INFO] fetching crate scriptit 0.4.0...
[INFO] testing scriptit-0.4.0 against 1.100.0-beta.1+cargoflags=--release for beta-release-1.100-2
[INFO] extracting crate scriptit 0.4.0 into /workspace/builds/worker-3-tc2/source
[INFO] started tweaking crates.io crate scriptit 0.4.0
[INFO] finished tweaking crates.io crate scriptit 0.4.0
[INFO] tweaked toml for crates.io crate scriptit 0.4.0 written to /workspace/builds/worker-3-tc2/source/Cargo.toml
[INFO] validating manifest of crates.io crate scriptit 0.4.0 on toolchain 1.100.0-beta.1
[INFO] running `Command { std: CARGO_HOME="/workspace/cargo-home" RUSTUP_HOME="/workspace/rustup-home" "/workspace/cargo-home/bin/cargo" "+1.100.0-beta.1" "metadata" "--manifest-path" "Cargo.toml" "--no-deps", kill_on_drop: false }`
[INFO] running `Command { std: CARGO_HOME="/workspace/cargo-home" RUSTUP_HOME="/workspace/rustup-home" "/workspace/cargo-home/bin/cargo" "+1.100.0-beta.1" "generate-lockfile" "--manifest-path" "Cargo.toml", kill_on_drop: false }`
[INFO] [stderr]     Updating crates.io index
[INFO] [stderr]      Locking 71 packages to highest compatible versions
[INFO] [stderr]       Adding minicov v0.3.8 (available: v0.3.9)
[INFO] [stderr]       Adding rusty_v8 v0.9.1 (available: v0.32.1)
[INFO] [stderr]       Adding uuid v0.8.2 (available: v1.28.0)
[INFO] running `Command { std: CARGO_HOME="/workspace/cargo-home" RUSTUP_HOME="/workspace/rustup-home" "/workspace/cargo-home/bin/cargo" "+1.100.0-beta.1" "fetch" "--manifest-path" "Cargo.toml", kill_on_drop: false }`
[INFO] [stderr]     Blocking waiting for file lock on package cache
[INFO] [stderr]     Blocking waiting for file lock on package cache
[INFO] running `Command { std: "docker" "create" "-v" "/var/lib/crater-agent-workspace/builds/worker-3-tc2/source:/opt/rustwide/workdir:ro,Z" "-v" "/var/lib/crater-agent-workspace/builds/worker-3-tc2/target:/opt/rustwide/target:rw,Z" "-v" "/var/lib/crater-agent-workspace/cargo-home:/opt/rustwide/cargo-home:ro,Z" "-v" "/var/lib/crater-agent-workspace/rustup-home:/opt/rustwide/rustup-home:ro,Z" "-m" "1610612736" "--network" "none" "ghcr.io/rust-lang/crates-build-env/linux@sha256:77db811e55d90add9212f6832c23229e3de5f1c1f9905e8cb07319ea15df73ac" "sleep" "infinity", kill_on_drop: false }`
[INFO] [stdout] 0ad6428e5dcac53c7f8be7f14b5b54bb5b2dc606e5b8b16a0b57cb2efc627fcf
[INFO] running `Command { std: "docker" "start" "0ad6428e5dcac53c7f8be7f14b5b54bb5b2dc606e5b8b16a0b57cb2efc627fcf", kill_on_drop: false }`
[INFO] running `Command { std: "docker" "inspect" "0ad6428e5dcac53c7f8be7f14b5b54bb5b2dc606e5b8b16a0b57cb2efc627fcf", kill_on_drop: false }`
[INFO] running `Command { std: "docker" "exec" "-e" "SOURCE_DIR=/opt/rustwide/workdir" "-e" "CARGO_HOME=/opt/rustwide/cargo-home" "-e" "RUSTUP_HOME=/opt/rustwide/rustup-home" "-e" "CARGO_TARGET_DIR=/opt/rustwide/target" "-w" "/opt/rustwide/workdir" "--user" "0:0" "0ad6428e5dcac53c7f8be7f14b5b54bb5b2dc606e5b8b16a0b57cb2efc627fcf" "/opt/rustwide/cargo-home/bin/cargo" "+1.100.0-beta.1" "metadata" "--no-deps" "--format-version=1", kill_on_drop: false }`
[INFO] running `Command { std: "docker" "inspect" "0ad6428e5dcac53c7f8be7f14b5b54bb5b2dc606e5b8b16a0b57cb2efc627fcf", kill_on_drop: false }`
[INFO] running `Command { std: "docker" "exec" "-e" "SOURCE_DIR=/opt/rustwide/workdir" "-e" "CARGO_HOME=/opt/rustwide/cargo-home" "-e" "RUSTUP_HOME=/opt/rustwide/rustup-home" "-e" "CARGO_TARGET_DIR=/opt/rustwide/target" "-e" "CARGO_INCREMENTAL=0" "-e" "RUST_BACKTRACE=full" "-e" "RUSTFLAGS=--cap-lints=warn" "-e" "RUSTDOCFLAGS=--cap-lints=warn" "-w" "/opt/rustwide/workdir" "--user" "0:0" "0ad6428e5dcac53c7f8be7f14b5b54bb5b2dc606e5b8b16a0b57cb2efc627fcf" "/opt/rustwide/cargo-home/bin/cargo" "+1.100.0-beta.1" "build" "--frozen" "--message-format=json" "--release", kill_on_drop: false }`
[INFO] [stderr]    Compiling proc-macro2 v1.0.107
[INFO] [stderr]    Compiling rustix v0.38.44
[INFO] [stderr]    Compiling quote v1.0.47
[INFO] [stderr]    Compiling libc v0.2.191
[INFO] [stderr]    Compiling bitflags v2.13.2
[INFO] [stderr]    Compiling linux-raw-sys v0.4.15
[INFO] [stderr]    Compiling unicode-ident v1.0.27
[INFO] [stderr]    Compiling serde_core v1.0.229
[INFO] [stderr]    Compiling either v1.19.0
[INFO] [stderr]    Compiling home v0.5.12
[INFO] [stderr]    Compiling cargo_gn v0.0.15
[INFO] [stderr]    Compiling zmij v1.0.23
[INFO] [stderr]    Compiling serde_json v1.0.154
[INFO] [stderr]    Compiling cfg-if v1.0.5
[INFO] [stderr]    Compiling serde v1.0.229
[INFO] [stderr]    Compiling memchr v2.8.3
[INFO] [stderr]    Compiling bitflags v1.3.2
[INFO] [stderr]    Compiling itoa v1.0.18
[INFO] [stderr]    Compiling lazy_static v1.5.1
[INFO] [stderr]    Compiling syn v3.0.9
[INFO] [stderr]    Compiling which v4.4.2
[INFO] [stderr]    Compiling getrandom v0.2.17
[INFO] [stderr]    Compiling rusty_v8 v0.9.1
[INFO] [stderr]    Compiling uuid v0.8.2
[INFO] [stderr]    Compiling serde_derive v1.0.229
[INFO] [stderr]    Compiling scriptit v0.4.0 (/opt/rustwide/workdir)
[INFO] [stderr] warning: unused dependency `serde`
[INFO] [stderr]  --> Cargo.toml:1:15
[INFO] [stderr]   |
[INFO] [stderr] 1 | [dependencies.serde]
[INFO] [stderr]   |               ^^^^^^
[INFO] [stderr]   |
[INFO] [stderr]   = note: `cargo::unused_dependencies` is set to `warn` by default
[INFO] [stderr] help: consider removing the dependency on `serde`
[INFO] [stderr] warning: `scriptit` (manifest) generated 1 warning
[INFO] [stderr]     Finished `release` profile [optimized] target(s) in 17.90s
[INFO] running `Command { std: "docker" "inspect" "0ad6428e5dcac53c7f8be7f14b5b54bb5b2dc606e5b8b16a0b57cb2efc627fcf", kill_on_drop: false }`
[INFO] running `Command { std: "docker" "exec" "-e" "SOURCE_DIR=/opt/rustwide/workdir" "-e" "CARGO_HOME=/opt/rustwide/cargo-home" "-e" "RUSTUP_HOME=/opt/rustwide/rustup-home" "-e" "CARGO_TARGET_DIR=/opt/rustwide/target" "-e" "CARGO_INCREMENTAL=0" "-e" "RUST_BACKTRACE=full" "-e" "RUSTFLAGS=--cap-lints=warn" "-e" "RUSTDOCFLAGS=--cap-lints=warn" "-w" "/opt/rustwide/workdir" "--user" "0:0" "0ad6428e5dcac53c7f8be7f14b5b54bb5b2dc606e5b8b16a0b57cb2efc627fcf" "/opt/rustwide/cargo-home/bin/cargo" "+1.100.0-beta.1" "test" "--frozen" "--no-run" "--message-format=json" "--release", kill_on_drop: false }`
[INFO] [stderr]    Compiling wasm-bindgen-shared v0.2.129
[INFO] [stderr]    Compiling rustversion v1.0.23
[INFO] [stderr]    Compiling bumpalo v3.20.3
[INFO] [stderr]    Compiling unicode-ident v1.0.27
[INFO] [stderr]    Compiling once_cell v1.21.4
[INFO] [stderr]    Compiling futures-core v0.3.34
[INFO] [stderr]    Compiling autocfg v1.5.1
[INFO] [stderr]    Compiling pin-project-lite v0.2.17
[INFO] [stderr]    Compiling libm v0.2.16
[INFO] [stderr]    Compiling slab v0.4.12
[INFO] [stderr]    Compiling futures-task v0.3.34
[INFO] [stderr]    Compiling async-trait v0.1.92
[INFO] [stderr]    Compiling wasm-bindgen-test-macro v0.3.79
[INFO] [stderr]    Compiling wasm-bindgen-test-shared v0.2.129
[INFO] [stderr]    Compiling oorandom v11.1.5
[INFO] [stderr]    Compiling cast v0.3.0
[INFO] [stderr]    Compiling nu-ansi-term v0.50.3
[INFO] [stderr]    Compiling futures-util v0.3.34
[INFO] [stderr]    Compiling wasm-bindgen-macro-support v0.2.129
[INFO] [stderr]    Compiling num-traits v0.2.19
[INFO] [stderr]    Compiling wasm-bindgen v0.2.129
[INFO] [stderr]    Compiling wasm-bindgen-macro v0.2.129
[INFO] [stderr]    Compiling js-sys v0.3.106
[INFO] [stderr]    Compiling wasm-bindgen-futures v0.4.79
[INFO] [stderr]    Compiling wasm-bindgen-test v0.3.79
[INFO] [stderr]    Compiling scriptit v0.4.0 (/opt/rustwide/workdir)
[INFO] [stdout] error: linking with `cc` failed: exit status: 1
[INFO] [stdout]   |
[INFO] [stdout]   = note:  "cc" "-m64" "/opt/rustwide/target/release/build/scriptit/969e9801c719ae01/out/rustca1GQMu/symbols.o" "<2 object files omitted>" "-Wl,--as-needed" "-Wl,-Bstatic" "<sysroot>/lib/rustlib/x86_64-unknown-linux-gnu/lib/{libtest-*,libgetopts-*,librustc_std_workspace_std-*}.rlib" "/opt/rustwide/target/release/build/wasm-bindgen-test/3e403297d7fc3b9a/out/libwasm_bindgen_test-3e403297d7fc3b9a.rlib" "/opt/rustwide/target/release/build/wasm-bindgen-test-shared/9fa86a67bf06ac66/out/libwasm_bindgen_test_shared-9fa86a67bf06ac66.rlib" "/opt/rustwide/target/release/build/oorandom/8ce131acba5a2cf6/out/liboorandom-8ce131acba5a2cf6.rlib" "/opt/rustwide/target/release/build/num-traits/f42c311f823d820a/out/libnum_traits-f42c311f823d820a.rlib" "/opt/rustwide/target/release/build/cast/ac7b5ac0de7e3379/out/libcast-ac7b5ac0de7e3379.rlib" "/opt/rustwide/target/release/build/nu-ansi-term/154ddc6ea7e1c983/out/libnu_ansi_term-154ddc6ea7e1c983.rlib" "/opt/rustwide/target/release/build/libm/e31d014029871662/out/liblibm-e31d014029871662.rlib" "/opt/rustwide/target/release/build/wasm-bindgen-futures/040752c09e068a97/out/libwasm_bindgen_futures-040752c09e068a97.rlib" "/opt/rustwide/target/release/build/js-sys/e2895ded81fca02b/out/libjs_sys-e2895ded81fca02b.rlib" "/opt/rustwide/target/release/build/wasm-bindgen/a60a6addc5f4e907/out/libwasm_bindgen-a60a6addc5f4e907.rlib" "/opt/rustwide/target/release/build/serde/b54dfd13a78755a1/out/libserde-b54dfd13a78755a1.rlib" "/opt/rustwide/target/release/build/once_cell/a92ce0590bdd2571/out/libonce_cell-a92ce0590bdd2571.rlib" "/opt/rustwide/target/release/build/wasm-bindgen-shared/4f4cd339e5f0c131/out/libwasm_bindgen_shared-4f4cd339e5f0c131.rlib" "/opt/rustwide/target/release/build/unicode-ident/554c8e4b6c297916/out/libunicode_ident-554c8e4b6c297916.rlib" "/opt/rustwide/target/release/build/scriptit/0aacb0cec91c6186/out/libscriptit.rlib" "/opt/rustwide/target/release/build/uuid/896d406f870e5f4b/out/libuuid-896d406f870e5f4b.rlib" "/opt/rustwide/target/release/build/getrandom/34526ace2004a4bc/out/libgetrandom-34526ace2004a4bc.rlib" "/opt/rustwide/target/release/build/cfg-if/aebc73b2fc35ea49/out/libcfg_if-aebc73b2fc35ea49.rlib" "/opt/rustwide/target/release/build/serde_json/4ca8116830130b53/out/libserde_json-4ca8116830130b53.rlib" "/opt/rustwide/target/release/build/memchr/b09fcc675b44dbcc/out/libmemchr-b09fcc675b44dbcc.rlib" "/opt/rustwide/target/release/build/itoa/1e9e3b22820c4a15/out/libitoa-1e9e3b22820c4a15.rlib" "/opt/rustwide/target/release/build/zmij/586d023c1dba25b5/out/libzmij-586d023c1dba25b5.rlib" "/opt/rustwide/target/release/build/serde_core/ade0fd06ac247b53/out/libserde_core-ade0fd06ac247b53.rlib" "/opt/rustwide/target/release/build/rusty_v8/89575c7f00dae7f7/out/librusty_v8-89575c7f00dae7f7.rlib" "/opt/rustwide/target/release/build/libc/70ef44432283a73c/out/liblibc-70ef44432283a73c.rlib" "/opt/rustwide/target/release/build/lazy_static/149e86038c126fb0/out/liblazy_static-149e86038c126fb0.rlib" "/opt/rustwide/target/release/build/bitflags/68973b8086863992/out/libbitflags-68973b8086863992.rlib" "<sysroot>/lib/rustlib/x86_64-unknown-linux-gnu/lib/{libstd-*,libpanic_unwind-*,libobject-*,libmemchr-*,libaddr2line-*,libgimli-*,libcfg_if-*,librustc_demangle-*,libstd_detect-*,libhashbrown-*,librustc_std_workspace_alloc-*,libminiz_oxide-*,libadler2-*,libunwind-*,liblibc-*,librustc_std_workspace_core-*,liballoc-*,libcore-*,libcompiler_builtins-*}.rlib" "-Wl,-Bdynamic" "-lgcc_s" "-lutil" "-lrt" "-lpthread" "-lm" "-ldl" "-lc" "-L" "/opt/rustwide/target/release/build/scriptit/969e9801c719ae01/out/rustca1GQMu/raw-dylibs" "-B<sysroot>/lib/rustlib/x86_64-unknown-linux-gnu/bin/gcc-ld" "-fuse-ld=lld" "-Wl,--eh-frame-hdr" "-Wl,-z,noexecstack" "-L" "<sysroot>/lib/rustlib/x86_64-unknown-linux-gnu/lib" "-o" "/opt/rustwide/target/release/build/scriptit/969e9801c719ae01/out/isolation-969e9801c719ae01" "-Wl,--gc-sections" "-pie" "-Wl,-z,relro,-z,now" "-Wl,-O1" "-Wl,--strip-debug" "-nodefaultlibs"
[INFO] [stdout]   = note: some arguments are omitted. use `--verbose` to show all linker arguments
[INFO] [stdout]   = note: rust-lld: error: undefined symbol: v8__Global__Reset
[INFO] [stdout]           >>> referenced by isolation.26b41dbb96ce5099-cgu.0
[INFO] [stdout]           >>>               /opt/rustwide/target/release/build/scriptit/969e9801c719ae01/out/isolation-969e9801c719ae01.isolation.26b41dbb96ce5099-cgu.0.rcgu.o:(core::ptr::drop_glue::<rusty_v8::handle::Global<rusty_v8::data::Context>>)
[INFO] [stdout]           >>> referenced by isolation.26b41dbb96ce5099-cgu.0
[INFO] [stdout]           >>>               /opt/rustwide/target/release/build/scriptit/969e9801c719ae01/out/isolation-969e9801c719ae01.isolation.26b41dbb96ce5099-cgu.0.rcgu.o:(core::ptr::drop_glue::<scriptit::platform::V8ScriptingEnvironment>)
[INFO] [stdout]           >>> referenced by isolation.26b41dbb96ce5099-cgu.0
[INFO] [stdout]           >>>               /opt/rustwide/target/release/build/scriptit/969e9801c719ae01/out/isolation-969e9801c719ae01.isolation.26b41dbb96ce5099-cgu.0.rcgu.o:(<isolation::ensure_no_console::{closure#0} as core::ops::function::FnOnce<()>>::call_once)
[INFO] [stdout]           >>> referenced 2 more times
[INFO] [stdout]           
[INFO] [stdout]           rust-lld: error: undefined symbol: v8__Context__GetIsolate
[INFO] [stdout]           >>> referenced by scriptit.8dc9a7d6869ab627-cgu.1
[INFO] [stdout]           >>>               scriptit.scriptit.8dc9a7d6869ab627-cgu.1.rcgu.o:(<scriptit::platform::V8ScriptingEnvironment>::new) in archive /opt/rustwide/target/release/build/scriptit/0aacb0cec91c6186/out/libscriptit.rlib
[INFO] [stdout]           
[INFO] [stdout]           rust-lld: error: undefined symbol: v8__Global__New
[INFO] [stdout]           >>> referenced by scriptit.8dc9a7d6869ab627-cgu.1
[INFO] [stdout]           >>>               scriptit.scriptit.8dc9a7d6869ab627-cgu.1.rcgu.o:(<scriptit::platform::V8ScriptingEnvironment>::new) in archive /opt/rustwide/target/release/build/scriptit/0aacb0cec91c6186/out/libscriptit.rlib
[INFO] [stdout]           
[INFO] [stdout]           rust-lld: error: undefined symbol: v8__FunctionTemplate__New
[INFO] [stdout]           >>> referenced by scriptit.8dc9a7d6869ab627-cgu.1
[INFO] [stdout]           >>>               scriptit.scriptit.8dc9a7d6869ab627-cgu.1.rcgu.o:(<scriptit::platform::V8ScriptingEnvironment>::new) in archive /opt/rustwide/target/release/build/scriptit/0aacb0cec91c6186/out/libscriptit.rlib
[INFO] [stdout]           
[INFO] [stdout]           rust-lld: error: undefined symbol: v8__TryCatch__Exception
[INFO] [stdout]           >>> referenced by scriptit.8dc9a7d6869ab627-cgu.1
[INFO] [stdout]           >>>               scriptit.scriptit.8dc9a7d6869ab627-cgu.1.rcgu.o:(scriptit::platform::trycatch_scope_to_scripterror) in archive /opt/rustwide/target/release/build/scriptit/0aacb0cec91c6186/out/libscriptit.rlib
[INFO] [stdout]           
[INFO] [stdout]           rust-lld: error: undefined symbol: v8__Isolate__GetCurrentContext
[INFO] [stdout]           >>> referenced by rusty_v8.e90c763f219f1ff9-cgu.0
[INFO] [stdout]           >>>               rusty_v8-89575c7f00dae7f7.rusty_v8.e90c763f219f1ff9-cgu.0.rcgu.o:(<rusty_v8::data::Value>::to_object) in archive /opt/rustwide/target/release/build/rusty_v8/89575c7f00dae7f7/out/librusty_v8-89575c7f00dae7f7.rlib
[INFO] [stdout]           >>> referenced by rusty_v8.e90c763f219f1ff9-cgu.1
[INFO] [stdout]           >>>               rusty_v8-89575c7f00dae7f7.rusty_v8.e90c763f219f1ff9-cgu.1.rcgu.o:(<rusty_v8::scope::HandleScope>::get_current_context) in archive /opt/rustwide/target/release/build/rusty_v8/89575c7f00dae7f7/out/librusty_v8-89575c7f00dae7f7.rlib
[INFO] [stdout]           >>> referenced by rusty_v8.e90c763f219f1ff9-cgu.0
[INFO] [stdout]           >>>               rusty_v8-89575c7f00dae7f7.rusty_v8.e90c763f219f1ff9-cgu.0.rcgu.o:(<rusty_v8::data::Value>::to_string) in archive /opt/rustwide/target/release/build/rusty_v8/89575c7f00dae7f7/out/librusty_v8-89575c7f00dae7f7.rlib
[INFO] [stdout]           >>> referenced 4 more times
[INFO] [stdout]           
[INFO] [stdout]           rust-lld: error: undefined symbol: v8__Value__ToObject
[INFO] [stdout]           >>> referenced by rusty_v8.e90c763f219f1ff9-cgu.0
[INFO] [stdout]           >>>               rusty_v8-89575c7f00dae7f7.rusty_v8.e90c763f219f1ff9-cgu.0.rcgu.o:(<rusty_v8::data::Value>::to_object) in archive /opt/rustwide/target/release/build/rusty_v8/89575c7f00dae7f7/out/librusty_v8-89575c7f00dae7f7.rlib
[INFO] [stdout]           
[INFO] [stdout]           rust-lld: error: undefined symbol: v8__Isolate__ThrowException
[INFO] [stdout]           >>> referenced by rusty_v8.e90c763f219f1ff9-cgu.1
[INFO] [stdout]           >>>               rusty_v8-89575c7f00dae7f7.rusty_v8.e90c763f219f1ff9-cgu.1.rcgu.o:(<rusty_v8::scope::HandleScope<()>>::throw_exception) in archive /opt/rustwide/target/release/build/rusty_v8/89575c7f00dae7f7/out/librusty_v8-89575c7f00dae7f7.rlib
[INFO] [stdout]           
[INFO] [stdout]           rust-lld: error: undefined symbol: v8__Context__Exit
[INFO] [stdout]           >>> referenced by rusty_v8.e90c763f219f1ff9-cgu.2
[INFO] [stdout]           >>>               rusty_v8-89575c7f00dae7f7.rusty_v8.e90c763f219f1ff9-cgu.2.rcgu.o:(core::ptr::drop_glue::<rusty_v8::scope::data::ScopeTypeSpecificData> (.llvm.5547349384095147876)) in archive /opt/rustwide/target/release/build/rusty_v8/89575c7f00dae7f7/out/librusty_v8-89575c7f00dae7f7.rlib
[INFO] [stdout]           >>> referenced by rusty_v8.e90c763f219f1ff9-cgu.2
[INFO] [stdout]           >>>               rusty_v8-89575c7f00dae7f7.rusty_v8.e90c763f219f1ff9-cgu.2.rcgu.o:(core::ptr::drop_glue::<rusty_v8::scope::data::ScopeTypeSpecificData> (.llvm.5547349384095147876)) in archive /opt/rustwide/target/release/build/rusty_v8/89575c7f00dae7f7/out/librusty_v8-89575c7f00dae7f7.rlib
[INFO] [stdout]           >>> referenced by rusty_v8.e90c763f219f1ff9-cgu.2
[INFO] [stdout]           >>>               rusty_v8-89575c7f00dae7f7.rusty_v8.e90c763f219f1ff9-cgu.2.rcgu.o:(core::ptr::drop_glue::<rusty_v8::scope::data::ScopeTypeSpecificData> (.llvm.5547349384095147876)) in archive /opt/rustwide/target/release/build/rusty_v8/89575c7f00dae7f7/out/librusty_v8-89575c7f00dae7f7.rlib
[INFO] [stdout]           
[INFO] [stdout]           rust-lld: error: undefined symbol: v8__HandleScope__DESTRUCT
[INFO] [stdout]           >>> referenced by rusty_v8.e90c763f219f1ff9-cgu.2
[INFO] [stdout]           >>>               rusty_v8-89575c7f00dae7f7.rusty_v8.e90c763f219f1ff9-cgu.2.rcgu.o:(core::ptr::drop_glue::<rusty_v8::scope::data::ScopeTypeSpecificData> (.llvm.5547349384095147876)) in archive /opt/rustwide/target/release/build/rusty_v8/89575c7f00dae7f7/out/librusty_v8-89575c7f00dae7f7.rlib
[INFO] [stdout]           >>> referenced by rusty_v8.e90c763f219f1ff9-cgu.2
[INFO] [stdout]           >>>               rusty_v8-89575c7f00dae7f7.rusty_v8.e90c763f219f1ff9-cgu.2.rcgu.o:(core::ptr::drop_glue::<rusty_v8::scope::data::ScopeTypeSpecificData> (.llvm.5547349384095147876)) in archive /opt/rustwide/target/release/build/rusty_v8/89575c7f00dae7f7/out/librusty_v8-89575c7f00dae7f7.rlib
[INFO] [stdout]           
[INFO] [stdout]           rust-lld: error: undefined symbol: v8__TryCatch__DESTRUCT
[INFO] [stdout]           >>> referenced by rusty_v8.e90c763f219f1ff9-cgu.2
[INFO] [stdout]           >>>               rusty_v8-89575c7f00dae7f7.rusty_v8.e90c763f219f1ff9-cgu.2.rcgu.o:(core::ptr::drop_glue::<rusty_v8::scope::data::ScopeTypeSpecificData> (.llvm.5547349384095147876)) in archive /opt/rustwide/target/release/build/rusty_v8/89575c7f00dae7f7/out/librusty_v8-89575c7f00dae7f7.rlib
[INFO] [stdout]           
[INFO] [stdout]           rust-lld: error: undefined symbol: v8__Isolate__SetData
[INFO] [stdout]           >>> referenced by rusty_v8.e90c763f219f1ff9-cgu.2
[INFO] [stdout]           >>>               rusty_v8-89575c7f00dae7f7.rusty_v8.e90c763f219f1ff9-cgu.2.rcgu.o:(<rusty_v8::scope::data::ScopeData>::try_exit_scope) in archive /opt/rustwide/target/release/build/rusty_v8/89575c7f00dae7f7/out/librusty_v8-89575c7f00dae7f7.rlib
[INFO] [stdout]           >>> referenced by rusty_v8.e90c763f219f1ff9-cgu.2
[INFO] [stdout]           >>>               rusty_v8-89575c7f00dae7f7.rusty_v8.e90c763f219f1ff9-cgu.2.rcgu.o:(<rusty_v8::scope::data::ScopeData>::new_try_catch_data) in archive /opt/rustwide/target/release/build/rusty_v8/89575c7f00dae7f7/out/librusty_v8-89575c7f00dae7f7.rlib
[INFO] [stdout]           >>> referenced by rusty_v8.e90c763f219f1ff9-cgu.2
[INFO] [stdout]           >>>               rusty_v8-89575c7f00dae7f7.rusty_v8.e90c763f219f1ff9-cgu.2.rcgu.o:(<rusty_v8::scope::data::ScopeData>::notify_scope_dropped) in archive /opt/rustwide/target/release/build/rusty_v8/89575c7f00dae7f7/out/librusty_v8-89575c7f00dae7f7.rlib
[INFO] [stdout]           >>> referenced 8 more times
[INFO] [stdout]           
[INFO] [stdout]           rust-lld: error: undefined symbol: v8__Isolate__GetData
[INFO] [stdout]           >>> referenced by rusty_v8.e90c763f219f1ff9-cgu.2
[INFO] [stdout]           >>>               rusty_v8-89575c7f00dae7f7.rusty_v8.e90c763f219f1ff9-cgu.2.rcgu.o:(<rusty_v8::scope::data::ScopeData>::get_current_mut) in archive /opt/rustwide/target/release/build/rusty_v8/89575c7f00dae7f7/out/librusty_v8-89575c7f00dae7f7.rlib
[INFO] [stdout]           >>> referenced by rusty_v8.e90c763f219f1ff9-cgu.2
[INFO] [stdout]           >>>               rusty_v8-89575c7f00dae7f7.rusty_v8.e90c763f219f1ff9-cgu.2.rcgu.o:(<rusty_v8::scope::data::ScopeData>::drop_root) in archive /opt/rustwide/target/release/build/rusty_v8/89575c7f00dae7f7/out/librusty_v8-89575c7f00dae7f7.rlib
[INFO] [stdout]           >>> referenced by rusty_v8.e90c763f219f1ff9-cgu.5
[INFO] [stdout]           >>>               rusty_v8-89575c7f00dae7f7.rusty_v8.e90c763f219f1ff9-cgu.5.rcgu.o:(<rusty_v8::isolate::Isolate>::create_annex) in archive /opt/rustwide/target/release/build/rusty_v8/89575c7f00dae7f7/out/librusty_v8-89575c7f00dae7f7.rlib
[INFO] [stdout]           >>> referenced 5 more times
[INFO] [stdout]           
[INFO] [stdout]           rust-lld: error: undefined symbol: v8__TryCatch__CONSTRUCT
[INFO] [stdout]           >>> referenced by rusty_v8.e90c763f219f1ff9-cgu.2
[INFO] [stdout]           >>>               rusty_v8-89575c7f00dae7f7.rusty_v8.e90c763f219f1ff9-cgu.2.rcgu.o:(<rusty_v8::scope::data::ScopeData>::new_try_catch_data) in archive /opt/rustwide/target/release/build/rusty_v8/89575c7f00dae7f7/out/librusty_v8-89575c7f00dae7f7.rlib
[INFO] [stdout]           
[INFO] [stdout]           rust-lld: error: undefined symbol: v8__HandleScope__CONSTRUCT
[INFO] [stdout]           >>> referenced by rusty_v8.e90c763f219f1ff9-cgu.2
[INFO] [stdout]           >>>               rusty_v8-89575c7f00dae7f7.rusty_v8.e90c763f219f1ff9-cgu.2.rcgu.o:(<rusty_v8::scope::data::ScopeData>::new_handle_scope_data) in archive /opt/rustwide/target/release/build/rusty_v8/89575c7f00dae7f7/out/librusty_v8-89575c7f00dae7f7.rlib
[INFO] [stdout]           >>> referenced by rusty_v8.e90c763f219f1ff9-cgu.2
[INFO] [stdout]           >>>               rusty_v8-89575c7f00dae7f7.rusty_v8.e90c763f219f1ff9-cgu.2.rcgu.o:(<rusty_v8::scope::data::ScopeData>::new_handle_scope_data_with_context) in archive /opt/rustwide/target/release/build/rusty_v8/89575c7f00dae7f7/out/librusty_v8-89575c7f00dae7f7.rlib
[INFO] [stdout]           
[INFO] [stdout]           rust-lld: error: undefined symbol: v8__Context__Enter
[INFO] [stdout]           >>> referenced by rusty_v8.e90c763f219f1ff9-cgu.2
[INFO] [stdout]           >>>               rusty_v8-89575c7f00dae7f7.rusty_v8.e90c763f219f1ff9-cgu.2.rcgu.o:(<rusty_v8::scope::data::ScopeData>::new_context_scope_data) in archive /opt/rustwide/target/release/build/rusty_v8/89575c7f00dae7f7/out/librusty_v8-89575c7f00dae7f7.rlib
[INFO] [stdout]           >>> referenced by rusty_v8.e90c763f219f1ff9-cgu.2
[INFO] [stdout]           >>>               rusty_v8-89575c7f00dae7f7.rusty_v8.e90c763f219f1ff9-cgu.2.rcgu.o:(<rusty_v8::scope::data::ScopeData>::new_handle_scope_data_with_context) in archive /opt/rustwide/target/release/build/rusty_v8/89575c7f00dae7f7/out/librusty_v8-89575c7f00dae7f7.rlib
[INFO] [stdout]           
[INFO] [stdout]           rust-lld: error: undefined symbol: v8__Local__New
[INFO] [stdout]           >>> referenced by rusty_v8.e90c763f219f1ff9-cgu.2
[INFO] [stdout]           >>>               rusty_v8-89575c7f00dae7f7.rusty_v8.e90c763f219f1ff9-cgu.2.rcgu.o:(<rusty_v8::scope::data::ScopeData>::new_handle_scope_data_with_context) in archive /opt/rustwide/target/release/build/rusty_v8/89575c7f00dae7f7/out/librusty_v8-89575c7f00dae7f7.rlib
[INFO] [stdout]           
[INFO] [stdout]           rust-lld: error: undefined symbol: std__shared_ptr__v8__ArrayBuffer__Allocator__get
[INFO] [stdout]           >>> referenced by rusty_v8.e90c763f219f1ff9-cgu.3
[INFO] [stdout]           >>>               rusty_v8-89575c7f00dae7f7.rusty_v8.e90c763f219f1ff9-cgu.3.rcgu.o:(<rusty_v8::isolate_create_params::CreateParams>::finalize) in archive /opt/rustwide/target/release/build/rusty_v8/89575c7f00dae7f7/out/librusty_v8-89575c7f00dae7f7.rlib
[INFO] [stdout]           
[INFO] [stdout]           rust-lld: error: undefined symbol: v8__ArrayBuffer__Allocator__NewDefaultAllocator
[INFO] [stdout]           >>> referenced by rusty_v8.e90c763f219f1ff9-cgu.3
[INFO] [stdout]           >>>               rusty_v8-89575c7f00dae7f7.rusty_v8.e90c763f219f1ff9-cgu.3.rcgu.o:(<rusty_v8::isolate_create_params::CreateParams>::finalize) in archive /opt/rustwide/target/release/build/rusty_v8/89575c7f00dae7f7/out/librusty_v8-89575c7f00dae7f7.rlib
[INFO] [stdout]           
[INFO] [stdout]           rust-lld: error: undefined symbol: std__shared_ptr__v8__ArrayBuffer__Allocator__CONVERT__std__unique_ptr
[INFO] [stdout]           >>> referenced by rusty_v8.e90c763f219f1ff9-cgu.3
[INFO] [stdout]           >>>               rusty_v8-89575c7f00dae7f7.rusty_v8.e90c763f219f1ff9-cgu.3.rcgu.o:(<rusty_v8::isolate_create_params::CreateParams>::finalize) in archive /opt/rustwide/target/release/build/rusty_v8/89575c7f00dae7f7/out/librusty_v8-89575c7f00dae7f7.rlib
[INFO] [stdout]           
[INFO] [stdout]           rust-lld: error: too many errors emitted, stopping now (use --error-limit=0 to see all errors)
[INFO] [stdout]           collect2: error: ld returned 1 exit status
[INFO] [stdout]           
[INFO] [stdout] 
[INFO] [stdout] 
[INFO] [stderr] error: could not compile `scriptit` (test "isolation") due to 1 previous error
[INFO] [stderr] warning: build failed, waiting for other jobs to finish...
[INFO] [stdout] error: linking with `cc` failed: exit status: 1
[INFO] [stdout]   |
[INFO] [stdout]   = note:  "cc" "-m64" "/opt/rustwide/target/release/build/scriptit/20424f517be197e9/out/rustcoFDmfB/symbols.o" "<2 object files omitted>" "-Wl,--as-needed" "-Wl,-Bstatic" "<sysroot>/lib/rustlib/x86_64-unknown-linux-gnu/lib/{libtest-*,libgetopts-*,librustc_std_workspace_std-*}.rlib" "/opt/rustwide/target/release/build/wasm-bindgen-test/3e403297d7fc3b9a/out/libwasm_bindgen_test-3e403297d7fc3b9a.rlib" "/opt/rustwide/target/release/build/wasm-bindgen-test-shared/9fa86a67bf06ac66/out/libwasm_bindgen_test_shared-9fa86a67bf06ac66.rlib" "/opt/rustwide/target/release/build/oorandom/8ce131acba5a2cf6/out/liboorandom-8ce131acba5a2cf6.rlib" "/opt/rustwide/target/release/build/num-traits/f42c311f823d820a/out/libnum_traits-f42c311f823d820a.rlib" "/opt/rustwide/target/release/build/cast/ac7b5ac0de7e3379/out/libcast-ac7b5ac0de7e3379.rlib" "/opt/rustwide/target/release/build/nu-ansi-term/154ddc6ea7e1c983/out/libnu_ansi_term-154ddc6ea7e1c983.rlib" "/opt/rustwide/target/release/build/libm/e31d014029871662/out/liblibm-e31d014029871662.rlib" "/opt/rustwide/target/release/build/wasm-bindgen-futures/040752c09e068a97/out/libwasm_bindgen_futures-040752c09e068a97.rlib" "/opt/rustwide/target/release/build/js-sys/e2895ded81fca02b/out/libjs_sys-e2895ded81fca02b.rlib" "/opt/rustwide/target/release/build/wasm-bindgen/a60a6addc5f4e907/out/libwasm_bindgen-a60a6addc5f4e907.rlib" "/opt/rustwide/target/release/build/serde/b54dfd13a78755a1/out/libserde-b54dfd13a78755a1.rlib" "/opt/rustwide/target/release/build/once_cell/a92ce0590bdd2571/out/libonce_cell-a92ce0590bdd2571.rlib" "/opt/rustwide/target/release/build/wasm-bindgen-shared/4f4cd339e5f0c131/out/libwasm_bindgen_shared-4f4cd339e5f0c131.rlib" "/opt/rustwide/target/release/build/unicode-ident/554c8e4b6c297916/out/libunicode_ident-554c8e4b6c297916.rlib" "/opt/rustwide/target/release/build/scriptit/0aacb0cec91c6186/out/libscriptit.rlib" "/opt/rustwide/target/release/build/uuid/896d406f870e5f4b/out/libuuid-896d406f870e5f4b.rlib" "/opt/rustwide/target/release/build/getrandom/34526ace2004a4bc/out/libgetrandom-34526ace2004a4bc.rlib" "/opt/rustwide/target/release/build/cfg-if/aebc73b2fc35ea49/out/libcfg_if-aebc73b2fc35ea49.rlib" "/opt/rustwide/target/release/build/serde_json/4ca8116830130b53/out/libserde_json-4ca8116830130b53.rlib" "/opt/rustwide/target/release/build/memchr/b09fcc675b44dbcc/out/libmemchr-b09fcc675b44dbcc.rlib" "/opt/rustwide/target/release/build/itoa/1e9e3b22820c4a15/out/libitoa-1e9e3b22820c4a15.rlib" "/opt/rustwide/target/release/build/zmij/586d023c1dba25b5/out/libzmij-586d023c1dba25b5.rlib" "/opt/rustwide/target/release/build/serde_core/ade0fd06ac247b53/out/libserde_core-ade0fd06ac247b53.rlib" "/opt/rustwide/target/release/build/rusty_v8/89575c7f00dae7f7/out/librusty_v8-89575c7f00dae7f7.rlib" "/opt/rustwide/target/release/build/libc/70ef44432283a73c/out/liblibc-70ef44432283a73c.rlib" "/opt/rustwide/target/release/build/lazy_static/149e86038c126fb0/out/liblazy_static-149e86038c126fb0.rlib" "/opt/rustwide/target/release/build/bitflags/68973b8086863992/out/libbitflags-68973b8086863992.rlib" "<sysroot>/lib/rustlib/x86_64-unknown-linux-gnu/lib/{libstd-*,libpanic_unwind-*,libobject-*,libmemchr-*,libaddr2line-*,libgimli-*,libcfg_if-*,librustc_demangle-*,libstd_detect-*,libhashbrown-*,librustc_std_workspace_alloc-*,libminiz_oxide-*,libadler2-*,libunwind-*,liblibc-*,librustc_std_workspace_core-*,liballoc-*,libcore-*,libcompiler_builtins-*}.rlib" "-Wl,-Bdynamic" "-lgcc_s" "-lutil" "-lrt" "-lpthread" "-lm" "-ldl" "-lc" "-L" "/opt/rustwide/target/release/build/scriptit/20424f517be197e9/out/rustcoFDmfB/raw-dylibs" "-B<sysroot>/lib/rustlib/x86_64-unknown-linux-gnu/bin/gcc-ld" "-fuse-ld=lld" "-Wl,--eh-frame-hdr" "-Wl,-z,noexecstack" "-L" "<sysroot>/lib/rustlib/x86_64-unknown-linux-gnu/lib" "-o" "/opt/rustwide/target/release/build/scriptit/20424f517be197e9/out/eval-20424f517be197e9" "-Wl,--gc-sections" "-pie" "-Wl,-z,relro,-z,now" "-Wl,-O1" "-Wl,--strip-debug" "-nodefaultlibs"
[INFO] [stdout]   = note: some arguments are omitted. use `--verbose` to show all linker arguments
[INFO] [stdout]   = note: rust-lld: error: undefined symbol: v8__Global__Reset
[INFO] [stdout]           >>> referenced by eval.3d7269a081a8d39c-cgu.0
[INFO] [stdout]           >>>               /opt/rustwide/target/release/build/scriptit/20424f517be197e9/out/eval-20424f517be197e9.eval.3d7269a081a8d39c-cgu.0.rcgu.o:(core::ptr::drop_glue::<rusty_v8::handle::Global<rusty_v8::data::Context>>)
[INFO] [stdout]           >>> referenced by eval.3d7269a081a8d39c-cgu.0
[INFO] [stdout]           >>>               /opt/rustwide/target/release/build/scriptit/20424f517be197e9/out/eval-20424f517be197e9.eval.3d7269a081a8d39c-cgu.0.rcgu.o:(core::ptr::drop_glue::<scriptit::platform::V8ScriptingEnvironment>)
[INFO] [stdout]           >>> referenced by eval.3d7269a081a8d39c-cgu.0
[INFO] [stdout]           >>>               /opt/rustwide/target/release/build/scriptit/20424f517be197e9/out/eval-20424f517be197e9.eval.3d7269a081a8d39c-cgu.0.rcgu.o:(<eval::get_null_value::{closure#0} as core::ops::function::FnOnce<()>>::call_once)
[INFO] [stdout]           >>> referenced 8 more times
[INFO] [stdout]           
[INFO] [stdout]           rust-lld: error: undefined symbol: v8__Context__GetIsolate
[INFO] [stdout]           >>> referenced by scriptit.8dc9a7d6869ab627-cgu.1
[INFO] [stdout]           >>>               scriptit.scriptit.8dc9a7d6869ab627-cgu.1.rcgu.o:(<scriptit::platform::V8ScriptingEnvironment>::new) in archive /opt/rustwide/target/release/build/scriptit/0aacb0cec91c6186/out/libscriptit.rlib
[INFO] [stdout]           
[INFO] [stdout]           rust-lld: error: undefined symbol: v8__Global__New
[INFO] [stdout]           >>> referenced by scriptit.8dc9a7d6869ab627-cgu.1
[INFO] [stdout]           >>>               scriptit.scriptit.8dc9a7d6869ab627-cgu.1.rcgu.o:(<scriptit::platform::V8ScriptingEnvironment>::new) in archive /opt/rustwide/target/release/build/scriptit/0aacb0cec91c6186/out/libscriptit.rlib
[INFO] [stdout]           
[INFO] [stdout]           rust-lld: error: undefined symbol: v8__FunctionTemplate__New
[INFO] [stdout]           >>> referenced by scriptit.8dc9a7d6869ab627-cgu.1
[INFO] [stdout]           >>>               scriptit.scriptit.8dc9a7d6869ab627-cgu.1.rcgu.o:(<scriptit::platform::V8ScriptingEnvironment>::new) in archive /opt/rustwide/target/release/build/scriptit/0aacb0cec91c6186/out/libscriptit.rlib
[INFO] [stdout]           
[INFO] [stdout]           rust-lld: error: undefined symbol: v8__TryCatch__Exception
[INFO] [stdout]           >>> referenced by scriptit.8dc9a7d6869ab627-cgu.1
[INFO] [stdout]           >>>               scriptit.scriptit.8dc9a7d6869ab627-cgu.1.rcgu.o:(scriptit::platform::trycatch_scope_to_scripterror) in archive /opt/rustwide/target/release/build/scriptit/0aacb0cec91c6186/out/libscriptit.rlib
[INFO] [stdout]           
[INFO] [stdout]           rust-lld: error: undefined symbol: v8__Isolate__GetCurrentContext
[INFO] [stdout]           >>> referenced by rusty_v8.e90c763f219f1ff9-cgu.0
[INFO] [stdout]           >>>               rusty_v8-89575c7f00dae7f7.rusty_v8.e90c763f219f1ff9-cgu.0.rcgu.o:(<rusty_v8::data::Value>::to_object) in archive /opt/rustwide/target/release/build/rusty_v8/89575c7f00dae7f7/out/librusty_v8-89575c7f00dae7f7.rlib
[INFO] [stdout]           >>> referenced by rusty_v8.e90c763f219f1ff9-cgu.0
[INFO] [stdout]           >>>               rusty_v8-89575c7f00dae7f7.rusty_v8.e90c763f219f1ff9-cgu.0.rcgu.o:(<rusty_v8::data::Value>::to_string) in archive /opt/rustwide/target/release/build/rusty_v8/89575c7f00dae7f7/out/librusty_v8-89575c7f00dae7f7.rlib
[INFO] [stdout]           >>> referenced by rusty_v8.e90c763f219f1ff9-cgu.0
[INFO] [stdout]           >>>               rusty_v8-89575c7f00dae7f7.rusty_v8.e90c763f219f1ff9-cgu.0.rcgu.o:(<rusty_v8::data::Object>::get) in archive /opt/rustwide/target/release/build/rusty_v8/89575c7f00dae7f7/out/librusty_v8-89575c7f00dae7f7.rlib
[INFO] [stdout]           >>> referenced 4 more times
[INFO] [stdout]           
[INFO] [stdout]           rust-lld: error: undefined symbol: v8__Context__Exit
[INFO] [stdout]           >>> referenced by rusty_v8.e90c763f219f1ff9-cgu.2
[INFO] [stdout]           >>>               rusty_v8-89575c7f00dae7f7.rusty_v8.e90c763f219f1ff9-cgu.2.rcgu.o:(core::ptr::drop_glue::<rusty_v8::scope::data::ScopeTypeSpecificData> (.llvm.5547349384095147876)) in archive /opt/rustwide/target/release/build/rusty_v8/89575c7f00dae7f7/out/librusty_v8-89575c7f00dae7f7.rlib
[INFO] [stdout]           >>> referenced by rusty_v8.e90c763f219f1ff9-cgu.2
[INFO] [stdout]           >>>               rusty_v8-89575c7f00dae7f7.rusty_v8.e90c763f219f1ff9-cgu.2.rcgu.o:(core::ptr::drop_glue::<rusty_v8::scope::data::ScopeTypeSpecificData> (.llvm.5547349384095147876)) in archive /opt/rustwide/target/release/build/rusty_v8/89575c7f00dae7f7/out/librusty_v8-89575c7f00dae7f7.rlib
[INFO] [stdout]           >>> referenced by rusty_v8.e90c763f219f1ff9-cgu.2
[INFO] [stdout]           >>>               rusty_v8-89575c7f00dae7f7.rusty_v8.e90c763f219f1ff9-cgu.2.rcgu.o:(core::ptr::drop_glue::<rusty_v8::scope::data::ScopeTypeSpecificData> (.llvm.5547349384095147876)) in archive /opt/rustwide/target/release/build/rusty_v8/89575c7f00dae7f7/out/librusty_v8-89575c7f00dae7f7.rlib
[INFO] [stdout]           
[INFO] [stdout]           rust-lld: error: undefined symbol: v8__HandleScope__DESTRUCT
[INFO] [stdout]           >>> referenced by rusty_v8.e90c763f219f1ff9-cgu.2
[INFO] [stdout]           >>>               rusty_v8-89575c7f00dae7f7.rusty_v8.e90c763f219f1ff9-cgu.2.rcgu.o:(core::ptr::drop_glue::<rusty_v8::scope::data::ScopeTypeSpecificData> (.llvm.5547349384095147876)) in archive /opt/rustwide/target/release/build/rusty_v8/89575c7f00dae7f7/out/librusty_v8-89575c7f00dae7f7.rlib
[INFO] [stdout]           >>> referenced by rusty_v8.e90c763f219f1ff9-cgu.2
[INFO] [stdout]           >>>               rusty_v8-89575c7f00dae7f7.rusty_v8.e90c763f219f1ff9-cgu.2.rcgu.o:(core::ptr::drop_glue::<rusty_v8::scope::data::ScopeTypeSpecificData> (.llvm.5547349384095147876)) in archive /opt/rustwide/target/release/build/rusty_v8/89575c7f00dae7f7/out/librusty_v8-89575c7f00dae7f7.rlib
[INFO] [stdout]           
[INFO] [stdout]           rust-lld: error: undefined symbol: v8__Value__ToObject
[INFO] [stdout]           >>> referenced by rusty_v8.e90c763f219f1ff9-cgu.0
[INFO] [stdout]           >>>               rusty_v8-89575c7f00dae7f7.rusty_v8.e90c763f219f1ff9-cgu.0.rcgu.o:(<rusty_v8::data::Value>::to_object) in archive /opt/rustwide/target/release/build/rusty_v8/89575c7f00dae7f7/out/librusty_v8-89575c7f00dae7f7.rlib
[INFO] [stdout]           
[INFO] [stdout]           rust-lld: error: undefined symbol: v8__Value__ToString
[INFO] [stdout]           >>> referenced by rusty_v8.e90c763f219f1ff9-cgu.0
[INFO] [stdout]           >>>               rusty_v8-89575c7f00dae7f7.rusty_v8.e90c763f219f1ff9-cgu.0.rcgu.o:(<rusty_v8::data::Value>::to_string) in archive /opt/rustwide/target/release/build/rusty_v8/89575c7f00dae7f7/out/librusty_v8-89575c7f00dae7f7.rlib
[INFO] [stdout]           
[INFO] [stdout]           rust-lld: error: undefined symbol: v8__Isolate__ThrowException
[INFO] [stdout]           >>> referenced by rusty_v8.e90c763f219f1ff9-cgu.1
[INFO] [stdout]           >>>               rusty_v8-89575c7f00dae7f7.rusty_v8.e90c763f219f1ff9-cgu.1.rcgu.o:(<rusty_v8::scope::HandleScope<()>>::throw_exception) in archive /opt/rustwide/target/release/build/rusty_v8/89575c7f00dae7f7/out/librusty_v8-89575c7f00dae7f7.rlib
[INFO] [stdout]           
[INFO] [stdout]           rust-lld: error: undefined symbol: v8__Object__Get
[INFO] [stdout]           >>> referenced by rusty_v8.e90c763f219f1ff9-cgu.0
[INFO] [stdout]           >>>               rusty_v8-89575c7f00dae7f7.rusty_v8.e90c763f219f1ff9-cgu.0.rcgu.o:(<rusty_v8::data::Object>::get) in archive /opt/rustwide/target/release/build/rusty_v8/89575c7f00dae7f7/out/librusty_v8-89575c7f00dae7f7.rlib
[INFO] [stdout]           
[INFO] [stdout]           rust-lld: error: undefined symbol: v8__Object__Set
[INFO] [stdout]           >>> referenced by rusty_v8.e90c763f219f1ff9-cgu.0
[INFO] [stdout]           >>>               rusty_v8-89575c7f00dae7f7.rusty_v8.e90c763f219f1ff9-cgu.0.rcgu.o:(<rusty_v8::data::Object>::set) in archive /opt/rustwide/target/release/build/rusty_v8/89575c7f00dae7f7/out/librusty_v8-89575c7f00dae7f7.rlib
[INFO] [stdout]           
[INFO] [stdout]           rust-lld: error: undefined symbol: v8__Script__Run
[INFO] [stdout]           >>> referenced by rusty_v8.e90c763f219f1ff9-cgu.0
[INFO] [stdout]           >>>               rusty_v8-89575c7f00dae7f7.rusty_v8.e90c763f219f1ff9-cgu.0.rcgu.o:(<rusty_v8::data::Script>::run) in archive /opt/rustwide/target/release/build/rusty_v8/89575c7f00dae7f7/out/librusty_v8-89575c7f00dae7f7.rlib
[INFO] [stdout]           
[INFO] [stdout]           rust-lld: error: undefined symbol: v8__Script__Compile
[INFO] [stdout]           >>> referenced by rusty_v8.e90c763f219f1ff9-cgu.0
[INFO] [stdout]           >>>               rusty_v8-89575c7f00dae7f7.rusty_v8.e90c763f219f1ff9-cgu.0.rcgu.o:(<rusty_v8::data::Script>::compile) in archive /opt/rustwide/target/release/build/rusty_v8/89575c7f00dae7f7/out/librusty_v8-89575c7f00dae7f7.rlib
[INFO] [stdout]           
[INFO] [stdout]           rust-lld: error: undefined symbol: v8__Context__New
[INFO] [stdout]           >>> referenced by rusty_v8.e90c763f219f1ff9-cgu.0
[INFO] [stdout]           >>>               rusty_v8-89575c7f00dae7f7.rusty_v8.e90c763f219f1ff9-cgu.0.rcgu.o:(<rusty_v8::data::Context>::new) in archive /opt/rustwide/target/release/build/rusty_v8/89575c7f00dae7f7/out/librusty_v8-89575c7f00dae7f7.rlib
[INFO] [stdout]           
[INFO] [stdout]           rust-lld: error: undefined symbol: v8__Context__Global
[INFO] [stdout]           >>> referenced by rusty_v8.e90c763f219f1ff9-cgu.0
[INFO] [stdout]           >>>               rusty_v8-89575c7f00dae7f7.rusty_v8.e90c763f219f1ff9-cgu.0.rcgu.o:(<rusty_v8::data::Context>::global) in archive /opt/rustwide/target/release/build/rusty_v8/89575c7f00dae7f7/out/librusty_v8-89575c7f00dae7f7.rlib
[INFO] [stdout]           
[INFO] [stdout]           rust-lld: error: undefined symbol: v8__Message__Get
[INFO] [stdout]           >>> referenced by rusty_v8.e90c763f219f1ff9-cgu.0
[INFO] [stdout]           >>>               rusty_v8-89575c7f00dae7f7.rusty_v8.e90c763f219f1ff9-cgu.0.rcgu.o:(<rusty_v8::data::Message>::get) in archive /opt/rustwide/target/release/build/rusty_v8/89575c7f00dae7f7/out/librusty_v8-89575c7f00dae7f7.rlib
[INFO] [stdout]           
[INFO] [stdout]           rust-lld: error: undefined symbol: v8__String__Utf8Length
[INFO] [stdout]           >>> referenced by rusty_v8.e90c763f219f1ff9-cgu.0
[INFO] [stdout]           >>>               rusty_v8-89575c7f00dae7f7.rusty_v8.e90c763f219f1ff9-cgu.0.rcgu.o:(<rusty_v8::data::String>::to_rust_string_lossy) in archive /opt/rustwide/target/release/build/rusty_v8/89575c7f00dae7f7/out/librusty_v8-89575c7f00dae7f7.rlib
[INFO] [stdout]           
[INFO] [stdout]           rust-lld: error: undefined symbol: v8__String__WriteUtf8
[INFO] [stdout]           >>> referenced by rusty_v8.e90c763f219f1ff9-cgu.0
[INFO] [stdout]           >>>               rusty_v8-89575c7f00dae7f7.rusty_v8.e90c763f219f1ff9-cgu.0.rcgu.o:(<rusty_v8::data::String>::to_rust_string_lossy) in archive /opt/rustwide/target/release/build/rusty_v8/89575c7f00dae7f7/out/librusty_v8-89575c7f00dae7f7.rlib
[INFO] [stdout]           
[INFO] [stdout]           rust-lld: error: too many errors emitted, stopping now (use --error-limit=0 to see all errors)
[INFO] [stdout]           collect2: error: ld returned 1 exit status
[INFO] [stdout]           
[INFO] [stdout] 
[INFO] [stdout] 
[INFO] [stderr] error: could not compile `scriptit` (test "eval") due to 1 previous error
[INFO] [stdout] error: linking with `cc` failed: exit status: 1
[INFO] [stdout]   |
[INFO] [stdout]   = note:  "cc" "-m64" "/opt/rustwide/target/release/build/scriptit/8b4255378e20ed70/out/rustcEyDpJx/symbols.o" "<4 object files omitted>" "-Wl,--as-needed" "-Wl,-Bstatic" "<sysroot>/lib/rustlib/x86_64-unknown-linux-gnu/lib/{libtest-*,libgetopts-*,librustc_std_workspace_std-*}.rlib" "/opt/rustwide/target/release/build/wasm-bindgen-test/3e403297d7fc3b9a/out/libwasm_bindgen_test-3e403297d7fc3b9a.rlib" "/opt/rustwide/target/release/build/wasm-bindgen-test-shared/9fa86a67bf06ac66/out/libwasm_bindgen_test_shared-9fa86a67bf06ac66.rlib" "/opt/rustwide/target/release/build/oorandom/8ce131acba5a2cf6/out/liboorandom-8ce131acba5a2cf6.rlib" "/opt/rustwide/target/release/build/num-traits/f42c311f823d820a/out/libnum_traits-f42c311f823d820a.rlib" "/opt/rustwide/target/release/build/cast/ac7b5ac0de7e3379/out/libcast-ac7b5ac0de7e3379.rlib" "/opt/rustwide/target/release/build/nu-ansi-term/154ddc6ea7e1c983/out/libnu_ansi_term-154ddc6ea7e1c983.rlib" "/opt/rustwide/target/release/build/libm/e31d014029871662/out/liblibm-e31d014029871662.rlib" "/opt/rustwide/target/release/build/wasm-bindgen-futures/040752c09e068a97/out/libwasm_bindgen_futures-040752c09e068a97.rlib" "/opt/rustwide/target/release/build/js-sys/e2895ded81fca02b/out/libjs_sys-e2895ded81fca02b.rlib" "/opt/rustwide/target/release/build/wasm-bindgen/a60a6addc5f4e907/out/libwasm_bindgen-a60a6addc5f4e907.rlib" "/opt/rustwide/target/release/build/serde/b54dfd13a78755a1/out/libserde-b54dfd13a78755a1.rlib" "/opt/rustwide/target/release/build/once_cell/a92ce0590bdd2571/out/libonce_cell-a92ce0590bdd2571.rlib" "/opt/rustwide/target/release/build/wasm-bindgen-shared/4f4cd339e5f0c131/out/libwasm_bindgen_shared-4f4cd339e5f0c131.rlib" "/opt/rustwide/target/release/build/unicode-ident/554c8e4b6c297916/out/libunicode_ident-554c8e4b6c297916.rlib" "/opt/rustwide/target/release/build/scriptit/0aacb0cec91c6186/out/libscriptit.rlib" "/opt/rustwide/target/release/build/uuid/896d406f870e5f4b/out/libuuid-896d406f870e5f4b.rlib" "/opt/rustwide/target/release/build/getrandom/34526ace2004a4bc/out/libgetrandom-34526ace2004a4bc.rlib" "/opt/rustwide/target/release/build/cfg-if/aebc73b2fc35ea49/out/libcfg_if-aebc73b2fc35ea49.rlib" "/opt/rustwide/target/release/build/serde_json/4ca8116830130b53/out/libserde_json-4ca8116830130b53.rlib" "/opt/rustwide/target/release/build/memchr/b09fcc675b44dbcc/out/libmemchr-b09fcc675b44dbcc.rlib" "/opt/rustwide/target/release/build/itoa/1e9e3b22820c4a15/out/libitoa-1e9e3b22820c4a15.rlib" "/opt/rustwide/target/release/build/zmij/586d023c1dba25b5/out/libzmij-586d023c1dba25b5.rlib" "/opt/rustwide/target/release/build/serde_core/ade0fd06ac247b53/out/libserde_core-ade0fd06ac247b53.rlib" "/opt/rustwide/target/release/build/rusty_v8/89575c7f00dae7f7/out/librusty_v8-89575c7f00dae7f7.rlib" "/opt/rustwide/target/release/build/libc/70ef44432283a73c/out/liblibc-70ef44432283a73c.rlib" "/opt/rustwide/target/release/build/lazy_static/149e86038c126fb0/out/liblazy_static-149e86038c126fb0.rlib" "/opt/rustwide/target/release/build/bitflags/68973b8086863992/out/libbitflags-68973b8086863992.rlib" "<sysroot>/lib/rustlib/x86_64-unknown-linux-gnu/lib/{libstd-*,libpanic_unwind-*,libobject-*,libmemchr-*,libaddr2line-*,libgimli-*,libcfg_if-*,librustc_demangle-*,libstd_detect-*,libhashbrown-*,librustc_std_workspace_alloc-*,libminiz_oxide-*,libadler2-*,libunwind-*,liblibc-*,librustc_std_workspace_core-*,liballoc-*,libcore-*,libcompiler_builtins-*}.rlib" "-Wl,-Bdynamic" "-lgcc_s" "-lutil" "-lrt" "-lpthread" "-lm" "-ldl" "-lc" "-L" "/opt/rustwide/target/release/build/scriptit/8b4255378e20ed70/out/rustcEyDpJx/raw-dylibs" "-B<sysroot>/lib/rustlib/x86_64-unknown-linux-gnu/bin/gcc-ld" "-fuse-ld=lld" "-Wl,--eh-frame-hdr" "-Wl,-z,noexecstack" "-L" "<sysroot>/lib/rustlib/x86_64-unknown-linux-gnu/lib" "-o" "/opt/rustwide/target/release/build/scriptit/8b4255378e20ed70/out/func_call-8b4255378e20ed70" "-Wl,--gc-sections" "-pie" "-Wl,-z,relro,-z,now" "-Wl,-O1" "-Wl,--strip-debug" "-nodefaultlibs"
[INFO] [stdout]   = note: some arguments are omitted. use `--verbose` to show all linker arguments
[INFO] [stdout]   = note: rust-lld: error: undefined symbol: v8__Global__Reset
[INFO] [stdout]           >>> referenced by func_call.9b96678075037796-cgu.0
[INFO] [stdout]           >>>               /opt/rustwide/target/release/build/scriptit/8b4255378e20ed70/out/func_call-8b4255378e20ed70.func_call.9b96678075037796-cgu.0.rcgu.o:(core::ptr::drop_glue::<rusty_v8::handle::Global<rusty_v8::data::Context>>)
[INFO] [stdout]           >>> referenced by func_call.9b96678075037796-cgu.0
[INFO] [stdout]           >>>               /opt/rustwide/target/release/build/scriptit/8b4255378e20ed70/out/func_call-8b4255378e20ed70.func_call.9b96678075037796-cgu.0.rcgu.o:(core::ptr::drop_glue::<scriptit::platform::V8ScriptingEnvironment>)
[INFO] [stdout]           >>> referenced by func_call.9b96678075037796-cgu.0
[INFO] [stdout]           >>>               /opt/rustwide/target/release/build/scriptit/8b4255378e20ed70/out/func_call-8b4255378e20ed70.func_call.9b96678075037796-cgu.0.rcgu.o:(<func_call::register_count_handler::{closure#0} as core::ops::function::FnOnce<()>>::call_once)
[INFO] [stdout]           >>> referenced 2 more times
[INFO] [stdout]           
[INFO] [stdout]           rust-lld: error: undefined symbol: v8__Context__GetIsolate
[INFO] [stdout]           >>> referenced by scriptit.8dc9a7d6869ab627-cgu.1
[INFO] [stdout]           >>>               scriptit.scriptit.8dc9a7d6869ab627-cgu.1.rcgu.o:(<scriptit::platform::V8ScriptingEnvironment>::new) in archive /opt/rustwide/target/release/build/scriptit/0aacb0cec91c6186/out/libscriptit.rlib
[INFO] [stdout]           
[INFO] [stdout]           rust-lld: error: undefined symbol: v8__Global__New
[INFO] [stdout]           >>> referenced by scriptit.8dc9a7d6869ab627-cgu.1
[INFO] [stdout]           >>>               scriptit.scriptit.8dc9a7d6869ab627-cgu.1.rcgu.o:(<scriptit::platform::V8ScriptingEnvironment>::new) in archive /opt/rustwide/target/release/build/scriptit/0aacb0cec91c6186/out/libscriptit.rlib
[INFO] [stdout]           
[INFO] [stdout]           rust-lld: error: undefined symbol: v8__FunctionTemplate__New
[INFO] [stdout]           >>> referenced by scriptit.8dc9a7d6869ab627-cgu.1
[INFO] [stdout]           >>>               scriptit.scriptit.8dc9a7d6869ab627-cgu.1.rcgu.o:(<scriptit::platform::V8ScriptingEnvironment>::new) in archive /opt/rustwide/target/release/build/scriptit/0aacb0cec91c6186/out/libscriptit.rlib
[INFO] [stdout]           
[INFO] [stdout]           rust-lld: error: undefined symbol: v8__TryCatch__Exception
[INFO] [stdout]           >>> referenced by scriptit.8dc9a7d6869ab627-cgu.1
[INFO] [stdout]           >>>               scriptit.scriptit.8dc9a7d6869ab627-cgu.1.rcgu.o:(scriptit::platform::trycatch_scope_to_scripterror) in archive /opt/rustwide/target/release/build/scriptit/0aacb0cec91c6186/out/libscriptit.rlib
[INFO] [stdout]           
[INFO] [stdout]           rust-lld: error: undefined symbol: v8__Isolate__GetCurrentContext
[INFO] [stdout]           >>> referenced by rusty_v8.e90c763f219f1ff9-cgu.0
[INFO] [stdout]           >>>               rusty_v8-89575c7f00dae7f7.rusty_v8.e90c763f219f1ff9-cgu.0.rcgu.o:(<rusty_v8::data::Value>::to_object) in archive /opt/rustwide/target/release/build/rusty_v8/89575c7f00dae7f7/out/librusty_v8-89575c7f00dae7f7.rlib
[INFO] [stdout]           >>> referenced by rusty_v8.e90c763f219f1ff9-cgu.0
[INFO] [stdout]           >>>               rusty_v8-89575c7f00dae7f7.rusty_v8.e90c763f219f1ff9-cgu.0.rcgu.o:(<rusty_v8::data::Value>::to_string) in archive /opt/rustwide/target/release/build/rusty_v8/89575c7f00dae7f7/out/librusty_v8-89575c7f00dae7f7.rlib
[INFO] [stdout]           >>> referenced by rusty_v8.e90c763f219f1ff9-cgu.0
[INFO] [stdout]           >>>               rusty_v8-89575c7f00dae7f7.rusty_v8.e90c763f219f1ff9-cgu.0.rcgu.o:(<rusty_v8::data::Object>::get) in archive /opt/rustwide/target/release/build/rusty_v8/89575c7f00dae7f7/out/librusty_v8-89575c7f00dae7f7.rlib
[INFO] [stdout]           >>> referenced 4 more times
[INFO] [stdout]           
[INFO] [stdout]           rust-lld: error: undefined symbol: v8__Value__ToObject
[INFO] [stdout]           >>> referenced by rusty_v8.e90c763f219f1ff9-cgu.0
[INFO] [stdout]           >>>               rusty_v8-89575c7f00dae7f7.rusty_v8.e90c763f219f1ff9-cgu.0.rcgu.o:(<rusty_v8::data::Value>::to_object) in archive /opt/rustwide/target/release/build/rusty_v8/89575c7f00dae7f7/out/librusty_v8-89575c7f00dae7f7.rlib
[INFO] [stdout]           
[INFO] [stdout]           rust-lld: error: undefined symbol: v8__Value__ToString
[INFO] [stdout]           >>> referenced by rusty_v8.e90c763f219f1ff9-cgu.0
[INFO] [stdout]           >>>               rusty_v8-89575c7f00dae7f7.rusty_v8.e90c763f219f1ff9-cgu.0.rcgu.o:(<rusty_v8::data::Value>::to_string) in archive /opt/rustwide/target/release/build/rusty_v8/89575c7f00dae7f7/out/librusty_v8-89575c7f00dae7f7.rlib
[INFO] [stdout]           
[INFO] [stdout]           rust-lld: error: undefined symbol: v8__Object__Get
[INFO] [stdout]           >>> referenced by rusty_v8.e90c763f219f1ff9-cgu.0
[INFO] [stdout]           >>>               rusty_v8-89575c7f00dae7f7.rusty_v8.e90c763f219f1ff9-cgu.0.rcgu.o:(<rusty_v8::data::Object>::get) in archive /opt/rustwide/target/release/build/rusty_v8/89575c7f00dae7f7/out/librusty_v8-89575c7f00dae7f7.rlib
[INFO] [stdout]           
[INFO] [stdout]           rust-lld: error: undefined symbol: v8__Object__Set
[INFO] [stdout]           >>> referenced by rusty_v8.e90c763f219f1ff9-cgu.0
[INFO] [stdout]           >>>               rusty_v8-89575c7f00dae7f7.rusty_v8.e90c763f219f1ff9-cgu.0.rcgu.o:(<rusty_v8::data::Object>::set) in archive /opt/rustwide/target/release/build/rusty_v8/89575c7f00dae7f7/out/librusty_v8-89575c7f00dae7f7.rlib
[INFO] [stdout]           
[INFO] [stdout]           rust-lld: error: undefined symbol: v8__Script__Run
[INFO] [stdout]           >>> referenced by rusty_v8.e90c763f219f1ff9-cgu.0
[INFO] [stdout]           >>>               rusty_v8-89575c7f00dae7f7.rusty_v8.e90c763f219f1ff9-cgu.0.rcgu.o:(<rusty_v8::data::Script>::run) in archive /opt/rustwide/target/release/build/rusty_v8/89575c7f00dae7f7/out/librusty_v8-89575c7f00dae7f7.rlib
[INFO] [stdout]           
[INFO] [stdout]           rust-lld: error: undefined symbol: v8__Script__Compile
[INFO] [stdout]           >>> referenced by rusty_v8.e90c763f219f1ff9-cgu.0
[INFO] [stdout]           >>>               rusty_v8-89575c7f00dae7f7.rusty_v8.e90c763f219f1ff9-cgu.0.rcgu.o:(<rusty_v8::data::Script>::compile) in archive /opt/rustwide/target/release/build/rusty_v8/89575c7f00dae7f7/out/librusty_v8-89575c7f00dae7f7.rlib
[INFO] [stdout]           
[INFO] [stdout]           rust-lld: error: undefined symbol: v8__Context__New
[INFO] [stdout]           >>> referenced by rusty_v8.e90c763f219f1ff9-cgu.0
[INFO] [stdout]           >>>               rusty_v8-89575c7f00dae7f7.rusty_v8.e90c763f219f1ff9-cgu.0.rcgu.o:(<rusty_v8::data::Context>::new) in archive /opt/rustwide/target/release/build/rusty_v8/89575c7f00dae7f7/out/librusty_v8-89575c7f00dae7f7.rlib
[INFO] [stdout]           
[INFO] [stdout]           rust-lld: error: undefined symbol: v8__Context__Global
[INFO] [stdout]           >>> referenced by rusty_v8.e90c763f219f1ff9-cgu.0
[INFO] [stdout]           >>>               rusty_v8-89575c7f00dae7f7.rusty_v8.e90c763f219f1ff9-cgu.0.rcgu.o:(<rusty_v8::data::Context>::global) in archive /opt/rustwide/target/release/build/rusty_v8/89575c7f00dae7f7/out/librusty_v8-89575c7f00dae7f7.rlib
[INFO] [stdout]           
[INFO] [stdout]           rust-lld: error: undefined symbol: v8__Message__Get
[INFO] [stdout]           >>> referenced by rusty_v8.e90c763f219f1ff9-cgu.0
[INFO] [stdout]           >>>               rusty_v8-89575c7f00dae7f7.rusty_v8.e90c763f219f1ff9-cgu.0.rcgu.o:(<rusty_v8::data::Message>::get) in archive /opt/rustwide/target/release/build/rusty_v8/89575c7f00dae7f7/out/librusty_v8-89575c7f00dae7f7.rlib
[INFO] [stdout]           
[INFO] [stdout]           rust-lld: error: undefined symbol: v8__String__Utf8Length
[INFO] [stdout]           >>> referenced by rusty_v8.e90c763f219f1ff9-cgu.0
[INFO] [stdout]           >>>               rusty_v8-89575c7f00dae7f7.rusty_v8.e90c763f219f1ff9-cgu.0.rcgu.o:(<rusty_v8::data::String>::to_rust_string_lossy) in archive /opt/rustwide/target/release/build/rusty_v8/89575c7f00dae7f7/out/librusty_v8-89575c7f00dae7f7.rlib
[INFO] [stdout]           
[INFO] [stdout]           rust-lld: error: undefined symbol: v8__String__WriteUtf8
[INFO] [stdout]           >>> referenced by rusty_v8.e90c763f219f1ff9-cgu.0
[INFO] [stdout]           >>>               rusty_v8-89575c7f00dae7f7.rusty_v8.e90c763f219f1ff9-cgu.0.rcgu.o:(<rusty_v8::data::String>::to_rust_string_lossy) in archive /opt/rustwide/target/release/build/rusty_v8/89575c7f00dae7f7/out/librusty_v8-89575c7f00dae7f7.rlib
[INFO] [stdout]           
[INFO] [stdout]           rust-lld: error: undefined symbol: v8__String__Empty
[INFO] [stdout]           >>> referenced by rusty_v8.e90c763f219f1ff9-cgu.0
[INFO] [stdout]           >>>               rusty_v8-89575c7f00dae7f7.rusty_v8.e90c763f219f1ff9-cgu.0.rcgu.o:(<rusty_v8::data::String>::new) in archive /opt/rustwide/target/release/build/rusty_v8/89575c7f00dae7f7/out/librusty_v8-89575c7f00dae7f7.rlib
[INFO] [stdout]           
[INFO] [stdout]           rust-lld: error: undefined symbol: v8__String__NewFromUtf8
[INFO] [stdout]           >>> referenced by rusty_v8.e90c763f219f1ff9-cgu.0
[INFO] [stdout]           >>>               rusty_v8-89575c7f00dae7f7.rusty_v8.e90c763f219f1ff9-cgu.0.rcgu.o:(<rusty_v8::data::String>::new) in archive /opt/rustwide/target/release/build/rusty_v8/89575c7f00dae7f7/out/librusty_v8-89575c7f00dae7f7.rlib
[INFO] [stdout]           
[INFO] [stdout]           rust-lld: error: undefined symbol: v8__FunctionTemplate__GetFunction
[INFO] [stdout]           >>> referenced by rusty_v8.e90c763f219f1ff9-cgu.0
[INFO] [stdout]           >>>               rusty_v8-89575c7f00dae7f7.rusty_v8.e90c763f219f1ff9-cgu.0.rcgu.o:(<rusty_v8::data::FunctionTemplate>::get_function) in archive /opt/rustwide/target/release/build/rusty_v8/89575c7f00dae7f7/out/librusty_v8-89575c7f00dae7f7.rlib
[INFO] [stdout]           
[INFO] [stdout]           rust-lld: error: too many errors emitted, stopping now (use --error-limit=0 to see all errors)
[INFO] [stdout]           collect2: error: ld returned 1 exit status
[INFO] [stdout]           
[INFO] [stdout] 
[INFO] [stdout] 
[INFO] [stderr] error: could not compile `scriptit` (test "func_call") due to 1 previous error
[INFO] [stdout] error: linking with `cc` failed: exit status: 1
[INFO] [stdout]   |
[INFO] [stdout]   = note:  "cc" "-m64" "/opt/rustwide/target/release/build/scriptit/acb0b7864e6b18c0/out/rustc1hALAL/symbols.o" "<2 object files omitted>" "-Wl,--as-needed" "-Wl,-Bstatic" "<sysroot>/lib/rustlib/x86_64-unknown-linux-gnu/lib/{libtest-*,libgetopts-*,librustc_std_workspace_std-*}.rlib" "/opt/rustwide/target/release/build/wasm-bindgen-test/3e403297d7fc3b9a/out/libwasm_bindgen_test-3e403297d7fc3b9a.rlib" "/opt/rustwide/target/release/build/wasm-bindgen-test-shared/9fa86a67bf06ac66/out/libwasm_bindgen_test_shared-9fa86a67bf06ac66.rlib" "/opt/rustwide/target/release/build/oorandom/8ce131acba5a2cf6/out/liboorandom-8ce131acba5a2cf6.rlib" "/opt/rustwide/target/release/build/num-traits/f42c311f823d820a/out/libnum_traits-f42c311f823d820a.rlib" "/opt/rustwide/target/release/build/cast/ac7b5ac0de7e3379/out/libcast-ac7b5ac0de7e3379.rlib" "/opt/rustwide/target/release/build/nu-ansi-term/154ddc6ea7e1c983/out/libnu_ansi_term-154ddc6ea7e1c983.rlib" "/opt/rustwide/target/release/build/libm/e31d014029871662/out/liblibm-e31d014029871662.rlib" "/opt/rustwide/target/release/build/wasm-bindgen-futures/040752c09e068a97/out/libwasm_bindgen_futures-040752c09e068a97.rlib" "/opt/rustwide/target/release/build/js-sys/e2895ded81fca02b/out/libjs_sys-e2895ded81fca02b.rlib" "/opt/rustwide/target/release/build/wasm-bindgen/a60a6addc5f4e907/out/libwasm_bindgen-a60a6addc5f4e907.rlib" "/opt/rustwide/target/release/build/serde/b54dfd13a78755a1/out/libserde-b54dfd13a78755a1.rlib" "/opt/rustwide/target/release/build/once_cell/a92ce0590bdd2571/out/libonce_cell-a92ce0590bdd2571.rlib" "/opt/rustwide/target/release/build/wasm-bindgen-shared/4f4cd339e5f0c131/out/libwasm_bindgen_shared-4f4cd339e5f0c131.rlib" "/opt/rustwide/target/release/build/unicode-ident/554c8e4b6c297916/out/libunicode_ident-554c8e4b6c297916.rlib" "/opt/rustwide/target/release/build/scriptit/0aacb0cec91c6186/out/libscriptit.rlib" "/opt/rustwide/target/release/build/uuid/896d406f870e5f4b/out/libuuid-896d406f870e5f4b.rlib" "/opt/rustwide/target/release/build/getrandom/34526ace2004a4bc/out/libgetrandom-34526ace2004a4bc.rlib" "/opt/rustwide/target/release/build/cfg-if/aebc73b2fc35ea49/out/libcfg_if-aebc73b2fc35ea49.rlib" "/opt/rustwide/target/release/build/serde_json/4ca8116830130b53/out/libserde_json-4ca8116830130b53.rlib" "/opt/rustwide/target/release/build/memchr/b09fcc675b44dbcc/out/libmemchr-b09fcc675b44dbcc.rlib" "/opt/rustwide/target/release/build/itoa/1e9e3b22820c4a15/out/libitoa-1e9e3b22820c4a15.rlib" "/opt/rustwide/target/release/build/zmij/586d023c1dba25b5/out/libzmij-586d023c1dba25b5.rlib" "/opt/rustwide/target/release/build/serde_core/ade0fd06ac247b53/out/libserde_core-ade0fd06ac247b53.rlib" "/opt/rustwide/target/release/build/rusty_v8/89575c7f00dae7f7/out/librusty_v8-89575c7f00dae7f7.rlib" "/opt/rustwide/target/release/build/libc/70ef44432283a73c/out/liblibc-70ef44432283a73c.rlib" "/opt/rustwide/target/release/build/lazy_static/149e86038c126fb0/out/liblazy_static-149e86038c126fb0.rlib" "/opt/rustwide/target/release/build/bitflags/68973b8086863992/out/libbitflags-68973b8086863992.rlib" "<sysroot>/lib/rustlib/x86_64-unknown-linux-gnu/lib/{libstd-*,libpanic_unwind-*,libobject-*,libmemchr-*,libaddr2line-*,libgimli-*,libcfg_if-*,librustc_demangle-*,libstd_detect-*,libhashbrown-*,librustc_std_workspace_alloc-*,libminiz_oxide-*,libadler2-*,libunwind-*,liblibc-*,librustc_std_workspace_core-*,liballoc-*,libcore-*,libcompiler_builtins-*}.rlib" "-Wl,-Bdynamic" "-lgcc_s" "-lutil" "-lrt" "-lpthread" "-lm" "-ldl" "-lc" "-L" "/opt/rustwide/target/release/build/scriptit/acb0b7864e6b18c0/out/rustc1hALAL/raw-dylibs" "-B<sysroot>/lib/rustlib/x86_64-unknown-linux-gnu/bin/gcc-ld" "-fuse-ld=lld" "-Wl,--eh-frame-hdr" "-Wl,-z,noexecstack" "-L" "<sysroot>/lib/rustlib/x86_64-unknown-linux-gnu/lib" "-o" "/opt/rustwide/target/release/build/scriptit/acb0b7864e6b18c0/out/core_call-acb0b7864e6b18c0" "-Wl,--gc-sections" "-pie" "-Wl,-z,relro,-z,now" "-Wl,-O1" "-Wl,--strip-debug" "-nodefaultlibs"
[INFO] [stdout]   = note: some arguments are omitted. use `--verbose` to show all linker arguments
[INFO] [stdout]   = note: rust-lld: error: undefined symbol: v8__Global__Reset
[INFO] [stdout]           >>> referenced by core_call.97bad273d8aab945-cgu.0
[INFO] [stdout]           >>>               /opt/rustwide/target/release/build/scriptit/acb0b7864e6b18c0/out/core_call-acb0b7864e6b18c0.core_call.97bad273d8aab945-cgu.0.rcgu.o:(core::ptr::drop_glue::<rusty_v8::handle::Global<rusty_v8::data::Context>>)
[INFO] [stdout]           >>> referenced by core_call.97bad273d8aab945-cgu.0
[INFO] [stdout]           >>>               /opt/rustwide/target/release/build/scriptit/acb0b7864e6b18c0/out/core_call-acb0b7864e6b18c0.core_call.97bad273d8aab945-cgu.0.rcgu.o:(core::ptr::drop_glue::<scriptit::platform::V8ScriptingEnvironment>)
[INFO] [stdout]           >>> referenced by core_call.97bad273d8aab945-cgu.0
[INFO] [stdout]           >>>               /opt/rustwide/target/release/build/scriptit/acb0b7864e6b18c0/out/core_call-acb0b7864e6b18c0.core_call.97bad273d8aab945-cgu.0.rcgu.o:(<core_call::register_count_handler::{closure#0} as core::ops::function::FnOnce<()>>::call_once)
[INFO] [stdout]           >>> referenced 3 more times
[INFO] [stdout]           
[INFO] [stdout]           rust-lld: error: undefined symbol: v8__Context__GetIsolate
[INFO] [stdout]           >>> referenced by scriptit.8dc9a7d6869ab627-cgu.1
[INFO] [stdout]           >>>               scriptit.scriptit.8dc9a7d6869ab627-cgu.1.rcgu.o:(<scriptit::platform::V8ScriptingEnvironment>::new) in archive /opt/rustwide/target/release/build/scriptit/0aacb0cec91c6186/out/libscriptit.rlib
[INFO] [stdout]           
[INFO] [stdout]           rust-lld: error: undefined symbol: v8__Global__New
[INFO] [stdout]           >>> referenced by scriptit.8dc9a7d6869ab627-cgu.1
[INFO] [stdout]           >>>               scriptit.scriptit.8dc9a7d6869ab627-cgu.1.rcgu.o:(<scriptit::platform::V8ScriptingEnvironment>::new) in archive /opt/rustwide/target/release/build/scriptit/0aacb0cec91c6186/out/libscriptit.rlib
[INFO] [stdout]           
[INFO] [stdout]           rust-lld: error: undefined symbol: v8__FunctionTemplate__New
[INFO] [stdout]           >>> referenced by scriptit.8dc9a7d6869ab627-cgu.1
[INFO] [stdout]           >>>               scriptit.scriptit.8dc9a7d6869ab627-cgu.1.rcgu.o:(<scriptit::platform::V8ScriptingEnvironment>::new) in archive /opt/rustwide/target/release/build/scriptit/0aacb0cec91c6186/out/libscriptit.rlib
[INFO] [stdout]           
[INFO] [stdout]           rust-lld: error: undefined symbol: v8__TryCatch__Exception
[INFO] [stdout]           >>> referenced by scriptit.8dc9a7d6869ab627-cgu.1
[INFO] [stdout]           >>>               scriptit.scriptit.8dc9a7d6869ab627-cgu.1.rcgu.o:(scriptit::platform::trycatch_scope_to_scripterror) in archive /opt/rustwide/target/release/build/scriptit/0aacb0cec91c6186/out/libscriptit.rlib
[INFO] [stdout]           
[INFO] [stdout]           rust-lld: error: undefined symbol: v8__Isolate__GetCurrentContext
[INFO] [stdout]           >>> referenced by rusty_v8.e90c763f219f1ff9-cgu.0
[INFO] [stdout]           >>>               rusty_v8-89575c7f00dae7f7.rusty_v8.e90c763f219f1ff9-cgu.0.rcgu.o:(<rusty_v8::data::Value>::to_object) in archive /opt/rustwide/target/release/build/rusty_v8/89575c7f00dae7f7/out/librusty_v8-89575c7f00dae7f7.rlib
[INFO] [stdout]           >>> referenced by rusty_v8.e90c763f219f1ff9-cgu.1
[INFO] [stdout]           >>>               rusty_v8-89575c7f00dae7f7.rusty_v8.e90c763f219f1ff9-cgu.1.rcgu.o:(<rusty_v8::scope::HandleScope>::get_current_context) in archive /opt/rustwide/target/release/build/rusty_v8/89575c7f00dae7f7/out/librusty_v8-89575c7f00dae7f7.rlib
[INFO] [stdout]           >>> referenced by rusty_v8.e90c763f219f1ff9-cgu.0
[INFO] [stdout]           >>>               rusty_v8-89575c7f00dae7f7.rusty_v8.e90c763f219f1ff9-cgu.0.rcgu.o:(<rusty_v8::data::Value>::to_string) in archive /opt/rustwide/target/release/build/rusty_v8/89575c7f00dae7f7/out/librusty_v8-89575c7f00dae7f7.rlib
[INFO] [stdout]           >>> referenced 4 more times
[INFO] [stdout]           
[INFO] [stdout]           rust-lld: error: undefined symbol: v8__Value__ToObject
[INFO] [stdout]           >>> referenced by rusty_v8.e90c763f219f1ff9-cgu.0
[INFO] [stdout]           >>>               rusty_v8-89575c7f00dae7f7.rusty_v8.e90c763f219f1ff9-cgu.0.rcgu.o:(<rusty_v8::data::Value>::to_object) in archive /opt/rustwide/target/release/build/rusty_v8/89575c7f00dae7f7/out/librusty_v8-89575c7f00dae7f7.rlib
[INFO] [stdout]           
[INFO] [stdout]           rust-lld: error: undefined symbol: v8__Context__Exit
[INFO] [stdout]           >>> referenced by rusty_v8.e90c763f219f1ff9-cgu.2
[INFO] [stdout]           >>>               rusty_v8-89575c7f00dae7f7.rusty_v8.e90c763f219f1ff9-cgu.2.rcgu.o:(core::ptr::drop_glue::<rusty_v8::scope::data::ScopeTypeSpecificData> (.llvm.5547349384095147876)) in archive /opt/rustwide/target/release/build/rusty_v8/89575c7f00dae7f7/out/librusty_v8-89575c7f00dae7f7.rlib
[INFO] [stdout]           >>> referenced by rusty_v8.e90c763f219f1ff9-cgu.2
[INFO] [stdout]           >>>               rusty_v8-89575c7f00dae7f7.rusty_v8.e90c763f219f1ff9-cgu.2.rcgu.o:(core::ptr::drop_glue::<rusty_v8::scope::data::ScopeTypeSpecificData> (.llvm.5547349384095147876)) in archive /opt/rustwide/target/release/build/rusty_v8/89575c7f00dae7f7/out/librusty_v8-89575c7f00dae7f7.rlib
[INFO] [stdout]           >>> referenced by rusty_v8.e90c763f219f1ff9-cgu.2
[INFO] [stdout]           >>>               rusty_v8-89575c7f00dae7f7.rusty_v8.e90c763f219f1ff9-cgu.2.rcgu.o:(core::ptr::drop_glue::<rusty_v8::scope::data::ScopeTypeSpecificData> (.llvm.5547349384095147876)) in archive /opt/rustwide/target/release/build/rusty_v8/89575c7f00dae7f7/out/librusty_v8-89575c7f00dae7f7.rlib
[INFO] [stdout]           
[INFO] [stdout]           rust-lld: error: undefined symbol: v8__HandleScope__DESTRUCT
[INFO] [stdout]           >>> referenced by rusty_v8.e90c763f219f1ff9-cgu.2
[INFO] [stdout]           >>>               rusty_v8-89575c7f00dae7f7.rusty_v8.e90c763f219f1ff9-cgu.2.rcgu.o:(core::ptr::drop_glue::<rusty_v8::scope::data::ScopeTypeSpecificData> (.llvm.5547349384095147876)) in archive /opt/rustwide/target/release/build/rusty_v8/89575c7f00dae7f7/out/librusty_v8-89575c7f00dae7f7.rlib
[INFO] [stdout]           >>> referenced by rusty_v8.e90c763f219f1ff9-cgu.2
[INFO] [stdout]           >>>               rusty_v8-89575c7f00dae7f7.rusty_v8.e90c763f219f1ff9-cgu.2.rcgu.o:(core::ptr::drop_glue::<rusty_v8::scope::data::ScopeTypeSpecificData> (.llvm.5547349384095147876)) in archive /opt/rustwide/target/release/build/rusty_v8/89575c7f00dae7f7/out/librusty_v8-89575c7f00dae7f7.rlib
[INFO] [stdout]           
[INFO] [stdout]           rust-lld: error: undefined symbol: v8__Isolate__ThrowException
[INFO] [stdout]           >>> referenced by rusty_v8.e90c763f219f1ff9-cgu.1
[INFO] [stdout]           >>>               rusty_v8-89575c7f00dae7f7.rusty_v8.e90c763f219f1ff9-cgu.1.rcgu.o:(<rusty_v8::scope::HandleScope<()>>::throw_exception) in archive /opt/rustwide/target/release/build/rusty_v8/89575c7f00dae7f7/out/librusty_v8-89575c7f00dae7f7.rlib
[INFO] [stdout]           
[INFO] [stdout]           rust-lld: error: undefined symbol: std__shared_ptr__v8__ArrayBuffer__Allocator__get
[INFO] [stdout]           >>> referenced by rusty_v8.e90c763f219f1ff9-cgu.3
[INFO] [stdout]           >>>               rusty_v8-89575c7f00dae7f7.rusty_v8.e90c763f219f1ff9-cgu.3.rcgu.o:(<rusty_v8::isolate_create_params::CreateParams>::finalize) in archive /opt/rustwide/target/release/build/rusty_v8/89575c7f00dae7f7/out/librusty_v8-89575c7f00dae7f7.rlib
[INFO] [stdout]           
[INFO] [stdout]           rust-lld: error: undefined symbol: v8__ArrayBuffer__Allocator__NewDefaultAllocator
[INFO] [stdout]           >>> referenced by rusty_v8.e90c763f219f1ff9-cgu.3
[INFO] [stdout]           >>>               rusty_v8-89575c7f00dae7f7.rusty_v8.e90c763f219f1ff9-cgu.3.rcgu.o:(<rusty_v8::isolate_create_params::CreateParams>::finalize) in archive /opt/rustwide/target/release/build/rusty_v8/89575c7f00dae7f7/out/librusty_v8-89575c7f00dae7f7.rlib
[INFO] [stdout]           
[INFO] [stdout]           rust-lld: error: undefined symbol: std__shared_ptr__v8__ArrayBuffer__Allocator__CONVERT__std__unique_ptr
[INFO] [stdout]           >>> referenced by rusty_v8.e90c763f219f1ff9-cgu.3
[INFO] [stdout]           >>>               rusty_v8-89575c7f00dae7f7.rusty_v8.e90c763f219f1ff9-cgu.3.rcgu.o:(<rusty_v8::isolate_create_params::CreateParams>::finalize) in archive /opt/rustwide/target/release/build/rusty_v8/89575c7f00dae7f7/out/librusty_v8-89575c7f00dae7f7.rlib
[INFO] [stdout]           
[INFO] [stdout]           rust-lld: error: undefined symbol: std__shared_ptr__v8__ArrayBuffer__Allocator__reset
[INFO] [stdout]           >>> referenced by rusty_v8.e90c763f219f1ff9-cgu.3
[INFO] [stdout]           >>>               rusty_v8-89575c7f00dae7f7.rusty_v8.e90c763f219f1ff9-cgu.3.rcgu.o:(<rusty_v8::isolate_create_params::CreateParams>::finalize) in archive /opt/rustwide/target/release/build/rusty_v8/89575c7f00dae7f7/out/librusty_v8-89575c7f00dae7f7.rlib
[INFO] [stdout]           >>> referenced by rusty_v8.e90c763f219f1ff9-cgu.3
[INFO] [stdout]           >>>               rusty_v8-89575c7f00dae7f7.rusty_v8.e90c763f219f1ff9-cgu.3.rcgu.o:(<rusty_v8::isolate_create_params::CreateParams>::finalize) in archive /opt/rustwide/target/release/build/rusty_v8/89575c7f00dae7f7/out/librusty_v8-89575c7f00dae7f7.rlib
[INFO] [stdout]           >>> referenced by rusty_v8.e90c763f219f1ff9-cgu.3
[INFO] [stdout]           >>>               rusty_v8-89575c7f00dae7f7.rusty_v8.e90c763f219f1ff9-cgu.3.rcgu.o:(<rusty_v8::isolate_create_params::CreateParams>::finalize) in archive /opt/rustwide/target/release/build/rusty_v8/89575c7f00dae7f7/out/librusty_v8-89575c7f00dae7f7.rlib
[INFO] [stdout]           >>> referenced 3 more times
[INFO] [stdout]           
[INFO] [stdout]           rust-lld: error: undefined symbol: v8__FunctionCallbackInfo__GetReturnValue
[INFO] [stdout]           >>> referenced by rusty_v8.e90c763f219f1ff9-cgu.3
[INFO] [stdout]           >>>               rusty_v8-89575c7f00dae7f7.rusty_v8.e90c763f219f1ff9-cgu.3.rcgu.o:(<rusty_v8::function::ReturnValue>::from_function_callback_info) in archive /opt/rustwide/target/release/build/rusty_v8/89575c7f00dae7f7/out/librusty_v8-89575c7f00dae7f7.rlib
[INFO] [stdout]           
[INFO] [stdout]           rust-lld: error: undefined symbol: v8__ReturnValue__Set
[INFO] [stdout]           >>> referenced by rusty_v8.e90c763f219f1ff9-cgu.3
[INFO] [stdout]           >>>               rusty_v8-89575c7f00dae7f7.rusty_v8.e90c763f219f1ff9-cgu.3.rcgu.o:(<rusty_v8::function::ReturnValue>::set) in archive /opt/rustwide/target/release/build/rusty_v8/89575c7f00dae7f7/out/librusty_v8-89575c7f00dae7f7.rlib
[INFO] [stdout]           
[INFO] [stdout]           rust-lld: error: undefined symbol: v8__Exception__CreateMessage
[INFO] [stdout]           >>> referenced by rusty_v8.e90c763f219f1ff9-cgu.3
[INFO] [stdout]           >>>               rusty_v8-89575c7f00dae7f7.rusty_v8.e90c763f219f1ff9-cgu.3.rcgu.o:(<rusty_v8::exception::Exception>::create_message) in archive /opt/rustwide/target/release/build/rusty_v8/89575c7f00dae7f7/out/librusty_v8-89575c7f00dae7f7.rlib
[INFO] [stdout]           
[INFO] [stdout]           rust-lld: error: undefined symbol: v8__TryCatch__DESTRUCT
[INFO] [stdout]           >>> referenced by rusty_v8.e90c763f219f1ff9-cgu.2
[INFO] [stdout]           >>>               rusty_v8-89575c7f00dae7f7.rusty_v8.e90c763f219f1ff9-cgu.2.rcgu.o:(core::ptr::drop_glue::<rusty_v8::scope::data::ScopeTypeSpecificData> (.llvm.5547349384095147876)) in archive /opt/rustwide/target/release/build/rusty_v8/89575c7f00dae7f7/out/librusty_v8-89575c7f00dae7f7.rlib
[INFO] [stdout]           
[INFO] [stdout]           rust-lld: error: undefined symbol: v8__Isolate__Enter
[INFO] [stdout]           >>> referenced by rusty_v8.e90c763f219f1ff9-cgu.3
[INFO] [stdout]           >>>               rusty_v8-89575c7f00dae7f7.rusty_v8.e90c763f219f1ff9-cgu.3.rcgu.o:(<rusty_v8::exception::Exception>::new_error_with) in archive /opt/rustwide/target/release/build/rusty_v8/89575c7f00dae7f7/out/librusty_v8-89575c7f00dae7f7.rlib
[INFO] [stdout]           
[INFO] [stdout]           rust-lld: error: undefined symbol: v8__Isolate__Exit
[INFO] [stdout]           >>> referenced by rusty_v8.e90c763f219f1ff9-cgu.3
[INFO] [stdout]           >>>               rusty_v8-89575c7f00dae7f7.rusty_v8.e90c763f219f1ff9-cgu.3.rcgu.o:(<rusty_v8::exception::Exception>::new_error_with) in archive /opt/rustwide/target/release/build/rusty_v8/89575c7f00dae7f7/out/librusty_v8-89575c7f00dae7f7.rlib
[INFO] [stdout]           
[INFO] [stdout]           rust-lld: error: too many errors emitted, stopping now (use --error-limit=0 to see all errors)
[INFO] [stdout]           collect2: error: ld returned 1 exit status
[INFO] [stdout]           
[INFO] [stdout] 
[INFO] [stdout] 
[INFO] [stderr] error: could not compile `scriptit` (test "core_call") due to 1 previous error
[INFO] [stderr] warning: unused dependency `serde`
[INFO] [stderr]  --> Cargo.toml:1:15
[INFO] [stderr]   |
[INFO] [stderr] 1 | [dependencies.serde]
[INFO] [stderr]   |               ^^^^^^
[INFO] [stderr]   |
[INFO] [stderr]   = note: `cargo::unused_dependencies` is set to `warn` by default
[INFO] [stderr] help: consider removing the dependency on `serde`
[INFO] [stderr] warning: `scriptit` (manifest) generated 1 warning
[INFO] running `Command { std: "docker" "inspect" "0ad6428e5dcac53c7f8be7f14b5b54bb5b2dc606e5b8b16a0b57cb2efc627fcf", kill_on_drop: false }`
[INFO] running `Command { std: "docker" "rm" "-f" "0ad6428e5dcac53c7f8be7f14b5b54bb5b2dc606e5b8b16a0b57cb2efc627fcf", kill_on_drop: false }`
[INFO] [stdout] 0ad6428e5dcac53c7f8be7f14b5b54bb5b2dc606e5b8b16a0b57cb2efc627fcf
