[INFO] fetching crate screen-dump 0.2.0...
[INFO] testing screen-dump-0.2.0 against 1.100.0-beta.1+cargoflags=--release for beta-release-1.100-2
[INFO] extracting crate screen-dump 0.2.0 into /workspace/builds/worker-7-tc2/source
[INFO] started tweaking crates.io crate screen-dump 0.2.0
[INFO] finished tweaking crates.io crate screen-dump 0.2.0
[INFO] tweaked toml for crates.io crate screen-dump 0.2.0 written to /workspace/builds/worker-7-tc2/source/Cargo.toml
[INFO] validating manifest of crates.io crate screen-dump 0.2.0 on toolchain 1.100.0-beta.1
[INFO] running `Command { std: CARGO_HOME="/workspace/cargo-home" RUSTUP_HOME="/workspace/rustup-home" "/workspace/cargo-home/bin/cargo" "+1.100.0-beta.1" "metadata" "--manifest-path" "Cargo.toml" "--no-deps", kill_on_drop: false }`
[INFO] crate crates.io crate screen-dump 0.2.0 already has a lockfile, it will not be regenerated
[INFO] running `Command { std: CARGO_HOME="/workspace/cargo-home" RUSTUP_HOME="/workspace/rustup-home" "/workspace/cargo-home/bin/cargo" "+1.100.0-beta.1" "fetch" "--manifest-path" "Cargo.toml", kill_on_drop: false }`
[INFO] running `Command { std: "docker" "create" "-v" "/var/lib/crater-agent-workspace/builds/worker-7-tc2/source:/opt/rustwide/workdir:ro,Z" "-v" "/var/lib/crater-agent-workspace/builds/worker-7-tc2/target:/opt/rustwide/target:rw,Z" "-v" "/var/lib/crater-agent-workspace/cargo-home:/opt/rustwide/cargo-home:ro,Z" "-v" "/var/lib/crater-agent-workspace/rustup-home:/opt/rustwide/rustup-home:ro,Z" "-m" "1610612736" "--network" "none" "ghcr.io/rust-lang/crates-build-env/linux@sha256:77db811e55d90add9212f6832c23229e3de5f1c1f9905e8cb07319ea15df73ac" "sleep" "infinity", kill_on_drop: false }`
[INFO] [stdout] a591affde2bf914d61c11f5cd65bfc77b08d7f921c34e11d109f6759bfbe428c
[INFO] running `Command { std: "docker" "start" "a591affde2bf914d61c11f5cd65bfc77b08d7f921c34e11d109f6759bfbe428c", kill_on_drop: false }`
[INFO] running `Command { std: "docker" "inspect" "a591affde2bf914d61c11f5cd65bfc77b08d7f921c34e11d109f6759bfbe428c", kill_on_drop: false }`
[INFO] running `Command { std: "docker" "exec" "-e" "SOURCE_DIR=/opt/rustwide/workdir" "-e" "CARGO_HOME=/opt/rustwide/cargo-home" "-e" "RUSTUP_HOME=/opt/rustwide/rustup-home" "-e" "CARGO_TARGET_DIR=/opt/rustwide/target" "-w" "/opt/rustwide/workdir" "--user" "0:0" "a591affde2bf914d61c11f5cd65bfc77b08d7f921c34e11d109f6759bfbe428c" "/opt/rustwide/cargo-home/bin/cargo" "+1.100.0-beta.1" "metadata" "--no-deps" "--format-version=1", kill_on_drop: false }`
[INFO] running `Command { std: "docker" "inspect" "a591affde2bf914d61c11f5cd65bfc77b08d7f921c34e11d109f6759bfbe428c", kill_on_drop: false }`
[INFO] running `Command { std: "docker" "exec" "-e" "SOURCE_DIR=/opt/rustwide/workdir" "-e" "CARGO_HOME=/opt/rustwide/cargo-home" "-e" "RUSTUP_HOME=/opt/rustwide/rustup-home" "-e" "CARGO_TARGET_DIR=/opt/rustwide/target" "-e" "CARGO_INCREMENTAL=0" "-e" "RUST_BACKTRACE=full" "-e" "RUSTFLAGS=--cap-lints=warn" "-e" "RUSTDOCFLAGS=--cap-lints=warn" "-w" "/opt/rustwide/workdir" "--user" "0:0" "a591affde2bf914d61c11f5cd65bfc77b08d7f921c34e11d109f6759bfbe428c" "/opt/rustwide/cargo-home/bin/cargo" "+1.100.0-beta.1" "build" "--frozen" "--message-format=json" "--release", kill_on_drop: false }`
[INFO] [stderr]    Compiling objc2 v0.6.4
[INFO] [stderr]    Compiling objc2-encode v4.1.0
[INFO] [stderr]    Compiling futures-core v0.3.34
[INFO] [stderr]    Compiling apple-cf v0.9.3
[INFO] [stderr]    Compiling apple-metal v0.8.8
[INFO] [stderr]    Compiling screencapturekit v8.0.1
[INFO] [stderr]    Compiling usage-argv v6.4.1
[INFO] [stderr]    Compiling screen-dump v0.2.0 (/opt/rustwide/workdir)
[INFO] [stderr]    Compiling crossbeam-queue v0.3.13
[INFO] [stderr]    Compiling serde_json v1.0.151
[INFO] [stderr]    Compiling syn v3.0.4
[INFO] [stderr]    Compiling futures-util v0.3.34
[INFO] [stdout] error: `objc2` only works on Apple platforms. Pass `--target aarch64-apple-darwin` or similar to compile for macOS.
[INFO] [stdout]        (If you're absolutely certain that you're using GNUStep, you can specify that with the `gnustep-x-y` Cargo feature instead).
[INFO] [stdout]    --> /opt/rustwide/cargo-home/registry/src/index.crates.io-1949cf8c6b5b557f/objc2-0.6.4/src/lib.rs:219:1
[INFO] [stdout]     |
[INFO] [stdout] 219 | compile_error!("`objc2` only works on Apple platforms. Pass `--target aarch64-apple-darwin` or similar to compile for macOS.\n(If you're absolutely certain that you're using GNUStep, you can specify that with the `gnustep-x-y` Cargo feature instead).");
[INFO] [stdout]     | ^^^^^^^^^^^^^^^^^^^^^^^^^^^^^^^^^^^^^^^^^^^^^^^^^^^^^^^^^^^^^^^^^^^^^^^^^^^^^^^^^^^^^^^^^^^^^^^^^^^^^^^^^^^^^^^^^^^^^^^^^^^^^^^^^^^^^^^^^^^^^^^^^^^^^^^^^^^^^^^^^^^^^^^^^^^^^^^^^^^^^^^^^^^^^^^^^^^^^^^^^^^^^^^^^^^^^^^^^^^^^^^^^^^^^^^^^^^^^^^^^^^^^^^^^^^^
[INFO] [stdout] 
[INFO] [stdout] 
[INFO] [stderr] error: failed to run custom build command for `screencapturekit v8.0.1`
[INFO] [stderr] note: To improve backtraces for build dependencies, set the CARGO_PROFILE_RELEASE_BUILD_OVERRIDE_DEBUG=true environment variable to enable debug information generation.
[INFO] [stderr] 
[INFO] [stderr] Caused by:
[INFO] [stderr]   process didn't exit successfully: `/opt/rustwide/target/release/build/screencapturekit/5fe085deeb656536/out/build_script_build` (exit status: 101)
[INFO] [stderr]   --- stdout
[INFO] [stderr]   cargo:rerun-if-changed=build.rs
[INFO] [stderr]   cargo:rerun-if-env-changed=DOCS_RS
[INFO] [stderr]   cargo:rerun-if-env-changed=DEVELOPER_DIR
[INFO] [stderr]   cargo:rerun-if-env-changed=SDKROOT
[INFO] [stderr]   cargo:rerun-if-env-changed=SCREENCAPTUREKIT_ALLOW_STUBBED_BUILD
[INFO] [stderr]   cargo:rustc-link-lib=framework=ScreenCaptureKit
[INFO] [stderr]   cargo:rerun-if-changed=swift-bridge
[INFO] [stderr] 
[INFO] [stderr]   --- stderr
[INFO] [stderr] 
[INFO] [stderr]   thread 'main' (240) panicked at /opt/rustwide/cargo-home/registry/src/index.crates.io-1949cf8c6b5b557f/screencapturekit-8.0.1/build.rs:123:5:
[INFO] [stderr]   screencapturekit: SDK version detection failed (`xcrun --show-sdk-version` returned non-parseable output) but the following version feature(s) were enabled in Cargo.toml: [macos_13_0, macos_14_0, macos_14_2, macos_14_4, macos_15_0, macos_15_2, macos_26_0]. Building would silently produce a binary whose macOS-version-gated APIs are stubbed out and fail at runtime. Resolve this by:
[INFO] [stderr] 
[INFO] [stderr]   1. Installing the full Xcode (not just Command Line Tools) and ensuring `xcode-select -p` points at it; or
[INFO] [stderr]   2. Setting DEVELOPER_DIR to a valid Xcode path; or
[INFO] [stderr]   3. Removing the unused version feature(s) from your Cargo.toml; or
[INFO] [stderr]   4. Setting SCREENCAPTUREKIT_ALLOW_STUBBED_BUILD=1 to opt into the stubbed-API build (only useful for `cargo doc`/`cargo check` runs).
[INFO] [stderr]   stack backtrace:
[INFO] [stderr]      0:     0x55ba1de48221 - <<std[617be2ca0a6fd877]::sys::backtrace::BacktraceLock>::print::DisplayBacktrace as core[a373ad73a504971]::fmt::Display>::fmt
[INFO] [stderr]      1:     0x55ba1de5a29a - core[a373ad73a504971]::fmt::write
[INFO] [stderr]      2:     0x55ba1de4beec - <std[617be2ca0a6fd877]::sys::stdio::unix::Stderr as core[a373ad73a504971]::io::write::Write>::write_fmt
[INFO] [stderr]      3:     0x55ba1de2b526 - std[617be2ca0a6fd877]::panicking::default_hook::{closure#0}
[INFO] [stderr]      4:     0x55ba1de43f91 - std[617be2ca0a6fd877]::panicking::default_hook
[INFO] [stderr]      5:     0x55ba1de4414b - std[617be2ca0a6fd877]::panicking::panic_with_hook
[INFO] [stderr]      6:     0x55ba1de2b5d2 - std[617be2ca0a6fd877]::panicking::panic_handler::{closure#0}
[INFO] [stderr]      7:     0x55ba1de244b9 - std[617be2ca0a6fd877]::sys::backtrace::__rust_end_short_backtrace::<std[617be2ca0a6fd877]::panicking::panic_handler::{closure#0}, !>
[INFO] [stderr]      8:     0x55ba1de2bd9d - __rustc[ea4f61d10b84890b]::rust_begin_unwind
[INFO] [stderr]      9:     0x55ba1de5aa0c - core[a373ad73a504971]::panicking::panic_fmt
[INFO] [stderr]     10:     0x55ba1de1287f - build_script_build[11a84195c90fc4d0]::warn_or_fail_for_stub_mode
[INFO] [stderr]     11:     0x55ba1de12f59 - build_script_build[11a84195c90fc4d0]::configure_swift_version_defines
[INFO] [stderr]     12:     0x55ba1de13b5e - build_script_build[11a84195c90fc4d0]::main
[INFO] [stderr]     13:     0x55ba1de15a13 - <fn() as core[a373ad73a504971]::ops::function::FnOnce<()>>::call_once
[INFO] [stderr]     14:     0x55ba1de1196e - std[617be2ca0a6fd877]::sys::backtrace::__rust_begin_short_backtrace::<fn(), ()>
[INFO] [stderr]     15:     0x55ba1de16b89 - std[617be2ca0a6fd877]::rt::lang_start::<()>::{closure#0}
[INFO] [stderr]     16:     0x55ba1de43408 - std[617be2ca0a6fd877]::rt::lang_start_internal
[INFO] [stderr]     17:     0x55ba1de16301 - std[617be2ca0a6fd877]::rt::lang_start::<()>
[INFO] [stderr]     18:     0x55ba1de15bd5 - main
[INFO] [stderr]     19:     0x7039da417601 - <unknown>
[INFO] [stderr]     20:     0x7039da417718 - __libc_start_main
[INFO] [stderr]     21:     0x55ba1de0f8c5 - _start
[INFO] [stderr]     22:                0x0 - <unknown>
[INFO] [stderr] warning: build failed, waiting for other jobs to finish...
[INFO] [stderr] error: failed to run custom build command for `apple-metal v0.8.8`
[INFO] [stderr] note: To improve backtraces for build dependencies, set the CARGO_PROFILE_RELEASE_BUILD_OVERRIDE_DEBUG=true environment variable to enable debug information generation.
[INFO] [stderr] 
[INFO] [stderr] Caused by:
[INFO] [stderr]   process didn't exit successfully: `/opt/rustwide/target/release/build/apple-metal/be940724e627d334/out/build_script_build` (exit status: 101)
[INFO] [stderr]   --- stdout
[INFO] [stderr]   cargo:rerun-if-changed=build.rs
[INFO] [stderr]   cargo:rerun-if-env-changed=DOCS_RS
[INFO] [stderr]   cargo:rerun-if-env-changed=DEVELOPER_DIR
[INFO] [stderr]   cargo:rustc-link-lib=framework=Metal
[INFO] [stderr]   cargo:rustc-link-lib=framework=MetalFX
[INFO] [stderr]   cargo:rustc-link-lib=framework=Foundation
[INFO] [stderr]   cargo:rustc-link-lib=framework=IOSurface
[INFO] [stderr]   cargo:rerun-if-changed=swift-bridge
[INFO] [stderr] 
[INFO] [stderr]   --- stderr
[INFO] [stderr] 
[INFO] [stderr]   thread 'main' (246) panicked at /opt/rustwide/cargo-home/registry/src/index.crates.io-1949cf8c6b5b557f/apple-metal-0.8.8/build.rs:50:10:
[INFO] [stderr]   Failed to build Swift bridge: Os { code: 2, kind: NotFound, message: "No such file or directory" }
[INFO] [stderr]   stack backtrace:
[INFO] [stderr]      0:     0x5bd1bb9cc821 - <<std[617be2ca0a6fd877]::sys::backtrace::BacktraceLock>::print::DisplayBacktrace as core[a373ad73a504971]::fmt::Display>::fmt
[INFO] [stderr]      1:     0x5bd1bb9ddb9a - core[a373ad73a504971]::fmt::write
[INFO] [stderr]      2:     0x5bd1bb9d04ec - <std[617be2ca0a6fd877]::sys::stdio::unix::Stderr as core[a373ad73a504971]::io::write::Write>::write_fmt
[INFO] [stderr]      3:     0x5bd1bb9afc06 - std[617be2ca0a6fd877]::panicking::default_hook::{closure#0}
[INFO] [stderr]      4:     0x5bd1bb9c8591 - std[617be2ca0a6fd877]::panicking::default_hook
[INFO] [stderr]      5:     0x5bd1bb9c874b - std[617be2ca0a6fd877]::panicking::panic_with_hook
[INFO] [stderr]      6:     0x5bd1bb9afcb2 - std[617be2ca0a6fd877]::panicking::panic_handler::{closure#0}
[INFO] [stderr]      7:     0x5bd1bb9a8b99 - std[617be2ca0a6fd877]::sys::backtrace::__rust_end_short_backtrace::<std[617be2ca0a6fd877]::panicking::panic_handler::{closure#0}, !>
[INFO] [stderr]      8:     0x5bd1bb9b047d - __rustc[ea4f61d10b84890b]::rust_begin_unwind
[INFO] [stderr]      9:     0x5bd1bb9de2cc - core[a373ad73a504971]::panicking::panic_fmt
[INFO] [stderr]     10:     0x5bd1bb9de0a2 - core[a373ad73a504971]::result::unwrap_failed
[INFO] [stderr]     11:     0x5bd1bb99b4b9 - <core[a373ad73a504971]::result::Result<std[617be2ca0a6fd877]::process::Output, core[a373ad73a504971]::io::error::Error>>::expect
[INFO] [stderr]     12:     0x5bd1bb99a9f9 - build_script_build[c1470559761dd3bb]::main
[INFO] [stderr]     13:     0x5bd1bb99d703 - <fn() as core[a373ad73a504971]::ops::function::FnOnce<()>>::call_once
[INFO] [stderr]     14:     0x5bd1bb999ac6 - std[617be2ca0a6fd877]::sys::backtrace::__rust_begin_short_backtrace::<fn(), ()>
[INFO] [stderr]     15:     0x5bd1bb99a1b9 - std[617be2ca0a6fd877]::rt::lang_start::<()>::{closure#0}
[INFO] [stderr]     16:     0x5bd1bb9c7a08 - std[617be2ca0a6fd877]::rt::lang_start_internal
[INFO] [stderr]     17:     0x5bd1bb999261 - std[617be2ca0a6fd877]::rt::lang_start::<()>
[INFO] [stderr]     18:     0x5bd1bb99d895 - main
[INFO] [stderr]     19:     0x73baa3387601 - <unknown>
[INFO] [stderr]     20:     0x73baa3387718 - __libc_start_main
[INFO] [stderr]     21:     0x5bd1bb9988e5 - _start
[INFO] [stderr]     22:                0x0 - <unknown>
[INFO] [stderr] error: failed to run custom build command for `apple-cf v0.9.3`
[INFO] [stderr] note: To improve backtraces for build dependencies, set the CARGO_PROFILE_RELEASE_BUILD_OVERRIDE_DEBUG=true environment variable to enable debug information generation.
[INFO] [stderr] 
[INFO] [stderr] Caused by:
[INFO] [stderr]   process didn't exit successfully: `/opt/rustwide/target/release/build/apple-cf/8bd9b35f4f4a0c84/out/build_script_build` (exit status: 101)
[INFO] [stderr]   --- stdout
[INFO] [stderr]   cargo:rerun-if-changed=build.rs
[INFO] [stderr]   cargo:rerun-if-env-changed=DOCS_RS
[INFO] [stderr]   cargo:rerun-if-env-changed=DEVELOPER_DIR
[INFO] [stderr]   cargo:rerun-if-env-changed=SDKROOT
[INFO] [stderr]   cargo:rustc-link-lib=framework=CoreGraphics
[INFO] [stderr]   cargo:rustc-link-lib=framework=IOSurface
[INFO] [stderr]   cargo:rustc-link-lib=framework=CoreFoundation
[INFO] [stderr]   cargo:rustc-link-lib=framework=CoreMedia
[INFO] [stderr]   cargo:rustc-link-lib=framework=CoreVideo
[INFO] [stderr]   cargo:rustc-link-lib=framework=Metal
[INFO] [stderr]   cargo:rerun-if-changed=swift-bridge
[INFO] [stderr] 
[INFO] [stderr]   --- stderr
[INFO] [stderr] 
[INFO] [stderr]   thread 'main' (242) panicked at /opt/rustwide/cargo-home/registry/src/index.crates.io-1949cf8c6b5b557f/apple-cf-0.9.3/build.rs:64:10:
[INFO] [stderr]   Failed to build Swift bridge: Os { code: 2, kind: NotFound, message: "No such file or directory" }
[INFO] [stderr]   stack backtrace:
[INFO] [stderr]      0:     0x5f6d19697761 - <<std[617be2ca0a6fd877]::sys::backtrace::BacktraceLock>::print::DisplayBacktrace as core[a373ad73a504971]::fmt::Display>::fmt
[INFO] [stderr]      1:     0x5f6d196a8ada - core[a373ad73a504971]::fmt::write
[INFO] [stderr]      2:     0x5f6d1969b42c - <std[617be2ca0a6fd877]::sys::stdio::unix::Stderr as core[a373ad73a504971]::io::write::Write>::write_fmt
[INFO] [stderr]      3:     0x5f6d1967ab46 - std[617be2ca0a6fd877]::panicking::default_hook::{closure#0}
[INFO] [stderr]      4:     0x5f6d196934d1 - std[617be2ca0a6fd877]::panicking::default_hook
[INFO] [stderr]      5:     0x5f6d1969368b - std[617be2ca0a6fd877]::panicking::panic_with_hook
[INFO] [stderr]      6:     0x5f6d1967abf2 - std[617be2ca0a6fd877]::panicking::panic_handler::{closure#0}
[INFO] [stderr]      7:     0x5f6d19673ad9 - std[617be2ca0a6fd877]::sys::backtrace::__rust_end_short_backtrace::<std[617be2ca0a6fd877]::panicking::panic_handler::{closure#0}, !>
[INFO] [stderr]      8:     0x5f6d1967b3bd - __rustc[ea4f61d10b84890b]::rust_begin_unwind
[INFO] [stderr]      9:     0x5f6d196a924c - core[a373ad73a504971]::panicking::panic_fmt
[INFO] [stderr]     10:     0x5f6d196a9022 - core[a373ad73a504971]::result::unwrap_failed
[INFO] [stderr]     11:     0x5f6d19665239 - <core[a373ad73a504971]::result::Result<std[617be2ca0a6fd877]::process::Output, core[a373ad73a504971]::io::error::Error>>::expect
[INFO] [stderr]     12:     0x5f6d19664d2b - build_script_build[81f93bb4880f41dd]::main
[INFO] [stderr]     13:     0x5f6d19668643 - <fn() as core[a373ad73a504971]::ops::function::FnOnce<()>>::call_once
[INFO] [stderr]     14:     0x5f6d19663486 - std[617be2ca0a6fd877]::sys::backtrace::__rust_begin_short_backtrace::<fn(), ()>
[INFO] [stderr]     15:     0x5f6d19663b79 - std[617be2ca0a6fd877]::rt::lang_start::<()>::{closure#0}
[INFO] [stderr]     16:     0x5f6d19692948 - std[617be2ca0a6fd877]::rt::lang_start_internal
[INFO] [stderr]     17:     0x5f6d19662c21 - std[617be2ca0a6fd877]::rt::lang_start::<()>
[INFO] [stderr]     18:     0x5f6d196687d5 - main
[INFO] [stderr]     19:     0x70573a4a2601 - <unknown>
[INFO] [stderr]     20:     0x70573a4a2718 - __libc_start_main
[INFO] [stderr]     21:     0x5f6d196620a5 - _start
[INFO] [stderr]     22:                0x0 - <unknown>
[INFO] [stderr] error: could not compile `objc2` (lib) due to 1 previous error
[INFO] running `Command { std: "docker" "inspect" "a591affde2bf914d61c11f5cd65bfc77b08d7f921c34e11d109f6759bfbe428c", kill_on_drop: false }`
[INFO] running `Command { std: "docker" "rm" "-f" "a591affde2bf914d61c11f5cd65bfc77b08d7f921c34e11d109f6759bfbe428c", kill_on_drop: false }`
[INFO] [stdout] a591affde2bf914d61c11f5cd65bfc77b08d7f921c34e11d109f6759bfbe428c
