[INFO] fetching crate scope-local 0.6.5...
[INFO] testing scope-local-0.6.5 against 1.99.0-beta.8+cargoflags=--release for beta-release-1.100-2
[INFO] extracting crate scope-local 0.6.5 into /workspace/builds/worker-5-tc1/source
[INFO] started tweaking crates.io crate scope-local 0.6.5
[INFO] removed 0 missing tests
[INFO] finished tweaking crates.io crate scope-local 0.6.5
[INFO] tweaked toml for crates.io crate scope-local 0.6.5 written to /workspace/builds/worker-5-tc1/source/Cargo.toml
[INFO] validating manifest of crates.io crate scope-local 0.6.5 on toolchain 1.99.0-beta.8
[INFO] running `Command { std: CARGO_HOME="/workspace/cargo-home" RUSTUP_HOME="/workspace/rustup-home" "/workspace/cargo-home/bin/cargo" "+1.99.0-beta.8" "metadata" "--manifest-path" "Cargo.toml" "--no-deps", kill_on_drop: false }`
[INFO] crate crates.io crate scope-local 0.6.5 already has a lockfile, it will not be regenerated
[INFO] running `Command { std: CARGO_HOME="/workspace/cargo-home" RUSTUP_HOME="/workspace/rustup-home" "/workspace/cargo-home/bin/cargo" "+1.99.0-beta.8" "fetch" "--manifest-path" "Cargo.toml", kill_on_drop: false }`
[INFO] [stderr]     Updating crates.io index
[INFO] [stderr]  Downloading crates ...
[INFO] [stderr]   Downloaded volatile v0.4.6
[INFO] [stderr]   Downloaded cpu-local v0.4.3
[INFO] [stderr]   Downloaded riscv-types v0.1.0
[INFO] [stderr]   Downloaded num-align v0.1.0
[INFO] [stderr]   Downloaded ax-percpu-macros v0.4.12
[INFO] [stderr]   Downloaded x86_64 v0.15.5
[INFO] [stderr]   Downloaded trait-ffi v0.3.1
[INFO] [stderr]   Downloaded ax-memory-addr v0.7.1
[INFO] [stderr]   Downloaded ax-lazyinit v0.5.1
[INFO] [stderr]   Downloaded trait-ffi-macros v0.4.0
[INFO] [stderr]   Downloaded ax-percpu v0.4.24
[INFO] [stderr]   Downloaded loongArch64 v0.2.6
[INFO] [stderr]   Downloaded riscv v0.16.1
[INFO] [stderr]   Downloaded aarch64-cpu v11.2.0
[INFO] [stderr]   Downloaded page-table-generic v0.9.1
[INFO] [stderr]   Downloaded ax-cpu v0.10.3
[INFO] [stderr]   Downloaded x86 v0.52.0
[INFO] running `Command { std: "docker" "create" "-v" "/var/lib/crater-agent-workspace/builds/worker-5-tc1/source:/opt/rustwide/workdir:ro,Z" "-v" "/var/lib/crater-agent-workspace/builds/worker-5-tc1/target:/opt/rustwide/target:rw,Z" "-v" "/var/lib/crater-agent-workspace/cargo-home:/opt/rustwide/cargo-home:ro,Z" "-v" "/var/lib/crater-agent-workspace/rustup-home:/opt/rustwide/rustup-home:ro,Z" "-m" "1610612736" "--network" "none" "ghcr.io/rust-lang/crates-build-env/linux@sha256:77db811e55d90add9212f6832c23229e3de5f1c1f9905e8cb07319ea15df73ac" "sleep" "infinity", kill_on_drop: false }`
[INFO] [stdout] 0e82e285755409aae2ac0133cf6c618807c38db11c483b2967bbebf24e96095a
[INFO] running `Command { std: "docker" "start" "0e82e285755409aae2ac0133cf6c618807c38db11c483b2967bbebf24e96095a", kill_on_drop: false }`
[INFO] running `Command { std: "docker" "inspect" "0e82e285755409aae2ac0133cf6c618807c38db11c483b2967bbebf24e96095a", kill_on_drop: false }`
[INFO] running `Command { std: "docker" "exec" "-e" "SOURCE_DIR=/opt/rustwide/workdir" "-e" "CARGO_HOME=/opt/rustwide/cargo-home" "-e" "RUSTUP_HOME=/opt/rustwide/rustup-home" "-e" "CARGO_TARGET_DIR=/opt/rustwide/target" "-w" "/opt/rustwide/workdir" "--user" "0:0" "0e82e285755409aae2ac0133cf6c618807c38db11c483b2967bbebf24e96095a" "/opt/rustwide/cargo-home/bin/cargo" "+1.99.0-beta.8" "metadata" "--no-deps" "--format-version=1", kill_on_drop: false }`
[INFO] running `Command { std: "docker" "inspect" "0e82e285755409aae2ac0133cf6c618807c38db11c483b2967bbebf24e96095a", kill_on_drop: false }`
[INFO] running `Command { std: "docker" "exec" "-e" "SOURCE_DIR=/opt/rustwide/workdir" "-e" "CARGO_HOME=/opt/rustwide/cargo-home" "-e" "RUSTUP_HOME=/opt/rustwide/rustup-home" "-e" "CARGO_TARGET_DIR=/opt/rustwide/target" "-e" "CARGO_INCREMENTAL=0" "-e" "RUST_BACKTRACE=full" "-e" "RUSTFLAGS=--cap-lints=warn" "-e" "RUSTDOCFLAGS=--cap-lints=warn" "-w" "/opt/rustwide/workdir" "--user" "0:0" "0e82e285755409aae2ac0133cf6c618807c38db11c483b2967bbebf24e96095a" "/opt/rustwide/cargo-home/bin/cargo" "+1.99.0-beta.8" "build" "--frozen" "--message-format=json" "--release", kill_on_drop: false }`
[INFO] [stderr]    Compiling const_fn v0.4.12
[INFO] [stderr]    Compiling heapless v0.9.3
[INFO] [stderr]    Compiling thiserror v2.0.20
[INFO] [stderr]    Compiling bit_field v0.10.3
[INFO] [stderr]    Compiling convert_case v0.8.0
[INFO] [stderr]    Compiling x86 v0.52.0
[INFO] [stderr]    Compiling raw-cpuid v10.7.0
[INFO] [stderr]    Compiling volatile v0.4.6
[INFO] [stderr]    Compiling num-align v0.1.0
[INFO] [stderr]    Compiling ax-memory-addr v0.7.1
[INFO] [stderr]    Compiling syn v3.0.6
[INFO] [stderr]    Compiling ax-cpu v0.10.3
[INFO] [stderr]    Compiling cpu-local v0.4.3
[INFO] [stderr]    Compiling ax-lazyinit v0.5.1
[INFO] [stderr]    Compiling ax-percpu v0.4.24
[INFO] [stderr]    Compiling scope-local v0.6.5 (/opt/rustwide/workdir)
[INFO] [stderr]    Compiling x86_64 v0.15.5
[INFO] [stderr]    Compiling thiserror-impl v2.0.20
[INFO] [stderr]    Compiling trait-ffi-macros v0.4.0
[INFO] [stderr]    Compiling ax-percpu-macros v0.4.12
[INFO] [stderr]    Compiling ax-crate-interface v0.5.8
[INFO] [stderr]    Compiling ax-sync v0.6.0
[INFO] [stderr]    Compiling trait-ffi v0.3.1
[INFO] [stderr]    Compiling page-table-generic v0.9.1
[INFO] [stderr]     Finished `release` profile [optimized] target(s) in 13.34s
[INFO] running `Command { std: "docker" "inspect" "0e82e285755409aae2ac0133cf6c618807c38db11c483b2967bbebf24e96095a", kill_on_drop: false }`
[INFO] running `Command { std: "docker" "exec" "-e" "SOURCE_DIR=/opt/rustwide/workdir" "-e" "CARGO_HOME=/opt/rustwide/cargo-home" "-e" "RUSTUP_HOME=/opt/rustwide/rustup-home" "-e" "CARGO_TARGET_DIR=/opt/rustwide/target" "-e" "CARGO_INCREMENTAL=0" "-e" "RUST_BACKTRACE=full" "-e" "RUSTFLAGS=--cap-lints=warn" "-e" "RUSTDOCFLAGS=--cap-lints=warn" "-w" "/opt/rustwide/workdir" "--user" "0:0" "0e82e285755409aae2ac0133cf6c618807c38db11c483b2967bbebf24e96095a" "/opt/rustwide/cargo-home/bin/cargo" "+1.99.0-beta.8" "test" "--frozen" "--no-run" "--message-format=json" "--release", kill_on_drop: false }`
[INFO] [stderr]    Compiling dtor-proc-macro v0.0.6
[INFO] [stderr]    Compiling ctor-proc-macro v0.0.7
[INFO] [stderr]    Compiling dtor v0.1.1
[INFO] [stderr]    Compiling ctor v0.6.3
[INFO] [stderr]    Compiling scope-local v0.6.5 (/opt/rustwide/workdir)
[INFO] [stdout] error: linking with `cc` failed: exit status: 1
[INFO] [stdout]   |
[INFO] [stdout]   = note:  "cc" "-m64" "/opt/rustwide/target/release/deps/rustckqxpfj/symbols.o" "<2 object files omitted>" "-Wl,--as-needed" "-Wl,-Bstatic" "<sysroot>/lib/rustlib/x86_64-unknown-linux-gnu/lib/{libtest-*,libgetopts-*,librustc_std_workspace_std-*}.rlib" "/opt/rustwide/target/release/deps/{libax_sync-9336a32d04b74d93,libax_percpu-d67a61d30b12bbba,libcpu_local-557530fd7e7b8154,libax_cpu-d01e44c84259c193,libax_lazyinit-383dee0270ccbfdc,libx86-c46c0c4fd409e84e,libraw_cpuid-cb886648eb105e60,libbitflags-68973b8086863992,libtrait_ffi-74351d7b6fba7c61,libx86_64-7c73ff5cc98dc93e,libvolatile-78f833d275a781e4,libbitflags-5b3b4bb928a1bc38,libbit_field-32b251732d850666,libpage_table_generic-62036d4f49769bd0,libthiserror-e37317cbb402b7e8,libheapless-c4c2b79f377d7a1a,libhash32-15ff014dd320e13a,libbyteorder-d0fb3ad4741450f8,libax_memory_addr-7ad28da71ee5122c,liblog-3c55b5043a18cee7}.rlib" "<sysroot>/lib/rustlib/x86_64-unknown-linux-gnu/lib/{libstd-*,libpanic_unwind-*,libobject-*,libmemchr-*,libaddr2line-*,libgimli-*,libcfg_if-*,librustc_demangle-*,libstd_detect-*,libhashbrown-*,librustc_std_workspace_alloc-*,libminiz_oxide-*,libadler2-*,libunwind-*,liblibc-*,librustc_std_workspace_core-*,liballoc-*,libcore-*,libcompiler_builtins-*}.rlib" "-Wl,-Bdynamic" "-lgcc_s" "-lutil" "-lrt" "-lpthread" "-lm" "-ldl" "-lc" "-L" "/opt/rustwide/target/release/deps/rustckqxpfj/raw-dylibs" "-B<sysroot>/lib/rustlib/x86_64-unknown-linux-gnu/bin/gcc-ld" "-fuse-ld=lld" "-Wl,--eh-frame-hdr" "-Wl,-z,noexecstack" "-L" "<sysroot>/lib/rustlib/x86_64-unknown-linux-gnu/lib" "-o" "/opt/rustwide/target/release/deps/scope_local-d944e319b2c7a30a" "-Wl,--gc-sections" "-pie" "-Wl,-z,relro,-z,now" "-Wl,-O1" "-Wl,--strip-debug" "-nodefaultlibs"
[INFO] [stdout]   = note: some arguments are omitted. use `--verbose` to show all linker arguments
[INFO] [stdout]   = note: rust-lld: error: undefined symbol: __stop_scope_local
[INFO] [stdout]           >>> referenced by scope_local.58c875f8a08f23cd-cgu.0
[INFO] [stdout]           >>>               /opt/rustwide/target/release/deps/scope_local-d944e319b2c7a30a.scope_local.58c875f8a08f23cd-cgu.0.rcgu.o:(core::ptr::drop_glue::<scope_local::scope::ScopeInner>)
[INFO] [stdout]           >>> referenced by scope_local.58c875f8a08f23cd-cgu.0
[INFO] [stdout]           >>>               /opt/rustwide/target/release/deps/scope_local-d944e319b2c7a30a.scope_local.58c875f8a08f23cd-cgu.0.rcgu.o:(<scope_local::scope::ScopeCell>::new)
[INFO] [stdout]           
[INFO] [stdout]           rust-lld: error: undefined symbol: __start_scope_local
[INFO] [stdout]           >>> referenced by scope_local.58c875f8a08f23cd-cgu.0
[INFO] [stdout]           >>>               /opt/rustwide/target/release/deps/scope_local-d944e319b2c7a30a.scope_local.58c875f8a08f23cd-cgu.0.rcgu.o:(core::ptr::drop_glue::<scope_local::scope::ScopeInner>)
[INFO] [stdout]           >>> referenced by scope_local.58c875f8a08f23cd-cgu.0
[INFO] [stdout]           >>>               /opt/rustwide/target/release/deps/scope_local-d944e319b2c7a30a.scope_local.58c875f8a08f23cd-cgu.0.rcgu.o:(<scope_local::scope::ScopeCell>::new)
[INFO] [stdout]           >>> referenced by scope_local.58c875f8a08f23cd-cgu.0
[INFO] [stdout]           >>>               /opt/rustwide/target/release/deps/scope_local-d944e319b2c7a30a.scope_local.58c875f8a08f23cd-cgu.0.rcgu.o:(<scope_local::scope::ScopeCell>::new)
[INFO] [stdout]           >>> the encapsulation symbol needs to be retained under --gc-sections properly; consider -z nostart-stop-gc (see https://lld.llvm.org/ELF/start-stop-gc)
[INFO] [stdout]           collect2: error: ld returned 1 exit status
[INFO] [stdout]           
[INFO] [stdout] 
[INFO] [stdout] 
[INFO] [stderr] error: could not compile `scope-local` (lib test) due to 1 previous error
[INFO] running `Command { std: "docker" "inspect" "0e82e285755409aae2ac0133cf6c618807c38db11c483b2967bbebf24e96095a", kill_on_drop: false }`
[INFO] running `Command { std: "docker" "rm" "-f" "0e82e285755409aae2ac0133cf6c618807c38db11c483b2967bbebf24e96095a", kill_on_drop: false }`
[INFO] [stdout] 0e82e285755409aae2ac0133cf6c618807c38db11c483b2967bbebf24e96095a
