[INFO] fetching crate sciparse 0.8.4...
[INFO] testing sciparse-0.8.4 against 1.100.0-beta.1+cargoflags=--release for beta-release-1.100-2
[INFO] extracting crate sciparse 0.8.4 into /workspace/builds/worker-1-tc2/source
[INFO] started tweaking crates.io crate sciparse 0.8.4
[INFO] removed 0 missing examples
[INFO] removed 0 missing tests
[INFO] finished tweaking crates.io crate sciparse 0.8.4
[INFO] tweaked toml for crates.io crate sciparse 0.8.4 written to /workspace/builds/worker-1-tc2/source/Cargo.toml
[INFO] validating manifest of crates.io crate sciparse 0.8.4 on toolchain 1.100.0-beta.1
[INFO] running `Command { std: CARGO_HOME="/workspace/cargo-home" RUSTUP_HOME="/workspace/rustup-home" "/workspace/cargo-home/bin/cargo" "+1.100.0-beta.1" "metadata" "--manifest-path" "Cargo.toml" "--no-deps", kill_on_drop: false }`
[INFO] crate crates.io crate sciparse 0.8.4 already has a lockfile, it will not be regenerated
[INFO] running `Command { std: CARGO_HOME="/workspace/cargo-home" RUSTUP_HOME="/workspace/rustup-home" "/workspace/cargo-home/bin/cargo" "+1.100.0-beta.1" "fetch" "--manifest-path" "Cargo.toml", kill_on_drop: false }`
[INFO] running `Command { std: "docker" "create" "-v" "/var/lib/crater-agent-workspace/builds/worker-1-tc2/source:/opt/rustwide/workdir:ro,Z" "-v" "/var/lib/crater-agent-workspace/builds/worker-1-tc2/target:/opt/rustwide/target:rw,Z" "-v" "/var/lib/crater-agent-workspace/cargo-home:/opt/rustwide/cargo-home:ro,Z" "-v" "/var/lib/crater-agent-workspace/rustup-home:/opt/rustwide/rustup-home:ro,Z" "-m" "1610612736" "--network" "none" "ghcr.io/rust-lang/crates-build-env/linux@sha256:77db811e55d90add9212f6832c23229e3de5f1c1f9905e8cb07319ea15df73ac" "sleep" "infinity", kill_on_drop: false }`
[INFO] [stdout] 07701b5553fbd5dfb61358f526a1235808219459342526775224c69a815c3a38
[INFO] running `Command { std: "docker" "start" "07701b5553fbd5dfb61358f526a1235808219459342526775224c69a815c3a38", kill_on_drop: false }`
[INFO] running `Command { std: "docker" "inspect" "07701b5553fbd5dfb61358f526a1235808219459342526775224c69a815c3a38", kill_on_drop: false }`
[INFO] running `Command { std: "docker" "exec" "-e" "SOURCE_DIR=/opt/rustwide/workdir" "-e" "CARGO_HOME=/opt/rustwide/cargo-home" "-e" "RUSTUP_HOME=/opt/rustwide/rustup-home" "-e" "CARGO_TARGET_DIR=/opt/rustwide/target" "-w" "/opt/rustwide/workdir" "--user" "0:0" "07701b5553fbd5dfb61358f526a1235808219459342526775224c69a815c3a38" "/opt/rustwide/cargo-home/bin/cargo" "+1.100.0-beta.1" "metadata" "--no-deps" "--format-version=1", kill_on_drop: false }`
[INFO] running `Command { std: "docker" "inspect" "07701b5553fbd5dfb61358f526a1235808219459342526775224c69a815c3a38", kill_on_drop: false }`
[INFO] running `Command { std: "docker" "exec" "-e" "SOURCE_DIR=/opt/rustwide/workdir" "-e" "CARGO_HOME=/opt/rustwide/cargo-home" "-e" "RUSTUP_HOME=/opt/rustwide/rustup-home" "-e" "CARGO_TARGET_DIR=/opt/rustwide/target" "-e" "CARGO_INCREMENTAL=0" "-e" "RUST_BACKTRACE=full" "-e" "RUSTFLAGS=--cap-lints=warn" "-e" "RUSTDOCFLAGS=--cap-lints=warn" "-w" "/opt/rustwide/workdir" "--user" "0:0" "07701b5553fbd5dfb61358f526a1235808219459342526775224c69a815c3a38" "/opt/rustwide/cargo-home/bin/cargo" "+1.100.0-beta.1" "build" "--frozen" "--message-format=json" "--release", kill_on_drop: false }`
[INFO] [stderr]    Compiling stable_deref_trait v1.2.1
[INFO] [stderr]    Compiling writeable v0.6.4
[INFO] [stderr]    Compiling litemap v0.8.3
[INFO] [stderr]    Compiling syn v3.0.4
[INFO] [stderr]    Compiling generic-array v0.14.7
[INFO] [stderr]    Compiling getrandom v0.2.17
[INFO] [stderr]    Compiling icu_properties_data v2.3.0
[INFO] [stderr]    Compiling cc v1.4.4
[INFO] [stderr]    Compiling icu_normalizer_data v2.3.0
[INFO] [stderr]    Compiling der v0.7.10
[INFO] [stderr]    Compiling indexmap v2.14.1
[INFO] [stderr]    Compiling zerofrom v0.1.8
[INFO] [stderr]    Compiling serde_json v1.0.151
[INFO] [stderr]    Compiling serde_core v1.0.229
[INFO] [stderr]    Compiling simdutf8 v0.1.5
[INFO] [stderr]    Compiling darling_core v0.23.0
[INFO] [stderr]    Compiling flate2 v1.1.10
[INFO] [stderr]    Compiling compression-core v0.4.33
[INFO] [stderr]    Compiling yoke v0.8.3
[INFO] [stderr]    Compiling rand_core v0.6.4
[INFO] [stderr]    Compiling percent-encoding v2.3.2
[INFO] [stderr]    Compiling matchit v0.8.4
[INFO] [stderr]    Compiling tempfile v3.27.0
[INFO] [stderr]    Compiling ppv-lite86 v0.2.21
[INFO] [stderr]    Compiling smoothutf8 v0.1.1
[INFO] [stderr]    Compiling ff v0.13.1
[INFO] [stderr]    Compiling form_urlencoded v1.2.2
[INFO] [stderr]    Compiling proptest-derive v0.8.0
[INFO] [stderr]    Compiling group v0.13.0
[INFO] [stderr]    Compiling rusty-fork v0.3.1
[INFO] [stderr]    Compiling rand_chacha v0.9.0
[INFO] [stderr]    Compiling crypto-common v0.1.7
[INFO] [stderr]    Compiling block-buffer v0.10.4
[INFO] [stderr]    Compiling crypto-bigint v0.5.5
[INFO] [stderr]    Compiling inout v0.1.4
[INFO] [stderr]    Compiling dbl v0.3.2
[INFO] [stderr]    Compiling digest v0.10.7
[INFO] [stderr]    Compiling proptest v1.11.0
[INFO] [stderr]    Compiling cipher v0.4.4
[INFO] [stderr]    Compiling hmac v0.12.1
[INFO] [stderr]    Compiling signature v2.2.0
[INFO] [stderr]    Compiling sha2 v0.10.9
[INFO] [stderr]    Compiling aes v0.8.4
[INFO] [stderr]    Compiling cmac v0.7.2
[INFO] [stderr]    Compiling rfc6979 v0.4.0
[INFO] [stderr]    Compiling spki v0.7.3
[INFO] [stderr]    Compiling zstd-sys v2.0.16+zstd.1.5.7
[INFO] [stderr]    Compiling pkcs8 v0.10.2
[INFO] [stderr]    Compiling sec1 v0.7.3
[INFO] [stderr]    Compiling elliptic-curve v0.13.8
[INFO] [stderr]    Compiling darling_macro v0.23.0
[INFO] [stderr]    Compiling primeorder v0.13.6
[INFO] [stderr]    Compiling ecdsa v0.16.9
[INFO] [stderr]    Compiling darling v0.23.0
[INFO] [stderr]    Compiling uuid v1.26.0
[INFO] [stderr]    Compiling serde_with_macros v3.22.0
[INFO] [stderr]    Compiling p256 v0.13.2
[INFO] [stderr]    Compiling serde_with v3.22.0
[INFO] [stderr]    Compiling serde_derive v1.0.229
[INFO] [stderr]    Compiling zerovec-derive v0.11.6
[INFO] [stderr]    Compiling displaydoc v0.2.7
[INFO] [stderr]    Compiling futures-macro v0.3.34
[INFO] [stderr]    Compiling thiserror-impl v2.0.20
[INFO] [stderr]    Compiling async-trait v0.1.92
[INFO] [stderr]    Compiling zerotrie v0.2.5
[INFO] [stderr]    Compiling futures-util v0.3.34
[INFO] [stderr]    Compiling zerovec v0.11.8
[INFO] [stderr]    Compiling thiserror v2.0.20
[INFO] [stderr]    Compiling serde v1.0.229
[INFO] [stderr]    Compiling tinystr v0.8.4
[INFO] [stderr]    Compiling potential_utf v0.1.6
[INFO] [stderr]    Compiling icu_collections v2.3.0
[INFO] [stderr]    Compiling icu_locale_core v2.3.0
[INFO] [stderr]    Compiling bytes v1.12.1
[INFO] [stderr]    Compiling hashbrown v0.15.5
[INFO] [stderr]    Compiling icu_provider v2.3.1
[INFO] [stderr]    Compiling http v1.5.0
[INFO] [stderr]    Compiling tokio v1.53.1
[INFO] [stderr]    Compiling icu_properties v2.3.0
[INFO] [stderr]    Compiling icu_normalizer v2.3.0
[INFO] [stderr]    Compiling buffa v0.8.1
[INFO] [stderr]    Compiling http-body v1.1.0
[INFO] [stderr]    Compiling http-body-util v0.1.5
[INFO] [stderr]    Compiling idna_adapter v1.2.2
[INFO] [stderr]    Compiling idna v1.1.0
[INFO] [stderr]    Compiling axum-core v0.5.6
[INFO] [stderr]    Compiling futures-executor v0.3.34
[INFO] [stderr]    Compiling futures v0.3.34
[INFO] [stderr]    Compiling url v2.5.8
[INFO] [stderr]    Compiling buffa-types v0.8.1
[INFO] [stderr]    Compiling utoipa-gen v5.5.0
[INFO] [stderr]    Compiling tokio-util v0.7.19
[INFO] [stderr]    Compiling h2 v0.4.19
[INFO] [stderr]    Compiling tower v0.5.3
[INFO] [stderr]    Compiling utoipa v5.5.0
[INFO] [stderr]    Compiling zstd-safe v7.2.4
[INFO] [stderr]    Compiling zstd v0.13.3
[INFO] [stderr]    Compiling hyper v1.11.1
[INFO] [stderr]    Compiling compression-codecs v0.4.39
[INFO] [stderr]    Compiling async-compression v0.4.44
[INFO] [stderr]    Compiling hyper-util v0.1.20
[INFO] [stderr]    Compiling axum v0.8.9
[INFO] [stderr]    Compiling connectrpc v0.8.1
[INFO] [stderr]    Compiling scion-protobuf v0.8.4
[INFO] [stderr]    Compiling sciparse v0.8.4 (/opt/rustwide/workdir)
[INFO] [stderr]     Finished `release` profile [optimized] target(s) in 30.08s
[INFO] running `Command { std: "docker" "inspect" "07701b5553fbd5dfb61358f526a1235808219459342526775224c69a815c3a38", kill_on_drop: false }`
[INFO] running `Command { std: "docker" "exec" "-e" "SOURCE_DIR=/opt/rustwide/workdir" "-e" "CARGO_HOME=/opt/rustwide/cargo-home" "-e" "RUSTUP_HOME=/opt/rustwide/rustup-home" "-e" "CARGO_TARGET_DIR=/opt/rustwide/target" "-e" "CARGO_INCREMENTAL=0" "-e" "RUST_BACKTRACE=full" "-e" "RUSTFLAGS=--cap-lints=warn" "-e" "RUSTDOCFLAGS=--cap-lints=warn" "-w" "/opt/rustwide/workdir" "--user" "0:0" "07701b5553fbd5dfb61358f526a1235808219459342526775224c69a815c3a38" "/opt/rustwide/cargo-home/bin/cargo" "+1.100.0-beta.1" "test" "--frozen" "--no-run" "--message-format=json" "--release", kill_on_drop: false }`
[INFO] [stderr]    Compiling half v2.7.1
[INFO] [stderr]    Compiling ppv-lite86 v0.2.21
[INFO] [stderr]    Compiling alloca v0.4.0
[INFO] [stderr]    Compiling itertools v0.13.0
[INFO] [stderr]    Compiling clap_builder v4.6.6
[INFO] [stderr]    Compiling regex-automata v0.4.18
[INFO] [stderr]    Compiling plotters v0.3.7
[INFO] [stderr]    Compiling rayon v1.12.0
[INFO] [stderr]    Compiling tinytemplate v1.2.1
[INFO] [stderr]    Compiling page_size v0.6.0
[INFO] [stderr]    Compiling ciborium-ll v0.2.2
[INFO] [stderr]    Compiling rand_chacha v0.9.0
[INFO] [stderr]    Compiling ciborium v0.2.2
[INFO] [stderr]    Compiling proptest v1.11.0
[INFO] [stderr]    Compiling criterion-plot v0.8.2
[INFO] [stderr]    Compiling regex v1.13.1
[INFO] [stderr]    Compiling clap v4.6.6
[INFO] [stderr]    Compiling criterion v0.8.2
[INFO] [stderr]    Compiling sciparse v0.8.4 (/opt/rustwide/workdir)
[INFO] [stdout] error[E0433]: cannot find `fuzz` in `util`
[INFO] [stdout]   --> tests/packet_decode_random_data.rs:27:11
[INFO] [stdout]    |
[INFO] [stdout] 27 |     util::fuzz::packet_shape::bias_to_packet_shape,
[INFO] [stdout]    |           ^^^^ could not find `fuzz` in `util`
[INFO] [stdout]    |
[INFO] [stdout] note: found an item that was configured out
[INFO] [stdout]   --> src/util.rs:25:9
[INFO] [stdout]    |
[INFO] [stdout] 24 | #[cfg(feature = "fuzz")]
[INFO] [stdout]    |       ---------------- the item is gated behind the `fuzz` feature
[INFO] [stdout] 25 | pub mod fuzz;
[INFO] [stdout]    |         ^^^^
[INFO] [stdout] 
[INFO] [stdout] 
[INFO] [stdout] error[E0433]: cannot find `fuzz` in `util`
[INFO] [stdout]   --> tests/packet_decode_random_data.rs:48:37
[INFO] [stdout]    |
[INFO] [stdout] 48 |                     sciparse::util::fuzz::view_function_checks::packet::exec_every_view_function(
[INFO] [stdout]    |                                     ^^^^ could not find `fuzz` in `util`
[INFO] [stdout]    |
[INFO] [stdout] note: found an item that was configured out
[INFO] [stdout]   --> src/util.rs:25:9
[INFO] [stdout]    |
[INFO] [stdout] 24 | #[cfg(feature = "fuzz")]
[INFO] [stdout]    |       ---------------- the item is gated behind the `fuzz` feature
[INFO] [stdout] 25 | pub mod fuzz;
[INFO] [stdout]    |         ^^^^
[INFO] [stdout] 
[INFO] [stdout] 
[INFO] [stdout] error[E0433]: cannot find `fuzz` in `util`
[INFO] [stdout]   --> tests/packet_roundtrip.rs:63:29
[INFO] [stdout]    |
[INFO] [stdout] 63 |             sciparse::util::fuzz::view_function_checks::packet::exec_every_view_function(view);
[INFO] [stdout]    |                             ^^^^ could not find `fuzz` in `util`
[INFO] [stdout]    |
[INFO] [stdout] note: found an item that was configured out
[INFO] [stdout]   --> src/util.rs:25:9
[INFO] [stdout]    |
[INFO] [stdout] 24 | #[cfg(feature = "fuzz")]
[INFO] [stdout]    |       ---------------- the item is gated behind the `fuzz` feature
[INFO] [stdout] 25 | pub mod fuzz;
[INFO] [stdout]    |         ^^^^
[INFO] [stdout] 
[INFO] [stdout] 
[INFO] [stdout] error[E0433]: cannot find `fuzz` in `util`
[INFO] [stdout]   --> tests/packet_decode_malformed_wire.rs:55:37
[INFO] [stdout]    |
[INFO] [stdout] 55 |                     sciparse::util::fuzz::view_function_checks::packet::exec_every_view_function(
[INFO] [stdout]    |                                     ^^^^ could not find `fuzz` in `util`
[INFO] [stdout]    |
[INFO] [stdout] note: found an item that was configured out
[INFO] [stdout]   --> src/util.rs:25:9
[INFO] [stdout]    |
[INFO] [stdout] 24 | #[cfg(feature = "fuzz")]
[INFO] [stdout]    |       ---------------- the item is gated behind the `fuzz` feature
[INFO] [stdout] 25 | pub mod fuzz;
[INFO] [stdout]    |         ^^^^
[INFO] [stdout] 
[INFO] [stdout] 
[INFO] [stdout] error[E0433]: cannot find `fuzz` in `util`
[INFO] [stdout]   --> tests/packet_encode_invalid_model.rs:58:37
[INFO] [stdout]    |
[INFO] [stdout] 58 |                     sciparse::util::fuzz::view_function_checks::packet::exec_every_view_function(
[INFO] [stdout]    |                                     ^^^^ could not find `fuzz` in `util`
[INFO] [stdout]    |
[INFO] [stdout] note: found an item that was configured out
[INFO] [stdout]   --> src/util.rs:25:9
[INFO] [stdout]    |
[INFO] [stdout] 24 | #[cfg(feature = "fuzz")]
[INFO] [stdout]    |       ---------------- the item is gated behind the `fuzz` feature
[INFO] [stdout] 25 | pub mod fuzz;
[INFO] [stdout]    |         ^^^^
[INFO] [stdout] 
[INFO] [stdout] 
[INFO] [stdout] For more information about this error, try `rustc --explain E0433`.
[INFO] [stdout] 
[INFO] [stdout] For more information about this error, try `rustc --explain E0433`.
[INFO] [stdout] 
[INFO] [stderr] error: could not compile `sciparse` (test "packet_decode_random_data") due to 2 previous errors
[INFO] [stderr] warning: build failed, waiting for other jobs to finish...
[INFO] [stderr] error: could not compile `sciparse` (test "packet_roundtrip") due to 1 previous error
[INFO] [stdout] For more information about this error, try `rustc --explain E0433`.
[INFO] [stdout] 
[INFO] [stdout] For more information about this error, try `rustc --explain E0433`.
[INFO] [stdout] 
[INFO] [stderr] error: could not compile `sciparse` (test "packet_decode_malformed_wire") due to 1 previous error
[INFO] [stderr] error: could not compile `sciparse` (test "packet_encode_invalid_model") due to 1 previous error
[INFO] running `Command { std: "docker" "inspect" "07701b5553fbd5dfb61358f526a1235808219459342526775224c69a815c3a38", kill_on_drop: false }`
[INFO] running `Command { std: "docker" "rm" "-f" "07701b5553fbd5dfb61358f526a1235808219459342526775224c69a815c3a38", kill_on_drop: false }`
[INFO] [stdout] 07701b5553fbd5dfb61358f526a1235808219459342526775224c69a815c3a38
