[INFO] fetching crate schematic_core 0.1.11...
[INFO] testing schematic_core-0.1.11 against 1.100.0-beta.1+cargoflags=--release for beta-release-1.100-2
[INFO] extracting crate schematic_core 0.1.11 into /workspace/builds/worker-7-tc2/source
[INFO] started tweaking crates.io crate schematic_core 0.1.11
[INFO] removed 0 missing tests
[INFO] finished tweaking crates.io crate schematic_core 0.1.11
[INFO] tweaked toml for crates.io crate schematic_core 0.1.11 written to /workspace/builds/worker-7-tc2/source/Cargo.toml
[INFO] validating manifest of crates.io crate schematic_core 0.1.11 on toolchain 1.100.0-beta.1
[INFO] running `Command { std: CARGO_HOME="/workspace/cargo-home" RUSTUP_HOME="/workspace/rustup-home" "/workspace/cargo-home/bin/cargo" "+1.100.0-beta.1" "metadata" "--manifest-path" "Cargo.toml" "--no-deps", kill_on_drop: false }`
[INFO] crate crates.io crate schematic_core 0.1.11 already has a lockfile, it will not be regenerated
[INFO] running `Command { std: CARGO_HOME="/workspace/cargo-home" RUSTUP_HOME="/workspace/rustup-home" "/workspace/cargo-home/bin/cargo" "+1.100.0-beta.1" "fetch" "--manifest-path" "Cargo.toml", kill_on_drop: false }`
[INFO] running `Command { std: "docker" "create" "-v" "/var/lib/crater-agent-workspace/builds/worker-7-tc2/source:/opt/rustwide/workdir:ro,Z" "-v" "/var/lib/crater-agent-workspace/builds/worker-7-tc2/target:/opt/rustwide/target:rw,Z" "-v" "/var/lib/crater-agent-workspace/cargo-home:/opt/rustwide/cargo-home:ro,Z" "-v" "/var/lib/crater-agent-workspace/rustup-home:/opt/rustwide/rustup-home:ro,Z" "-m" "1610612736" "--network" "none" "ghcr.io/rust-lang/crates-build-env/linux@sha256:77db811e55d90add9212f6832c23229e3de5f1c1f9905e8cb07319ea15df73ac" "sleep" "infinity", kill_on_drop: false }`
[INFO] [stdout] 1b2450e2878bf5d47cbea76ec43fcc7cbae47d7db188071a03e4b9ae4bb751d4
[INFO] running `Command { std: "docker" "start" "1b2450e2878bf5d47cbea76ec43fcc7cbae47d7db188071a03e4b9ae4bb751d4", kill_on_drop: false }`
[INFO] running `Command { std: "docker" "inspect" "1b2450e2878bf5d47cbea76ec43fcc7cbae47d7db188071a03e4b9ae4bb751d4", kill_on_drop: false }`
[INFO] running `Command { std: "docker" "exec" "-e" "SOURCE_DIR=/opt/rustwide/workdir" "-e" "CARGO_HOME=/opt/rustwide/cargo-home" "-e" "RUSTUP_HOME=/opt/rustwide/rustup-home" "-e" "CARGO_TARGET_DIR=/opt/rustwide/target" "-w" "/opt/rustwide/workdir" "--user" "0:0" "1b2450e2878bf5d47cbea76ec43fcc7cbae47d7db188071a03e4b9ae4bb751d4" "/opt/rustwide/cargo-home/bin/cargo" "+1.100.0-beta.1" "metadata" "--no-deps" "--format-version=1", kill_on_drop: false }`
[INFO] running `Command { std: "docker" "inspect" "1b2450e2878bf5d47cbea76ec43fcc7cbae47d7db188071a03e4b9ae4bb751d4", kill_on_drop: false }`
[INFO] running `Command { std: "docker" "exec" "-e" "SOURCE_DIR=/opt/rustwide/workdir" "-e" "CARGO_HOME=/opt/rustwide/cargo-home" "-e" "RUSTUP_HOME=/opt/rustwide/rustup-home" "-e" "CARGO_TARGET_DIR=/opt/rustwide/target" "-e" "CARGO_INCREMENTAL=0" "-e" "RUST_BACKTRACE=full" "-e" "RUSTFLAGS=--cap-lints=warn" "-e" "RUSTDOCFLAGS=--cap-lints=warn" "-w" "/opt/rustwide/workdir" "--user" "0:0" "1b2450e2878bf5d47cbea76ec43fcc7cbae47d7db188071a03e4b9ae4bb751d4" "/opt/rustwide/cargo-home/bin/cargo" "+1.100.0-beta.1" "build" "--frozen" "--message-format=json" "--release", kill_on_drop: false }`
[INFO] [stderr]    Compiling proc-macro2 v1.0.107
[INFO] [stderr]    Compiling ident_case v1.0.1
[INFO] [stderr]    Compiling quote v1.0.47
[INFO] [stderr]    Compiling convert_case v0.12.0
[INFO] [stderr]    Compiling syn v3.0.9
[INFO] [stderr]    Compiling darling_core v0.24.1
[INFO] [stderr]    Compiling darling_macro v0.24.1
[INFO] [stderr]    Compiling darling v0.24.1
[INFO] [stderr]    Compiling schematic_core v0.1.11 (/opt/rustwide/workdir)
[INFO] [stderr]     Finished `release` profile [optimized] target(s) in 1m 33s
[INFO] running `Command { std: "docker" "inspect" "1b2450e2878bf5d47cbea76ec43fcc7cbae47d7db188071a03e4b9ae4bb751d4", kill_on_drop: false }`
[INFO] running `Command { std: "docker" "exec" "-e" "SOURCE_DIR=/opt/rustwide/workdir" "-e" "CARGO_HOME=/opt/rustwide/cargo-home" "-e" "RUSTUP_HOME=/opt/rustwide/rustup-home" "-e" "CARGO_TARGET_DIR=/opt/rustwide/target" "-e" "CARGO_INCREMENTAL=0" "-e" "RUST_BACKTRACE=full" "-e" "RUSTFLAGS=--cap-lints=warn" "-e" "RUSTDOCFLAGS=--cap-lints=warn" "-w" "/opt/rustwide/workdir" "--user" "0:0" "1b2450e2878bf5d47cbea76ec43fcc7cbae47d7db188071a03e4b9ae4bb751d4" "/opt/rustwide/cargo-home/bin/cargo" "+1.100.0-beta.1" "test" "--frozen" "--no-run" "--message-format=json" "--release", kill_on_drop: false }`
[INFO] [stderr]    Compiling bstr v1.13.1
[INFO] [stderr]    Compiling predicates-core v1.0.10
[INFO] [stderr]    Compiling dirs-sys v0.5.0
[INFO] [stderr]    Compiling getrandom v0.4.3
[INFO] [stderr]    Compiling float-cmp v0.10.0
[INFO] [stderr]    Compiling syn v2.0.119
[INFO] [stderr]    Compiling normalize-line-endings v0.3.0
[INFO] [stderr]    Compiling difflib v0.4.0
[INFO] [stderr]    Compiling is_ci v1.2.0
[INFO] [stderr]    Compiling predicates-tree v1.0.13
[INFO] [stderr]    Compiling supports-color v3.0.2
[INFO] [stderr]    Compiling dirs v7.0.0
[INFO] [stderr]    Compiling tempfile v3.27.0
[INFO] [stderr]    Compiling thiserror-impl v2.0.21
[INFO] [stderr]    Compiling assert_cmd v2.2.2
[INFO] [stderr]    Compiling owo-colors v4.4.0
[INFO] [stderr]    Compiling predicates v3.1.4
[INFO] [stderr]    Compiling reflink-copy v0.1.30
[INFO] [stderr]    Compiling globset v0.4.20
[INFO] [stderr]    Compiling wait-timeout v0.2.1
[INFO] [stderr]    Compiling ignore v0.4.33
[INFO] [stderr]    Compiling thiserror v2.0.21
[INFO] [stderr]    Compiling starbase_styles v0.6.10
[INFO] [stderr]    Compiling console v0.16.6
[INFO] [stderr]    Compiling diff v0.1.13
[INFO] [stderr]    Compiling prettyplease v0.3.0
[INFO] [stderr]    Compiling yansi v1.0.1
[INFO] [stderr]    Compiling similar v2.7.0
[INFO] [stderr]    Compiling globwalk v0.9.1
[INFO] [stderr]    Compiling pretty_assertions v1.4.1
[INFO] [stderr]    Compiling assert_fs v1.1.4
[INFO] [stderr]    Compiling insta v1.49.0
[INFO] [stderr]    Compiling tracing-attributes v0.1.31
[INFO] [stderr]    Compiling tracing v0.1.44
[INFO] [stderr]    Compiling starbase_utils v0.14.7
[INFO] [stderr]    Compiling starbase_sandbox v0.12.0
[INFO] [stderr]    Compiling schematic_core v0.1.11 (/opt/rustwide/workdir)
[INFO] [stdout] error[E0599]: no method named `impl_schematic_type` found for struct `schematic_core::container::Container` in the current scope
[INFO] [stdout]    --> tests/container_schema_test.rs:102:52
[INFO] [stdout]     |
[INFO] [stdout] 102 |             assert_snapshot!(pretty_body(container.impl_schematic_type()));
[INFO] [stdout]     |                                                    ^^^^^^^^^^^^^^^^^^^
[INFO] [stdout]     |
[INFO] [stdout] help: there is a method `impl_schematic` with a similar name
[INFO] [stdout]     |
[INFO] [stdout] 102 -             assert_snapshot!(pretty_body(container.impl_schematic_type()));
[INFO] [stdout] 102 +             assert_snapshot!(pretty_body(container.impl_schematic()));
[INFO] [stdout]     |
[INFO] [stdout] 
[INFO] [stdout] 
[INFO] [stdout] error[E0599]: no method named `impl_schematic_type` found for struct `schematic_core::container::Container` in the current scope
[INFO] [stdout]    --> tests/container_schema_test.rs:128:52
[INFO] [stdout]     |
[INFO] [stdout] 128 |             assert_snapshot!(pretty_body(container.impl_schematic_type()));
[INFO] [stdout]     |                                                    ^^^^^^^^^^^^^^^^^^^
[INFO] [stdout]     |
[INFO] [stdout] help: there is a method `impl_schematic` with a similar name
[INFO] [stdout]     |
[INFO] [stdout] 128 -             assert_snapshot!(pretty_body(container.impl_schematic_type()));
[INFO] [stdout] 128 +             assert_snapshot!(pretty_body(container.impl_schematic()));
[INFO] [stdout]     |
[INFO] [stdout] 
[INFO] [stdout] 
[INFO] [stdout] error[E0599]: no method named `impl_schematic_type` found for struct `schematic_core::container::Container` in the current scope
[INFO] [stdout]    --> tests/container_schema_test.rs:149:52
[INFO] [stdout]     |
[INFO] [stdout] 149 |             assert_snapshot!(pretty_body(container.impl_schematic_type()));
[INFO] [stdout]     |                                                    ^^^^^^^^^^^^^^^^^^^
[INFO] [stdout]     |
[INFO] [stdout] help: there is a method `impl_schematic` with a similar name
[INFO] [stdout]     |
[INFO] [stdout] 149 -             assert_snapshot!(pretty_body(container.impl_schematic_type()));
[INFO] [stdout] 149 +             assert_snapshot!(pretty_body(container.impl_schematic()));
[INFO] [stdout]     |
[INFO] [stdout] 
[INFO] [stdout] 
[INFO] [stdout] error[E0599]: no method named `impl_schematic_type` found for struct `schematic_core::container::Container` in the current scope
[INFO] [stdout]    --> tests/container_schema_test.rs:159:52
[INFO] [stdout]     |
[INFO] [stdout] 159 |             assert_snapshot!(pretty_body(container.impl_schematic_type()));
[INFO] [stdout]     |                                                    ^^^^^^^^^^^^^^^^^^^
[INFO] [stdout]     |
[INFO] [stdout] help: there is a method `impl_schematic` with a similar name
[INFO] [stdout]     |
[INFO] [stdout] 159 -             assert_snapshot!(pretty_body(container.impl_schematic_type()));
[INFO] [stdout] 159 +             assert_snapshot!(pretty_body(container.impl_schematic()));
[INFO] [stdout]     |
[INFO] [stdout] 
[INFO] [stdout] 
[INFO] [stdout] error[E0599]: no method named `impl_schematic_type` found for struct `schematic_core::container::Container` in the current scope
[INFO] [stdout]    --> tests/container_schema_test.rs:174:52
[INFO] [stdout]     |
[INFO] [stdout] 174 |             assert_snapshot!(pretty_body(container.impl_schematic_type()));
[INFO] [stdout]     |                                                    ^^^^^^^^^^^^^^^^^^^
[INFO] [stdout]     |
[INFO] [stdout] help: there is a method `impl_schematic` with a similar name
[INFO] [stdout]     |
[INFO] [stdout] 174 -             assert_snapshot!(pretty_body(container.impl_schematic_type()));
[INFO] [stdout] 174 +             assert_snapshot!(pretty_body(container.impl_schematic()));
[INFO] [stdout]     |
[INFO] [stdout] 
[INFO] [stdout] 
[INFO] [stdout] error[E0599]: no method named `impl_schematic_type` found for struct `schematic_core::container::Container` in the current scope
[INFO] [stdout]    --> tests/container_schema_test.rs:184:52
[INFO] [stdout]     |
[INFO] [stdout] 184 |             assert_snapshot!(pretty_body(container.impl_schematic_type()));
[INFO] [stdout]     |                                                    ^^^^^^^^^^^^^^^^^^^
[INFO] [stdout]     |
[INFO] [stdout] help: there is a method `impl_schematic` with a similar name
[INFO] [stdout]     |
[INFO] [stdout] 184 -             assert_snapshot!(pretty_body(container.impl_schematic_type()));
[INFO] [stdout] 184 +             assert_snapshot!(pretty_body(container.impl_schematic()));
[INFO] [stdout]     |
[INFO] [stdout] 
[INFO] [stdout] 
[INFO] [stdout] error[E0599]: no method named `impl_schematic_type` found for struct `schematic_core::container::Container` in the current scope
[INFO] [stdout]    --> tests/container_schema_test.rs:194:52
[INFO] [stdout]     |
[INFO] [stdout] 194 |             assert_snapshot!(pretty_body(container.impl_schematic_type()));
[INFO] [stdout]     |                                                    ^^^^^^^^^^^^^^^^^^^
[INFO] [stdout]     |
[INFO] [stdout] help: there is a method `impl_schematic` with a similar name
[INFO] [stdout]     |
[INFO] [stdout] 194 -             assert_snapshot!(pretty_body(container.impl_schematic_type()));
[INFO] [stdout] 194 +             assert_snapshot!(pretty_body(container.impl_schematic()));
[INFO] [stdout]     |
[INFO] [stdout] 
[INFO] [stdout] 
[INFO] [stdout] error[E0599]: no method named `impl_schematic_type` found for struct `schematic_core::container::Container` in the current scope
[INFO] [stdout]    --> tests/container_schema_test.rs:216:52
[INFO] [stdout]     |
[INFO] [stdout] 216 |             assert_snapshot!(pretty_body(container.impl_schematic_type()));
[INFO] [stdout]     |                                                    ^^^^^^^^^^^^^^^^^^^
[INFO] [stdout]     |
[INFO] [stdout] help: there is a method `impl_schematic` with a similar name
[INFO] [stdout]     |
[INFO] [stdout] 216 -             assert_snapshot!(pretty_body(container.impl_schematic_type()));
[INFO] [stdout] 216 +             assert_snapshot!(pretty_body(container.impl_schematic()));
[INFO] [stdout]     |
[INFO] [stdout] 
[INFO] [stdout] 
[INFO] [stdout] error[E0599]: no method named `impl_schematic_type` found for struct `schematic_core::container::Container` in the current scope
[INFO] [stdout]    --> tests/container_schema_test.rs:226:52
[INFO] [stdout]     |
[INFO] [stdout] 226 |             assert_snapshot!(pretty_body(container.impl_schematic_type()));
[INFO] [stdout]     |                                                    ^^^^^^^^^^^^^^^^^^^
[INFO] [stdout]     |
[INFO] [stdout] help: there is a method `impl_schematic` with a similar name
[INFO] [stdout]     |
[INFO] [stdout] 226 -             assert_snapshot!(pretty_body(container.impl_schematic_type()));
[INFO] [stdout] 226 +             assert_snapshot!(pretty_body(container.impl_schematic()));
[INFO] [stdout]     |
[INFO] [stdout] 
[INFO] [stdout] 
[INFO] [stdout] error[E0599]: no method named `impl_schematic_type` found for struct `schematic_core::container::Container` in the current scope
[INFO] [stdout]    --> tests/container_schema_test.rs:257:52
[INFO] [stdout]     |
[INFO] [stdout] 257 |             assert_snapshot!(pretty_body(container.impl_schematic_type()));
[INFO] [stdout]     |                                                    ^^^^^^^^^^^^^^^^^^^
[INFO] [stdout]     |
[INFO] [stdout] help: there is a method `impl_schematic` with a similar name
[INFO] [stdout]     |
[INFO] [stdout] 257 -             assert_snapshot!(pretty_body(container.impl_schematic_type()));
[INFO] [stdout] 257 +             assert_snapshot!(pretty_body(container.impl_schematic()));
[INFO] [stdout]     |
[INFO] [stdout] 
[INFO] [stdout] 
[INFO] [stdout] error[E0599]: no method named `impl_schematic_type` found for struct `schematic_core::container::Container` in the current scope
[INFO] [stdout]    --> tests/container_schema_test.rs:283:52
[INFO] [stdout]     |
[INFO] [stdout] 283 |             assert_snapshot!(pretty_body(container.impl_schematic_type()));
[INFO] [stdout]     |                                                    ^^^^^^^^^^^^^^^^^^^
[INFO] [stdout]     |
[INFO] [stdout] help: there is a method `impl_schematic` with a similar name
[INFO] [stdout]     |
[INFO] [stdout] 283 -             assert_snapshot!(pretty_body(container.impl_schematic_type()));
[INFO] [stdout] 283 +             assert_snapshot!(pretty_body(container.impl_schematic()));
[INFO] [stdout]     |
[INFO] [stdout] 
[INFO] [stdout] 
[INFO] [stdout] error[E0599]: no method named `impl_schematic_type` found for struct `schematic_core::container::Container` in the current scope
[INFO] [stdout]    --> tests/container_schema_test.rs:309:52
[INFO] [stdout]     |
[INFO] [stdout] 309 |             assert_snapshot!(pretty_body(container.impl_schematic_type()));
[INFO] [stdout]     |                                                    ^^^^^^^^^^^^^^^^^^^
[INFO] [stdout]     |
[INFO] [stdout] help: there is a method `impl_schematic` with a similar name
[INFO] [stdout]     |
[INFO] [stdout] 309 -             assert_snapshot!(pretty_body(container.impl_schematic_type()));
[INFO] [stdout] 309 +             assert_snapshot!(pretty_body(container.impl_schematic()));
[INFO] [stdout]     |
[INFO] [stdout] 
[INFO] [stdout] 
[INFO] [stdout] error[E0599]: no method named `impl_schematic_type` found for struct `schematic_core::container::Container` in the current scope
[INFO] [stdout]    --> tests/container_schema_test.rs:335:52
[INFO] [stdout]     |
[INFO] [stdout] 335 |             assert_snapshot!(pretty_body(container.impl_schematic_type()));
[INFO] [stdout]     |                                                    ^^^^^^^^^^^^^^^^^^^
[INFO] [stdout]     |
[INFO] [stdout] help: there is a method `impl_schematic` with a similar name
[INFO] [stdout]     |
[INFO] [stdout] 335 -             assert_snapshot!(pretty_body(container.impl_schematic_type()));
[INFO] [stdout] 335 +             assert_snapshot!(pretty_body(container.impl_schematic()));
[INFO] [stdout]     |
[INFO] [stdout] 
[INFO] [stdout] 
[INFO] [stdout] error[E0599]: no method named `impl_schematic_type` found for struct `schematic_core::container::Container` in the current scope
[INFO] [stdout]    --> tests/container_schema_test.rs:355:52
[INFO] [stdout]     |
[INFO] [stdout] 355 |             assert_snapshot!(pretty_body(container.impl_schematic_type()));
[INFO] [stdout]     |                                                    ^^^^^^^^^^^^^^^^^^^
[INFO] [stdout]     |
[INFO] [stdout] help: there is a method `impl_schematic` with a similar name
[INFO] [stdout]     |
[INFO] [stdout] 355 -             assert_snapshot!(pretty_body(container.impl_schematic_type()));
[INFO] [stdout] 355 +             assert_snapshot!(pretty_body(container.impl_schematic()));
[INFO] [stdout]     |
[INFO] [stdout] 
[INFO] [stdout] 
[INFO] [stdout] error[E0599]: no method named `impl_schematic_type` found for struct `schematic_core::container::Container` in the current scope
[INFO] [stdout]    --> tests/container_schema_test.rs:373:52
[INFO] [stdout]     |
[INFO] [stdout] 373 |             assert_snapshot!(pretty_body(container.impl_schematic_type()));
[INFO] [stdout]     |                                                    ^^^^^^^^^^^^^^^^^^^
[INFO] [stdout]     |
[INFO] [stdout] help: there is a method `impl_schematic` with a similar name
[INFO] [stdout]     |
[INFO] [stdout] 373 -             assert_snapshot!(pretty_body(container.impl_schematic_type()));
[INFO] [stdout] 373 +             assert_snapshot!(pretty_body(container.impl_schematic()));
[INFO] [stdout]     |
[INFO] [stdout] 
[INFO] [stdout] 
[INFO] [stdout] error[E0599]: no method named `impl_schematic_type` found for struct `schematic_core::container::Container` in the current scope
[INFO] [stdout]    --> tests/container_schema_test.rs:391:52
[INFO] [stdout]     |
[INFO] [stdout] 391 |             assert_snapshot!(pretty_body(container.impl_schematic_type()));
[INFO] [stdout]     |                                                    ^^^^^^^^^^^^^^^^^^^
[INFO] [stdout]     |
[INFO] [stdout] help: there is a method `impl_schematic` with a similar name
[INFO] [stdout]     |
[INFO] [stdout] 391 -             assert_snapshot!(pretty_body(container.impl_schematic_type()));
[INFO] [stdout] 391 +             assert_snapshot!(pretty_body(container.impl_schematic()));
[INFO] [stdout]     |
[INFO] [stdout] 
[INFO] [stdout] 
[INFO] [stdout] error[E0599]: no method named `impl_schematic_type` found for struct `schematic_core::container::Container` in the current scope
[INFO] [stdout]    --> tests/container_schema_test.rs:410:52
[INFO] [stdout]     |
[INFO] [stdout] 410 |             assert_snapshot!(pretty_body(container.impl_schematic_type()));
[INFO] [stdout]     |                                                    ^^^^^^^^^^^^^^^^^^^
[INFO] [stdout]     |
[INFO] [stdout] help: there is a method `impl_schematic` with a similar name
[INFO] [stdout]     |
[INFO] [stdout] 410 -             assert_snapshot!(pretty_body(container.impl_schematic_type()));
[INFO] [stdout] 410 +             assert_snapshot!(pretty_body(container.impl_schematic()));
[INFO] [stdout]     |
[INFO] [stdout] 
[INFO] [stdout] 
[INFO] [stdout] error[E0599]: no method named `impl_schematic_type` found for struct `schematic_core::container::Container` in the current scope
[INFO] [stdout]    --> tests/container_schema_test.rs:435:52
[INFO] [stdout]     |
[INFO] [stdout] 435 |             assert_snapshot!(pretty_body(container.impl_schematic_type()));
[INFO] [stdout]     |                                                    ^^^^^^^^^^^^^^^^^^^
[INFO] [stdout]     |
[INFO] [stdout] help: there is a method `impl_schematic` with a similar name
[INFO] [stdout]     |
[INFO] [stdout] 435 -             assert_snapshot!(pretty_body(container.impl_schematic_type()));
[INFO] [stdout] 435 +             assert_snapshot!(pretty_body(container.impl_schematic()));
[INFO] [stdout]     |
[INFO] [stdout] 
[INFO] [stdout] 
[INFO] [stdout] error[E0599]: no method named `impl_schematic_type` found for struct `schematic_core::container::Container` in the current scope
[INFO] [stdout]    --> tests/container_schema_test.rs:450:52
[INFO] [stdout]     |
[INFO] [stdout] 450 |             assert_snapshot!(pretty_body(container.impl_schematic_type()));
[INFO] [stdout]     |                                                    ^^^^^^^^^^^^^^^^^^^
[INFO] [stdout]     |
[INFO] [stdout] help: there is a method `impl_schematic` with a similar name
[INFO] [stdout]     |
[INFO] [stdout] 450 -             assert_snapshot!(pretty_body(container.impl_schematic_type()));
[INFO] [stdout] 450 +             assert_snapshot!(pretty_body(container.impl_schematic()));
[INFO] [stdout]     |
[INFO] [stdout] 
[INFO] [stdout] 
[INFO] [stdout] error[E0599]: no method named `impl_schematic_type` found for struct `schematic_core::container::Container` in the current scope
[INFO] [stdout]    --> tests/container_schema_test.rs:465:52
[INFO] [stdout]     |
[INFO] [stdout] 465 |             assert_snapshot!(pretty_body(container.impl_schematic_type()));
[INFO] [stdout]     |                                                    ^^^^^^^^^^^^^^^^^^^
[INFO] [stdout]     |
[INFO] [stdout] help: there is a method `impl_schematic` with a similar name
[INFO] [stdout]     |
[INFO] [stdout] 465 -             assert_snapshot!(pretty_body(container.impl_schematic_type()));
[INFO] [stdout] 465 +             assert_snapshot!(pretty_body(container.impl_schematic()));
[INFO] [stdout]     |
[INFO] [stdout] 
[INFO] [stdout] 
[INFO] [stdout] error[E0599]: no method named `impl_schematic_type` found for struct `schematic_core::container::Container` in the current scope
[INFO] [stdout]    --> tests/container_schema_test.rs:480:52
[INFO] [stdout]     |
[INFO] [stdout] 480 |             assert_snapshot!(pretty_body(container.impl_schematic_type()));
[INFO] [stdout]     |                                                    ^^^^^^^^^^^^^^^^^^^
[INFO] [stdout]     |
[INFO] [stdout] help: there is a method `impl_schematic` with a similar name
[INFO] [stdout]     |
[INFO] [stdout] 480 -             assert_snapshot!(pretty_body(container.impl_schematic_type()));
[INFO] [stdout] 480 +             assert_snapshot!(pretty_body(container.impl_schematic()));
[INFO] [stdout]     |
[INFO] [stdout] 
[INFO] [stdout] 
[INFO] [stdout] For more information about this error, try `rustc --explain E0599`.
[INFO] [stdout] 
[INFO] [stderr] error: could not compile `schematic_core` (test "container_schema_test") due to 21 previous errors
[INFO] [stderr] warning: build failed, waiting for other jobs to finish...
[INFO] running `Command { std: "docker" "inspect" "1b2450e2878bf5d47cbea76ec43fcc7cbae47d7db188071a03e4b9ae4bb751d4", kill_on_drop: false }`
[INFO] running `Command { std: "docker" "rm" "-f" "1b2450e2878bf5d47cbea76ec43fcc7cbae47d7db188071a03e4b9ae4bb751d4", kill_on_drop: false }`
[INFO] [stdout] 1b2450e2878bf5d47cbea76ec43fcc7cbae47d7db188071a03e4b9ae4bb751d4
