[INFO] fetching crate scenic 0.1.1...
[INFO] testing scenic-0.1.1 against 1.99.0-beta.8+cargoflags=--release for beta-release-1.100-2
[INFO] extracting crate scenic 0.1.1 into /workspace/builds/worker-4-tc1/source
[INFO] started tweaking crates.io crate scenic 0.1.1
[INFO] removed 0 missing tests
[INFO] finished tweaking crates.io crate scenic 0.1.1
[INFO] tweaked toml for crates.io crate scenic 0.1.1 written to /workspace/builds/worker-4-tc1/source/Cargo.toml
[INFO] validating manifest of crates.io crate scenic 0.1.1 on toolchain 1.99.0-beta.8
[INFO] running `Command { std: CARGO_HOME="/workspace/cargo-home" RUSTUP_HOME="/workspace/rustup-home" "/workspace/cargo-home/bin/cargo" "+1.99.0-beta.8" "metadata" "--manifest-path" "Cargo.toml" "--no-deps", kill_on_drop: false }`
[INFO] crate crates.io crate scenic 0.1.1 already has a lockfile, it will not be regenerated
[INFO] running `Command { std: CARGO_HOME="/workspace/cargo-home" RUSTUP_HOME="/workspace/rustup-home" "/workspace/cargo-home/bin/cargo" "+1.99.0-beta.8" "fetch" "--manifest-path" "Cargo.toml", kill_on_drop: false }`
[INFO] [stderr]     Updating crates.io index
[INFO] [stderr]  Downloading crates ...
[INFO] [stderr]   Downloaded adler v1.0.2
[INFO] [stderr]   Downloaded flate2 v1.0.26
[INFO] [stderr]   Downloaded miniz_oxide v0.7.1
[INFO] [stderr]   Downloaded watchexec-filterer-ignore v1.2.1
[INFO] [stderr]   Downloaded project-origins v1.2.0
[INFO] [stderr]   Downloaded pkg-config v0.3.27
[INFO] [stderr]   Downloaded gix-glob v0.7.0
[INFO] [stderr]   Downloaded miette-derive v5.9.0
[INFO] [stderr]   Downloaded windows-targets v0.48.0
[INFO] [stderr]   Downloaded time-core v0.1.1
[INFO] [stderr]   Downloaded gix-config-value v0.12.1
[INFO] [stderr]   Downloaded futures-core v0.3.28
[INFO] [stderr]   Downloaded watchexec-filterer-globset v1.2.0
[INFO] [stderr]   Downloaded futures-task v0.3.28
[INFO] [stderr]   Downloaded watchexec-events v1.0.0
[INFO] [stderr]   Downloaded tokio-stream v0.1.14
[INFO] [stderr]   Downloaded futures-io v0.3.28
[INFO] [stderr]   Downloaded time-macros v0.2.9
[INFO] [stderr]   Downloaded notify v5.2.0
[INFO] [stderr]   Downloaded walkdir v2.3.3
[INFO] [stderr]   Downloaded kqueue v1.0.7
[INFO] [stderr]   Downloaded filetime v0.2.21
[INFO] [stderr]   Downloaded tokio-macros v2.1.0
[INFO] [stderr]   Downloaded redox_syscall v0.3.5
[INFO] [stderr]   Downloaded dunce v1.0.4
[INFO] [stderr]   Downloaded crossbeam-utils v0.8.16
[INFO] [stderr]   Downloaded which v4.4.0
[INFO] [stderr]   Downloaded tracing-core v0.1.31
[INFO] [stderr]   Downloaded watchexec-signals v1.0.0
[INFO] [stderr]   Downloaded futures-sink v0.3.28
[INFO] [stderr]   Downloaded normalize-path v0.2.0
[INFO] [stderr]   Downloaded endian-type v0.1.2
[INFO] [stderr]   Downloaded unicode-bom v2.0.2
[INFO] [stderr]   Downloaded home v0.5.5
[INFO] [stderr]   Downloaded thiserror-impl v1.0.40
[INFO] [stderr]   Downloaded futures-macro v0.3.28
[INFO] [stderr]   Downloaded errno v0.3.1
[INFO] [stderr]   Downloaded gix-fs v0.1.1
[INFO] [stderr]   Downloaded sha1_smol v1.0.0
[INFO] [stderr]   Downloaded gix-actor v0.20.0
[INFO] [stderr]   Downloaded quote v1.0.28
[INFO] [stderr]   Downloaded inotify v0.9.6
[INFO] [stderr]   Downloaded futures-channel v0.3.28
[INFO] [stderr]   Downloaded thread_local v1.1.4
[INFO] [stderr]   Downloaded gix-sec v0.8.1
[INFO] [stderr]   Downloaded crc32fast v1.3.2
[INFO] [stderr]   Downloaded thiserror v1.0.40
[INFO] [stderr]   Downloaded memoffset v0.7.1
[INFO] [stderr]   Downloaded kqueue-sys v1.0.3
[INFO] [stderr]   Downloaded pin-project-lite v0.2.9
[INFO] [stderr]   Downloaded slab v0.4.8
[INFO] [stderr]   Downloaded futures-executor v0.3.28
[INFO] [stderr]   Downloaded ignore-files v1.3.1
[INFO] [stderr]   Downloaded tempfile v3.6.0
[INFO] [stderr]   Downloaded hermit-abi v0.3.1
[INFO] [stderr]   Downloaded gix-hash v0.11.2
[INFO] [stderr]   Downloaded gix-object v0.29.2
[INFO] [stderr]   Downloaded gix-date v0.5.1
[INFO] [stderr]   Downloaded num_threads v0.1.6
[INFO] [stderr]   Downloaded btoi v0.4.3
[INFO] [stderr]   Downloaded command-group v2.1.0
[INFO] [stderr]   Downloaded phf_shared v0.11.1
[INFO] [stderr]   Downloaded dirs v4.0.0
[INFO] [stderr]   Downloaded atomic-take v1.1.0
[INFO] [stderr]   Downloaded async-recursion v1.0.4
[INFO] [stderr]   Downloaded percent-encoding v2.3.0
[INFO] [stderr]   Downloaded toml_datetime v0.6.2
[INFO] [stderr]   Downloaded futures v0.3.28
[INFO] [stderr]   Downloaded globset v0.4.10
[INFO] [stderr]   Downloaded gix-path v0.8.1
[INFO] [stderr]   Downloaded phf_codegen v0.11.1
[INFO] [stderr]   Downloaded serde_spanned v0.6.2
[INFO] [stderr]   Downloaded proc-macro2 v1.0.60
[INFO] [stderr]   Downloaded once_cell v1.18.0
[INFO] [stderr]   Downloaded tracing-attributes v0.1.24
[INFO] [stderr]   Downloaded socket2 v0.4.9
[INFO] [stderr]   Downloaded bytes v1.4.0
[INFO] [stderr]   Downloaded serde_derive v1.0.164
[INFO] [stderr]   Downloaded bitflags v2.3.2
[INFO] [stderr]   Downloaded gix-validate v0.7.5
[INFO] [stderr]   Downloaded gix-tempfile v5.0.3
[INFO] [stderr]   Downloaded io-lifetimes v1.0.11
[INFO] [stderr]   Downloaded parking_lot_core v0.9.8
[INFO] [stderr]   Downloaded time v0.3.22
[INFO] [stderr]   Downloaded dirs-sys v0.3.7
[INFO] [stderr]   Downloaded redox_users v0.4.3
[INFO] [stderr]   Downloaded pathdiff v0.2.1
[INFO] [stderr]   Downloaded unicode-ident v1.0.9
[INFO] [stderr]   Downloaded miette v5.9.0
[INFO] [stderr]   Downloaded watchexec v2.3.0
[INFO] [stderr]   Downloaded tracing v0.1.37
[INFO] [stderr]   Downloaded ignore v0.4.20
[INFO] [stderr]   Downloaded serde v1.0.164
[INFO] [stderr]   Downloaded gix-ref v0.29.1
[INFO] [stderr]   Downloaded gix-features v0.29.0
[INFO] [stderr]   Downloaded phf v0.11.1
[INFO] [stderr]   Downloaded tectonic_errors v0.2.1
[INFO] [stderr]   Downloaded tectonic_bundles v0.3.1
[INFO] [stderr]   Downloaded error-chain v0.12.4
[INFO] [stderr]   Downloaded anstyle v1.0.0
[INFO] [stderr]   Downloaded mio v0.8.8
[INFO] [stderr]   Downloaded crossbeam-channel v0.5.8
[INFO] [stderr]   Downloaded humansize v2.1.3
[INFO] [stderr]   Downloaded parse-zoneinfo v0.3.0
[INFO] [stderr]   Downloaded aho-corasick v1.0.2
[INFO] [stderr]   Downloaded gix-config v0.22.0
[INFO] [stderr]   Downloaded ucd-trie v0.1.5
[INFO] [stderr]   Downloaded iana-time-zone v0.1.57
[INFO] [stderr]   Downloaded pinot v0.1.5
[INFO] [stderr]   Downloaded html-escape v0.2.13
[INFO] [stderr]   Downloaded futures-util v0.3.28
[INFO] [stderr]   Downloaded form_urlencoded v1.2.0
[INFO] [stderr]   Downloaded unic-ucd-version v0.9.0
[INFO] [stderr]   Downloaded heck v0.3.3
[INFO] [stderr]   Downloaded byte-unit v4.0.19
[INFO] [stderr]   Downloaded cargo-husky v1.5.0
[INFO] [stderr]   Downloaded async-priority-channel v0.1.0
[INFO] [stderr]   Downloaded tectonic_bridge_icu v0.2.0
[INFO] [stderr]   Downloaded tectonic_bridge_freetype2 v0.2.0
[INFO] [stderr]   Downloaded tectonic_status_base v0.2.1
[INFO] [stderr]   Downloaded tectonic_io_base v0.4.2
[INFO] [stderr]   Downloaded md-5 v0.10.5
[INFO] [stderr]   Downloaded wasm-bindgen-shared v0.2.87
[INFO] [stderr]   Downloaded wasm-bindgen-futures v0.4.37
[INFO] [stderr]   Downloaded tectonic_bridge_graphite2 v0.2.2
[INFO] [stderr]   Downloaded openssl-probe v0.1.5
[INFO] [stderr]   Downloaded xdg v2.5.0
[INFO] [stderr]   Downloaded slug v0.1.4
[INFO] [stderr]   Downloaded unic-common v0.9.0
[INFO] [stderr]   Downloaded unic-char-property v0.9.0
[INFO] [stderr]   Downloaded try-lock v0.2.4
[INFO] [stderr]   Downloaded tectonic_cfg_support v0.1.4
[INFO] [stderr]   Downloaded tectonic_geturl v0.3.2
[INFO] [stderr]   Downloaded wasm-bindgen-macro v0.2.87
[INFO] [stderr]   Downloaded tectonic_bridge_flate v0.1.7
[INFO] [stderr]   Downloaded utf8-width v0.1.6
[INFO] [stderr]   Downloaded wait-timeout v0.2.0
[INFO] [stderr]   Downloaded syn v2.0.18
[INFO] [stderr]   Downloaded radix_trie v0.2.1
[INFO] [stderr]   Downloaded tectonic_dep_support v0.1.1
[INFO] [stderr]   Downloaded cpufeatures v0.2.7
[INFO] [stderr]   Downloaded tectonic_xdv v0.2.2
[INFO] [stderr]   Downloaded tower-service v0.3.2
[INFO] [stderr]   Downloaded security-framework-sys v2.9.0
[INFO] [stderr]   Downloaded schannel v0.1.21
[INFO] [stderr]   Downloaded httpdate v1.0.2
[INFO] [stderr]   Downloaded http-body v0.4.5
[INFO] [stderr]   Downloaded tectonic_engine_xdvipdfmx v0.4.1
[INFO] [stderr]   Downloaded unic-char-range v0.9.0
[INFO] [stderr]   Downloaded chrono v0.4.26
[INFO] [stderr]   Downloaded addr2line v0.19.0
[INFO] [stderr]   Downloaded assert_cmd v2.0.11
[INFO] [stderr]   Downloaded nix v0.26.2
[INFO] [stderr]   Downloaded regex v1.8.4
[INFO] [stderr]   Downloaded gix-lock v5.0.1
[INFO] [stderr]   Downloaded siphasher v0.3.10
[INFO] [stderr]   Downloaded phf_generator v0.11.1
[INFO] [stderr]   Downloaded sha2 v0.10.7
[INFO] [stderr]   Downloaded winreg v0.10.1
[INFO] [stderr]   Downloaded wasm-bindgen-macro-support v0.2.87
[INFO] [stderr]   Downloaded wasm-bindgen-backend v0.2.87
[INFO] [stderr]   Downloaded native-tls v0.2.11
[INFO] [stderr]   Downloaded core-foundation-sys v0.8.4
[INFO] [stderr]   Downloaded ipnet v2.7.2
[INFO] [stderr]   Downloaded httparse v1.8.0
[INFO] [stderr]   Downloaded pest_derive v2.6.0
[INFO] [stderr]   Downloaded pest_generator v2.6.0
[INFO] [stderr]   Downloaded miniz_oxide v0.6.2
[INFO] [stderr]   Downloaded async-trait v0.1.68
[INFO] [stderr]   Downloaded url v2.4.0
[INFO] [stderr]   Downloaded unicode-bidi v0.3.13
[INFO] [stderr]   Downloaded tectonic_xetex_layout v0.2.3
[INFO] [stderr]   Downloaded tectonic_bridge_core v0.4.0
[INFO] [stderr]   Downloaded app_dirs2 v2.5.5
[INFO] [stderr]   Downloaded tectonic_engine_spx2html v0.3.1
[INFO] [stderr]   Downloaded pest_meta v2.6.0
[INFO] [stderr]   Downloaded open v4.1.0
[INFO] [stderr]   Downloaded predicates-tree v1.0.9
[INFO] [stderr]   Downloaded windows_x86_64_gnullvm v0.48.0
[INFO] [stderr]   Downloaded regex-syntax v0.7.2
[INFO] [stderr]   Downloaded bstr v1.5.0
[INFO] [stderr]   Downloaded rustix v0.37.20
[INFO] [stderr]   Downloaded gix-utils v0.1.2
[INFO] [stderr]   Downloaded core-foundation v0.9.3
[INFO] [stderr]   Downloaded unic-segment v0.9.0
[INFO] [stderr]   Downloaded unic-ucd-segment v0.9.0
[INFO] [stderr]   Downloaded windows_aarch64_gnullvm v0.48.0
[INFO] [stderr]   Downloaded terminfo v0.8.0
[INFO] [stderr]   Downloaded toml v0.7.4
[INFO] [stderr]   Downloaded anyhow v1.0.71
[INFO] [stderr]   Downloaded base64 v0.21.2
[INFO] [stderr]   Downloaded tectonic_docmodel v0.2.1
[INFO] [stderr]   Downloaded ansi_term v0.12.1
[INFO] [stderr]   Downloaded rustc-demangle v0.1.23
[INFO] [stderr]   Downloaded js-sys v0.3.64
[INFO] [stderr]   Downloaded security-framework v2.9.1
[INFO] [stderr]   Downloaded openssl-sys v0.9.88
[INFO] [stderr]   Downloaded toml_edit v0.19.10
[INFO] [stderr]   Downloaded bumpalo v3.13.0
[INFO] [stderr]   Downloaded http v0.2.9
[INFO] [stderr]   Downloaded tokio-util v0.7.8
[INFO] [stderr]   Downloaded tera v1.19.0
[INFO] [stderr]   Downloaded chrono-tz-build v0.0.2
[INFO] [stderr]   Downloaded phf_codegen v0.10.0
[INFO] [stderr]   Downloaded object v0.30.4
[INFO] [stderr]   Downloaded deunicode v0.4.3
[INFO] [stderr]   Downloaded uncased v0.9.9
[INFO] [stderr]   Downloaded termtree v0.4.1
[INFO] [stderr]   Downloaded winnow v0.4.7
[INFO] [stderr]   Downloaded combine v4.6.6
[INFO] [stderr]   Downloaded pest v2.6.0
[INFO] [stderr]   Downloaded libm v0.2.7
[INFO] [stderr]   Downloaded tectonic_engine_bibtex v0.2.1
[INFO] [stderr]   Downloaded structopt-derive v0.4.18
[INFO] [stderr]   Downloaded backtrace v0.3.67
[INFO] [stderr]   Downloaded clearscreen v2.0.1
[INFO] [stderr]   Downloaded reqwest v0.11.18
[INFO] [stderr]   Downloaded serde_json v1.0.96
[INFO] [stderr]   Downloaded structopt v0.3.26
[INFO] [stderr]   Downloaded h2 v0.3.19
[INFO] [stderr]   Downloaded quick-xml v0.28.2
[INFO] [stderr]   Downloaded predicates-core v1.0.6
[INFO] [stderr]   Downloaded wasm-bindgen v0.2.87
[INFO] [stderr]   Downloaded hyper v0.14.26
[INFO] [stderr]   Downloaded predicates v3.0.3
[INFO] [stderr]   Downloaded gimli v0.27.3
[INFO] [stderr]   Downloaded unicode-segmentation v1.10.1
[INFO] [stderr]   Downloaded chrono-tz v0.6.1
[INFO] [stderr]   Downloaded openssl v0.10.54
[INFO] [stderr]   Downloaded idna v0.4.0
[INFO] [stderr]   Downloaded windows_x86_64_gnu v0.48.0
[INFO] [stderr]   Downloaded tokio v1.28.2
[INFO] [stderr]   Downloaded tectonic_engine_xetex v0.4.3
[INFO] [stderr]   Downloaded libc v0.2.146
[INFO] [stderr]   Downloaded windows_x86_64_msvc v0.48.0
[INFO] [stderr]   Downloaded windows_i686_msvc v0.48.0
[INFO] [stderr]   Downloaded windows_aarch64_msvc v0.48.0
[INFO] [stderr]   Downloaded windows_i686_gnu v0.48.0
[INFO] [stderr]   Downloaded tectonic_pdf_io v0.4.1
[INFO] [stderr]   Downloaded linux-raw-sys v0.3.8
[INFO] [stderr]   Downloaded web-sys v0.3.64
[INFO] [stderr]   Downloaded tectonic v0.14.1
[INFO] [stderr]   Downloaded tectonic_bridge_harfbuzz v0.2.8
[INFO] [stderr]   Downloaded encoding_rs v0.8.32
[INFO] [stderr]   Downloaded libz-sys v1.1.9
[INFO] running `Command { std: "docker" "create" "-v" "/var/lib/crater-agent-workspace/builds/worker-4-tc1/source:/opt/rustwide/workdir:ro,Z" "-v" "/var/lib/crater-agent-workspace/builds/worker-4-tc1/target:/opt/rustwide/target:rw,Z" "-v" "/var/lib/crater-agent-workspace/cargo-home:/opt/rustwide/cargo-home:ro,Z" "-v" "/var/lib/crater-agent-workspace/rustup-home:/opt/rustwide/rustup-home:ro,Z" "-m" "1610612736" "--network" "none" "ghcr.io/rust-lang/crates-build-env/linux@sha256:77db811e55d90add9212f6832c23229e3de5f1c1f9905e8cb07319ea15df73ac" "sleep" "infinity", kill_on_drop: false }`
[INFO] [stdout] a462250f88722e956466e06e1707ae7f1a86aacea46c98f253b7ad09f3825b41
[INFO] running `Command { std: "docker" "start" "a462250f88722e956466e06e1707ae7f1a86aacea46c98f253b7ad09f3825b41", kill_on_drop: false }`
[INFO] running `Command { std: "docker" "inspect" "a462250f88722e956466e06e1707ae7f1a86aacea46c98f253b7ad09f3825b41", kill_on_drop: false }`
[INFO] running `Command { std: "docker" "exec" "-e" "SOURCE_DIR=/opt/rustwide/workdir" "-e" "CARGO_HOME=/opt/rustwide/cargo-home" "-e" "RUSTUP_HOME=/opt/rustwide/rustup-home" "-e" "CARGO_TARGET_DIR=/opt/rustwide/target" "-w" "/opt/rustwide/workdir" "--user" "0:0" "a462250f88722e956466e06e1707ae7f1a86aacea46c98f253b7ad09f3825b41" "/opt/rustwide/cargo-home/bin/cargo" "+1.99.0-beta.8" "metadata" "--no-deps" "--format-version=1", kill_on_drop: false }`
[INFO] running `Command { std: "docker" "inspect" "a462250f88722e956466e06e1707ae7f1a86aacea46c98f253b7ad09f3825b41", kill_on_drop: false }`
[INFO] running `Command { std: "docker" "exec" "-e" "SOURCE_DIR=/opt/rustwide/workdir" "-e" "CARGO_HOME=/opt/rustwide/cargo-home" "-e" "RUSTUP_HOME=/opt/rustwide/rustup-home" "-e" "CARGO_TARGET_DIR=/opt/rustwide/target" "-e" "CARGO_INCREMENTAL=0" "-e" "RUST_BACKTRACE=full" "-e" "RUSTFLAGS=--cap-lints=warn" "-e" "RUSTDOCFLAGS=--cap-lints=warn" "-w" "/opt/rustwide/workdir" "--user" "0:0" "a462250f88722e956466e06e1707ae7f1a86aacea46c98f253b7ad09f3825b41" "/opt/rustwide/cargo-home/bin/cargo" "+1.99.0-beta.8" "build" "--frozen" "--message-format=json" "--release", kill_on_drop: false }`
[INFO] [stderr]    Compiling proc-macro2 v1.0.60
[INFO] [stderr]    Compiling quote v1.0.28
[INFO] [stderr]    Compiling unicode-ident v1.0.9
[INFO] [stderr]    Compiling libc v0.2.146
[INFO] [stderr]    Compiling autocfg v1.1.0
[INFO] [stderr]    Compiling cfg-if v1.0.0
[INFO] [stderr]    Compiling pkg-config v0.3.27
[INFO] [stderr]    Compiling cc v1.0.79
[INFO] [stderr]    Compiling version_check v0.9.4
[INFO] [stderr]    Compiling memchr v2.5.0
[INFO] [stderr]    Compiling thiserror v1.0.40
[INFO] [stderr]    Compiling once_cell v1.18.0
[INFO] [stderr]    Compiling bitflags v1.3.2
[INFO] [stderr]    Compiling log v0.4.19
[INFO] [stderr]    Compiling itoa v1.0.6
[INFO] [stderr]    Compiling pin-project-lite v0.2.9
[INFO] [stderr]    Compiling home v0.5.5
[INFO] [stderr]    Compiling siphasher v0.3.10
[INFO] [stderr]    Compiling ppv-lite86 v0.2.17
[INFO] [stderr]    Compiling tectonic_dep_support v0.1.1
[INFO] [stderr]    Compiling futures-core v0.3.28
[INFO] [stderr]    Compiling regex-automata v0.1.10
[INFO] [stderr]    Compiling walkdir v2.3.3
[INFO] [stderr]    Compiling bytes v1.4.0
[INFO] [stderr]    Compiling tokio v1.28.2
[INFO] [stderr]    Compiling typenum v1.16.0
[INFO] [stderr]    Compiling slab v0.4.8
[INFO] [stderr]    Compiling futures-sink v0.3.28
[INFO] [stderr]    Compiling uncased v0.9.9
[INFO] [stderr]    Compiling generic-array v0.14.7
[INFO] [stderr]    Compiling futures-channel v0.3.28
[INFO] [stderr]    Compiling adler v1.0.2
[INFO] [stderr]    Compiling futures-task v0.3.28
[INFO] [stderr]    Compiling num-traits v0.2.15
[INFO] [stderr]    Compiling lazy_static v1.4.0
[INFO] [stderr]    Compiling serde v1.0.164
[INFO] [stderr]    Compiling futures-util v0.3.28
[INFO] [stderr]    Compiling anyhow v1.0.71
[INFO] [stderr]    Compiling getrandom v0.2.10
[INFO] [stderr]    Compiling futures-io v0.3.28
[INFO] [stderr]    Compiling bstr v1.5.0
[INFO] [stderr]    Compiling crc32fast v1.3.2
[INFO] [stderr]    Compiling io-lifetimes v1.0.11
[INFO] [stderr]    Compiling rand_core v0.6.4
[INFO] [stderr]    Compiling smallvec v1.10.0
[INFO] [stderr]    Compiling tectonic_cfg_support v0.1.4
[INFO] [stderr]    Compiling miniz_oxide v0.7.1
[INFO] [stderr]    Compiling syn v2.0.18
[INFO] [stderr]    Compiling rand_chacha v0.3.1
[INFO] [stderr]    Compiling tectonic_errors v0.2.1
[INFO] [stderr]    Compiling tracing-core v0.1.31
[INFO] [stderr]    Compiling rustix v0.37.20
[INFO] [stderr]    Compiling sha1_smol v1.0.0
[INFO] [stderr]    Compiling tempfile v3.6.0
[INFO] [stderr]    Compiling indexmap v1.9.3
[INFO] [stderr]    Compiling rand v0.8.5
[INFO] [stderr]    Compiling lock_api v0.4.10
[INFO] [stderr]    Compiling minimal-lexical v0.2.1
[INFO] [stderr]    Compiling linux-raw-sys v0.3.8
[INFO] [stderr]    Compiling fastrand v1.9.0
[INFO] [stderr]    Compiling time-core v0.1.1
[INFO] [stderr]    Compiling parking_lot_core v0.9.8
[INFO] [stderr]    Compiling time-macros v0.2.9
[INFO] [stderr]    Compiling tectonic_bridge_core v0.4.0
[INFO] [stderr]    Compiling libz-sys v1.1.9
[INFO] [stderr]    Compiling mio v0.8.8
[INFO] [stderr]    Compiling socket2 v0.4.9
[INFO] [stderr]    Compiling signal-hook-registry v1.4.1
[INFO] [stderr]    Compiling num_cpus v1.15.0
[INFO] [stderr]    Compiling flate2 v1.0.26
[INFO] [stderr]    Compiling openssl-sys v0.9.88
[INFO] [stderr]    Compiling nom v7.1.3
[INFO] [stderr]    Compiling tectonic_status_base v0.2.1
[INFO] [stderr]    Compiling aho-corasick v1.0.2
[INFO] [stderr]    Compiling memoffset v0.7.1
[INFO] [stderr]    Compiling xdg v2.5.0
[INFO] [stderr]    Compiling unicode-width v0.1.10
[INFO] [stderr]    Compiling hashbrown v0.12.3
[INFO] [stderr]    Compiling scopeguard v1.1.0
[INFO] [stderr]    Compiling regex-syntax v0.7.2
[INFO] [stderr]    Compiling cpufeatures v0.2.7
[INFO] [stderr]    Compiling num_threads v0.1.6
[INFO] [stderr]    Compiling app_dirs2 v2.5.5
[INFO] [stderr]    Compiling phf_shared v0.10.0
[INFO] [stderr]    Compiling block-buffer v0.10.4
[INFO] [stderr]    Compiling crypto-common v0.1.6
[INFO] [stderr]    Compiling aho-corasick v0.7.20
[INFO] [stderr]    Compiling digest v0.10.7
[INFO] [stderr]    Compiling tectonic_bridge_icu v0.2.0
[INFO] [stderr]    Compiling tectonic_bridge_graphite2 v0.2.2
[INFO] [stderr]    Compiling phf_shared v0.11.1
[INFO] [stderr]    Compiling tectonic_bridge_flate v0.1.7
[INFO] [stderr]    Compiling btoi v0.4.3
[INFO] [stderr]    Compiling thread_local v1.1.4
[INFO] [stderr]    Compiling parking_lot v0.12.1
[INFO] [stderr]    Compiling time v0.3.22
[INFO] [stderr]    Compiling crossbeam-utils v0.8.16
[INFO] [stderr]    Compiling bitflags v2.3.2
[INFO] [stderr]    Compiling openssl v0.10.54
[INFO] [stderr]    Compiling phf_generator v0.11.1
[INFO] [stderr]    Compiling percent-encoding v2.3.0
[INFO] [stderr]    Compiling sha2 v0.10.7
[INFO] [stderr]    Compiling phf_codegen v0.11.1
[INFO] [stderr]    Compiling md-5 v0.10.5
[INFO] [stderr]    Compiling nix v0.26.2
[INFO] [stderr]    Compiling phf_generator v0.10.0
[INFO] [stderr]    Compiling gix-utils v0.1.2
[INFO] [stderr]    Compiling tectonic_pdf_io v0.4.1
[INFO] [stderr]    Compiling tectonic_bridge_harfbuzz v0.2.8
[INFO] [stderr]    Compiling http v0.2.9
[INFO] [stderr]    Compiling tectonic_bridge_freetype2 v0.2.0
[INFO] [stderr]    Compiling ryu v1.0.13
[INFO] [stdout] error[E0282]: type annotations needed for `Box<_>`
[INFO] [stdout]   --> /opt/rustwide/cargo-home/registry/src/index.crates.io-1949cf8c6b5b557f/time-0.3.22/src/format_description/parse/mod.rs:83:9
[INFO] [stdout]    |
[INFO] [stdout] 83 |     let items = format_items
[INFO] [stdout]    |         ^^^^^
[INFO] [stdout] ...
[INFO] [stdout] 86 |     Ok(items.into())
[INFO] [stdout]    |        ----- type must be known at this point
[INFO] [stdout]    |
[INFO] [stdout] help: consider giving `items` an explicit type, where the placeholder `_` is specified
[INFO] [stdout]    |
[INFO] [stdout] 83 |     let items: Box<_> = format_items
[INFO] [stdout]    |              ++++++++
[INFO] [stdout] 
[INFO] [stdout] 
[INFO] [stderr]    Compiling httparse v1.8.0
[INFO] [stderr]    Compiling tinyvec_macros v0.1.1
[INFO] [stderr]    Compiling native-tls v0.2.11
[INFO] [stderr]    Compiling tinyvec v1.6.0
[INFO] [stderr]    Compiling phf_codegen v0.10.0
[INFO] [stdout] For more information about this error, try `rustc --explain E0282`.
[INFO] [stdout] 
[INFO] [stderr] error: could not compile `time` (lib) due to 1 previous error
[INFO] [stderr] warning: build failed, waiting for other jobs to finish...
[INFO] [stderr] warning: tectonic_bridge_harfbuzz@0.2.8: In file included from harfbuzz/src/hb-ot-cff1-table.cc:33,
[INFO] [stderr] warning: tectonic_bridge_harfbuzz@0.2.8:                  from harfbuzz/src/harfbuzz.cc:21:
[INFO] [stderr] warning: tectonic_bridge_harfbuzz@0.2.8: harfbuzz/src/hb-ot-cff1-table.hh: In member function 'bool OT::cff1::accelerator_t::get_glyph_from_name(const char*, int, hb_codepoint_t*) const':
[INFO] [stderr] warning: tectonic_bridge_harfbuzz@0.2.8: harfbuzz/src/hb-ot-cff1-table.hh:1382:60: warning: 'void* calloc(size_t, size_t)' sizes specified with 'sizeof' in the earlier argument and not in the later argument [-Wcalloc-transposed-args]
[INFO] [stderr] warning: tectonic_bridge_harfbuzz@0.2.8:  1382 |         names = (hb_sorted_vector_t<gname_t> *) hb_calloc (sizeof (hb_sorted_vector_t<gname_t>), 1);
[INFO] [stderr] warning: tectonic_bridge_harfbuzz@0.2.8:       |                                                            ^~~~~~~~~~~~~~~~~~~~~~~~~~~~~~~~~~~~
[INFO] [stderr] warning: tectonic_bridge_harfbuzz@0.2.8: harfbuzz/src/hb-ot-cff1-table.hh:1382:60: note: earlier argument should specify number of elements, later size of each element
[INFO] [stderr] warning: tectonic_bridge_harfbuzz@0.2.8: In file included from harfbuzz/src/hb.hh:532,
[INFO] [stderr] warning: tectonic_bridge_harfbuzz@0.2.8:                  from harfbuzz/src/hb-aat-layout.cc:28,
[INFO] [stderr] warning: tectonic_bridge_harfbuzz@0.2.8:                  from harfbuzz/src/harfbuzz.cc:1:
[INFO] [stderr] warning: tectonic_bridge_harfbuzz@0.2.8: harfbuzz/src/hb-object.hh: In instantiation of 'bool hb_object_set_user_data(Type*, hb_user_data_key_t*, void*, hb_destroy_func_t, hb_bool_t) [with Type = hb_blob_t; hb_user_data_key_t = hb_user_data_key_t; hb_destroy_func_t = void (*)(void*); hb_bool_t = int]':
[INFO] [stderr] warning: tectonic_bridge_harfbuzz@0.2.8: harfbuzz/src/hb-blob.cc:290:34:   required from here
[INFO] [stderr] warning: tectonic_bridge_harfbuzz@0.2.8:   290 |   return hb_object_set_user_data (blob, key, data, destroy, replace);
[INFO] [stderr] warning: tectonic_bridge_harfbuzz@0.2.8:       |          ~~~~~~~~~~~~~~~~~~~~~~~~^~~~~~~~~~~~~~~~~~~~~~~~~~~~~~~~~~~
[INFO] [stderr] warning: tectonic_bridge_harfbuzz@0.2.8: harfbuzz/src/hb-object.hh:328:53: warning: 'void* calloc(size_t, size_t)' sizes specified with 'sizeof' in the earlier argument and not in the later argument [-Wcalloc-transposed-args]
[INFO] [stderr] warning: tectonic_bridge_harfbuzz@0.2.8:   328 |     user_data = (hb_user_data_array_t *) hb_calloc (sizeof (hb_user_data_array_t), 1);
[INFO] [stderr] warning: tectonic_bridge_harfbuzz@0.2.8:       |                                                     ^~~~~~~~~~~~~~~~~~~~~~~~~~~~~
[INFO] [stderr] warning: tectonic_bridge_harfbuzz@0.2.8: harfbuzz/src/hb-object.hh:328:53: note: earlier argument should specify number of elements, later size of each element
[INFO] [stderr] warning: tectonic_bridge_harfbuzz@0.2.8: harfbuzz/src/hb-object.hh: In instantiation of 'bool hb_object_set_user_data(Type*, hb_user_data_key_t*, void*, hb_destroy_func_t, hb_bool_t) [with Type = hb_buffer_t; hb_user_data_key_t = hb_user_data_key_t; hb_destroy_func_t = void (*)(void*); hb_bool_t = int]':
[INFO] [stderr] warning: tectonic_bridge_harfbuzz@0.2.8: harfbuzz/src/hb-buffer.cc:872:34:   required from here
[INFO] [stderr] warning: tectonic_bridge_harfbuzz@0.2.8:   872 |   return hb_object_set_user_data (buffer, key, data, destroy, replace);
[INFO] [stderr] warning: tectonic_bridge_harfbuzz@0.2.8:       |          ~~~~~~~~~~~~~~~~~~~~~~~~^~~~~~~~~~~~~~~~~~~~~~~~~~~~~~~~~~~~~
[INFO] [stderr] warning: tectonic_bridge_harfbuzz@0.2.8: harfbuzz/src/hb-object.hh:328:53: warning: 'void* calloc(size_t, size_t)' sizes specified with 'sizeof' in the earlier argument and not in the later argument [-Wcalloc-transposed-args]
[INFO] [stderr] warning: tectonic_bridge_harfbuzz@0.2.8:   328 |     user_data = (hb_user_data_array_t *) hb_calloc (sizeof (hb_user_data_array_t), 1);
[INFO] [stderr] warning: tectonic_bridge_harfbuzz@0.2.8:       |                                                     ^~~~~~~~~~~~~~~~~~~~~~~~~~~~~
[INFO] [stderr] warning: tectonic_bridge_harfbuzz@0.2.8: harfbuzz/src/hb-object.hh:328:53: note: earlier argument should specify number of elements, later size of each element
[INFO] [stderr] warning: tectonic_bridge_harfbuzz@0.2.8: harfbuzz/src/hb-object.hh: In instantiation of 'bool hb_object_set_user_data(Type*, hb_user_data_key_t*, void*, hb_destroy_func_t, hb_bool_t) [with Type = hb_draw_funcs_t; hb_user_data_key_t = hb_user_data_key_t; hb_destroy_func_t = void (*)(void*); hb_bool_t = int]':
[INFO] [stderr] warning: tectonic_bridge_harfbuzz@0.2.8: harfbuzz/src/hb-draw.cc:288:34:   required from here
[INFO] [stderr] warning: tectonic_bridge_harfbuzz@0.2.8:   288 |   return hb_object_set_user_data (dfuncs, key, data, destroy, replace);
[INFO] [stderr] warning: tectonic_bridge_harfbuzz@0.2.8:       |          ~~~~~~~~~~~~~~~~~~~~~~~~^~~~~~~~~~~~~~~~~~~~~~~~~~~~~~~~~~~~~
[INFO] [stderr] warning: tectonic_bridge_harfbuzz@0.2.8: harfbuzz/src/hb-object.hh:328:53: warning: 'void* calloc(size_t, size_t)' sizes specified with 'sizeof' in the earlier argument and not in the later argument [-Wcalloc-transposed-args]
[INFO] [stderr] warning: tectonic_bridge_harfbuzz@0.2.8:   328 |     user_data = (hb_user_data_array_t *) hb_calloc (sizeof (hb_user_data_array_t), 1);
[INFO] [stderr] warning: tectonic_bridge_harfbuzz@0.2.8:       |                                                     ^~~~~~~~~~~~~~~~~~~~~~~~~~~~~
[INFO] [stderr] warning: tectonic_bridge_harfbuzz@0.2.8: harfbuzz/src/hb-object.hh:328:53: note: earlier argument should specify number of elements, later size of each element
[INFO] [stderr] warning: tectonic_bridge_harfbuzz@0.2.8: harfbuzz/src/hb-object.hh: In instantiation of 'bool hb_object_set_user_data(Type*, hb_user_data_key_t*, void*, hb_destroy_func_t, hb_bool_t) [with Type = hb_face_t; hb_user_data_key_t = hb_user_data_key_t; hb_destroy_func_t = void (*)(void*); hb_bool_t = int]':
[INFO] [stderr] warning: tectonic_bridge_harfbuzz@0.2.8: harfbuzz/src/hb-face.cc:336:34:   required from here
[INFO] [stderr] warning: tectonic_bridge_harfbuzz@0.2.8:   336 |   return hb_object_set_user_data (face, key, data, destroy, replace);
[INFO] [stderr] warning: tectonic_bridge_harfbuzz@0.2.8:       |          ~~~~~~~~~~~~~~~~~~~~~~~~^~~~~~~~~~~~~~~~~~~~~~~~~~~~~~~~~~~
[INFO] [stderr] warning: tectonic_bridge_harfbuzz@0.2.8: harfbuzz/src/hb-object.hh:328:53: warning: 'void* calloc(size_t, size_t)' sizes specified with 'sizeof' in the earlier argument and not in the later argument [-Wcalloc-transposed-args]
[INFO] [stderr] warning: tectonic_bridge_harfbuzz@0.2.8:   328 |     user_data = (hb_user_data_array_t *) hb_calloc (sizeof (hb_user_data_array_t), 1);
[INFO] [stderr] warning: tectonic_bridge_harfbuzz@0.2.8:       |                                                     ^~~~~~~~~~~~~~~~~~~~~~~~~~~~~
[INFO] [stderr] warning: tectonic_bridge_harfbuzz@0.2.8: harfbuzz/src/hb-object.hh:328:53: note: earlier argument should specify number of elements, later size of each element
[INFO] [stderr] warning: tectonic_bridge_harfbuzz@0.2.8: harfbuzz/src/hb-object.hh: In instantiation of 'bool hb_object_set_user_data(Type*, hb_user_data_key_t*, void*, hb_destroy_func_t, hb_bool_t) [with Type = hb_font_funcs_t; hb_user_data_key_t = hb_user_data_key_t; hb_destroy_func_t = void (*)(void*); hb_bool_t = int]':
[INFO] [stderr] warning: tectonic_bridge_harfbuzz@0.2.8: harfbuzz/src/hb-font.cc:815:34:   required from here
[INFO] [stderr] warning: tectonic_bridge_harfbuzz@0.2.8:   815 |   return hb_object_set_user_data (ffuncs, key, data, destroy, replace);
[INFO] [stderr] warning: tectonic_bridge_harfbuzz@0.2.8:       |          ~~~~~~~~~~~~~~~~~~~~~~~~^~~~~~~~~~~~~~~~~~~~~~~~~~~~~~~~~~~~~
[INFO] [stderr] warning: tectonic_bridge_harfbuzz@0.2.8: harfbuzz/src/hb-object.hh:328:53: warning: 'void* calloc(size_t, size_t)' sizes specified with 'sizeof' in the earlier argument and not in the later argument [-Wcalloc-transposed-args]
[INFO] [stderr] warning: tectonic_bridge_harfbuzz@0.2.8:   328 |     user_data = (hb_user_data_array_t *) hb_calloc (sizeof (hb_user_data_array_t), 1);
[INFO] [stderr] warning: tectonic_bridge_harfbuzz@0.2.8:       |                                                     ^~~~~~~~~~~~~~~~~~~~~~~~~~~~~
[INFO] [stderr] warning: tectonic_bridge_harfbuzz@0.2.8: harfbuzz/src/hb-object.hh:328:53: note: earlier argument should specify number of elements, later size of each element
[INFO] [stderr] warning: tectonic_bridge_harfbuzz@0.2.8: harfbuzz/src/hb-object.hh: In instantiation of 'bool hb_object_set_user_data(Type*, hb_user_data_key_t*, void*, hb_destroy_func_t, hb_bool_t) [with Type = hb_font_t; hb_user_data_key_t = hb_user_data_key_t; hb_destroy_func_t = void (*)(void*); hb_bool_t = int]':
[INFO] [stderr] warning: tectonic_bridge_harfbuzz@0.2.8: harfbuzz/src/hb-font.cc:2026:34:   required from here
[INFO] [stderr] warning: tectonic_bridge_harfbuzz@0.2.8:  2026 |   return hb_object_set_user_data (font, key, data, destroy, replace);
[INFO] [stderr] warning: tectonic_bridge_harfbuzz@0.2.8:       |          ~~~~~~~~~~~~~~~~~~~~~~~~^~~~~~~~~~~~~~~~~~~~~~~~~~~~~~~~~~~
[INFO] [stderr] warning: tectonic_bridge_harfbuzz@0.2.8: harfbuzz/src/hb-object.hh:328:53: warning: 'void* calloc(size_t, size_t)' sizes specified with 'sizeof' in the earlier argument and not in the later argument [-Wcalloc-transposed-args]
[INFO] [stderr] warning: tectonic_bridge_harfbuzz@0.2.8:   328 |     user_data = (hb_user_data_array_t *) hb_calloc (sizeof (hb_user_data_array_t), 1);
[INFO] [stderr] warning: tectonic_bridge_harfbuzz@0.2.8:       |                                                     ^~~~~~~~~~~~~~~~~~~~~~~~~~~~~
[INFO] [stderr] warning: tectonic_bridge_harfbuzz@0.2.8: harfbuzz/src/hb-object.hh:328:53: note: earlier argument should specify number of elements, later size of each element
[INFO] [stderr] warning: tectonic_bridge_harfbuzz@0.2.8: harfbuzz/src/hb-object.hh: In instantiation of 'bool hb_object_set_user_data(Type*, hb_user_data_key_t*, void*, hb_destroy_func_t, hb_bool_t) [with Type = hb_map_t; hb_user_data_key_t = hb_user_data_key_t; hb_destroy_func_t = void (*)(void*); hb_bool_t = int]':
[INFO] [stderr] warning: tectonic_bridge_harfbuzz@0.2.8: harfbuzz/src/hb-map.cc:132:34:   required from here
[INFO] [stderr] warning: tectonic_bridge_harfbuzz@0.2.8:   132 |   return hb_object_set_user_data (map, key, data, destroy, replace);
[INFO] [stderr] warning: tectonic_bridge_harfbuzz@0.2.8:       |          ~~~~~~~~~~~~~~~~~~~~~~~~^~~~~~~~~~~~~~~~~~~~~~~~~~~~~~~~~~
[INFO] [stderr] warning: tectonic_bridge_harfbuzz@0.2.8: harfbuzz/src/hb-object.hh:328:53: warning: 'void* calloc(size_t, size_t)' sizes specified with 'sizeof' in the earlier argument and not in the later argument [-Wcalloc-transposed-args]
[INFO] [stderr] warning: tectonic_bridge_harfbuzz@0.2.8:   328 |     user_data = (hb_user_data_array_t *) hb_calloc (sizeof (hb_user_data_array_t), 1);
[INFO] [stderr] warning: tectonic_bridge_harfbuzz@0.2.8:       |                                                     ^~~~~~~~~~~~~~~~~~~~~~~~~~~~~
[INFO] [stderr] warning: tectonic_bridge_harfbuzz@0.2.8: harfbuzz/src/hb-object.hh:328:53: note: earlier argument should specify number of elements, later size of each element
[INFO] [stderr] warning: tectonic_bridge_harfbuzz@0.2.8: harfbuzz/src/hb-object.hh: In instantiation of 'bool hb_object_set_user_data(Type*, hb_user_data_key_t*, void*, hb_destroy_func_t, hb_bool_t) [with Type = hb_paint_funcs_t; hb_user_data_key_t = hb_user_data_key_t; hb_destroy_func_t = void (*)(void*); hb_bool_t = int]':
[INFO] [stderr] warning: tectonic_bridge_harfbuzz@0.2.8: harfbuzz/src/hb-paint.cc:328:34:   required from here
[INFO] [stderr] warning: tectonic_bridge_harfbuzz@0.2.8:   328 |   return hb_object_set_user_data (funcs, key, data, destroy, replace);
[INFO] [stderr] warning: tectonic_bridge_harfbuzz@0.2.8:       |          ~~~~~~~~~~~~~~~~~~~~~~~~^~~~~~~~~~~~~~~~~~~~~~~~~~~~~~~~~~~~
[INFO] [stderr] warning: tectonic_bridge_harfbuzz@0.2.8: harfbuzz/src/hb-object.hh:328:53: warning: 'void* calloc(size_t, size_t)' sizes specified with 'sizeof' in the earlier argument and not in the later argument [-Wcalloc-transposed-args]
[INFO] [stderr] warning: tectonic_bridge_harfbuzz@0.2.8:   328 |     user_data = (hb_user_data_array_t *) hb_calloc (sizeof (hb_user_data_array_t), 1);
[INFO] [stderr] warning: tectonic_bridge_harfbuzz@0.2.8:       |                                                     ^~~~~~~~~~~~~~~~~~~~~~~~~~~~~
[INFO] [stderr] warning: tectonic_bridge_harfbuzz@0.2.8: harfbuzz/src/hb-object.hh:328:53: note: earlier argument should specify number of elements, later size of each element
[INFO] [stderr] warning: tectonic_bridge_harfbuzz@0.2.8: harfbuzz/src/hb-object.hh: In instantiation of 'bool hb_object_set_user_data(Type*, hb_user_data_key_t*, void*, hb_destroy_func_t, hb_bool_t) [with Type = hb_set_t; hb_user_data_key_t = hb_user_data_key_t; hb_destroy_func_t = void (*)(void*); hb_bool_t = int]':
[INFO] [stderr] warning: tectonic_bridge_harfbuzz@0.2.8: harfbuzz/src/hb-set.cc:132:34:   required from here
[INFO] [stderr] warning: tectonic_bridge_harfbuzz@0.2.8:   132 |   return hb_object_set_user_data (set, key, data, destroy, replace);
[INFO] [stderr] warning: tectonic_bridge_harfbuzz@0.2.8:       |          ~~~~~~~~~~~~~~~~~~~~~~~~^~~~~~~~~~~~~~~~~~~~~~~~~~~~~~~~~~
[INFO] [stderr] warning: tectonic_bridge_harfbuzz@0.2.8: harfbuzz/src/hb-object.hh:328:53: warning: 'void* calloc(size_t, size_t)' sizes specified with 'sizeof' in the earlier argument and not in the later argument [-Wcalloc-transposed-args]
[INFO] [stderr] warning: tectonic_bridge_harfbuzz@0.2.8:   328 |     user_data = (hb_user_data_array_t *) hb_calloc (sizeof (hb_user_data_array_t), 1);
[INFO] [stderr] warning: tectonic_bridge_harfbuzz@0.2.8:       |                                                     ^~~~~~~~~~~~~~~~~~~~~~~~~~~~~
[INFO] [stderr] warning: tectonic_bridge_harfbuzz@0.2.8: harfbuzz/src/hb-object.hh:328:53: note: earlier argument should specify number of elements, later size of each element
[INFO] [stderr] warning: tectonic_bridge_harfbuzz@0.2.8: harfbuzz/src/hb-object.hh: In instantiation of 'bool hb_object_set_user_data(Type*, hb_user_data_key_t*, void*, hb_destroy_func_t, hb_bool_t) [with Type = hb_shape_plan_t; hb_user_data_key_t = hb_user_data_key_t; hb_destroy_func_t = void (*)(void*); hb_bool_t = int]':
[INFO] [stderr] warning: tectonic_bridge_harfbuzz@0.2.8: harfbuzz/src/hb-shape-plan.cc:347:34:   required from here
[INFO] [stderr] warning: tectonic_bridge_harfbuzz@0.2.8:   347 |   return hb_object_set_user_data (shape_plan, key, data, destroy, replace);
[INFO] [stderr] warning: tectonic_bridge_harfbuzz@0.2.8:       |          ~~~~~~~~~~~~~~~~~~~~~~~~^~~~~~~~~~~~~~~~~~~~~~~~~~~~~~~~~~~~~~~~~
[INFO] [stderr] warning: tectonic_bridge_harfbuzz@0.2.8: harfbuzz/src/hb-object.hh:328:53: warning: 'void* calloc(size_t, size_t)' sizes specified with 'sizeof' in the earlier argument and not in the later argument [-Wcalloc-transposed-args]
[INFO] [stderr] warning: tectonic_bridge_harfbuzz@0.2.8:   328 |     user_data = (hb_user_data_array_t *) hb_calloc (sizeof (hb_user_data_array_t), 1);
[INFO] [stderr] warning: tectonic_bridge_harfbuzz@0.2.8:       |                                                     ^~~~~~~~~~~~~~~~~~~~~~~~~~~~~
[INFO] [stderr] warning: tectonic_bridge_harfbuzz@0.2.8: harfbuzz/src/hb-object.hh:328:53: note: earlier argument should specify number of elements, later size of each element
[INFO] [stderr] warning: tectonic_bridge_harfbuzz@0.2.8: harfbuzz/src/hb-object.hh: In instantiation of 'bool hb_object_set_user_data(Type*, hb_user_data_key_t*, void*, hb_destroy_func_t, hb_bool_t) [with Type = hb_unicode_funcs_t; hb_user_data_key_t = hb_user_data_key_t; hb_destroy_func_t = void (*)(void*); hb_bool_t = int]':
[INFO] [stderr] warning: tectonic_bridge_harfbuzz@0.2.8: harfbuzz/src/hb-unicode.cc:295:34:   required from here
[INFO] [stderr] warning: tectonic_bridge_harfbuzz@0.2.8:   295 |   return hb_object_set_user_data (ufuncs, key, data, destroy, replace);
[INFO] [stderr] warning: tectonic_bridge_harfbuzz@0.2.8:       |          ~~~~~~~~~~~~~~~~~~~~~~~~^~~~~~~~~~~~~~~~~~~~~~~~~~~~~~~~~~~~~
[INFO] [stderr] warning: tectonic_bridge_harfbuzz@0.2.8: harfbuzz/src/hb-object.hh:328:53: warning: 'void* calloc(size_t, size_t)' sizes specified with 'sizeof' in the earlier argument and not in the later argument [-Wcalloc-transposed-args]
[INFO] [stderr] warning: tectonic_bridge_harfbuzz@0.2.8:   328 |     user_data = (hb_user_data_array_t *) hb_calloc (sizeof (hb_user_data_array_t), 1);
[INFO] [stderr] warning: tectonic_bridge_harfbuzz@0.2.8:       |                                                     ^~~~~~~~~~~~~~~~~~~~~~~~~~~~~
[INFO] [stderr] warning: tectonic_bridge_harfbuzz@0.2.8: harfbuzz/src/hb-object.hh:328:53: note: earlier argument should specify number of elements, later size of each element
[INFO] [stderr] warning: tectonic_bridge_harfbuzz@0.2.8: In file included from /usr/include/unicode/uset.h:38,
[INFO] [stderr] warning: tectonic_bridge_harfbuzz@0.2.8:                  from /usr/include/unicode/unorm2.h:35,
[INFO] [stderr] warning: tectonic_bridge_harfbuzz@0.2.8:                  from harfbuzz/src/hb-icu.cc:39:
[INFO] [stderr] warning: tectonic_bridge_harfbuzz@0.2.8: /usr/include/unicode/char16ptr.h:271:38: error: 'enable_if_t' in namespace 'std' does not name a template type
[INFO] [stderr] warning: tectonic_bridge_harfbuzz@0.2.8:   271 | template<typename T, typename = std::enable_if_t<std::is_same_v<T, UChar>>>
[INFO] [stderr] warning: tectonic_bridge_harfbuzz@0.2.8:       |                                      ^~~~~~~~~~~
[INFO] [stderr] warning: tectonic_bridge_harfbuzz@0.2.8: /usr/include/unicode/char16ptr.h:271:33: note: 'std::enable_if_t' is only available from C++14 onwards
[INFO] [stderr] warning: tectonic_bridge_harfbuzz@0.2.8:   271 | template<typename T, typename = std::enable_if_t<std::is_same_v<T, UChar>>>
[INFO] [stderr] warning: tectonic_bridge_harfbuzz@0.2.8:       |                                 ^~~
[INFO] [stderr] warning: tectonic_bridge_harfbuzz@0.2.8: /usr/include/unicode/char16ptr.h:271:49: error: expected '>' before '<' token
[INFO] [stderr] warning: tectonic_bridge_harfbuzz@0.2.8:   271 | template<typename T, typename = std::enable_if_t<std::is_same_v<T, UChar>>>
[INFO] [stderr] warning: tectonic_bridge_harfbuzz@0.2.8:       |                                                 ^
[INFO] [stderr] warning: tectonic_bridge_harfbuzz@0.2.8: /usr/include/unicode/char16ptr.h: In function 'const char16_t* icu_78::uprv_char16PtrFromUChar(const T*)':
[INFO] [stderr] warning: tectonic_bridge_harfbuzz@0.2.8: /usr/include/unicode/char16ptr.h:273:24: error: 'is_same_v' is not a member of 'std'; did you mean 'is_same'? [-Wtemplate-body]
[INFO] [stderr] warning: tectonic_bridge_harfbuzz@0.2.8:   273 |     if constexpr (std::is_same_v<UChar, char16_t>) {
[INFO] [stderr] warning: tectonic_bridge_harfbuzz@0.2.8:       |                        ^~~~~~~~~
[INFO] [stderr] warning: tectonic_bridge_harfbuzz@0.2.8:       |                        is_same
[INFO] [stderr] warning: tectonic_bridge_harfbuzz@0.2.8: /usr/include/unicode/char16ptr.h:273:39: error: expected primary-expression before ',' token [-Wtemplate-body]
[INFO] [stderr] warning: tectonic_bridge_harfbuzz@0.2.8:   273 |     if constexpr (std::is_same_v<UChar, char16_t>) {
[INFO] [stderr] warning: tectonic_bridge_harfbuzz@0.2.8:       |                                       ^
[INFO] [stderr] warning: tectonic_bridge_harfbuzz@0.2.8: /usr/include/unicode/char16ptr.h:273:41: error: expected primary-expression before 'char16_t' [-Wtemplate-body]
[INFO] [stderr] warning: tectonic_bridge_harfbuzz@0.2.8:   273 |     if constexpr (std::is_same_v<UChar, char16_t>) {
[INFO] [stderr] warning: tectonic_bridge_harfbuzz@0.2.8:       |                                         ^~~~~~~~
[INFO] [stderr] warning: tectonic_bridge_harfbuzz@0.2.8: /usr/include/unicode/char16ptr.h:273:40: error: expected ')' before 'char16_t' [-Wtemplate-body]
[INFO] [stderr] warning: tectonic_bridge_harfbuzz@0.2.8:   273 |     if constexpr (std::is_same_v<UChar, char16_t>) {
[INFO] [stderr] warning: tectonic_bridge_harfbuzz@0.2.8:       |                  ~                     ^~~~~~~~~
[INFO] [stderr] warning: tectonic_bridge_harfbuzz@0.2.8:       |                                        )
[INFO] [stderr] warning: tectonic_bridge_harfbuzz@0.2.8: /usr/include/unicode/char16ptr.h: At global scope:
[INFO] [stderr] warning: tectonic_bridge_harfbuzz@0.2.8: /usr/include/unicode/char16ptr.h:386:10: error: 'is_convertible_v' is not a member of 'std'; did you mean 'is_convertible'?
[INFO] [stderr] warning: tectonic_bridge_harfbuzz@0.2.8:   386 |     std::is_convertible_v<T, std::u16string_view>
[INFO] [stderr] warning: tectonic_bridge_harfbuzz@0.2.8:       |          ^~~~~~~~~~~~~~~~
[INFO] [stderr] warning: tectonic_bridge_harfbuzz@0.2.8:       |          is_convertible
[INFO] [stderr] warning: tectonic_bridge_harfbuzz@0.2.8: /usr/include/unicode/char16ptr.h:386:28: error: expected primary-expression before ',' token
[INFO] [stderr] warning: tectonic_bridge_harfbuzz@0.2.8:   386 |     std::is_convertible_v<T, std::u16string_view>
[INFO] [stderr] warning: tectonic_bridge_harfbuzz@0.2.8:       |                            ^
[INFO] [stderr] warning: tectonic_bridge_harfbuzz@0.2.8: /usr/include/unicode/char16ptr.h:400:13: error: 'u16string_view' in namespace 'std' does not name a type; did you mean 'u16string'?
[INFO] [stderr] warning: tectonic_bridge_harfbuzz@0.2.8:   400 | inline std::u16string_view toU16StringView(std::u16string_view sv) { return sv; }
[INFO] [stderr] warning: tectonic_bridge_harfbuzz@0.2.8:       |             ^~~~~~~~~~~~~~
[INFO] [stderr] warning: tectonic_bridge_harfbuzz@0.2.8:       |             u16string
[INFO] [stderr] warning: tectonic_bridge_harfbuzz@0.2.8: /usr/include/unicode/char16ptr.h:408:13: error: 'u16string_view' in namespace 'std' does not name a type; did you mean 'u16string'?
[INFO] [stderr] warning: tectonic_bridge_harfbuzz@0.2.8:   408 | inline std::u16string_view toU16StringView(std::basic_string_view<uint16_t> sv) {
[INFO] [stderr] warning: tectonic_bridge_harfbuzz@0.2.8:       |             ^~~~~~~~~~~~~~
[INFO] [stderr] warning: tectonic_bridge_harfbuzz@0.2.8:       |             u16string
[INFO] [stderr] warning: tectonic_bridge_harfbuzz@0.2.8: /usr/include/unicode/char16ptr.h:429:36: error: 'enable_if_t' in namespace 'std' does not name a template type
[INFO] [stderr] warning: tectonic_bridge_harfbuzz@0.2.8:   429 |           typename = typename std::enable_if_t<!std::is_pointer_v<std::remove_reference_t<T>>>>
[INFO] [stderr] warning: tectonic_bridge_harfbuzz@0.2.8:       |                                    ^~~~~~~~~~~
[INFO] [stderr] warning: tectonic_bridge_harfbuzz@0.2.8: /usr/include/unicode/char16ptr.h:429:36: note: 'std::enable_if_t' is only available from C++14 onwards
[INFO] [stderr] warning: tectonic_bridge_harfbuzz@0.2.8: /usr/include/unicode/char16ptr.h:429:47: error: expected '>' before '<' token
[INFO] [stderr] warning: tectonic_bridge_harfbuzz@0.2.8:   429 |           typename = typename std::enable_if_t<!std::is_pointer_v<std::remove_reference_t<T>>>>
[INFO] [stderr] warning: tectonic_bridge_harfbuzz@0.2.8:       |                                               ^
[INFO] [stderr] warning: tectonic_bridge_harfbuzz@0.2.8: /usr/include/unicode/char16ptr.h:430:13: error: 'u16string_view' in namespace 'std' does not name a type; did you mean 'u16string'?
[INFO] [stderr] warning: tectonic_bridge_harfbuzz@0.2.8:   430 | inline std::u16string_view toU16StringViewNullable(const T& text) {
[INFO] [stderr] warning: tectonic_bridge_harfbuzz@0.2.8:       |             ^~~~~~~~~~~~~~
[INFO] [stderr] warning: tectonic_bridge_harfbuzz@0.2.8:       |             u16string
[INFO] [stderr] warning: tectonic_bridge_harfbuzz@0.2.8: /usr/include/unicode/char16ptr.h:439:36: error: 'enable_if_t' in namespace 'std' does not name a template type
[INFO] [stderr] warning: tectonic_bridge_harfbuzz@0.2.8:   439 |           typename = typename std::enable_if_t<std::is_pointer_v<std::remove_reference_t<T>>>,
[INFO] [stderr] warning: tectonic_bridge_harfbuzz@0.2.8:       |                                    ^~~~~~~~~~~
[INFO] [stderr] warning: tectonic_bridge_harfbuzz@0.2.8: /usr/include/unicode/char16ptr.h:439:36: note: 'std::enable_if_t' is only available from C++14 onwards
[INFO] [stderr] warning: tectonic_bridge_harfbuzz@0.2.8: /usr/include/unicode/char16ptr.h:439:47: error: expected '>' before '<' token
[INFO] [stderr] warning: tectonic_bridge_harfbuzz@0.2.8:   439 |           typename = typename std::enable_if_t<std::is_pointer_v<std::remove_reference_t<T>>>,
[INFO] [stderr] warning: tectonic_bridge_harfbuzz@0.2.8:       |                                               ^
[INFO] [stderr] warning: tectonic_bridge_harfbuzz@0.2.8: /usr/include/unicode/char16ptr.h:441:13: error: 'u16string_view' in namespace 'std' does not name a type; did you mean 'u16string'?
[INFO] [stderr] warning: tectonic_bridge_harfbuzz@0.2.8:   441 | inline std::u16string_view toU16StringViewNullable(const T& text) {
[INFO] [stderr] warning: tectonic_bridge_harfbuzz@0.2.8:       |             ^~~~~~~~~~~~~~
[INFO] [stderr] warning: tectonic_bridge_harfbuzz@0.2.8:       |             u16string
[INFO] [stderr] warning: tectonic_bridge_harfbuzz@0.2.8: In file included from /usr/include/unicode/uset.h:39:
[INFO] [stderr] warning: tectonic_bridge_harfbuzz@0.2.8: /usr/include/unicode/localpointer.h:559:26: error: parameter declared 'auto'
[INFO] [stderr] warning: tectonic_bridge_harfbuzz@0.2.8:   559 | template <typename Type, auto closeFunction>
[INFO] [stderr] warning: tectonic_bridge_harfbuzz@0.2.8:       |                          ^~~~
[INFO] [stderr] warning: tectonic_bridge_harfbuzz@0.2.8: /usr/include/unicode/localpointer.h:571:76: error: template argument 2 is invalid [-Wtemplate-body]
[INFO] [stderr] warning: tectonic_bridge_harfbuzz@0.2.8:   571 |     explicit LocalOpenPointer(std::unique_ptr<Type, decltype(closeFunction)> &&p)
[INFO] [stderr] warning: tectonic_bridge_harfbuzz@0.2.8:       |                                                                            ^
[INFO] [stderr] warning: tectonic_bridge_harfbuzz@0.2.8: /usr/include/unicode/localpointer.h:581:78: error: template argument 2 is invalid [-Wtemplate-body]
[INFO] [stderr] warning: tectonic_bridge_harfbuzz@0.2.8:   581 |     LocalOpenPointer &operator=(std::unique_ptr<Type, decltype(closeFunction)> &&p) {
[INFO] [stderr] warning: tectonic_bridge_harfbuzz@0.2.8:       |                                                                              ^
[INFO] [stderr] warning: tectonic_bridge_harfbuzz@0.2.8: /usr/include/unicode/localpointer.h:597:59: error: template argument 2 is invalid [-Wtemplate-body]
[INFO] [stderr] warning: tectonic_bridge_harfbuzz@0.2.8:   597 |     operator std::unique_ptr<Type, decltype(closeFunction)> () && {
[INFO] [stderr] warning: tectonic_bridge_harfbuzz@0.2.8:       |                                                           ^
[INFO] [stderr] warning: tectonic_bridge_harfbuzz@0.2.8: /usr/include/unicode/uset.h:362:1: note: invalid template non-type parameter
[INFO] [stderr] warning: tectonic_bridge_harfbuzz@0.2.8:   362 | U_DEFINE_LOCAL_OPEN_POINTER(LocalUSetPointer, USet, uset_close);
[INFO] [stderr] warning: tectonic_bridge_harfbuzz@0.2.8:       | ^~~~~~~~~~~~~~~~~~~~~~~~~~~
[INFO] [stderr] warning: tectonic_bridge_harfbuzz@0.2.8: /usr/include/unicode/uset.h:1651:10: error: 'u16string_view' in namespace 'std' does not name a type; did you mean 'u16string'?
[INFO] [stderr] warning: tectonic_bridge_harfbuzz@0.2.8:  1651 |     std::u16string_view operator*() const {
[INFO] [stderr] warning: tectonic_bridge_harfbuzz@0.2.8:       |          ^~~~~~~~~~~~~~
[INFO] [stderr] warning: tectonic_bridge_harfbuzz@0.2.8:       |          u16string
[INFO] [stderr] warning: tectonic_bridge_harfbuzz@0.2.8: /usr/include/unicode/uset.h: In member function 'std::u16string icu_78::header::USetElementIterator::operator*() const':
[INFO] [stderr] warning: tectonic_bridge_harfbuzz@0.2.8: /usr/include/unicode/uset.h:1771:44: error: no matching function for call to 'uprv_char16PtrFromUChar(const UChar*&)'
[INFO] [stderr] warning: tectonic_bridge_harfbuzz@0.2.8:  1771 |             return {uprv_char16PtrFromUChar(uchars), static_cast<size_t>(length)};
[INFO] [stderr] warning: tectonic_bridge_harfbuzz@0.2.8:       |                     ~~~~~~~~~~~~~~~~~~~~~~~^~~~~~~~
[INFO] [stderr] warning: tectonic_bridge_harfbuzz@0.2.8: /usr/include/unicode/uset.h:1771:44: note: there is 1 candidate
[INFO] [stderr] warning: tectonic_bridge_harfbuzz@0.2.8: /usr/include/unicode/char16ptr.h:272:24: note: candidate 1: 'template<class T, class> const char16_t* icu_78::uprv_char16PtrFromUChar(const T*)'
[INFO] [stderr] warning: tectonic_bridge_harfbuzz@0.2.8:   272 | inline const char16_t *uprv_char16PtrFromUChar(const T *p) {
[INFO] [stderr] warning: tectonic_bridge_harfbuzz@0.2.8:       |                        ^~~~~~~~~~~~~~~~~~~~~~~
[INFO] [stderr] warning: tectonic_bridge_harfbuzz@0.2.8: /usr/include/unicode/char16ptr.h:272:24: note: template argument deduction/substitution failed:
[INFO] [stderr] warning: tectonic_bridge_harfbuzz@0.2.8: /usr/include/unicode/uset.h:1771:81: error: could not convert '{<expression error>, ((size_t)length)}' from '<brace-enclosed initializer list>' to 'std::u16string' {aka 'std::__cxx11::basic_string<char16_t>'}
[INFO] [stderr] warning: tectonic_bridge_harfbuzz@0.2.8:  1771 |             return {uprv_char16PtrFromUChar(uchars), static_cast<size_t>(length)};
[INFO] [stderr] warning: tectonic_bridge_harfbuzz@0.2.8:       |                                                                                 ^
[INFO] [stderr] warning: tectonic_bridge_harfbuzz@0.2.8:       |                                                                                 |
[INFO] [stderr] warning: tectonic_bridge_harfbuzz@0.2.8:       |                                                                                 <brace-enclosed initializer list>
[INFO] [stderr] warning: tectonic_bridge_harfbuzz@0.2.8: /usr/include/unicode/unorm2.h: At global scope:
[INFO] [stderr] warning: tectonic_bridge_harfbuzz@0.2.8: /usr/include/unicode/unorm2.h:284:1: note: invalid template non-type parameter
[INFO] [stderr] warning: tectonic_bridge_harfbuzz@0.2.8:   284 | U_DEFINE_LOCAL_OPEN_POINTER(LocalUNormalizer2Pointer, UNormalizer2, unorm2_close);
[INFO] [stderr] warning: tectonic_bridge_harfbuzz@0.2.8:       | ^~~~~~~~~~~~~~~~~~~~~~~~~~~
[INFO] [stderr] error: failed to run custom build command for `tectonic_bridge_harfbuzz v0.2.8`
[INFO] [stderr] note: To improve backtraces for build dependencies, set the CARGO_PROFILE_RELEASE_BUILD_OVERRIDE_DEBUG=true environment variable to enable debug information generation.
[INFO] [stderr] 
[INFO] [stderr] Caused by:
[INFO] [stderr]   process didn't exit successfully: `/opt/rustwide/target/release/build/tectonic_bridge_harfbuzz-6831e2179c1ede74/build-script-build` (exit status: 1)
[INFO] [stderr]   --- stdout
[INFO] [stderr]   TARGET = Some("x86_64-unknown-linux-gnu")
[INFO] [stderr]   OPT_LEVEL = Some("3")
[INFO] [stderr]   HOST = Some("x86_64-unknown-linux-gnu")
[INFO] [stderr]   cargo:rerun-if-env-changed=CXX_x86_64-unknown-linux-gnu
[INFO] [stderr]   CXX_x86_64-unknown-linux-gnu = None
[INFO] [stderr]   cargo:rerun-if-env-changed=CXX_x86_64_unknown_linux_gnu
[INFO] [stderr]   CXX_x86_64_unknown_linux_gnu = None
[INFO] [stderr]   cargo:rerun-if-env-changed=HOST_CXX
[INFO] [stderr]   HOST_CXX = None
[INFO] [stderr]   cargo:rerun-if-env-changed=CXX
[INFO] [stderr]   CXX = None
[INFO] [stderr]   cargo:rerun-if-env-changed=CXXFLAGS_x86_64-unknown-linux-gnu
[INFO] [stderr]   CXXFLAGS_x86_64-unknown-linux-gnu = None
[INFO] [stderr]   cargo:rerun-if-env-changed=CXXFLAGS_x86_64_unknown_linux_gnu
[INFO] [stderr]   CXXFLAGS_x86_64_unknown_linux_gnu = None
[INFO] [stderr]   cargo:rerun-if-env-changed=HOST_CXXFLAGS
[INFO] [stderr]   HOST_CXXFLAGS = None
[INFO] [stderr]   cargo:rerun-if-env-changed=CXXFLAGS
[INFO] [stderr]   CXXFLAGS = None
[INFO] [stderr]   cargo:rerun-if-env-changed=CRATE_CC_NO_DEFAULTS
[INFO] [stderr]   CRATE_CC_NO_DEFAULTS = None
[INFO] [stderr]   DEBUG = Some("false")
[INFO] [stderr]   CARGO_CFG_TARGET_FEATURE = Some("fxsr,sse,sse2")
[INFO] [stderr]   running: "c++" "-O3" "-ffunction-sections" "-fdata-sections" "-fPIC" "-m64" "-I" "/usr/include" "-I" "/usr/include" "-std=c++11" "-DHAVE_GRAPHITE2=1" "-DHAVE_ICU=1" "-DHAVE_PTHREAD=1" "-o" "/opt/rustwide/target/release/build/tectonic_bridge_harfbuzz-1afb18b7cf8bf98f/out/harfbuzz/src/harfbuzz.o" "-c" "harfbuzz/src/harfbuzz.cc"
[INFO] [stderr]   cargo:warning=In file included from harfbuzz/src/hb-ot-cff1-table.cc:33,
[INFO] [stderr]   cargo:warning=                 from harfbuzz/src/harfbuzz.cc:21:
[INFO] [stderr]   cargo:warning=harfbuzz/src/hb-ot-cff1-table.hh: In member function 'bool OT::cff1::accelerator_t::get_glyph_from_name(const char*, int, hb_codepoint_t*) const':
[INFO] [stderr]   cargo:warning=harfbuzz/src/hb-ot-cff1-table.hh:1382:60: warning: 'void* calloc(size_t, size_t)' sizes specified with 'sizeof' in the earlier argument and not in the later argument [-Wcalloc-transposed-args]
[INFO] [stderr]   cargo:warning= 1382 |         names = (hb_sorted_vector_t<gname_t> *) hb_calloc (sizeof (hb_sorted_vector_t<gname_t>), 1);
[INFO] [stderr]   cargo:warning=      |                                                            ^~~~~~~~~~~~~~~~~~~~~~~~~~~~~~~~~~~~
[INFO] [stderr]   cargo:warning=harfbuzz/src/hb-ot-cff1-table.hh:1382:60: note: earlier argument should specify number of elements, later size of each element
[INFO] [stderr]   cargo:warning=In file included from harfbuzz/src/hb.hh:532,
[INFO] [stderr]   cargo:warning=                 from harfbuzz/src/hb-aat-layout.cc:28,
[INFO] [stderr]   cargo:warning=                 from harfbuzz/src/harfbuzz.cc:1:
[INFO] [stderr]   cargo:warning=harfbuzz/src/hb-object.hh: In instantiation of 'bool hb_object_set_user_data(Type*, hb_user_data_key_t*, void*, hb_destroy_func_t, hb_bool_t) [with Type = hb_blob_t; hb_user_data_key_t = hb_user_data_key_t; hb_destroy_func_t = void (*)(void*); hb_bool_t = int]':
[INFO] [stderr]   cargo:warning=harfbuzz/src/hb-blob.cc:290:34:   required from here
[INFO] [stderr]   cargo:warning=  290 |   return hb_object_set_user_data (blob, key, data, destroy, replace);
[INFO] [stderr]   cargo:warning=      |          ~~~~~~~~~~~~~~~~~~~~~~~~^~~~~~~~~~~~~~~~~~~~~~~~~~~~~~~~~~~
[INFO] [stderr]   cargo:warning=harfbuzz/src/hb-object.hh:328:53: warning: 'void* calloc(size_t, size_t)' sizes specified with 'sizeof' in the earlier argument and not in the later argument [-Wcalloc-transposed-args]
[INFO] [stderr]   cargo:warning=  328 |     user_data = (hb_user_data_array_t *) hb_calloc (sizeof (hb_user_data_array_t), 1);
[INFO] [stderr]   cargo:warning=      |                                                     ^~~~~~~~~~~~~~~~~~~~~~~~~~~~~
[INFO] [stderr]   cargo:warning=harfbuzz/src/hb-object.hh:328:53: note: earlier argument should specify number of elements, later size of each element
[INFO] [stderr]   cargo:warning=harfbuzz/src/hb-object.hh: In instantiation of 'bool hb_object_set_user_data(Type*, hb_user_data_key_t*, void*, hb_destroy_func_t, hb_bool_t) [with Type = hb_buffer_t; hb_user_data_key_t = hb_user_data_key_t; hb_destroy_func_t = void (*)(void*); hb_bool_t = int]':
[INFO] [stderr]   cargo:warning=harfbuzz/src/hb-buffer.cc:872:34:   required from here
[INFO] [stderr]   cargo:warning=  872 |   return hb_object_set_user_data (buffer, key, data, destroy, replace);
[INFO] [stderr]   cargo:warning=      |          ~~~~~~~~~~~~~~~~~~~~~~~~^~~~~~~~~~~~~~~~~~~~~~~~~~~~~~~~~~~~~
[INFO] [stderr]   cargo:warning=harfbuzz/src/hb-object.hh:328:53: warning: 'void* calloc(size_t, size_t)' sizes specified with 'sizeof' in the earlier argument and not in the later argument [-Wcalloc-transposed-args]
[INFO] [stderr]   cargo:warning=  328 |     user_data = (hb_user_data_array_t *) hb_calloc (sizeof (hb_user_data_array_t), 1);
[INFO] [stderr]   cargo:warning=      |                                                     ^~~~~~~~~~~~~~~~~~~~~~~~~~~~~
[INFO] [stderr]   cargo:warning=harfbuzz/src/hb-object.hh:328:53: note: earlier argument should specify number of elements, later size of each element
[INFO] [stderr]   cargo:warning=harfbuzz/src/hb-object.hh: In instantiation of 'bool hb_object_set_user_data(Type*, hb_user_data_key_t*, void*, hb_destroy_func_t, hb_bool_t) [with Type = hb_draw_funcs_t; hb_user_data_key_t = hb_user_data_key_t; hb_destroy_func_t = void (*)(void*); hb_bool_t = int]':
[INFO] [stderr]   cargo:warning=harfbuzz/src/hb-draw.cc:288:34:   required from here
[INFO] [stderr]   cargo:warning=  288 |   return hb_object_set_user_data (dfuncs, key, data, destroy, replace);
[INFO] [stderr]   cargo:warning=      |          ~~~~~~~~~~~~~~~~~~~~~~~~^~~~~~~~~~~~~~~~~~~~~~~~~~~~~~~~~~~~~
[INFO] [stderr]   cargo:warning=harfbuzz/src/hb-object.hh:328:53: warning: 'void* calloc(size_t, size_t)' sizes specified with 'sizeof' in the earlier argument and not in the later argument [-Wcalloc-transposed-args]
[INFO] [stderr]   cargo:warning=  328 |     user_data = (hb_user_data_array_t *) hb_calloc (sizeof (hb_user_data_array_t), 1);
[INFO] [stderr]   cargo:warning=      |                                                     ^~~~~~~~~~~~~~~~~~~~~~~~~~~~~
[INFO] [stderr]   cargo:warning=harfbuzz/src/hb-object.hh:328:53: note: earlier argument should specify number of elements, later size of each element
[INFO] [stderr]   cargo:warning=harfbuzz/src/hb-object.hh: In instantiation of 'bool hb_object_set_user_data(Type*, hb_user_data_key_t*, void*, hb_destroy_func_t, hb_bool_t) [with Type = hb_face_t; hb_user_data_key_t = hb_user_data_key_t; hb_destroy_func_t = void (*)(void*); hb_bool_t = int]':
[INFO] [stderr]   cargo:warning=harfbuzz/src/hb-face.cc:336:34:   required from here
[INFO] [stderr]   cargo:warning=  336 |   return hb_object_set_user_data (face, key, data, destroy, replace);
[INFO] [stderr]   cargo:warning=      |          ~~~~~~~~~~~~~~~~~~~~~~~~^~~~~~~~~~~~~~~~~~~~~~~~~~~~~~~~~~~
[INFO] [stderr]   cargo:warning=harfbuzz/src/hb-object.hh:328:53: warning: 'void* calloc(size_t, size_t)' sizes specified with 'sizeof' in the earlier argument and not in the later argument [-Wcalloc-transposed-args]
[INFO] [stderr]   cargo:warning=  328 |     user_data = (hb_user_data_array_t *) hb_calloc (sizeof (hb_user_data_array_t), 1);
[INFO] [stderr]   cargo:warning=      |                                                     ^~~~~~~~~~~~~~~~~~~~~~~~~~~~~
[INFO] [stderr]   cargo:warning=harfbuzz/src/hb-object.hh:328:53: note: earlier argument should specify number of elements, later size of each element
[INFO] [stderr]   cargo:warning=harfbuzz/src/hb-object.hh: In instantiation of 'bool hb_object_set_user_data(Type*, hb_user_data_key_t*, void*, hb_destroy_func_t, hb_bool_t) [with Type = hb_font_funcs_t; hb_user_data_key_t = hb_user_data_key_t; hb_destroy_func_t = void (*)(void*); hb_bool_t = int]':
[INFO] [stderr]   cargo:warning=harfbuzz/src/hb-font.cc:815:34:   required from here
[INFO] [stderr]   cargo:warning=  815 |   return hb_object_set_user_data (ffuncs, key, data, destroy, replace);
[INFO] [stderr]   cargo:warning=      |          ~~~~~~~~~~~~~~~~~~~~~~~~^~~~~~~~~~~~~~~~~~~~~~~~~~~~~~~~~~~~~
[INFO] [stderr]   cargo:warning=harfbuzz/src/hb-object.hh:328:53: warning: 'void* calloc(size_t, size_t)' sizes specified with 'sizeof' in the earlier argument and not in the later argument [-Wcalloc-transposed-args]
[INFO] [stderr]   cargo:warning=  328 |     user_data = (hb_user_data_array_t *) hb_calloc (sizeof (hb_user_data_array_t), 1);
[INFO] [stderr]   cargo:warning=      |                                                     ^~~~~~~~~~~~~~~~~~~~~~~~~~~~~
[INFO] [stderr]   cargo:warning=harfbuzz/src/hb-object.hh:328:53: note: earlier argument should specify number of elements, later size of each element
[INFO] [stderr]   cargo:warning=harfbuzz/src/hb-object.hh: In instantiation of 'bool hb_object_set_user_data(Type*, hb_user_data_key_t*, void*, hb_destroy_func_t, hb_bool_t) [with Type = hb_font_t; hb_user_data_key_t = hb_user_data_key_t; hb_destroy_func_t = void (*)(void*); hb_bool_t = int]':
[INFO] [stderr]   cargo:warning=harfbuzz/src/hb-font.cc:2026:34:   required from here
[INFO] [stderr]   cargo:warning= 2026 |   return hb_object_set_user_data (font, key, data, destroy, replace);
[INFO] [stderr]   cargo:warning=      |          ~~~~~~~~~~~~~~~~~~~~~~~~^~~~~~~~~~~~~~~~~~~~~~~~~~~~~~~~~~~
[INFO] [stderr]   cargo:warning=harfbuzz/src/hb-object.hh:328:53: warning: 'void* calloc(size_t, size_t)' sizes specified with 'sizeof' in the earlier argument and not in the later argument [-Wcalloc-transposed-args]
[INFO] [stderr]   cargo:warning=  328 |     user_data = (hb_user_data_array_t *) hb_calloc (sizeof (hb_user_data_array_t), 1);
[INFO] [stderr]   cargo:warning=      |                                                     ^~~~~~~~~~~~~~~~~~~~~~~~~~~~~
[INFO] [stderr]   cargo:warning=harfbuzz/src/hb-object.hh:328:53: note: earlier argument should specify number of elements, later size of each element
[INFO] [stderr]   cargo:warning=harfbuzz/src/hb-object.hh: In instantiation of 'bool hb_object_set_user_data(Type*, hb_user_data_key_t*, void*, hb_destroy_func_t, hb_bool_t) [with Type = hb_map_t; hb_user_data_key_t = hb_user_data_key_t; hb_destroy_func_t = void (*)(void*); hb_bool_t = int]':
[INFO] [stderr]   cargo:warning=harfbuzz/src/hb-map.cc:132:34:   required from here
[INFO] [stderr]   cargo:warning=  132 |   return hb_object_set_user_data (map, key, data, destroy, replace);
[INFO] [stderr]   cargo:warning=      |          ~~~~~~~~~~~~~~~~~~~~~~~~^~~~~~~~~~~~~~~~~~~~~~~~~~~~~~~~~~
[INFO] [stderr]   cargo:warning=harfbuzz/src/hb-object.hh:328:53: warning: 'void* calloc(size_t, size_t)' sizes specified with 'sizeof' in the earlier argument and not in the later argument [-Wcalloc-transposed-args]
[INFO] [stderr]   cargo:warning=  328 |     user_data = (hb_user_data_array_t *) hb_calloc (sizeof (hb_user_data_array_t), 1);
[INFO] [stderr]   cargo:warning=      |                                                     ^~~~~~~~~~~~~~~~~~~~~~~~~~~~~
[INFO] [stderr]   cargo:warning=harfbuzz/src/hb-object.hh:328:53: note: earlier argument should specify number of elements, later size of each element
[INFO] [stderr]   cargo:warning=harfbuzz/src/hb-object.hh: In instantiation of 'bool hb_object_set_user_data(Type*, hb_user_data_key_t*, void*, hb_destroy_func_t, hb_bool_t) [with Type = hb_paint_funcs_t; hb_user_data_key_t = hb_user_data_key_t; hb_destroy_func_t = void (*)(void*); hb_bool_t = int]':
[INFO] [stderr]   cargo:warning=harfbuzz/src/hb-paint.cc:328:34:   required from here
[INFO] [stderr]   cargo:warning=  328 |   return hb_object_set_user_data (funcs, key, data, destroy, replace);
[INFO] [stderr]   cargo:warning=      |          ~~~~~~~~~~~~~~~~~~~~~~~~^~~~~~~~~~~~~~~~~~~~~~~~~~~~~~~~~~~~
[INFO] [stderr]   cargo:warning=harfbuzz/src/hb-object.hh:328:53: warning: 'void* calloc(size_t, size_t)' sizes specified with 'sizeof' in the earlier argument and not in the later argument [-Wcalloc-transposed-args]
[INFO] [stderr]   cargo:warning=  328 |     user_data = (hb_user_data_array_t *) hb_calloc (sizeof (hb_user_data_array_t), 1);
[INFO] [stderr]   cargo:warning=      |                                                     ^~~~~~~~~~~~~~~~~~~~~~~~~~~~~
[INFO] [stderr]   cargo:warning=harfbuzz/src/hb-object.hh:328:53: note: earlier argument should specify number of elements, later size of each element
[INFO] [stderr]   cargo:warning=harfbuzz/src/hb-object.hh: In instantiation of 'bool hb_object_set_user_data(Type*, hb_user_data_key_t*, void*, hb_destroy_func_t, hb_bool_t) [with Type = hb_set_t; hb_user_data_key_t = hb_user_data_key_t; hb_destroy_func_t = void (*)(void*); hb_bool_t = int]':
[INFO] [stderr]   cargo:warning=harfbuzz/src/hb-set.cc:132:34:   required from here
[INFO] [stderr]   cargo:warning=  132 |   return hb_object_set_user_data (set, key, data, destroy, replace);
[INFO] [stderr]   cargo:warning=      |          ~~~~~~~~~~~~~~~~~~~~~~~~^~~~~~~~~~~~~~~~~~~~~~~~~~~~~~~~~~
[INFO] [stderr]   cargo:warning=harfbuzz/src/hb-object.hh:328:53: warning: 'void* calloc(size_t, size_t)' sizes specified with 'sizeof' in the earlier argument and not in the later argument [-Wcalloc-transposed-args]
[INFO] [stderr]   cargo:warning=  328 |     user_data = (hb_user_data_array_t *) hb_calloc (sizeof (hb_user_data_array_t), 1);
[INFO] [stderr]   cargo:warning=      |                                                     ^~~~~~~~~~~~~~~~~~~~~~~~~~~~~
[INFO] [stderr]   cargo:warning=harfbuzz/src/hb-object.hh:328:53: note: earlier argument should specify number of elements, later size of each element
[INFO] [stderr]   cargo:warning=harfbuzz/src/hb-object.hh: In instantiation of 'bool hb_object_set_user_data(Type*, hb_user_data_key_t*, void*, hb_destroy_func_t, hb_bool_t) [with Type = hb_shape_plan_t; hb_user_data_key_t = hb_user_data_key_t; hb_destroy_func_t = void (*)(void*); hb_bool_t = int]':
[INFO] [stderr]   cargo:warning=harfbuzz/src/hb-shape-plan.cc:347:34:   required from here
[INFO] [stderr]   cargo:warning=  347 |   return hb_object_set_user_data (shape_plan, key, data, destroy, replace);
[INFO] [stderr]   cargo:warning=      |          ~~~~~~~~~~~~~~~~~~~~~~~~^~~~~~~~~~~~~~~~~~~~~~~~~~~~~~~~~~~~~~~~~
[INFO] [stderr]   cargo:warning=harfbuzz/src/hb-object.hh:328:53: warning: 'void* calloc(size_t, size_t)' sizes specified with 'sizeof' in the earlier argument and not in the later argument [-Wcalloc-transposed-args]
[INFO] [stderr]   cargo:warning=  328 |     user_data = (hb_user_data_array_t *) hb_calloc (sizeof (hb_user_data_array_t), 1);
[INFO] [stderr]   cargo:warning=      |                                                     ^~~~~~~~~~~~~~~~~~~~~~~~~~~~~
[INFO] [stderr]   cargo:warning=harfbuzz/src/hb-object.hh:328:53: note: earlier argument should specify number of elements, later size of each element
[INFO] [stderr]   cargo:warning=harfbuzz/src/hb-object.hh: In instantiation of 'bool hb_object_set_user_data(Type*, hb_user_data_key_t*, void*, hb_destroy_func_t, hb_bool_t) [with Type = hb_unicode_funcs_t; hb_user_data_key_t = hb_user_data_key_t; hb_destroy_func_t = void (*)(void*); hb_bool_t = int]':
[INFO] [stderr]   cargo:warning=harfbuzz/src/hb-unicode.cc:295:34:   required from here
[INFO] [stderr]   cargo:warning=  295 |   return hb_object_set_user_data (ufuncs, key, data, destroy, replace);
[INFO] [stderr]   cargo:warning=      |          ~~~~~~~~~~~~~~~~~~~~~~~~^~~~~~~~~~~~~~~~~~~~~~~~~~~~~~~~~~~~~
[INFO] [stderr]   cargo:warning=harfbuzz/src/hb-object.hh:328:53: warning: 'void* calloc(size_t, size_t)' sizes specified with 'sizeof' in the earlier argument and not in the later argument [-Wcalloc-transposed-args]
[INFO] [stderr]   cargo:warning=  328 |     user_data = (hb_user_data_array_t *) hb_calloc (sizeof (hb_user_data_array_t), 1);
[INFO] [stderr]   cargo:warning=      |                                                     ^~~~~~~~~~~~~~~~~~~~~~~~~~~~~
[INFO] [stderr]   cargo:warning=harfbuzz/src/hb-object.hh:328:53: note: earlier argument should specify number of elements, later size of each element
[INFO] [stderr]   exit status: 0
[INFO] [stderr]   running: "c++" "-O3" "-ffunction-sections" "-fdata-sections" "-fPIC" "-m64" "-I" "/usr/include" "-I" "/usr/include" "-std=c++11" "-DHAVE_GRAPHITE2=1" "-DHAVE_ICU=1" "-DHAVE_PTHREAD=1" "-o" "/opt/rustwide/target/release/build/tectonic_bridge_harfbuzz-1afb18b7cf8bf98f/out/harfbuzz/src/hb-icu.o" "-c" "harfbuzz/src/hb-icu.cc"
[INFO] [stderr]   cargo:warning=In file included from /usr/include/unicode/uset.h:38,
[INFO] [stderr]   cargo:warning=                 from /usr/include/unicode/unorm2.h:35,
[INFO] [stderr]   cargo:warning=                 from harfbuzz/src/hb-icu.cc:39:
[INFO] [stderr]   cargo:warning=/usr/include/unicode/char16ptr.h:271:38: error: 'enable_if_t' in namespace 'std' does not name a template type
[INFO] [stderr]   cargo:warning=  271 | template<typename T, typename = std::enable_if_t<std::is_same_v<T, UChar>>>
[INFO] [stderr]   cargo:warning=      |                                      ^~~~~~~~~~~
[INFO] [stderr]   cargo:warning=/usr/include/unicode/char16ptr.h:271:33: note: 'std::enable_if_t' is only available from C++14 onwards
[INFO] [stderr]   cargo:warning=  271 | template<typename T, typename = std::enable_if_t<std::is_same_v<T, UChar>>>
[INFO] [stderr]   cargo:warning=      |                                 ^~~
[INFO] [stderr]   cargo:warning=/usr/include/unicode/char16ptr.h:271:49: error: expected '>' before '<' token
[INFO] [stderr]   cargo:warning=  271 | template<typename T, typename = std::enable_if_t<std::is_same_v<T, UChar>>>
[INFO] [stderr]   cargo:warning=      |                                                 ^
[INFO] [stderr]   cargo:warning=/usr/include/unicode/char16ptr.h: In function 'const char16_t* icu_78::uprv_char16PtrFromUChar(const T*)':
[INFO] [stderr]   cargo:warning=/usr/include/unicode/char16ptr.h:273:24: error: 'is_same_v' is not a member of 'std'; did you mean 'is_same'? [-Wtemplate-body]
[INFO] [stderr]   cargo:warning=  273 |     if constexpr (std::is_same_v<UChar, char16_t>) {
[INFO] [stderr]   cargo:warning=      |                        ^~~~~~~~~
[INFO] [stderr]   cargo:warning=      |                        is_same
[INFO] [stderr]   cargo:warning=/usr/include/unicode/char16ptr.h:273:39: error: expected primary-expression before ',' token [-Wtemplate-body]
[INFO] [stderr]   cargo:warning=  273 |     if constexpr (std::is_same_v<UChar, char16_t>) {
[INFO] [stderr]   cargo:warning=      |                                       ^
[INFO] [stderr]   cargo:warning=/usr/include/unicode/char16ptr.h:273:41: error: expected primary-expression before 'char16_t' [-Wtemplate-body]
[INFO] [stderr]   cargo:warning=  273 |     if constexpr (std::is_same_v<UChar, char16_t>) {
[INFO] [stderr]   cargo:warning=      |                                         ^~~~~~~~
[INFO] [stderr]   cargo:warning=/usr/include/unicode/char16ptr.h:273:40: error: expected ')' before 'char16_t' [-Wtemplate-body]
[INFO] [stderr]   cargo:warning=  273 |     if constexpr (std::is_same_v<UChar, char16_t>) {
[INFO] [stderr]   cargo:warning=      |                  ~                     ^~~~~~~~~
[INFO] [stderr]   cargo:warning=      |                                        )
[INFO] [stderr]   cargo:warning=/usr/include/unicode/char16ptr.h: At global scope:
[INFO] [stderr]   cargo:warning=/usr/include/unicode/char16ptr.h:386:10: error: 'is_convertible_v' is not a member of 'std'; did you mean 'is_convertible'?
[INFO] [stderr]   cargo:warning=  386 |     std::is_convertible_v<T, std::u16string_view>
[INFO] [stderr]   cargo:warning=      |          ^~~~~~~~~~~~~~~~
[INFO] [stderr]   cargo:warning=      |          is_convertible
[INFO] [stderr]   cargo:warning=/usr/include/unicode/char16ptr.h:386:28: error: expected primary-expression before ',' token
[INFO] [stderr]   cargo:warning=  386 |     std::is_convertible_v<T, std::u16string_view>
[INFO] [stderr]   cargo:warning=      |                            ^
[INFO] [stderr]   cargo:warning=/usr/include/unicode/char16ptr.h:400:13: error: 'u16string_view' in namespace 'std' does not name a type; did you mean 'u16string'?
[INFO] [stderr]   cargo:warning=  400 | inline std::u16string_view toU16StringView(std::u16string_view sv) { return sv; }
[INFO] [stderr]   cargo:warning=      |             ^~~~~~~~~~~~~~
[INFO] [stderr]   cargo:warning=      |             u16string
[INFO] [stderr]   cargo:warning=/usr/include/unicode/char16ptr.h:408:13: error: 'u16string_view' in namespace 'std' does not name a type; did you mean 'u16string'?
[INFO] [stderr]   cargo:warning=  408 | inline std::u16string_view toU16StringView(std::basic_string_view<uint16_t> sv) {
[INFO] [stderr]   cargo:warning=      |             ^~~~~~~~~~~~~~
[INFO] [stderr]   cargo:warning=      |             u16string
[INFO] [stderr]   cargo:warning=/usr/include/unicode/char16ptr.h:429:36: error: 'enable_if_t' in namespace 'std' does not name a template type
[INFO] [stderr]   cargo:warning=  429 |           typename = typename std::enable_if_t<!std::is_pointer_v<std::remove_reference_t<T>>>>
[INFO] [stderr]   cargo:warning=      |                                    ^~~~~~~~~~~
[INFO] [stderr]   cargo:warning=/usr/include/unicode/char16ptr.h:429:36: note: 'std::enable_if_t' is only available from C++14 onwards
[INFO] [stderr]   cargo:warning=/usr/include/unicode/char16ptr.h:429:47: error: expected '>' before '<' token
[INFO] [stderr]   cargo:warning=  429 |           typename = typename std::enable_if_t<!std::is_pointer_v<std::remove_reference_t<T>>>>
[INFO] [stderr]   cargo:warning=      |                                               ^
[INFO] [stderr]   cargo:warning=/usr/include/unicode/char16ptr.h:430:13: error: 'u16string_view' in namespace 'std' does not name a type; did you mean 'u16string'?
[INFO] [stderr]   cargo:warning=  430 | inline std::u16string_view toU16StringViewNullable(const T& text) {
[INFO] [stderr]   cargo:warning=      |             ^~~~~~~~~~~~~~
[INFO] [stderr]   cargo:warning=      |             u16string
[INFO] [stderr]   cargo:warning=/usr/include/unicode/char16ptr.h:439:36: error: 'enable_if_t' in namespace 'std' does not name a template type
[INFO] [stderr]   cargo:warning=  439 |           typename = typename std::enable_if_t<std::is_pointer_v<std::remove_reference_t<T>>>,
[INFO] [stderr]   cargo:warning=      |                                    ^~~~~~~~~~~
[INFO] [stderr]   cargo:warning=/usr/include/unicode/char16ptr.h:439:36: note: 'std::enable_if_t' is only available from C++14 onwards
[INFO] [stderr]   cargo:warning=/usr/include/unicode/char16ptr.h:439:47: error: expected '>' before '<' token
[INFO] [stderr]   cargo:warning=  439 |           typename = typename std::enable_if_t<std::is_pointer_v<std::remove_reference_t<T>>>,
[INFO] [stderr]   cargo:warning=      |                                               ^
[INFO] [stderr]   cargo:warning=/usr/include/unicode/char16ptr.h:441:13: error: 'u16string_view' in namespace 'std' does not name a type; did you mean 'u16string'?
[INFO] [stderr]   cargo:warning=  441 | inline std::u16string_view toU16StringViewNullable(const T& text) {
[INFO] [stderr]   cargo:warning=      |             ^~~~~~~~~~~~~~
[INFO] [stderr]   cargo:warning=      |             u16string
[INFO] [stderr]   cargo:warning=In file included from /usr/include/unicode/uset.h:39:
[INFO] [stderr]   cargo:warning=/usr/include/unicode/localpointer.h:559:26: error: parameter declared 'auto'
[INFO] [stderr]   cargo:warning=  559 | template <typename Type, auto closeFunction>
[INFO] [stderr]   cargo:warning=      |                          ^~~~
[INFO] [stderr]   cargo:warning=/usr/include/unicode/localpointer.h:571:76: error: template argument 2 is invalid [-Wtemplate-body]
[INFO] [stderr]   cargo:warning=  571 |     explicit LocalOpenPointer(std::unique_ptr<Type, decltype(closeFunction)> &&p)
[INFO] [stderr]   cargo:warning=      |                                                                            ^
[INFO] [stderr]   cargo:warning=/usr/include/unicode/localpointer.h:581:78: error: template argument 2 is invalid [-Wtemplate-body]
[INFO] [stderr]   cargo:warning=  581 |     LocalOpenPointer &operator=(std::unique_ptr<Type, decltype(closeFunction)> &&p) {
[INFO] [stderr]   cargo:warning=      |                                                                              ^
[INFO] [stderr]   cargo:warning=/usr/include/unicode/localpointer.h:597:59: error: template argument 2 is invalid [-Wtemplate-body]
[INFO] [stderr]   cargo:warning=  597 |     operator std::unique_ptr<Type, decltype(closeFunction)> () && {
[INFO] [stderr]   cargo:warning=      |                                                           ^
[INFO] [stderr]   cargo:warning=/usr/include/unicode/uset.h:362:1: note: invalid template non-type parameter
[INFO] [stderr]   cargo:warning=  362 | U_DEFINE_LOCAL_OPEN_POINTER(LocalUSetPointer, USet, uset_close);
[INFO] [stderr]   cargo:warning=      | ^~~~~~~~~~~~~~~~~~~~~~~~~~~
[INFO] [stderr]   cargo:warning=/usr/include/unicode/uset.h:1651:10: error: 'u16string_view' in namespace 'std' does not name a type; did you mean 'u16string'?
[INFO] [stderr]   cargo:warning= 1651 |     std::u16string_view operator*() const {
[INFO] [stderr]   cargo:warning=      |          ^~~~~~~~~~~~~~
[INFO] [stderr]   cargo:warning=      |          u16string
[INFO] [stderr]   cargo:warning=/usr/include/unicode/uset.h: In member function 'std::u16string icu_78::header::USetElementIterator::operator*() const':
[INFO] [stderr]   cargo:warning=/usr/include/unicode/uset.h:1771:44: error: no matching function for call to 'uprv_char16PtrFromUChar(const UChar*&)'
[INFO] [stderr]   cargo:warning= 1771 |             return {uprv_char16PtrFromUChar(uchars), static_cast<size_t>(length)};
[INFO] [stderr]   cargo:warning=      |                     ~~~~~~~~~~~~~~~~~~~~~~~^~~~~~~~
[INFO] [stderr]   cargo:warning=/usr/include/unicode/uset.h:1771:44: note: there is 1 candidate
[INFO] [stderr]   cargo:warning=/usr/include/unicode/char16ptr.h:272:24: note: candidate 1: 'template<class T, class> const char16_t* icu_78::uprv_char16PtrFromUChar(const T*)'
[INFO] [stderr]   cargo:warning=  272 | inline const char16_t *uprv_char16PtrFromUChar(const T *p) {
[INFO] [stderr]   cargo:warning=      |                        ^~~~~~~~~~~~~~~~~~~~~~~
[INFO] [stderr]   cargo:warning=/usr/include/unicode/char16ptr.h:272:24: note: template argument deduction/substitution failed:
[INFO] [stderr]   cargo:warning=/usr/include/unicode/uset.h:1771:81: error: could not convert '{<expression error>, ((size_t)length)}' from '<brace-enclosed initializer list>' to 'std::u16string' {aka 'std::__cxx11::basic_string<char16_t>'}
[INFO] [stderr]   cargo:warning= 1771 |             return {uprv_char16PtrFromUChar(uchars), static_cast<size_t>(length)};
[INFO] [stderr]   cargo:warning=      |                                                                                 ^
[INFO] [stderr]   cargo:warning=      |                                                                                 |
[INFO] [stderr]   cargo:warning=      |                                                                                 <brace-enclosed initializer list>
[INFO] [stderr]   cargo:warning=/usr/include/unicode/unorm2.h: At global scope:
[INFO] [stderr]   cargo:warning=/usr/include/unicode/unorm2.h:284:1: note: invalid template non-type parameter
[INFO] [stderr]   cargo:warning=  284 | U_DEFINE_LOCAL_OPEN_POINTER(LocalUNormalizer2Pointer, UNormalizer2, unorm2_close);
[INFO] [stderr]   cargo:warning=      | ^~~~~~~~~~~~~~~~~~~~~~~~~~~
[INFO] [stderr]   exit status: 1
[INFO] [stderr] 
[INFO] [stderr]   --- stderr
[INFO] [stderr] 
[INFO] [stderr] 
[INFO] [stderr]   error occurred: Command "c++" "-O3" "-ffunction-sections" "-fdata-sections" "-fPIC" "-m64" "-I" "/usr/include" "-I" "/usr/include" "-std=c++11" "-DHAVE_GRAPHITE2=1" "-DHAVE_ICU=1" "-DHAVE_PTHREAD=1" "-o" "/opt/rustwide/target/release/build/tectonic_bridge_harfbuzz-1afb18b7cf8bf98f/out/harfbuzz/src/hb-icu.o" "-c" "harfbuzz/src/hb-icu.cc" with args "c++" did not execute successfully (status code exit status: 1).
[INFO] [stderr] 
[INFO] [stderr] 
[INFO] running `Command { std: "docker" "inspect" "a462250f88722e956466e06e1707ae7f1a86aacea46c98f253b7ad09f3825b41", kill_on_drop: false }`
[INFO] running `Command { std: "docker" "rm" "-f" "a462250f88722e956466e06e1707ae7f1a86aacea46c98f253b7ad09f3825b41", kill_on_drop: false }`
[INFO] [stdout] a462250f88722e956466e06e1707ae7f1a86aacea46c98f253b7ad09f3825b41
