[INFO] fetching crate scalar-img 0.2.0...
[INFO] testing scalar-img-0.2.0 against 1.99.0-beta.8+cargoflags=--release for beta-release-1.100-2
[INFO] extracting crate scalar-img 0.2.0 into /workspace/builds/worker-2-tc1/source
[INFO] started tweaking crates.io crate scalar-img 0.2.0
[INFO] removed 0 missing examples
[INFO] finished tweaking crates.io crate scalar-img 0.2.0
[INFO] tweaked toml for crates.io crate scalar-img 0.2.0 written to /workspace/builds/worker-2-tc1/source/Cargo.toml
[INFO] validating manifest of crates.io crate scalar-img 0.2.0 on toolchain 1.99.0-beta.8
[INFO] running `Command { std: CARGO_HOME="/workspace/cargo-home" RUSTUP_HOME="/workspace/rustup-home" "/workspace/cargo-home/bin/cargo" "+1.99.0-beta.8" "metadata" "--manifest-path" "Cargo.toml" "--no-deps", kill_on_drop: false }`
[INFO] crate crates.io crate scalar-img 0.2.0 already has a lockfile, it will not be regenerated
[INFO] running `Command { std: CARGO_HOME="/workspace/cargo-home" RUSTUP_HOME="/workspace/rustup-home" "/workspace/cargo-home/bin/cargo" "+1.99.0-beta.8" "fetch" "--manifest-path" "Cargo.toml", kill_on_drop: false }`
[INFO] [stderr]     Updating crates.io index
[INFO] [stderr]  Downloading crates ...
[INFO] [stderr]   Downloaded ts-rs v11.1.0
[INFO] [stderr]   Downloaded ts-rs-macros v11.1.0
[INFO] [stderr]   Downloaded scalar-cms v0.2.0
[INFO] [stderr]   Downloaded trait-variant v0.1.2
[INFO] [stderr]   Downloaded scalar-expr v0.2.0
[INFO] [stderr]   Downloaded scalar-expr-macro v0.2.0
[INFO] [stderr]   Downloaded windows-numerics v0.2.0
[INFO] [stderr]   Downloaded nanoid v0.4.0
[INFO] [stderr]   Downloaded windows-collections v0.2.0
[INFO] [stderr]   Downloaded windows-threading v0.1.0
[INFO] [stderr]   Downloaded scalar-derive v0.2.0
[INFO] [stderr]   Downloaded mutants v0.0.3
[INFO] [stderr]   Downloaded convert_case v0.11.0
[INFO] [stderr]   Downloaded windows-future v0.2.1
[INFO] [stderr]   Downloaded rxml_validation v0.11.0
[INFO] [stderr]   Downloaded const-random v0.1.18
[INFO] [stderr]   Downloaded aws-region v0.28.1
[INFO] [stderr]   Downloaded primal-check v0.3.4
[INFO] [stderr]   Downloaded ordered-multimap v0.7.3
[INFO] [stderr]   Downloaded transpose v0.2.3
[INFO] [stderr]   Downloaded dlv-list v0.5.2
[INFO] [stderr]   Downloaded md5 v0.8.0
[INFO] [stderr]   Downloaded aws-creds v0.39.1
[INFO] [stderr]   Downloaded minidom v0.16.0
[INFO] [stderr]   Downloaded rust-ini v0.21.3
[INFO] [stderr]   Downloaded profiling-procmacros v1.0.18
[INFO] [stderr]   Downloaded const-random-macro v0.1.16
[INFO] [stderr]   Downloaded base64-url v3.0.4
[INFO] [stderr]   Downloaded rust-s3 v0.37.2
[INFO] [stderr]   Downloaded fax v0.2.7
[INFO] [stderr]   Downloaded avif-serialize v0.8.9
[INFO] [stderr]   Downloaded imgref v1.12.2
[INFO] [stderr]   Downloaded rustdct v0.7.1
[INFO] [stderr]   Downloaded image_hasher v3.1.1
[INFO] [stderr]   Downloaded no_std_io2 v0.9.4
[INFO] [stderr]   Downloaded built v0.8.1
[INFO] [stderr]   Downloaded unsynn v0.3.0
[INFO] [stderr]   Downloaded compact_str v0.7.1
[INFO] [stderr]   Downloaded arrayvec v0.7.7
[INFO] [stderr]   Downloaded bitstream-io v4.10.0
[INFO] [stderr]   Downloaded rxml v0.11.1
[INFO] [stderr]   Downloaded libfuzzer-sys v0.4.13
[INFO] [stderr]   Downloaded sysinfo v0.37.2
[INFO] [stderr]   Downloaded quick-xml v0.38.4
[INFO] [stderr]   Downloaded rustfft v6.4.1
[INFO] [stderr]   Downloaded windows v0.61.3
[INFO] running `Command { std: "docker" "create" "-v" "/var/lib/crater-agent-workspace/builds/worker-2-tc1/source:/opt/rustwide/workdir:ro,Z" "-v" "/var/lib/crater-agent-workspace/builds/worker-2-tc1/target:/opt/rustwide/target:rw,Z" "-v" "/var/lib/crater-agent-workspace/cargo-home:/opt/rustwide/cargo-home:ro,Z" "-v" "/var/lib/crater-agent-workspace/rustup-home:/opt/rustwide/rustup-home:ro,Z" "-m" "1610612736" "--network" "none" "ghcr.io/rust-lang/crates-build-env/linux@sha256:77db811e55d90add9212f6832c23229e3de5f1c1f9905e8cb07319ea15df73ac" "sleep" "infinity", kill_on_drop: false }`
[INFO] [stdout] 7bc8d72847c6a402ef1d496e4cec1d74f7387a8254aecc784a3cabbea9cfbd2e
[INFO] running `Command { std: "docker" "start" "7bc8d72847c6a402ef1d496e4cec1d74f7387a8254aecc784a3cabbea9cfbd2e", kill_on_drop: false }`
[INFO] running `Command { std: "docker" "inspect" "7bc8d72847c6a402ef1d496e4cec1d74f7387a8254aecc784a3cabbea9cfbd2e", kill_on_drop: false }`
[INFO] running `Command { std: "docker" "exec" "-e" "SOURCE_DIR=/opt/rustwide/workdir" "-e" "CARGO_HOME=/opt/rustwide/cargo-home" "-e" "RUSTUP_HOME=/opt/rustwide/rustup-home" "-e" "CARGO_TARGET_DIR=/opt/rustwide/target" "-w" "/opt/rustwide/workdir" "--user" "0:0" "7bc8d72847c6a402ef1d496e4cec1d74f7387a8254aecc784a3cabbea9cfbd2e" "/opt/rustwide/cargo-home/bin/cargo" "+1.99.0-beta.8" "metadata" "--no-deps" "--format-version=1", kill_on_drop: false }`
[INFO] running `Command { std: "docker" "inspect" "7bc8d72847c6a402ef1d496e4cec1d74f7387a8254aecc784a3cabbea9cfbd2e", kill_on_drop: false }`
[INFO] running `Command { std: "docker" "exec" "-e" "SOURCE_DIR=/opt/rustwide/workdir" "-e" "CARGO_HOME=/opt/rustwide/cargo-home" "-e" "RUSTUP_HOME=/opt/rustwide/rustup-home" "-e" "CARGO_TARGET_DIR=/opt/rustwide/target" "-e" "CARGO_INCREMENTAL=0" "-e" "RUST_BACKTRACE=full" "-e" "RUSTFLAGS=--cap-lints=warn" "-e" "RUSTDOCFLAGS=--cap-lints=warn" "-w" "/opt/rustwide/workdir" "--user" "0:0" "7bc8d72847c6a402ef1d496e4cec1d74f7387a8254aecc784a3cabbea9cfbd2e" "/opt/rustwide/cargo-home/bin/cargo" "+1.99.0-beta.8" "build" "--frozen" "--message-format=json" "--release", kill_on_drop: false }`
[INFO] [stderr]    Compiling proc-macro2 v1.0.106
[INFO] [stderr]    Compiling quote v1.0.46
[INFO] [stderr]    Compiling serde_core v1.0.228
[INFO] [stderr]    Compiling either v1.16.0
[INFO] [stderr]    Compiling anyhow v1.0.103
[INFO] [stderr]    Compiling smallvec v1.15.2
[INFO] [stderr]    Compiling num-bigint v0.4.6
[INFO] [stderr]    Compiling serde v1.0.228
[INFO] [stderr]    Compiling arrayvec v0.7.7
[INFO] [stderr]    Compiling as-slice v0.2.1
[INFO] [stderr]    Compiling built v0.8.1
[INFO] [stderr]    Compiling av-scenechange v0.14.1
[INFO] [stderr]    Compiling rayon v1.12.0
[INFO] [stderr]    Compiling aligned v0.4.3
[INFO] [stderr]    Compiling getrandom v0.2.17
[INFO] [stderr]    Compiling no_std_io2 v0.9.4
[INFO] [stderr]    Compiling nom v8.0.0
[INFO] [stderr]    Compiling quick-error v2.0.1
[INFO] [stderr]    Compiling y4m v0.8.0
[INFO] [stderr]    Compiling rav1e v0.8.1
[INFO] [stderr]    Compiling pastey v0.1.1
[INFO] [stderr]    Compiling syn v2.0.118
[INFO] [stderr]    Compiling rand_core v0.6.4
[INFO] [stderr]    Compiling simd_helpers v0.1.0
[INFO] [stderr]    Compiling bitstream-io v4.10.0
[INFO] [stderr]    Compiling itertools v0.14.0
[INFO] [stderr]    Compiling weezl v0.1.12
[INFO] [stderr]    Compiling num-rational v0.4.2
[INFO] [stderr]    Compiling strength_reduce v0.2.4
[INFO] [stderr]    Compiling new_debug_unreachable v1.0.6
[INFO] [stderr]    Compiling imgref v1.12.2
[INFO] [stderr]    Compiling mutants v0.0.3
[INFO] [stderr]    Compiling noop_proc_macro v0.3.0
[INFO] [stderr]    Compiling maybe-rayon v0.1.1
[INFO] [stderr]    Compiling rustc-hash v2.1.2
[INFO] [stderr]    Compiling loop9 v0.1.5
[INFO] [stderr]    Compiling unsynn v0.3.0
[INFO] [stderr]    Compiling transpose v0.2.3
[INFO] [stderr]    Compiling avif-serialize v0.8.9
[INFO] [stderr]    Compiling primal-check v0.3.4
[INFO] [stderr]    Compiling zune-inflate v0.2.54
[INFO] [stderr]    Compiling num-complex v0.4.6
[INFO] [stderr]    Compiling color_quant v1.1.0
[INFO] [stderr]    Compiling bytemuck v1.25.0
[INFO] [stderr]    Compiling rgb v0.8.53
[INFO] [stderr]    Compiling percent-encoding v2.3.2
[INFO] [stderr]    Compiling bit_field v0.10.3
[INFO] [stderr]    Compiling unicode-segmentation v1.13.3
[INFO] [stderr]    Compiling fax v0.2.7
[INFO] [stderr]    Compiling termcolor v1.4.1
[INFO] [stderr]    Compiling lebe v0.5.3
[INFO] [stderr]    Compiling serde_json v1.0.150
[INFO] [stderr]    Compiling moxcms v0.8.1
[INFO] [stderr]    Compiling image-webp v0.2.4
[INFO] [stderr]    Compiling scalar-expr-macro v0.2.0
[INFO] [stderr]    Compiling convert_case v0.11.0
[INFO] [stderr]    Compiling qoi v0.4.1
[INFO] [stderr]    Compiling form_urlencoded v1.2.2
[INFO] [stderr]    Compiling rustfft v6.4.1
[INFO] [stderr]    Compiling gif v0.14.2
[INFO] [stderr]    Compiling base64-url v3.0.4
[INFO] [stderr]    Compiling tokio v1.52.3
[INFO] [stderr]    Compiling bytes v1.12.0
[INFO] [stderr]    Compiling synstructure v0.13.2
[INFO] [stderr]    Compiling darling_core v0.23.0
[INFO] [stderr]    Compiling scalar-expr v0.2.0
[INFO] [stderr]    Compiling zerofrom-derive v0.1.7
[INFO] [stderr]    Compiling yoke-derive v0.8.2
[INFO] [stderr]    Compiling zerovec-derive v0.11.3
[INFO] [stderr]    Compiling zerofrom v0.1.8
[INFO] [stderr]    Compiling displaydoc v0.2.6
[INFO] [stderr]    Compiling yoke v0.8.3
[INFO] [stderr]    Compiling zerocopy-derive v0.8.52
[INFO] [stderr]    Compiling equator-macro v0.4.2
[INFO] [stderr]    Compiling thiserror-impl v2.0.18
[INFO] [stderr]    Compiling zerotrie v0.2.4
[INFO] [stderr]    Compiling zerovec v0.11.6
[INFO] [stderr]    Compiling equator v0.4.2
[INFO] [stderr]    Compiling serde_derive v1.0.228
[INFO] [stderr]    Compiling aligned-vec v0.6.4
[INFO] [stderr]    Compiling v_frame v0.3.9
[INFO] [stderr]    Compiling arg_enum_proc_macro v0.3.4
[INFO] [stderr]    Compiling thiserror v2.0.18
[INFO] [stderr]    Compiling profiling-procmacros v1.0.18
[INFO] [stderr]    Compiling av1-grain v0.2.5
[INFO] [stderr]    Compiling tinystr v0.8.3
[INFO] [stderr]    Compiling icu_locale_core v2.2.0
[INFO] [stderr]    Compiling potential_utf v0.1.5
[INFO] [stderr]    Compiling zerocopy v0.8.52
[INFO] [stderr]    Compiling icu_collections v2.2.0
[INFO] [stderr]    Compiling profiling v1.0.18
[INFO] [stderr]    Compiling num-derive v0.4.2
[INFO] [stderr]    Compiling darling_macro v0.23.0
[INFO] [stderr]    Compiling icu_provider v2.2.0
[INFO] [stderr]    Compiling darling v0.23.0
[INFO] [stderr]    Compiling ts-rs-macros v11.1.0
[INFO] [stderr]    Compiling icu_normalizer v2.2.0
[INFO] [stderr]    Compiling icu_properties v2.2.0
[INFO] [stderr]    Compiling tracing-attributes v0.1.31
[INFO] [stderr]    Compiling scalar-derive v0.2.0
[INFO] [stderr]    Compiling idna_adapter v1.2.2
[INFO] [stderr]    Compiling chrono v0.4.45
[INFO] [stderr]    Compiling idna v1.1.0
[INFO] [stderr]    Compiling rustdct v0.7.1
[INFO] [stderr]    Compiling url v2.5.8
[INFO] [stderr]    Compiling tracing v0.1.44
[INFO] [stderr]    Compiling trait-variant v0.1.2
[INFO] [stderr]    Compiling ppv-lite86 v0.2.21
[INFO] [stderr]    Compiling half v2.7.1
[INFO] [stderr]    Compiling rand_chacha v0.3.1
[INFO] [stderr]    Compiling ts-rs v11.1.0
[INFO] [stderr]    Compiling exr v1.74.0
[INFO] [stderr]    Compiling tiff v0.11.3
[INFO] [stderr]    Compiling rand v0.8.6
[INFO] [stderr]    Compiling nanoid v0.4.0
[INFO] [stderr]    Compiling scalar-cms v0.2.0
[INFO] [stderr]    Compiling ravif v0.13.0
[INFO] [stderr]    Compiling image v0.25.10
[INFO] [stderr]    Compiling image_hasher v3.1.1
[INFO] [stderr]    Compiling scalar-img v0.2.0 (/opt/rustwide/workdir)
[INFO] [stderr]     Finished `release` profile [optimized] target(s) in 4m 29s
[INFO] running `Command { std: "docker" "inspect" "7bc8d72847c6a402ef1d496e4cec1d74f7387a8254aecc784a3cabbea9cfbd2e", kill_on_drop: false }`
[INFO] running `Command { std: "docker" "exec" "-e" "SOURCE_DIR=/opt/rustwide/workdir" "-e" "CARGO_HOME=/opt/rustwide/cargo-home" "-e" "RUSTUP_HOME=/opt/rustwide/rustup-home" "-e" "CARGO_TARGET_DIR=/opt/rustwide/target" "-e" "CARGO_INCREMENTAL=0" "-e" "RUST_BACKTRACE=full" "-e" "RUSTFLAGS=--cap-lints=warn" "-e" "RUSTDOCFLAGS=--cap-lints=warn" "-w" "/opt/rustwide/workdir" "--user" "0:0" "7bc8d72847c6a402ef1d496e4cec1d74f7387a8254aecc784a3cabbea9cfbd2e" "/opt/rustwide/cargo-home/bin/cargo" "+1.99.0-beta.8" "test" "--frozen" "--no-run" "--message-format=json" "--release", kill_on_drop: false }`
[INFO] [stderr]    Compiling serde_core v1.0.228
[INFO] [stderr]    Compiling memchr v2.8.2
[INFO] [stderr]    Compiling smallvec v1.15.2
[INFO] [stderr]    Compiling futures-core v0.3.32
[INFO] [stderr]    Compiling http v1.4.2
[INFO] [stderr]    Compiling socket2 v0.6.4
[INFO] [stderr]    Compiling mio v1.2.1
[INFO] [stderr]    Compiling tokio-macros v2.7.0
[INFO] [stderr]    Compiling serde_json v1.0.150
[INFO] [stderr]    Compiling tracing v0.1.44
[INFO] [stderr]    Compiling icu_normalizer v2.2.0
[INFO] [stderr]    Compiling tokio v1.52.3
[INFO] [stderr]    Compiling exr v1.74.0
[INFO] [stderr]    Compiling nom v8.0.0
[INFO] [stderr]    Compiling no_std_io2 v0.9.4
[INFO] [stderr]    Compiling bitstream-io v4.10.0
[INFO] [stderr]    Compiling http-body v1.0.1
[INFO] [stderr]    Compiling idna_adapter v1.2.2
[INFO] [stderr]    Compiling idna v1.1.0
[INFO] [stderr]    Compiling futures-channel v0.3.32
[INFO] [stderr]    Compiling slab v0.4.12
[INFO] [stderr]    Compiling futures-task v0.3.32
[INFO] [stderr]    Compiling http-body-util v0.1.3
[INFO] [stderr]    Compiling futures-util v0.3.32
[INFO] [stderr]    Compiling axum-core v0.5.6
[INFO] [stderr]    Compiling serde v1.0.228
[INFO] [stderr]    Compiling serde_path_to_error v0.1.20
[INFO] [stderr]    Compiling chrono v0.4.45
[INFO] [stderr]    Compiling url v2.5.8
[INFO] [stderr]    Compiling scalar-expr v0.2.0
[INFO] [stderr]    Compiling hyper v1.10.1
[INFO] [stderr]    Compiling av1-grain v0.2.5
[INFO] [stderr]    Compiling tower v0.5.3
[INFO] [stderr]    Compiling serde_urlencoded v0.7.1
[INFO] [stderr]    Compiling rav1e v0.8.1
[INFO] [stderr]    Compiling ts-rs v11.1.0
[INFO] [stderr]    Compiling hyper-util v0.1.20
[INFO] [stderr]    Compiling scalar-cms v0.2.0
[INFO] [stderr]    Compiling axum v0.8.9
[INFO] [stderr]    Compiling ravif v0.13.0
[INFO] [stderr]    Compiling image v0.25.10
[INFO] [stderr]    Compiling image_hasher v3.1.1
[INFO] [stderr]    Compiling scalar-img v0.2.0 (/opt/rustwide/workdir)
[INFO] [stdout] error[E0433]: cannot find module or crate `s3` in this scope
[INFO] [stdout]  --> examples/test.rs:8:5
[INFO] [stdout]   |
[INFO] [stdout] 8 | use s3::{creds::Credentials, Bucket};
[INFO] [stdout]   |     ^^ use of unresolved module or unlinked crate `s3`
[INFO] [stdout]   |
[INFO] [stdout]   = help: if you wanted to use a crate named `s3`, use `cargo add s3` to add it to your `Cargo.toml`
[INFO] [stdout] 
[INFO] [stdout] 
[INFO] [stdout] error[E0432]: unresolved import `scalar_img::WrappedBucket`
[INFO] [stdout]   --> examples/test.rs:10:31
[INFO] [stdout]    |
[INFO] [stdout] 10 | use scalar_img::{Image, Null, WrappedBucket};
[INFO] [stdout]    |                               ^^^^^^^^^^^^^ no `WrappedBucket` in the root
[INFO] [stdout] 
[INFO] [stdout] 
[INFO] [stdout] error[E0432]: unresolved import `s3`
[INFO] [stdout]  --> examples/test.rs:8:5
[INFO] [stdout]   |
[INFO] [stdout] 8 | use s3::{creds::Credentials, Bucket};
[INFO] [stdout]   |     ^^ use of unresolved module or unlinked crate `s3`
[INFO] [stdout]   |
[INFO] [stdout]   = help: if you wanted to use a crate named `s3`, use `cargo add s3` to add it to your `Cargo.toml`
[INFO] [stdout] 
[INFO] [stdout] 
[INFO] [stdout] error[E0433]: cannot find module or crate `s3` in this scope
[INFO] [stdout]   --> examples/test.rs:27:9
[INFO] [stdout]    |
[INFO] [stdout] 27 |         s3::Region::Custom {
[INFO] [stdout]    |         ^^ use of unresolved module or unlinked crate `s3`
[INFO] [stdout]    |
[INFO] [stdout]    = help: if you wanted to use a crate named `s3`, use `cargo add s3` to add it to your `Cargo.toml`
[INFO] [stdout] 
[INFO] [stdout] 
[INFO] [stdout] Some errors have detailed explanations: E0432, E0433.
[INFO] [stdout] 
[INFO] [stdout] For more information about an error, try `rustc --explain E0432`.
[INFO] [stdout] 
[INFO] [stderr] error: could not compile `scalar-img` (example "test") due to 4 previous errors
[INFO] running `Command { std: "docker" "inspect" "7bc8d72847c6a402ef1d496e4cec1d74f7387a8254aecc784a3cabbea9cfbd2e", kill_on_drop: false }`
[INFO] running `Command { std: "docker" "rm" "-f" "7bc8d72847c6a402ef1d496e4cec1d74f7387a8254aecc784a3cabbea9cfbd2e", kill_on_drop: false }`
[INFO] [stdout] 7bc8d72847c6a402ef1d496e4cec1d74f7387a8254aecc784a3cabbea9cfbd2e
