[INFO] fetching crate sc-virtualization 0.3.0...
[INFO] testing sc-virtualization-0.3.0 against 1.99.0-beta.8+cargoflags=--release for beta-release-1.100-2
[INFO] extracting crate sc-virtualization 0.3.0 into /workspace/builds/worker-6-tc1/source
[INFO] started tweaking crates.io crate sc-virtualization 0.3.0
[INFO] removed 0 missing tests
[INFO] finished tweaking crates.io crate sc-virtualization 0.3.0
[INFO] tweaked toml for crates.io crate sc-virtualization 0.3.0 written to /workspace/builds/worker-6-tc1/source/Cargo.toml
[INFO] validating manifest of crates.io crate sc-virtualization 0.3.0 on toolchain 1.99.0-beta.8
[INFO] running `Command { std: CARGO_HOME="/workspace/cargo-home" RUSTUP_HOME="/workspace/rustup-home" "/workspace/cargo-home/bin/cargo" "+1.99.0-beta.8" "metadata" "--manifest-path" "Cargo.toml" "--no-deps", kill_on_drop: false }`
[INFO] crate crates.io crate sc-virtualization 0.3.0 already has a lockfile, it will not be regenerated
[INFO] running `Command { std: CARGO_HOME="/workspace/cargo-home" RUSTUP_HOME="/workspace/rustup-home" "/workspace/cargo-home/bin/cargo" "+1.99.0-beta.8" "fetch" "--manifest-path" "Cargo.toml", kill_on_drop: false }`
[INFO] [stderr] warning: Cargo.toml: `lints.clippy.borrowed-box` is deprecated in favor of `lints.clippy.borrowed_box` and will not work in a future edition
[INFO] [stderr] warning: Cargo.toml: `lints.clippy.extra-unused-type-parameters` is deprecated in favor of `lints.clippy.extra_unused_type_parameters` and will not work in a future edition
[INFO] [stderr] warning: Cargo.toml: `lints.clippy.identity-op` is deprecated in favor of `lints.clippy.identity_op` and will not work in a future edition
[INFO] [stderr] warning: Cargo.toml: `lints.clippy.if-same-then-else` is deprecated in favor of `lints.clippy.if_same_then_else` and will not work in a future edition
[INFO] [stderr] warning: Cargo.toml: `lints.clippy.needless-lifetimes` is deprecated in favor of `lints.clippy.needless_lifetimes` and will not work in a future edition
[INFO] [stderr] warning: Cargo.toml: `lints.clippy.nonminimal-bool` is deprecated in favor of `lints.clippy.nonminimal_bool` and will not work in a future edition
[INFO] [stderr] warning: Cargo.toml: `lints.clippy.option-map-unit-fn` is deprecated in favor of `lints.clippy.option_map_unit_fn` and will not work in a future edition
[INFO] [stderr] warning: Cargo.toml: `lints.clippy.too-many-arguments` is deprecated in favor of `lints.clippy.too_many_arguments` and will not work in a future edition
[INFO] [stderr] warning: Cargo.toml: `lints.clippy.zero-prefixed-literal` is deprecated in favor of `lints.clippy.zero_prefixed_literal` and will not work in a future edition
[INFO] [stderr] warning: `sc-virtualization` (manifest) generated 9 warnings
[INFO] [stderr]     Updating crates.io index
[INFO] [stderr]  Downloading crates ...
[INFO] [stderr]   Downloaded sp-virtualization v0.4.0
[INFO] [stderr]   Downloaded sp-runtime-interface-proc-macro v21.0.0
[INFO] running `Command { std: "docker" "create" "-v" "/var/lib/crater-agent-workspace/builds/worker-6-tc1/source:/opt/rustwide/workdir:ro,Z" "-v" "/var/lib/crater-agent-workspace/builds/worker-6-tc1/target:/opt/rustwide/target:rw,Z" "-v" "/var/lib/crater-agent-workspace/cargo-home:/opt/rustwide/cargo-home:ro,Z" "-v" "/var/lib/crater-agent-workspace/rustup-home:/opt/rustwide/rustup-home:ro,Z" "-m" "1610612736" "--network" "none" "ghcr.io/rust-lang/crates-build-env/linux@sha256:77db811e55d90add9212f6832c23229e3de5f1c1f9905e8cb07319ea15df73ac" "sleep" "infinity", kill_on_drop: false }`
[INFO] [stdout] 9289ec0dbadb0a78fa4a8c70dc483776470e3f711cf87ff004ea6a8e18f6d5f5
[INFO] running `Command { std: "docker" "start" "9289ec0dbadb0a78fa4a8c70dc483776470e3f711cf87ff004ea6a8e18f6d5f5", kill_on_drop: false }`
[INFO] running `Command { std: "docker" "inspect" "9289ec0dbadb0a78fa4a8c70dc483776470e3f711cf87ff004ea6a8e18f6d5f5", kill_on_drop: false }`
[INFO] running `Command { std: "docker" "exec" "-e" "SOURCE_DIR=/opt/rustwide/workdir" "-e" "CARGO_HOME=/opt/rustwide/cargo-home" "-e" "RUSTUP_HOME=/opt/rustwide/rustup-home" "-e" "CARGO_TARGET_DIR=/opt/rustwide/target" "-w" "/opt/rustwide/workdir" "--user" "0:0" "9289ec0dbadb0a78fa4a8c70dc483776470e3f711cf87ff004ea6a8e18f6d5f5" "/opt/rustwide/cargo-home/bin/cargo" "+1.99.0-beta.8" "metadata" "--no-deps" "--format-version=1", kill_on_drop: false }`
[INFO] running `Command { std: "docker" "inspect" "9289ec0dbadb0a78fa4a8c70dc483776470e3f711cf87ff004ea6a8e18f6d5f5", kill_on_drop: false }`
[INFO] running `Command { std: "docker" "exec" "-e" "SOURCE_DIR=/opt/rustwide/workdir" "-e" "CARGO_HOME=/opt/rustwide/cargo-home" "-e" "RUSTUP_HOME=/opt/rustwide/rustup-home" "-e" "CARGO_TARGET_DIR=/opt/rustwide/target" "-e" "CARGO_INCREMENTAL=0" "-e" "RUST_BACKTRACE=full" "-e" "RUSTFLAGS=--cap-lints=warn" "-e" "RUSTDOCFLAGS=--cap-lints=warn" "-w" "/opt/rustwide/workdir" "--user" "0:0" "9289ec0dbadb0a78fa4a8c70dc483776470e3f711cf87ff004ea6a8e18f6d5f5" "/opt/rustwide/cargo-home/bin/cargo" "+1.99.0-beta.8" "build" "--frozen" "--message-format=json" "--release", kill_on_drop: false }`
[INFO] [stderr] warning: Cargo.toml: `lints.clippy.borrowed-box` is deprecated in favor of `lints.clippy.borrowed_box` and will not work in a future edition
[INFO] [stderr] warning: Cargo.toml: `lints.clippy.extra-unused-type-parameters` is deprecated in favor of `lints.clippy.extra_unused_type_parameters` and will not work in a future edition
[INFO] [stderr] warning: Cargo.toml: `lints.clippy.identity-op` is deprecated in favor of `lints.clippy.identity_op` and will not work in a future edition
[INFO] [stderr] warning: Cargo.toml: `lints.clippy.if-same-then-else` is deprecated in favor of `lints.clippy.if_same_then_else` and will not work in a future edition
[INFO] [stderr] warning: Cargo.toml: `lints.clippy.needless-lifetimes` is deprecated in favor of `lints.clippy.needless_lifetimes` and will not work in a future edition
[INFO] [stderr] warning: Cargo.toml: `lints.clippy.nonminimal-bool` is deprecated in favor of `lints.clippy.nonminimal_bool` and will not work in a future edition
[INFO] [stderr] warning: Cargo.toml: `lints.clippy.option-map-unit-fn` is deprecated in favor of `lints.clippy.option_map_unit_fn` and will not work in a future edition
[INFO] [stderr] warning: Cargo.toml: `lints.clippy.too-many-arguments` is deprecated in favor of `lints.clippy.too_many_arguments` and will not work in a future edition
[INFO] [stderr] warning: Cargo.toml: `lints.clippy.zero-prefixed-literal` is deprecated in favor of `lints.clippy.zero_prefixed_literal` and will not work in a future edition
[INFO] [stderr] warning: `sc-virtualization` (manifest) generated 9 warnings
[INFO] [stderr]    Compiling unicode-ident v1.0.11
[INFO] [stderr]    Compiling rustversion v1.0.17
[INFO] [stderr]    Compiling equivalent v1.0.1
[INFO] [stderr]    Compiling hashbrown v0.15.3
[INFO] [stderr]    Compiling winnow v0.5.15
[INFO] [stderr]    Compiling toml_datetime v0.6.8
[INFO] [stderr]    Compiling serde v1.0.228
[INFO] [stderr]    Compiling typenum v1.20.0
[INFO] [stderr]    Compiling unicode-xid v0.2.4
[INFO] [stderr]    Compiling bytes v1.11.1
[INFO] [stderr]    Compiling prettyplease v0.2.12
[INFO] [stderr]    Compiling proc-macro-warning v1.0.0
[INFO] [stderr]    Compiling generic-array v0.14.7
[INFO] [stderr]    Compiling byte-slice-cast v1.2.3
[INFO] [stderr]    Compiling memchr v2.7.4
[INFO] [stderr]    Compiling arrayvec v0.7.6
[INFO] [stderr]    Compiling libc v0.2.172
[INFO] [stderr]    Compiling aho-corasick v1.0.4
[INFO] [stderr]    Compiling tracing-core v0.1.36
[INFO] [stderr]    Compiling regex-syntax v0.8.5
[INFO] [stderr]    Compiling proc-macro2 v1.0.95
[INFO] [stderr]    Compiling regex-syntax v0.6.29
[INFO] [stderr]    Compiling ref-cast v1.0.23
[INFO] [stderr]    Compiling expander v2.2.1
[INFO] [stderr]    Compiling itoa v1.0.9
[INFO] [stderr]    Compiling thread_local v1.1.7
[INFO] [stderr]    Compiling sharded-slab v0.1.4
[INFO] [stderr]    Compiling time v0.3.47
[INFO] [stderr]    Compiling picosimd v0.9.2
[INFO] [stderr]    Compiling tracing v0.1.44
[INFO] [stderr]    Compiling tracing-log v0.2.0
[INFO] [stderr]    Compiling quote v1.0.40
[INFO] [stderr]    Compiling indexmap v2.9.0
[INFO] [stderr]    Compiling parity-scale-codec v3.7.5
[INFO] [stderr]    Compiling fs-err v2.9.0
[INFO] [stderr]    Compiling syn v2.0.98
[INFO] [stderr]    Compiling environmental v1.1.4
[INFO] [stderr]    Compiling const_format_proc_macros v0.2.34
[INFO] [stderr]    Compiling polkavm-assembler v0.33.0
[INFO] [stderr]    Compiling sp-std v14.0.0
[INFO] [stderr]    Compiling polkavm-linux-raw v0.33.0
[INFO] [stderr]    Compiling file-guard v0.2.0
[INFO] [stderr]    Compiling const_format v0.2.34
[INFO] [stderr]    Compiling regex-automata v0.4.8
[INFO] [stderr]    Compiling block-buffer v0.10.4
[INFO] [stderr]    Compiling crypto-common v0.1.6
[INFO] [stderr]    Compiling digest v0.10.7
[INFO] [stderr]    Compiling polkavm-common v0.33.0
[INFO] [stderr]    Compiling toml_edit v0.21.0
[INFO] [stderr]    Compiling blake2 v0.10.6
[INFO] [stderr]    Compiling regex-automata v0.1.10
[INFO] [stderr]    Compiling matchers v0.1.0
[INFO] [stderr]    Compiling proc-macro-crate v3.1.0
[INFO] [stderr]    Compiling regex v1.11.1
[INFO] [stderr]    Compiling polkavm v0.33.1
[INFO] [stderr]    Compiling tracing-subscriber v0.3.19
[INFO] [stderr]    Compiling Inflector v0.11.4
[INFO] [stderr]    Compiling serde_derive v1.0.228
[INFO] [stderr]    Compiling parity-scale-codec-derive v3.7.5
[INFO] [stderr]    Compiling impl-trait-for-tuples v0.2.3
[INFO] [stderr]    Compiling ref-cast-impl v1.0.23
[INFO] [stderr]    Compiling sp-debug-derive v15.0.0
[INFO] [stderr]    Compiling sp-runtime-interface-proc-macro v21.0.0
[INFO] [stderr]    Compiling strum_macros v0.26.4
[INFO] [stderr]    Compiling num_enum_derive v0.7.5
[INFO] [stderr]    Compiling num_enum v0.7.5
[INFO] [stderr]    Compiling strum v0.26.3
[INFO] [stderr]    Compiling impl-serde v0.5.0
[INFO] [stderr]    Compiling sp-storage v25.0.0
[INFO] [stderr]    Compiling sp-tracing v19.0.0
[INFO] [stderr]    Compiling sp-wasm-interface v27.0.0
[INFO] [stderr]    Compiling sp-externalities v0.34.0
[INFO] [stderr]    Compiling sp-runtime-interface v37.0.0
[INFO] [stderr]    Compiling sp-virtualization v0.4.0
[INFO] [stderr]    Compiling sc-virtualization v0.3.0 (/opt/rustwide/workdir)
[INFO] [stderr]     Finished `release` profile [optimized] target(s) in 1m 32s
[INFO] running `Command { std: "docker" "inspect" "9289ec0dbadb0a78fa4a8c70dc483776470e3f711cf87ff004ea6a8e18f6d5f5", kill_on_drop: false }`
[INFO] running `Command { std: "docker" "exec" "-e" "SOURCE_DIR=/opt/rustwide/workdir" "-e" "CARGO_HOME=/opt/rustwide/cargo-home" "-e" "RUSTUP_HOME=/opt/rustwide/rustup-home" "-e" "CARGO_TARGET_DIR=/opt/rustwide/target" "-e" "CARGO_INCREMENTAL=0" "-e" "RUST_BACKTRACE=full" "-e" "RUSTFLAGS=--cap-lints=warn" "-e" "RUSTDOCFLAGS=--cap-lints=warn" "-w" "/opt/rustwide/workdir" "--user" "0:0" "9289ec0dbadb0a78fa4a8c70dc483776470e3f711cf87ff004ea6a8e18f6d5f5" "/opt/rustwide/cargo-home/bin/cargo" "+1.99.0-beta.8" "test" "--frozen" "--no-run" "--message-format=json" "--release", kill_on_drop: false }`
[INFO] [stderr] warning: Cargo.toml: `lints.clippy.borrowed-box` is deprecated in favor of `lints.clippy.borrowed_box` and will not work in a future edition
[INFO] [stderr] warning: Cargo.toml: `lints.clippy.extra-unused-type-parameters` is deprecated in favor of `lints.clippy.extra_unused_type_parameters` and will not work in a future edition
[INFO] [stderr] warning: Cargo.toml: `lints.clippy.identity-op` is deprecated in favor of `lints.clippy.identity_op` and will not work in a future edition
[INFO] [stderr] warning: Cargo.toml: `lints.clippy.if-same-then-else` is deprecated in favor of `lints.clippy.if_same_then_else` and will not work in a future edition
[INFO] [stderr] warning: Cargo.toml: `lints.clippy.needless-lifetimes` is deprecated in favor of `lints.clippy.needless_lifetimes` and will not work in a future edition
[INFO] [stderr] warning: Cargo.toml: `lints.clippy.nonminimal-bool` is deprecated in favor of `lints.clippy.nonminimal_bool` and will not work in a future edition
[INFO] [stderr] warning: Cargo.toml: `lints.clippy.option-map-unit-fn` is deprecated in favor of `lints.clippy.option_map_unit_fn` and will not work in a future edition
[INFO] [stderr] warning: Cargo.toml: `lints.clippy.too-many-arguments` is deprecated in favor of `lints.clippy.too_many_arguments` and will not work in a future edition
[INFO] [stderr] warning: Cargo.toml: `lints.clippy.zero-prefixed-literal` is deprecated in favor of `lints.clippy.zero_prefixed_literal` and will not work in a future edition
[INFO] [stderr] warning: `sc-virtualization` (manifest) generated 9 warnings
[INFO] [stderr]    Compiling sc-virtualization v0.3.0 (/opt/rustwide/workdir)
[INFO] [stdout] error[E0433]: cannot find module or crate `sp_io` in this scope
[INFO] [stdout]   --> tests/host_tests.rs:30:16
[INFO] [stdout]    |
[INFO] [stdout] 30 |     let mut ext = sp_io::TestExternalities::default();
[INFO] [stdout]    |                   ^^^^^ use of unresolved module or unlinked crate `sp_io`
[INFO] [stdout]    |
[INFO] [stdout]    = help: if you wanted to use a crate named `sp_io`, use `cargo add sp_io` to add it to your `Cargo.toml`
[INFO] [stdout] 
[INFO] [stdout] 
[INFO] [stdout] error[E0433]: cannot find module or crate `sp_virtualization_test_fixture` in this scope
[INFO] [stdout]    --> src/lib.rs:369:17
[INFO] [stdout]     |
[INFO] [stdout] 369 |         let program = sp_virtualization_test_fixture::binary();
[INFO] [stdout]     |                       ^^^^^^^^^^^^^^^^^^^^^^^^^^^^^^ use of unresolved module or unlinked crate `sp_virtualization_test_fixture`
[INFO] [stdout]     |
[INFO] [stdout]     = help: if you wanted to use a crate named `sp_virtualization_test_fixture`, use `cargo add sp_virtualization_test_fixture` to add it to your `Cargo.toml`
[INFO] [stdout] 
[INFO] [stdout] 
[INFO] [stdout] error[E0433]: cannot find module or crate `sp_virtualization_test_fixture` in this scope
[INFO] [stdout]    --> src/lib.rs:383:17
[INFO] [stdout]     |
[INFO] [stdout] 383 |         let program = sp_virtualization_test_fixture::binary();
[INFO] [stdout]     |                       ^^^^^^^^^^^^^^^^^^^^^^^^^^^^^^ use of unresolved module or unlinked crate `sp_virtualization_test_fixture`
[INFO] [stdout]     |
[INFO] [stdout]     = help: if you wanted to use a crate named `sp_virtualization_test_fixture`, use `cargo add sp_virtualization_test_fixture` to add it to your `Cargo.toml`
[INFO] [stdout] 
[INFO] [stdout] 
[INFO] [stdout] error[E0433]: cannot find module or crate `sp_storage` in this scope
[INFO] [stdout]    --> tests/host_tests.rs:151:19
[INFO] [stdout]     |
[INFO] [stdout] 151 |     let child_info = sp_storage::ChildInfo::new_default(child_trie);
[INFO] [stdout]     |                      ^^^^^^^^^^ use of unresolved module or unlinked crate `sp_storage`
[INFO] [stdout]     |
[INFO] [stdout]     = help: if you wanted to use a crate named `sp_storage`, use `cargo add sp_storage` to add it to your `Cargo.toml`
[INFO] [stdout] 
[INFO] [stdout] 
[INFO] [stdout] error[E0433]: cannot find module or crate `sp_tracing` in this scope
[INFO] [stdout]   --> tests/host_tests.rs:29:2
[INFO] [stdout]    |
[INFO] [stdout] 29 |     sp_tracing::try_init_simple();
[INFO] [stdout]    |     ^^^^^^^^^^ use of unresolved module or unlinked crate `sp_tracing`
[INFO] [stdout]    |
[INFO] [stdout]    = help: if you wanted to use a crate named `sp_tracing`, use `cargo add sp_tracing` to add it to your `Cargo.toml`
[INFO] [stdout] 
[INFO] [stdout] 
[INFO] [stdout] error[E0433]: cannot find module or crate `sp_virtualization_test_fixture` in this scope
[INFO] [stdout]   --> tests/host_tests.rs:36:2
[INFO] [stdout]    |
[INFO] [stdout] 36 |     sp_virtualization_test_fixture::binary()
[INFO] [stdout]    |     ^^^^^^^^^^^^^^^^^^^^^^^^^^^^^^ use of unresolved module or unlinked crate `sp_virtualization_test_fixture`
[INFO] [stdout]    |
[INFO] [stdout]    = help: if you wanted to use a crate named `sp_virtualization_test_fixture`, use `cargo add sp_virtualization_test_fixture` to add it to your `Cargo.toml`
[INFO] [stdout] 
[INFO] [stdout] 
[INFO] [stdout] For more information about this error, try `rustc --explain E0433`.
[INFO] [stdout] 
[INFO] [stderr] error: could not compile `sc-virtualization` (lib test) due to 2 previous errors
[INFO] [stderr] warning: build failed, waiting for other jobs to finish...
[INFO] [stdout] error[E0433]: cannot find module or crate `sp_io` in this scope
[INFO] [stdout]   --> tests/host_tests.rs:28:15
[INFO] [stdout]    |
[INFO] [stdout] 28 | fn setup() -> sp_io::TestExternalities {
[INFO] [stdout]    |               ^^^^^ use of unresolved module or unlinked crate `sp_io`
[INFO] [stdout]    |
[INFO] [stdout]    = help: if you wanted to use a crate named `sp_io`, use `cargo add sp_io` to add it to your `Cargo.toml`
[INFO] [stdout] 
[INFO] [stdout] 
[INFO] [stdout] For more information about this error, try `rustc --explain E0433`.
[INFO] [stdout] 
[INFO] [stderr] error: could not compile `sc-virtualization` (test "host_tests") due to 5 previous errors
[INFO] running `Command { std: "docker" "inspect" "9289ec0dbadb0a78fa4a8c70dc483776470e3f711cf87ff004ea6a8e18f6d5f5", kill_on_drop: false }`
[INFO] running `Command { std: "docker" "rm" "-f" "9289ec0dbadb0a78fa4a8c70dc483776470e3f711cf87ff004ea6a8e18f6d5f5", kill_on_drop: false }`
[INFO] [stdout] 9289ec0dbadb0a78fa4a8c70dc483776470e3f711cf87ff004ea6a8e18f6d5f5
