[INFO] fetching crate satteri-ast 0.5.3...
[INFO] testing satteri-ast-0.5.3 against 1.99.0-beta.8+cargoflags=--release for beta-release-1.100-2
[INFO] extracting crate satteri-ast 0.5.3 into /workspace/builds/worker-4-tc1/source
[INFO] started tweaking crates.io crate satteri-ast 0.5.3
[INFO] removed 0 missing tests
[INFO] finished tweaking crates.io crate satteri-ast 0.5.3
[INFO] tweaked toml for crates.io crate satteri-ast 0.5.3 written to /workspace/builds/worker-4-tc1/source/Cargo.toml
[INFO] validating manifest of crates.io crate satteri-ast 0.5.3 on toolchain 1.99.0-beta.8
[INFO] running `Command { std: CARGO_HOME="/workspace/cargo-home" RUSTUP_HOME="/workspace/rustup-home" "/workspace/cargo-home/bin/cargo" "+1.99.0-beta.8" "metadata" "--manifest-path" "Cargo.toml" "--no-deps", kill_on_drop: false }`
[INFO] crate crates.io crate satteri-ast 0.5.3 already has a lockfile, it will not be regenerated
[INFO] running `Command { std: CARGO_HOME="/workspace/cargo-home" RUSTUP_HOME="/workspace/rustup-home" "/workspace/cargo-home/bin/cargo" "+1.99.0-beta.8" "fetch" "--manifest-path" "Cargo.toml", kill_on_drop: false }`
[INFO] [stderr]     Updating crates.io index
[INFO] [stderr]  Downloading crates ...
[INFO] [stderr]   Downloaded cc v1.4.3
[INFO] [stderr]   Downloaded satteri-property-info v0.2.0
[INFO] [stderr]   Downloaded satteri-arena v0.3.1
[INFO] running `Command { std: "docker" "create" "-v" "/var/lib/crater-agent-workspace/builds/worker-4-tc1/source:/opt/rustwide/workdir:ro,Z" "-v" "/var/lib/crater-agent-workspace/builds/worker-4-tc1/target:/opt/rustwide/target:rw,Z" "-v" "/var/lib/crater-agent-workspace/cargo-home:/opt/rustwide/cargo-home:ro,Z" "-v" "/var/lib/crater-agent-workspace/rustup-home:/opt/rustwide/rustup-home:ro,Z" "-m" "1610612736" "--network" "none" "ghcr.io/rust-lang/crates-build-env/linux@sha256:77db811e55d90add9212f6832c23229e3de5f1c1f9905e8cb07319ea15df73ac" "sleep" "infinity", kill_on_drop: false }`
[INFO] [stdout] 71ce9c0b7072b7a2c4913f4ca99ef5c5874d3321988a258570205d5af3d85266
[INFO] running `Command { std: "docker" "start" "71ce9c0b7072b7a2c4913f4ca99ef5c5874d3321988a258570205d5af3d85266", kill_on_drop: false }`
[INFO] running `Command { std: "docker" "inspect" "71ce9c0b7072b7a2c4913f4ca99ef5c5874d3321988a258570205d5af3d85266", kill_on_drop: false }`
[INFO] running `Command { std: "docker" "exec" "-e" "SOURCE_DIR=/opt/rustwide/workdir" "-e" "CARGO_HOME=/opt/rustwide/cargo-home" "-e" "RUSTUP_HOME=/opt/rustwide/rustup-home" "-e" "CARGO_TARGET_DIR=/opt/rustwide/target" "-w" "/opt/rustwide/workdir" "--user" "0:0" "71ce9c0b7072b7a2c4913f4ca99ef5c5874d3321988a258570205d5af3d85266" "/opt/rustwide/cargo-home/bin/cargo" "+1.99.0-beta.8" "metadata" "--no-deps" "--format-version=1", kill_on_drop: false }`
[INFO] running `Command { std: "docker" "inspect" "71ce9c0b7072b7a2c4913f4ca99ef5c5874d3321988a258570205d5af3d85266", kill_on_drop: false }`
[INFO] running `Command { std: "docker" "exec" "-e" "SOURCE_DIR=/opt/rustwide/workdir" "-e" "CARGO_HOME=/opt/rustwide/cargo-home" "-e" "RUSTUP_HOME=/opt/rustwide/rustup-home" "-e" "CARGO_TARGET_DIR=/opt/rustwide/target" "-e" "CARGO_INCREMENTAL=0" "-e" "RUST_BACKTRACE=full" "-e" "RUSTFLAGS=--cap-lints=warn" "-e" "RUSTDOCFLAGS=--cap-lints=warn" "-w" "/opt/rustwide/workdir" "--user" "0:0" "71ce9c0b7072b7a2c4913f4ca99ef5c5874d3321988a258570205d5af3d85266" "/opt/rustwide/cargo-home/bin/cargo" "+1.99.0-beta.8" "build" "--frozen" "--message-format=json" "--release", kill_on_drop: false }`
[INFO] [stderr]    Compiling find-msvc-tools v0.1.11
[INFO] [stderr]    Compiling object v0.39.1
[INFO] [stderr]    Compiling proc-macro2 v1.0.107
[INFO] [stderr]    Compiling memchr v2.8.3
[INFO] [stderr]    Compiling quote v1.0.47
[INFO] [stderr]    Compiling unicode-ident v1.0.24
[INFO] [stderr]    Compiling serde_core v1.0.229
[INFO] [stderr]    Compiling serde v1.0.229
[INFO] [stderr]    Compiling hashbrown v0.17.1
[INFO] [stderr]    Compiling serde_json v1.0.151
[INFO] [stderr]    Compiling rustc-hash v2.1.3
[INFO] [stderr]    Compiling cfg-if v1.0.4
[INFO] [stderr]    Compiling zmij v1.0.23
[INFO] [stderr]    Compiling satteri-property-info v0.2.0
[INFO] [stderr]    Compiling satteri-arena v0.3.1
[INFO] [stderr]    Compiling cc v1.4.3
[INFO] [stderr]    Compiling syn v3.0.3
[INFO] [stderr]    Compiling indexmap v2.14.0
[INFO] [stderr]    Compiling stacker v0.1.25
[INFO] [stderr]    Compiling serde_derive v1.0.229
[INFO] [stderr]    Compiling ar_archive_writer v0.5.3
[INFO] [stderr]    Compiling psm v0.1.32
[INFO] [stderr]    Compiling satteri-ast v0.5.3 (/opt/rustwide/workdir)
[INFO] [stderr]     Finished `release` profile [optimized] target(s) in 18.30s
[INFO] running `Command { std: "docker" "inspect" "71ce9c0b7072b7a2c4913f4ca99ef5c5874d3321988a258570205d5af3d85266", kill_on_drop: false }`
[INFO] running `Command { std: "docker" "exec" "-e" "SOURCE_DIR=/opt/rustwide/workdir" "-e" "CARGO_HOME=/opt/rustwide/cargo-home" "-e" "RUSTUP_HOME=/opt/rustwide/rustup-home" "-e" "CARGO_TARGET_DIR=/opt/rustwide/target" "-e" "CARGO_INCREMENTAL=0" "-e" "RUST_BACKTRACE=full" "-e" "RUSTFLAGS=--cap-lints=warn" "-e" "RUSTDOCFLAGS=--cap-lints=warn" "-w" "/opt/rustwide/workdir" "--user" "0:0" "71ce9c0b7072b7a2c4913f4ca99ef5c5874d3321988a258570205d5af3d85266" "/opt/rustwide/cargo-home/bin/cargo" "+1.99.0-beta.8" "test" "--frozen" "--no-run" "--message-format=json" "--release", kill_on_drop: false }`
[INFO] [stderr]    Compiling pulldown-cmark-escape v0.11.0
[INFO] [stderr]    Compiling satteri-ast v0.5.3 (/opt/rustwide/workdir)
[INFO] [stdout] error[E0432]: unresolved import `satteri_pulldown_cmark`
[INFO] [stdout]  --> tests/arena_reuse.rs:8:5
[INFO] [stdout]   |
[INFO] [stdout] 8 | use satteri_pulldown_cmark::Options;
[INFO] [stdout]   |     ^^^^^^^^^^^^^^^^^^^^^^ use of unresolved module or unlinked crate `satteri_pulldown_cmark`
[INFO] [stdout]   |
[INFO] [stdout]   = help: if you wanted to use a crate named `satteri_pulldown_cmark`, use `cargo add satteri_pulldown_cmark` to add it to your `Cargo.toml`
[INFO] [stdout] 
[INFO] [stdout] 
[INFO] [stdout] error: couldn't read `tests/../../satteri-pulldown-cmark/third_party/CommonMark/spec.json`: No such file or directory (os error 2)
[INFO] [stdout]   --> tests/fused_html_parity.rs:12:5
[INFO] [stdout]    |
[INFO] [stdout] 12 |     include_str!("../../satteri-pulldown-cmark/third_party/CommonMark/spec.json");
[INFO] [stdout]    |     ^^^^^^^^^^^^^^^^^^^^^^^^^^^^^^^^^^^^^^^^^^^^^^^^^^^^^^^^^^^^^^^^^^^^^^^^^^^^^
[INFO] [stdout] 
[INFO] [stdout] 
[INFO] [stdout] error: couldn't read `tests/../../satteri-pulldown-cmark/tests/suite/spec.rs`: No such file or directory (os error 2)
[INFO] [stdout]   --> tests/fused_html_parity.rs:17:9
[INFO] [stdout]    |
[INFO] [stdout] 17 |         include_str!("../../satteri-pulldown-cmark/tests/suite/spec.rs"),
[INFO] [stdout]    |         ^^^^^^^^^^^^^^^^^^^^^^^^^^^^^^^^^^^^^^^^^^^^^^^^^^^^^^^^^^^^^^^^
[INFO] [stdout] 
[INFO] [stdout] 
[INFO] [stdout] error: couldn't read `tests/../../satteri-pulldown-cmark/tests/suite/table.rs`: No such file or directory (os error 2)
[INFO] [stdout]   --> tests/fused_html_parity.rs:21:9
[INFO] [stdout]    |
[INFO] [stdout] 21 |         include_str!("../../satteri-pulldown-cmark/tests/suite/table.rs"),
[INFO] [stdout]    |         ^^^^^^^^^^^^^^^^^^^^^^^^^^^^^^^^^^^^^^^^^^^^^^^^^^^^^^^^^^^^^^^^^
[INFO] [stdout] 
[INFO] [stdout] 
[INFO] [stdout] error: couldn't read `tests/../../satteri-pulldown-cmark/tests/suite/gfm_table.rs`: No such file or directory (os error 2)
[INFO] [stdout]   --> tests/fused_html_parity.rs:25:9
[INFO] [stdout]    |
[INFO] [stdout] 25 |         include_str!("../../satteri-pulldown-cmark/tests/suite/gfm_table.rs"),
[INFO] [stdout]    |         ^^^^^^^^^^^^^^^^^^^^^^^^^^^^^^^^^^^^^^^^^^^^^^^^^^^^^^^^^^^^^^^^^^^^^
[INFO] [stdout] 
[INFO] [stdout] 
[INFO] [stdout] error: couldn't read `tests/../../satteri-pulldown-cmark/tests/suite/gfm_tasklist.rs`: No such file or directory (os error 2)
[INFO] [stdout]   --> tests/fused_html_parity.rs:29:9
[INFO] [stdout]    |
[INFO] [stdout] 29 |         include_str!("../../satteri-pulldown-cmark/tests/suite/gfm_tasklist.rs"),
[INFO] [stdout]    |         ^^^^^^^^^^^^^^^^^^^^^^^^^^^^^^^^^^^^^^^^^^^^^^^^^^^^^^^^^^^^^^^^^^^^^^^^
[INFO] [stdout] 
[INFO] [stdout] 
[INFO] [stdout] error: couldn't read `tests/../../satteri-pulldown-cmark/tests/suite/gfm_autolink.rs`: No such file or directory (os error 2)
[INFO] [stdout]   --> tests/fused_html_parity.rs:33:9
[INFO] [stdout]    |
[INFO] [stdout] 33 |         include_str!("../../satteri-pulldown-cmark/tests/suite/gfm_autolink.rs"),
[INFO] [stdout]    |         ^^^^^^^^^^^^^^^^^^^^^^^^^^^^^^^^^^^^^^^^^^^^^^^^^^^^^^^^^^^^^^^^^^^^^^^^
[INFO] [stdout] 
[INFO] [stdout] 
[INFO] [stdout] error: couldn't read `tests/../../satteri-pulldown-cmark/tests/suite/gfm_strikethrough.rs`: No such file or directory (os error 2)
[INFO] [stdout]   --> tests/fused_html_parity.rs:37:9
[INFO] [stdout]    |
[INFO] [stdout] 37 |         include_str!("../../satteri-pulldown-cmark/tests/suite/gfm_strikethrough.rs"),
[INFO] [stdout]    |         ^^^^^^^^^^^^^^^^^^^^^^^^^^^^^^^^^^^^^^^^^^^^^^^^^^^^^^^^^^^^^^^^^^^^^^^^^^^^^
[INFO] [stdout] 
[INFO] [stdout] 
[INFO] [stdout] error: couldn't read `tests/../../satteri-pulldown-cmark/tests/suite/strikethrough.rs`: No such file or directory (os error 2)
[INFO] [stdout]   --> tests/fused_html_parity.rs:41:9
[INFO] [stdout]    |
[INFO] [stdout] 41 |         include_str!("../../satteri-pulldown-cmark/tests/suite/strikethrough.rs"),
[INFO] [stdout]    |         ^^^^^^^^^^^^^^^^^^^^^^^^^^^^^^^^^^^^^^^^^^^^^^^^^^^^^^^^^^^^^^^^^^^^^^^^^
[INFO] [stdout] 
[INFO] [stdout] 
[INFO] [stdout] error: couldn't read `tests/../../satteri-pulldown-cmark/tests/suite/footnotes.rs`: No such file or directory (os error 2)
[INFO] [stdout]   --> tests/fused_html_parity.rs:45:9
[INFO] [stdout]    |
[INFO] [stdout] 45 |         include_str!("../../satteri-pulldown-cmark/tests/suite/footnotes.rs"),
[INFO] [stdout]    |         ^^^^^^^^^^^^^^^^^^^^^^^^^^^^^^^^^^^^^^^^^^^^^^^^^^^^^^^^^^^^^^^^^^^^^
[INFO] [stdout] 
[INFO] [stdout] 
[INFO] [stdout] error: couldn't read `tests/../../satteri-pulldown-cmark/tests/suite/math.rs`: No such file or directory (os error 2)
[INFO] [stdout]   --> tests/fused_html_parity.rs:49:9
[INFO] [stdout]    |
[INFO] [stdout] 49 |         include_str!("../../satteri-pulldown-cmark/tests/suite/math.rs"),
[INFO] [stdout]    |         ^^^^^^^^^^^^^^^^^^^^^^^^^^^^^^^^^^^^^^^^^^^^^^^^^^^^^^^^^^^^^^^^
[INFO] [stdout] 
[INFO] [stdout] 
[INFO] [stdout] error: couldn't read `tests/../../satteri-pulldown-cmark/tests/suite/math_multi_dollar.rs`: No such file or directory (os error 2)
[INFO] [stdout]   --> tests/fused_html_parity.rs:53:9
[INFO] [stdout]    |
[INFO] [stdout] 53 |         include_str!("../../satteri-pulldown-cmark/tests/suite/math_multi_dollar.rs"),
[INFO] [stdout]    |         ^^^^^^^^^^^^^^^^^^^^^^^^^^^^^^^^^^^^^^^^^^^^^^^^^^^^^^^^^^^^^^^^^^^^^^^^^^^^^
[INFO] [stdout] 
[INFO] [stdout] 
[INFO] [stdout] error: couldn't read `tests/../../satteri-pulldown-cmark/tests/suite/metadata_blocks.rs`: No such file or directory (os error 2)
[INFO] [stdout]   --> tests/fused_html_parity.rs:57:9
[INFO] [stdout]    |
[INFO] [stdout] 57 |         include_str!("../../satteri-pulldown-cmark/tests/suite/metadata_blocks.rs"),
[INFO] [stdout]    |         ^^^^^^^^^^^^^^^^^^^^^^^^^^^^^^^^^^^^^^^^^^^^^^^^^^^^^^^^^^^^^^^^^^^^^^^^^^^
[INFO] [stdout] 
[INFO] [stdout] 
[INFO] [stdout] error: couldn't read `tests/../../satteri-pulldown-cmark/tests/suite/definition_list.rs`: No such file or directory (os error 2)
[INFO] [stdout]   --> tests/fused_html_parity.rs:61:9
[INFO] [stdout]    |
[INFO] [stdout] 61 |         include_str!("../../satteri-pulldown-cmark/tests/suite/definition_list.rs"),
[INFO] [stdout]    |         ^^^^^^^^^^^^^^^^^^^^^^^^^^^^^^^^^^^^^^^^^^^^^^^^^^^^^^^^^^^^^^^^^^^^^^^^^^^
[INFO] [stdout] 
[INFO] [stdout] 
[INFO] [stdout] error: couldn't read `tests/../../satteri-pulldown-cmark/tests/suite/container_extensions.rs`: No such file or directory (os error 2)
[INFO] [stdout]   --> tests/fused_html_parity.rs:65:9
[INFO] [stdout]    |
[INFO] [stdout] 65 |         include_str!("../../satteri-pulldown-cmark/tests/suite/container_extensions.rs"),
[INFO] [stdout]    |         ^^^^^^^^^^^^^^^^^^^^^^^^^^^^^^^^^^^^^^^^^^^^^^^^^^^^^^^^^^^^^^^^^^^^^^^^^^^^^^^^
[INFO] [stdout] 
[INFO] [stdout] 
[INFO] [stdout] error: couldn't read `tests/../../satteri-pulldown-cmark/tests/suite/heading_attrs.rs`: No such file or directory (os error 2)
[INFO] [stdout]   --> tests/fused_html_parity.rs:69:9
[INFO] [stdout]    |
[INFO] [stdout] 69 |         include_str!("../../satteri-pulldown-cmark/tests/suite/heading_attrs.rs"),
[INFO] [stdout]    |         ^^^^^^^^^^^^^^^^^^^^^^^^^^^^^^^^^^^^^^^^^^^^^^^^^^^^^^^^^^^^^^^^^^^^^^^^^
[INFO] [stdout] 
[INFO] [stdout] 
[INFO] [stdout] error: couldn't read `tests/../../satteri-pulldown-cmark/tests/suite/smart_punct.rs`: No such file or directory (os error 2)
[INFO] [stdout]   --> tests/fused_html_parity.rs:73:9
[INFO] [stdout]    |
[INFO] [stdout] 73 |         include_str!("../../satteri-pulldown-cmark/tests/suite/smart_punct.rs"),
[INFO] [stdout]    |         ^^^^^^^^^^^^^^^^^^^^^^^^^^^^^^^^^^^^^^^^^^^^^^^^^^^^^^^^^^^^^^^^^^^^^^^
[INFO] [stdout] 
[INFO] [stdout] 
[INFO] [stdout] error: couldn't read `tests/../../satteri-pulldown-cmark/tests/suite/smartypants.rs`: No such file or directory (os error 2)
[INFO] [stdout]   --> tests/fused_html_parity.rs:77:9
[INFO] [stdout]    |
[INFO] [stdout] 77 |         include_str!("../../satteri-pulldown-cmark/tests/suite/smartypants.rs"),
[INFO] [stdout]    |         ^^^^^^^^^^^^^^^^^^^^^^^^^^^^^^^^^^^^^^^^^^^^^^^^^^^^^^^^^^^^^^^^^^^^^^^
[INFO] [stdout] 
[INFO] [stdout] 
[INFO] [stdout] error: couldn't read `tests/../../satteri-pulldown-cmark/tests/suite/super_sub.rs`: No such file or directory (os error 2)
[INFO] [stdout]   --> tests/fused_html_parity.rs:81:9
[INFO] [stdout]    |
[INFO] [stdout] 81 |         include_str!("../../satteri-pulldown-cmark/tests/suite/super_sub.rs"),
[INFO] [stdout]    |         ^^^^^^^^^^^^^^^^^^^^^^^^^^^^^^^^^^^^^^^^^^^^^^^^^^^^^^^^^^^^^^^^^^^^^
[INFO] [stdout] 
[INFO] [stdout] 
[INFO] [stdout] error: couldn't read `tests/../../satteri-pulldown-cmark/tests/suite/wikilinks.rs`: No such file or directory (os error 2)
[INFO] [stdout]   --> tests/fused_html_parity.rs:85:9
[INFO] [stdout]    |
[INFO] [stdout] 85 |         include_str!("../../satteri-pulldown-cmark/tests/suite/wikilinks.rs"),
[INFO] [stdout]    |         ^^^^^^^^^^^^^^^^^^^^^^^^^^^^^^^^^^^^^^^^^^^^^^^^^^^^^^^^^^^^^^^^^^^^^
[INFO] [stdout] 
[INFO] [stdout] 
[INFO] [stdout] error: couldn't read `tests/../../satteri-pulldown-cmark/tests/suite/regression.rs`: No such file or directory (os error 2)
[INFO] [stdout]   --> tests/fused_html_parity.rs:89:9
[INFO] [stdout]    |
[INFO] [stdout] 89 |         include_str!("../../satteri-pulldown-cmark/tests/suite/regression.rs"),
[INFO] [stdout]    |         ^^^^^^^^^^^^^^^^^^^^^^^^^^^^^^^^^^^^^^^^^^^^^^^^^^^^^^^^^^^^^^^^^^^^^^
[INFO] [stdout] 
[INFO] [stdout] 
[INFO] [stdout] error: couldn't read `tests/../../bench/fixtures/markdown.md`: No such file or directory (os error 2)
[INFO] [stdout]   --> tests/fused_html_parity.rs:96:9
[INFO] [stdout]    |
[INFO] [stdout] 96 |         include_str!("../../bench/fixtures/markdown.md"),
[INFO] [stdout]    |         ^^^^^^^^^^^^^^^^^^^^^^^^^^^^^^^^^^^^^^^^^^^^^^^^
[INFO] [stdout] 
[INFO] [stdout] 
[INFO] [stdout] error: couldn't read `tests/../../bench/fixtures/autolinks.md`: No such file or directory (os error 2)
[INFO] [stdout]    --> tests/fused_html_parity.rs:100:9
[INFO] [stdout]     |
[INFO] [stdout] 100 |         include_str!("../../bench/fixtures/autolinks.md"),
[INFO] [stdout]     |         ^^^^^^^^^^^^^^^^^^^^^^^^^^^^^^^^^^^^^^^^^^^^^^^^^
[INFO] [stdout] 
[INFO] [stdout] 
[INFO] [stdout] error: couldn't read `tests/../../bench/fixtures/document.mdx`: No such file or directory (os error 2)
[INFO] [stdout]    --> tests/fused_html_parity.rs:104:9
[INFO] [stdout]     |
[INFO] [stdout] 104 |         include_str!("../../bench/fixtures/document.mdx"),
[INFO] [stdout]     |         ^^^^^^^^^^^^^^^^^^^^^^^^^^^^^^^^^^^^^^^^^^^^^^^^^
[INFO] [stdout] 
[INFO] [stdout] 
[INFO] [stdout] error[E0432]: unresolved import `satteri_pulldown_cmark`
[INFO] [stdout]  --> tests/fused_html_parity.rs:9:5
[INFO] [stdout]   |
[INFO] [stdout] 9 | use satteri_pulldown_cmark::Options;
[INFO] [stdout]   |     ^^^^^^^^^^^^^^^^^^^^^^ use of unresolved module or unlinked crate `satteri_pulldown_cmark`
[INFO] [stdout]   |
[INFO] [stdout]   = help: if you wanted to use a crate named `satteri_pulldown_cmark`, use `cargo add satteri_pulldown_cmark` to add it to your `Cargo.toml`
[INFO] [stdout] 
[INFO] [stdout] 
[INFO] [stdout] error[E0433]: cannot find module or crate `satteri_pulldown_cmark` in this scope
[INFO] [stdout]  --> tests/footnote_identifier_encoding.rs:9:22
[INFO] [stdout]   |
[INFO] [stdout] 9 |     let (arena, _) = satteri_pulldown_cmark::parse(&md, satteri_pulldown_cmark::DEFAULT_OPTIONS);
[INFO] [stdout]   |                      ^^^^^^^^^^^^^^^^^^^^^^ use of unresolved module or unlinked crate `satteri_pulldown_cmark`
[INFO] [stdout]   |
[INFO] [stdout]   = help: if you wanted to use a crate named `satteri_pulldown_cmark`, use `cargo add satteri_pulldown_cmark` to add it to your `Cargo.toml`
[INFO] [stdout] 
[INFO] [stdout] 
[INFO] [stdout] error[E0433]: cannot find module or crate `satteri_pulldown_cmark` in this scope
[INFO] [stdout]  --> tests/footnote_identifier_encoding.rs:9:57
[INFO] [stdout]   |
[INFO] [stdout] 9 |     let (arena, _) = satteri_pulldown_cmark::parse(&md, satteri_pulldown_cmark::DEFAULT_OPTIONS);
[INFO] [stdout]   |                                                         ^^^^^^^^^^^^^^^^^^^^^^ use of unresolved module or unlinked crate `satteri_pulldown_cmark`
[INFO] [stdout]   |
[INFO] [stdout]   = help: if you wanted to use a crate named `satteri_pulldown_cmark`, use `cargo add satteri_pulldown_cmark` to add it to your `Cargo.toml`
[INFO] [stdout] 
[INFO] [stdout] 
[INFO] [stdout] For more information about this error, try `rustc --explain E0433`.
[INFO] [stdout] 
[INFO] [stderr] error: could not compile `satteri-ast` (test "footnote_identifier_encoding") due to 2 previous errors
[INFO] [stderr] warning: build failed, waiting for other jobs to finish...
[INFO] [stdout] error[E0432]: unresolved import `satteri_pulldown_cmark`
[INFO] [stdout]     --> src/convert.rs:1483:13
[INFO] [stdout]      |
[INFO] [stdout] 1483 |         use satteri_pulldown_cmark::Options;
[INFO] [stdout]      |             ^^^^^^^^^^^^^^^^^^^^^^ use of unresolved module or unlinked crate `satteri_pulldown_cmark`
[INFO] [stdout]      |
[INFO] [stdout]      = help: if you wanted to use a crate named `satteri_pulldown_cmark`, use `cargo add satteri_pulldown_cmark` to add it to your `Cargo.toml`
[INFO] [stdout] 
[INFO] [stdout] 
[INFO] [stdout] error[E0433]: cannot find module or crate `satteri_pulldown_cmark` in this scope
[INFO] [stdout]     --> src/convert.rs:1470:20
[INFO] [stdout]      |
[INFO] [stdout] 1470 |         let opts = satteri_pulldown_cmark::Options::ENABLE_MDX;
[INFO] [stdout]      |                    ^^^^^^^^^^^^^^^^^^^^^^ use of unresolved module or unlinked crate `satteri_pulldown_cmark`
[INFO] [stdout]      |
[INFO] [stdout]      = help: if you wanted to use a crate named `satteri_pulldown_cmark`, use `cargo add satteri_pulldown_cmark` to add it to your `Cargo.toml`
[INFO] [stdout] 
[INFO] [stdout] 
[INFO] [stdout] error[E0433]: cannot find module or crate `satteri_pulldown_cmark` in this scope
[INFO] [stdout]     --> tests/patch.rs:2132:44
[INFO] [stdout]      |
[INFO] [stdout] 2132 |         satteri_pulldown_cmark::parse(doc, satteri_pulldown_cmark::Options::ENABLE_GFM);
[INFO] [stdout]      |                                            ^^^^^^^^^^^^^^^^^^^^^^ use of unresolved module or unlinked crate `satteri_pulldown_cmark`
[INFO] [stdout]      |
[INFO] [stdout]      = help: if you wanted to use a crate named `satteri_pulldown_cmark`, use `cargo add satteri_pulldown_cmark` to add it to your `Cargo.toml`
[INFO] [stdout] 
[INFO] [stdout] 
[INFO] [stdout] error[E0433]: cannot find module or crate `satteri_pulldown_cmark` in this scope
[INFO] [stdout]   --> tests/footnote_options.rs:12:22
[INFO] [stdout]    |
[INFO] [stdout] 12 |     let (arena, _) = satteri_pulldown_cmark::parse(md, satteri_pulldown_cmark::DEFAULT_OPTIONS);
[INFO] [stdout]    |                      ^^^^^^^^^^^^^^^^^^^^^^ use of unresolved module or unlinked crate `satteri_pulldown_cmark`
[INFO] [stdout]    |
[INFO] [stdout]    = help: if you wanted to use a crate named `satteri_pulldown_cmark`, use `cargo add satteri_pulldown_cmark` to add it to your `Cargo.toml`
[INFO] [stdout] 
[INFO] [stdout] 
[INFO] [stdout] error[E0433]: cannot find module or crate `satteri_pulldown_cmark` in this scope
[INFO] [stdout]   --> tests/footnote_options.rs:12:56
[INFO] [stdout]    |
[INFO] [stdout] 12 |     let (arena, _) = satteri_pulldown_cmark::parse(md, satteri_pulldown_cmark::DEFAULT_OPTIONS);
[INFO] [stdout]    |                                                        ^^^^^^^^^^^^^^^^^^^^^^ use of unresolved module or unlinked crate `satteri_pulldown_cmark`
[INFO] [stdout]    |
[INFO] [stdout]    = help: if you wanted to use a crate named `satteri_pulldown_cmark`, use `cargo add satteri_pulldown_cmark` to add it to your `Cargo.toml`
[INFO] [stdout] 
[INFO] [stdout] 
[INFO] [stdout] error[E0433]: cannot find module or crate `satteri_pulldown_cmark` in this scope
[INFO] [stdout]   --> tests/convert_positions.rs:19:5
[INFO] [stdout]    |
[INFO] [stdout] 19 |     satteri_pulldown_cmark::parse(md, satteri_pulldown_cmark::DEFAULT_OPTIONS).0
[INFO] [stdout]    |     ^^^^^^^^^^^^^^^^^^^^^^ use of unresolved module or unlinked crate `satteri_pulldown_cmark`
[INFO] [stdout]    |
[INFO] [stdout]    = help: if you wanted to use a crate named `satteri_pulldown_cmark`, use `cargo add satteri_pulldown_cmark` to add it to your `Cargo.toml`
[INFO] [stdout] 
[INFO] [stdout] 
[INFO] [stdout] error[E0433]: cannot find module or crate `satteri_pulldown_cmark` in this scope
[INFO] [stdout]   --> tests/convert_positions.rs:19:39
[INFO] [stdout]    |
[INFO] [stdout] 19 |     satteri_pulldown_cmark::parse(md, satteri_pulldown_cmark::DEFAULT_OPTIONS).0
[INFO] [stdout]    |                                       ^^^^^^^^^^^^^^^^^^^^^^ use of unresolved module or unlinked crate `satteri_pulldown_cmark`
[INFO] [stdout]    |
[INFO] [stdout]    = help: if you wanted to use a crate named `satteri_pulldown_cmark`, use `cargo add satteri_pulldown_cmark` to add it to your `Cargo.toml`
[INFO] [stdout] 
[INFO] [stdout] 
[INFO] [stdout] error[E0433]: cannot find module or crate `satteri_pulldown_cmark` in this scope
[INFO] [stdout]     --> src/convert.rs:1520:51
[INFO] [stdout]      |
[INFO] [stdout] 1520 |             satteri_pulldown_cmark::parse(source, satteri_pulldown_cmark::Options::ENABLE_GFM);
[INFO] [stdout]      |                                                   ^^^^^^^^^^^^^^^^^^^^^^ use of unresolved module or unlinked crate `satteri_pulldown_cmark`
[INFO] [stdout]      |
[INFO] [stdout]      = help: if you wanted to use a crate named `satteri_pulldown_cmark`, use `cargo add satteri_pulldown_cmark` to add it to your `Cargo.toml`
[INFO] [stdout] 
[INFO] [stdout] 
[INFO] [stdout] error[E0433]: cannot find module or crate `satteri_pulldown_cmark` in this scope
[INFO] [stdout]     --> src/convert.rs:1624:13
[INFO] [stdout]      |
[INFO] [stdout] 1624 |             satteri_pulldown_cmark::Options::ENABLE_GFM
[INFO] [stdout]      |             ^^^^^^^^^^^^^^^^^^^^^^ use of unresolved module or unlinked crate `satteri_pulldown_cmark`
[INFO] [stdout]      |
[INFO] [stdout]      = help: if you wanted to use a crate named `satteri_pulldown_cmark`, use `cargo add satteri_pulldown_cmark` to add it to your `Cargo.toml`
[INFO] [stdout] 
[INFO] [stdout] 
[INFO] [stdout] error[E0433]: cannot find module or crate `satteri_pulldown_cmark` in this scope
[INFO] [stdout]     --> tests/patch.rs:2372:56
[INFO] [stdout]      |
[INFO] [stdout] 2372 |     let (orig, _) = satteri_pulldown_cmark::parse(doc, satteri_pulldown_cmark::Options::ENABLE_GFM);
[INFO] [stdout]      |                                                        ^^^^^^^^^^^^^^^^^^^^^^ use of unresolved module or unlinked crate `satteri_pulldown_cmark`
[INFO] [stdout]      |
[INFO] [stdout]      = help: if you wanted to use a crate named `satteri_pulldown_cmark`, use `cargo add satteri_pulldown_cmark` to add it to your `Cargo.toml`
[INFO] [stdout] 
[INFO] [stdout] 
[INFO] [stdout] error[E0433]: cannot find module or crate `satteri_pulldown_cmark` in this scope
[INFO] [stdout]     --> src/convert.rs:1625:19
[INFO] [stdout]      |
[INFO] [stdout] 1625 |                 | satteri_pulldown_cmark::Options::ENABLE_DIRECTIVE,
[INFO] [stdout]      |                   ^^^^^^^^^^^^^^^^^^^^^^ use of unresolved module or unlinked crate `satteri_pulldown_cmark`
[INFO] [stdout]      |
[INFO] [stdout]      = help: if you wanted to use a crate named `satteri_pulldown_cmark`, use `cargo add satteri_pulldown_cmark` to add it to your `Cargo.toml`
[INFO] [stdout] 
[INFO] [stdout] 
[INFO] [stdout] error[E0433]: cannot find module or crate `satteri_pulldown_cmark` in this scope
[INFO] [stdout]     --> src/convert.rs:1636:13
[INFO] [stdout]      |
[INFO] [stdout] 1636 |             satteri_pulldown_cmark::Options::ENABLE_GFM
[INFO] [stdout]      |             ^^^^^^^^^^^^^^^^^^^^^^ use of unresolved module or unlinked crate `satteri_pulldown_cmark`
[INFO] [stdout]      |
[INFO] [stdout]      = help: if you wanted to use a crate named `satteri_pulldown_cmark`, use `cargo add satteri_pulldown_cmark` to add it to your `Cargo.toml`
[INFO] [stdout] 
[INFO] [stdout] 
[INFO] [stdout] error[E0433]: cannot find module or crate `satteri_pulldown_cmark` in this scope
[INFO] [stdout]     --> src/convert.rs:1637:19
[INFO] [stdout]      |
[INFO] [stdout] 1637 |                 | satteri_pulldown_cmark::Options::ENABLE_DIRECTIVE,
[INFO] [stdout]      |                   ^^^^^^^^^^^^^^^^^^^^^^ use of unresolved module or unlinked crate `satteri_pulldown_cmark`
[INFO] [stdout]      |
[INFO] [stdout]      = help: if you wanted to use a crate named `satteri_pulldown_cmark`, use `cargo add satteri_pulldown_cmark` to add it to your `Cargo.toml`
[INFO] [stdout] 
[INFO] [stdout] 
[INFO] [stdout] For more information about this error, try `rustc --explain E0433`.
[INFO] [stdout] 
[INFO] [stdout] error[E0433]: cannot find module or crate `satteri_pulldown_cmark` in this scope
[INFO] [stdout]     --> src/convert.rs:1656:13
[INFO] [stdout]      |
[INFO] [stdout] 1656 |             satteri_pulldown_cmark::Options::ENABLE_GFM
[INFO] [stdout]      |             ^^^^^^^^^^^^^^^^^^^^^^ use of unresolved module or unlinked crate `satteri_pulldown_cmark`
[INFO] [stdout]      |
[INFO] [stdout]      = help: if you wanted to use a crate named `satteri_pulldown_cmark`, use `cargo add satteri_pulldown_cmark` to add it to your `Cargo.toml`
[INFO] [stdout] 
[INFO] [stdout] 
[INFO] [stdout] error[E0433]: cannot find module or crate `satteri_pulldown_cmark` in this scope
[INFO] [stdout]     --> src/convert.rs:1657:19
[INFO] [stdout]      |
[INFO] [stdout] 1657 |                 | satteri_pulldown_cmark::Options::ENABLE_DIRECTIVE
[INFO] [stdout]      |                   ^^^^^^^^^^^^^^^^^^^^^^ use of unresolved module or unlinked crate `satteri_pulldown_cmark`
[INFO] [stdout]      |
[INFO] [stdout]      = help: if you wanted to use a crate named `satteri_pulldown_cmark`, use `cargo add satteri_pulldown_cmark` to add it to your `Cargo.toml`
[INFO] [stdout] 
[INFO] [stdout] 
[INFO] [stderr] error: could not compile `satteri-ast` (test "footnote_options") due to 2 previous errors
[INFO] [stdout] error[E0433]: cannot find module or crate `satteri_pulldown_cmark` in this scope
[INFO] [stdout]     --> src/convert.rs:1658:19
[INFO] [stdout]      |
[INFO] [stdout] 1658 |                 | satteri_pulldown_cmark::Options::ENABLE_FOOTNOTES,
[INFO] [stdout]      |                   ^^^^^^^^^^^^^^^^^^^^^^ use of unresolved module or unlinked crate `satteri_pulldown_cmark`
[INFO] [stdout]      |
[INFO] [stdout]      = help: if you wanted to use a crate named `satteri_pulldown_cmark`, use `cargo add satteri_pulldown_cmark` to add it to your `Cargo.toml`
[INFO] [stdout] 
[INFO] [stdout] 
[INFO] [stdout] error[E0433]: cannot find module or crate `satteri_pulldown_cmark` in this scope
[INFO] [stdout]     --> src/convert.rs:1684:13
[INFO] [stdout]      |
[INFO] [stdout] 1684 |             satteri_pulldown_cmark::Options::ENABLE_GFM
[INFO] [stdout]      |             ^^^^^^^^^^^^^^^^^^^^^^ use of unresolved module or unlinked crate `satteri_pulldown_cmark`
[INFO] [stdout]      |
[INFO] [stdout]      = help: if you wanted to use a crate named `satteri_pulldown_cmark`, use `cargo add satteri_pulldown_cmark` to add it to your `Cargo.toml`
[INFO] [stdout] 
[INFO] [stdout] 
[INFO] [stdout] error[E0433]: cannot find module or crate `satteri_pulldown_cmark` in this scope
[INFO] [stdout]     --> src/convert.rs:1685:19
[INFO] [stdout]      |
[INFO] [stdout] 1685 |                 | satteri_pulldown_cmark::Options::ENABLE_DIRECTIVE
[INFO] [stdout]      |                   ^^^^^^^^^^^^^^^^^^^^^^ use of unresolved module or unlinked crate `satteri_pulldown_cmark`
[INFO] [stdout]      |
[INFO] [stdout]      = help: if you wanted to use a crate named `satteri_pulldown_cmark`, use `cargo add satteri_pulldown_cmark` to add it to your `Cargo.toml`
[INFO] [stdout] 
[INFO] [stdout] 
[INFO] [stdout] error[E0433]: cannot find module or crate `satteri_pulldown_cmark` in this scope
[INFO] [stdout]     --> src/convert.rs:1686:19
[INFO] [stdout]      |
[INFO] [stdout] 1686 |                 | satteri_pulldown_cmark::Options::ENABLE_FOOTNOTES,
[INFO] [stdout]      |                   ^^^^^^^^^^^^^^^^^^^^^^ use of unresolved module or unlinked crate `satteri_pulldown_cmark`
[INFO] [stdout]      |
[INFO] [stdout]      = help: if you wanted to use a crate named `satteri_pulldown_cmark`, use `cargo add satteri_pulldown_cmark` to add it to your `Cargo.toml`
[INFO] [stdout] 
[INFO] [stdout] 
[INFO] [stdout] error[E0433]: cannot find module or crate `satteri_pulldown_cmark` in this scope
[INFO] [stdout]     --> src/convert.rs:1709:13
[INFO] [stdout]      |
[INFO] [stdout] 1709 |             satteri_pulldown_cmark::Options::ENABLE_GFM
[INFO] [stdout]      |             ^^^^^^^^^^^^^^^^^^^^^^ use of unresolved module or unlinked crate `satteri_pulldown_cmark`
[INFO] [stdout]      |
[INFO] [stdout]      = help: if you wanted to use a crate named `satteri_pulldown_cmark`, use `cargo add satteri_pulldown_cmark` to add it to your `Cargo.toml`
[INFO] [stdout] 
[INFO] [stdout] 
[INFO] [stdout] error[E0433]: cannot find module or crate `satteri_pulldown_cmark` in this scope
[INFO] [stdout]   --> tests/arena_reuse.rs:59:22
[INFO] [stdout]    |
[INFO] [stdout] 59 |     let (fresh, _) = satteri_pulldown_cmark::parse(DOC, opts);
[INFO] [stdout]    |                      ^^^^^^^^^^^^^^^^^^^^^^ use of unresolved module or unlinked crate `satteri_pulldown_cmark`
[INFO] [stdout]    |
[INFO] [stdout]    = help: if you wanted to use a crate named `satteri_pulldown_cmark`, use `cargo add satteri_pulldown_cmark` to add it to your `Cargo.toml`
[INFO] [stdout] 
[INFO] [stdout] 
[INFO] [stdout] error[E0433]: cannot find module or crate `satteri_pulldown_cmark` in this scope
[INFO] [stdout]   --> tests/arena_reuse.rs:60:23
[INFO] [stdout]    |
[INFO] [stdout] 60 |     let (reused, _) = satteri_pulldown_cmark::parse_into(DOC, opts, dirty_arena());
[INFO] [stdout]    |                       ^^^^^^^^^^^^^^^^^^^^^^ use of unresolved module or unlinked crate `satteri_pulldown_cmark`
[INFO] [stdout]    |
[INFO] [stdout]    = help: if you wanted to use a crate named `satteri_pulldown_cmark`, use `cargo add satteri_pulldown_cmark` to add it to your `Cargo.toml`
[INFO] [stdout] 
[INFO] [stdout] 
[INFO] [stdout] error[E0433]: cannot find module or crate `satteri_pulldown_cmark` in this scope
[INFO] [stdout]   --> tests/arena_reuse.rs:71:22
[INFO] [stdout]    |
[INFO] [stdout] 71 |     let (fresh, _) = satteri_pulldown_cmark::parse_no_positions(DOC, opts);
[INFO] [stdout]    |                      ^^^^^^^^^^^^^^^^^^^^^^ use of unresolved module or unlinked crate `satteri_pulldown_cmark`
[INFO] [stdout]    |
[INFO] [stdout]    = help: if you wanted to use a crate named `satteri_pulldown_cmark`, use `cargo add satteri_pulldown_cmark` to add it to your `Cargo.toml`
[INFO] [stdout] 
[INFO] [stdout] 
[INFO] [stdout] error[E0433]: cannot find module or crate `satteri_pulldown_cmark` in this scope
[INFO] [stdout]   --> tests/arena_reuse.rs:72:23
[INFO] [stdout]    |
[INFO] [stdout] 72 |     let (reused, _) = satteri_pulldown_cmark::parse_no_positions_into(DOC, opts, dirty_arena());
[INFO] [stdout]    |                       ^^^^^^^^^^^^^^^^^^^^^^ use of unresolved module or unlinked crate `satteri_pulldown_cmark`
[INFO] [stdout]    |
[INFO] [stdout]    = help: if you wanted to use a crate named `satteri_pulldown_cmark`, use `cargo add satteri_pulldown_cmark` to add it to your `Cargo.toml`
[INFO] [stdout] 
[INFO] [stdout] 
[INFO] [stdout] error[E0433]: cannot find module or crate `satteri_pulldown_cmark` in this scope
[INFO] [stdout]   --> tests/arena_reuse.rs:79:22
[INFO] [stdout]    |
[INFO] [stdout] 79 |     let (mdast, _) = satteri_pulldown_cmark::parse(DOC, opts);
[INFO] [stdout]    |                      ^^^^^^^^^^^^^^^^^^^^^^ use of unresolved module or unlinked crate `satteri_pulldown_cmark`
[INFO] [stdout]    |
[INFO] [stdout]    = help: if you wanted to use a crate named `satteri_pulldown_cmark`, use `cargo add satteri_pulldown_cmark` to add it to your `Cargo.toml`
[INFO] [stdout] 
[INFO] [stdout] 
[INFO] [stdout] error[E0433]: cannot find module or crate `satteri_pulldown_cmark` in this scope
[INFO] [stdout]   --> tests/arena_reuse.rs:94:22
[INFO] [stdout]    |
[INFO] [stdout] 94 |     let (first, _) = satteri_pulldown_cmark::parse_into("first *doc*\n", opts, dirty_arena());
[INFO] [stdout]    |                      ^^^^^^^^^^^^^^^^^^^^^^ use of unresolved module or unlinked crate `satteri_pulldown_cmark`
[INFO] [stdout]    |
[INFO] [stdout]    = help: if you wanted to use a crate named `satteri_pulldown_cmark`, use `cargo add satteri_pulldown_cmark` to add it to your `Cargo.toml`
[INFO] [stdout] 
[INFO] [stdout] 
[INFO] [stdout] error[E0433]: cannot find module or crate `satteri_pulldown_cmark` in this scope
[INFO] [stdout]   --> tests/arena_reuse.rs:95:23
[INFO] [stdout]    |
[INFO] [stdout] 95 |     let (second, _) = satteri_pulldown_cmark::parse_into(DOC, opts, first);
[INFO] [stdout]    |                       ^^^^^^^^^^^^^^^^^^^^^^ use of unresolved module or unlinked crate `satteri_pulldown_cmark`
[INFO] [stdout]    |
[INFO] [stdout]    = help: if you wanted to use a crate named `satteri_pulldown_cmark`, use `cargo add satteri_pulldown_cmark` to add it to your `Cargo.toml`
[INFO] [stdout] 
[INFO] [stdout] 
[INFO] [stdout] error[E0433]: cannot find module or crate `satteri_pulldown_cmark` in this scope
[INFO] [stdout]   --> tests/arena_reuse.rs:96:22
[INFO] [stdout]    |
[INFO] [stdout] 96 |     let (fresh, _) = satteri_pulldown_cmark::parse(DOC, opts);
[INFO] [stdout]    |                      ^^^^^^^^^^^^^^^^^^^^^^ use of unresolved module or unlinked crate `satteri_pulldown_cmark`
[INFO] [stdout]    |
[INFO] [stdout]    = help: if you wanted to use a crate named `satteri_pulldown_cmark`, use `cargo add satteri_pulldown_cmark` to add it to your `Cargo.toml`
[INFO] [stdout] 
[INFO] [stdout] 
[INFO] [stdout] Some errors have detailed explanations: E0432, E0433.
[INFO] [stdout] 
[INFO] [stdout] For more information about an error, try `rustc --explain E0432`.
[INFO] [stdout] 
[INFO] [stdout] error[E0433]: cannot find module or crate `satteri_pulldown_cmark` in this scope
[INFO] [stdout]     --> src/convert.rs:1710:19
[INFO] [stdout]      |
[INFO] [stdout] 1710 |                 | satteri_pulldown_cmark::Options::ENABLE_DIRECTIVE
[INFO] [stdout]      |                   ^^^^^^^^^^^^^^^^^^^^^^ use of unresolved module or unlinked crate `satteri_pulldown_cmark`
[INFO] [stdout]      |
[INFO] [stdout]      = help: if you wanted to use a crate named `satteri_pulldown_cmark`, use `cargo add satteri_pulldown_cmark` to add it to your `Cargo.toml`
[INFO] [stdout] 
[INFO] [stdout] 
[INFO] [stderr] error: could not compile `satteri-ast` (test "arena_reuse") due to 9 previous errors
[INFO] [stdout] error[E0433]: cannot find module or crate `satteri_pulldown_cmark` in this scope
[INFO] [stdout]    --> tests/fused_html_parity.rs:116:21
[INFO] [stdout]     |
[INFO] [stdout] 116 |         ("default", satteri_pulldown_cmark::DEFAULT_OPTIONS),
[INFO] [stdout]     |                     ^^^^^^^^^^^^^^^^^^^^^^ use of unresolved module or unlinked crate `satteri_pulldown_cmark`
[INFO] [stdout]     |
[INFO] [stdout]     = help: if you wanted to use a crate named `satteri_pulldown_cmark`, use `cargo add satteri_pulldown_cmark` to add it to your `Cargo.toml`
[INFO] [stdout] 
[INFO] [stdout] 
[INFO] [stdout] error[E0433]: cannot find module or crate `satteri_pulldown_cmark` in this scope
[INFO] [stdout]    --> tests/fused_html_parity.rs:117:17
[INFO] [stdout]     |
[INFO] [stdout] 117 |         ("mdx", satteri_pulldown_cmark::MDX_OPTIONS),
[INFO] [stdout]     |                 ^^^^^^^^^^^^^^^^^^^^^^ use of unresolved module or unlinked crate `satteri_pulldown_cmark`
[INFO] [stdout]     |
[INFO] [stdout]     = help: if you wanted to use a crate named `satteri_pulldown_cmark`, use `cargo add satteri_pulldown_cmark` to add it to your `Cargo.toml`
[INFO] [stdout] 
[INFO] [stdout] 
[INFO] [stdout] error[E0433]: cannot find module or crate `satteri_pulldown_cmark` in this scope
[INFO] [stdout]    --> tests/fused_html_parity.rs:140:22
[INFO] [stdout]     |
[INFO] [stdout] 140 |     let (arena, _) = satteri_pulldown_cmark::parse(source, parse_options);
[INFO] [stdout]     |                      ^^^^^^^^^^^^^^^^^^^^^^ use of unresolved module or unlinked crate `satteri_pulldown_cmark`
[INFO] [stdout]     |
[INFO] [stdout]     = help: if you wanted to use a crate named `satteri_pulldown_cmark`, use `cargo add satteri_pulldown_cmark` to add it to your `Cargo.toml`
[INFO] [stdout] 
[INFO] [stdout] 
[INFO] [stdout] error[E0433]: cannot find module or crate `satteri_pulldown_cmark` in this scope
[INFO] [stdout]     --> src/convert.rs:1711:19
[INFO] [stdout]      |
[INFO] [stdout] 1711 |                 | satteri_pulldown_cmark::Options::ENABLE_FOOTNOTES,
[INFO] [stdout]      |                   ^^^^^^^^^^^^^^^^^^^^^^ use of unresolved module or unlinked crate `satteri_pulldown_cmark`
[INFO] [stdout]      |
[INFO] [stdout]      = help: if you wanted to use a crate named `satteri_pulldown_cmark`, use `cargo add satteri_pulldown_cmark` to add it to your `Cargo.toml`
[INFO] [stdout] 
[INFO] [stdout] 
[INFO] [stdout] error[E0433]: cannot find module or crate `satteri_pulldown_cmark` in this scope
[INFO] [stdout]    --> tests/fused_html_parity.rs:429:17
[INFO] [stdout]     |
[INFO] [stdout] 429 |                 satteri_pulldown_cmark::DEFAULT_OPTIONS,
[INFO] [stdout]     |                 ^^^^^^^^^^^^^^^^^^^^^^ use of unresolved module or unlinked crate `satteri_pulldown_cmark`
[INFO] [stdout]     |
[INFO] [stdout]     = help: if you wanted to use a crate named `satteri_pulldown_cmark`, use `cargo add satteri_pulldown_cmark` to add it to your `Cargo.toml`
[INFO] [stdout] 
[INFO] [stdout] 
[INFO] [stdout] error[E0433]: cannot find module or crate `satteri_pulldown_cmark` in this scope
[INFO] [stdout]    --> tests/fused_html_parity.rs:439:9
[INFO] [stdout]     |
[INFO] [stdout] 439 |         satteri_pulldown_cmark::parse("Hello\n", satteri_pulldown_cmark::DEFAULT_OPTIONS);
[INFO] [stdout]     |         ^^^^^^^^^^^^^^^^^^^^^^ use of unresolved module or unlinked crate `satteri_pulldown_cmark`
[INFO] [stdout]     |
[INFO] [stdout]     = help: if you wanted to use a crate named `satteri_pulldown_cmark`, use `cargo add satteri_pulldown_cmark` to add it to your `Cargo.toml`
[INFO] [stdout] 
[INFO] [stdout] 
[INFO] [stdout] error[E0433]: cannot find module or crate `satteri_pulldown_cmark` in this scope
[INFO] [stdout]    --> tests/fused_html_parity.rs:439:50
[INFO] [stdout]     |
[INFO] [stdout] 439 |         satteri_pulldown_cmark::parse("Hello\n", satteri_pulldown_cmark::DEFAULT_OPTIONS);
[INFO] [stdout]     |                                                  ^^^^^^^^^^^^^^^^^^^^^^ use of unresolved module or unlinked crate `satteri_pulldown_cmark`
[INFO] [stdout]     |
[INFO] [stdout]     = help: if you wanted to use a crate named `satteri_pulldown_cmark`, use `cargo add satteri_pulldown_cmark` to add it to your `Cargo.toml`
[INFO] [stdout] 
[INFO] [stdout] 
[INFO] [stdout] error[E0433]: cannot find module or crate `satteri_pulldown_cmark` in this scope
[INFO] [stdout]    --> tests/fused_html_parity.rs:556:9
[INFO] [stdout]     |
[INFO] [stdout] 556 |         satteri_pulldown_cmark::parse("Hello\n", satteri_pulldown_cmark::DEFAULT_OPTIONS);
[INFO] [stdout]     |         ^^^^^^^^^^^^^^^^^^^^^^ use of unresolved module or unlinked crate `satteri_pulldown_cmark`
[INFO] [stdout]     |
[INFO] [stdout]     = help: if you wanted to use a crate named `satteri_pulldown_cmark`, use `cargo add satteri_pulldown_cmark` to add it to your `Cargo.toml`
[INFO] [stdout] 
[INFO] [stdout] 
[INFO] [stdout] error[E0433]: cannot find module or crate `satteri_pulldown_cmark` in this scope
[INFO] [stdout]    --> tests/fused_html_parity.rs:556:50
[INFO] [stdout]     |
[INFO] [stdout] 556 |         satteri_pulldown_cmark::parse("Hello\n", satteri_pulldown_cmark::DEFAULT_OPTIONS);
[INFO] [stdout]     |                                                  ^^^^^^^^^^^^^^^^^^^^^^ use of unresolved module or unlinked crate `satteri_pulldown_cmark`
[INFO] [stdout]     |
[INFO] [stdout]     = help: if you wanted to use a crate named `satteri_pulldown_cmark`, use `cargo add satteri_pulldown_cmark` to add it to your `Cargo.toml`
[INFO] [stdout] 
[INFO] [stdout] 
[INFO] [stdout] error[E0433]: cannot find module or crate `satteri_pulldown_cmark` in this scope
[INFO] [stdout]   --> tests/html.rs:19:11
[INFO] [stdout]    |
[INFO] [stdout] 19 |         | satteri_pulldown_cmark::Options::ENABLE_SMART_PUNCTUATION;
[INFO] [stdout]    |           ^^^^^^^^^^^^^^^^^^^^^^ use of unresolved module or unlinked crate `satteri_pulldown_cmark`
[INFO] [stdout]    |
[INFO] [stdout]    = help: if you wanted to use a crate named `satteri_pulldown_cmark`, use `cargo add satteri_pulldown_cmark` to add it to your `Cargo.toml`
[INFO] [stdout] 
[INFO] [stdout] 
[INFO] [stdout] error[E0433]: cannot find module or crate `satteri_pulldown_cmark` in this scope
[INFO] [stdout]  --> tests/html.rs:8:9
[INFO] [stdout]   |
[INFO] [stdout] 8 |         satteri_pulldown_cmark::parse(md, satteri_pulldown_cmark::DEFAULT_OPTIONS);
[INFO] [stdout]   |         ^^^^^^^^^^^^^^^^^^^^^^ use of unresolved module or unlinked crate `satteri_pulldown_cmark`
[INFO] [stdout]   |
[INFO] [stdout]   = help: if you wanted to use a crate named `satteri_pulldown_cmark`, use `cargo add satteri_pulldown_cmark` to add it to your `Cargo.toml`
[INFO] [stdout] 
[INFO] [stdout] 
[INFO] [stdout] error[E0433]: cannot find module or crate `satteri_pulldown_cmark` in this scope
[INFO] [stdout]  --> tests/html.rs:8:43
[INFO] [stdout]   |
[INFO] [stdout] 8 |         satteri_pulldown_cmark::parse(md, satteri_pulldown_cmark::DEFAULT_OPTIONS);
[INFO] [stdout]   |                                           ^^^^^^^^^^^^^^^^^^^^^^ use of unresolved module or unlinked crate `satteri_pulldown_cmark`
[INFO] [stdout]   |
[INFO] [stdout]   = help: if you wanted to use a crate named `satteri_pulldown_cmark`, use `cargo add satteri_pulldown_cmark` to add it to your `Cargo.toml`
[INFO] [stdout] 
[INFO] [stdout] 
[INFO] [stdout] error[E0433]: cannot find module or crate `satteri_pulldown_cmark` in this scope
[INFO] [stdout]   --> tests/html.rs:13:28
[INFO] [stdout]    |
[INFO] [stdout] 13 |     let (arena, _errors) = satteri_pulldown_cmark::parse(md, opts);
[INFO] [stdout]    |                            ^^^^^^^^^^^^^^^^^^^^^^ use of unresolved module or unlinked crate `satteri_pulldown_cmark`
[INFO] [stdout]    |
[INFO] [stdout]    = help: if you wanted to use a crate named `satteri_pulldown_cmark`, use `cargo add satteri_pulldown_cmark` to add it to your `Cargo.toml`
[INFO] [stdout] 
[INFO] [stdout] 
[INFO] [stdout] error[E0433]: cannot find module or crate `satteri_pulldown_cmark` in this scope
[INFO] [stdout]   --> tests/html.rs:18:16
[INFO] [stdout]    |
[INFO] [stdout] 18 |     let opts = satteri_pulldown_cmark::DEFAULT_OPTIONS
[INFO] [stdout]    |                ^^^^^^^^^^^^^^^^^^^^^^ use of unresolved module or unlinked crate `satteri_pulldown_cmark`
[INFO] [stdout]    |
[INFO] [stdout]    = help: if you wanted to use a crate named `satteri_pulldown_cmark`, use `cargo add satteri_pulldown_cmark` to add it to your `Cargo.toml`
[INFO] [stdout] 
[INFO] [stdout] 
[INFO] [stdout] For more information about this error, try `rustc --explain E0433`.
[INFO] [stdout] 
[INFO] [stderr] error: could not compile `satteri-ast` (test "convert_positions") due to 2 previous errors
[INFO] [stdout] Some errors have detailed explanations: E0432, E0433.
[INFO] [stdout] 
[INFO] [stdout] For more information about an error, try `rustc --explain E0432`.
[INFO] [stdout] 
[INFO] [stderr] error: could not compile `satteri-ast` (test "fused_html_parity") due to 32 previous errors
[INFO] [stdout] error[E0433]: cannot find module or crate `satteri_pulldown_cmark` in this scope
[INFO] [stdout]   --> tests/html.rs:12:30
[INFO] [stdout]    |
[INFO] [stdout] 12 | fn html_with(md: &str, opts: satteri_pulldown_cmark::Options) -> String {
[INFO] [stdout]    |                              ^^^^^^^^^^^^^^^^^^^^^^ use of unresolved module or unlinked crate `satteri_pulldown_cmark`
[INFO] [stdout]    |
[INFO] [stdout]    = help: if you wanted to use a crate named `satteri_pulldown_cmark`, use `cargo add satteri_pulldown_cmark` to add it to your `Cargo.toml`
[INFO] [stdout] 
[INFO] [stdout] 
[INFO] [stdout] For more information about this error, try `rustc --explain E0433`.
[INFO] [stdout] 
[INFO] [stderr] error: could not compile `satteri-ast` (test "html") due to 6 previous errors
[INFO] [stdout] error[E0433]: cannot find module or crate `satteri_pulldown_cmark` in this scope
[INFO] [stdout]     --> src/convert.rs:1471:26
[INFO] [stdout]      |
[INFO] [stdout] 1471 |         let (mdast, _) = satteri_pulldown_cmark::parse(source, opts);
[INFO] [stdout]      |                          ^^^^^^^^^^^^^^^^^^^^^^ use of unresolved module or unlinked crate `satteri_pulldown_cmark`
[INFO] [stdout]      |
[INFO] [stdout]      = help: if you wanted to use a crate named `satteri_pulldown_cmark`, use `cargo add satteri_pulldown_cmark` to add it to your `Cargo.toml`
[INFO] [stdout] 
[INFO] [stdout] 
[INFO] [stdout] error[E0433]: cannot find module or crate `satteri_pulldown_cmark` in this scope
[INFO] [stdout]     --> src/convert.rs:1492:20
[INFO] [stdout]      |
[INFO] [stdout] 1492 |         let opts = satteri_pulldown_cmark::MDX_OPTIONS
[INFO] [stdout]      |                    ^^^^^^^^^^^^^^^^^^^^^^ use of unresolved module or unlinked crate `satteri_pulldown_cmark`
[INFO] [stdout]      |
[INFO] [stdout]      = help: if you wanted to use a crate named `satteri_pulldown_cmark`, use `cargo add satteri_pulldown_cmark` to add it to your `Cargo.toml`
[INFO] [stdout] 
[INFO] [stdout] 
[INFO] [stdout] error[E0433]: cannot find module or crate `satteri_pulldown_cmark` in this scope
[INFO] [stdout]     --> src/convert.rs:1496:30
[INFO] [stdout]      |
[INFO] [stdout] 1496 |             let (arena, _) = satteri_pulldown_cmark::parse(source, opts);
[INFO] [stdout]      |                              ^^^^^^^^^^^^^^^^^^^^^^ use of unresolved module or unlinked crate `satteri_pulldown_cmark`
[INFO] [stdout]      |
[INFO] [stdout]      = help: if you wanted to use a crate named `satteri_pulldown_cmark`, use `cargo add satteri_pulldown_cmark` to add it to your `Cargo.toml`
[INFO] [stdout] 
[INFO] [stdout] 
[INFO] [stdout] error[E0433]: cannot find module or crate `satteri_pulldown_cmark` in this scope
[INFO] [stdout]     --> src/convert.rs:1520:13
[INFO] [stdout]      |
[INFO] [stdout] 1520 |             satteri_pulldown_cmark::parse(source, satteri_pulldown_cmark::Options::ENABLE_GFM);
[INFO] [stdout]      |             ^^^^^^^^^^^^^^^^^^^^^^ use of unresolved module or unlinked crate `satteri_pulldown_cmark`
[INFO] [stdout]      |
[INFO] [stdout]      = help: if you wanted to use a crate named `satteri_pulldown_cmark`, use `cargo add satteri_pulldown_cmark` to add it to your `Cargo.toml`
[INFO] [stdout] 
[INFO] [stdout] 
[INFO] [stdout] error[E0433]: cannot find module or crate `satteri_pulldown_cmark` in this scope
[INFO] [stdout]     --> src/convert.rs:1622:26
[INFO] [stdout]      |
[INFO] [stdout] 1622 |         let (mdast, _) = satteri_pulldown_cmark::parse(
[INFO] [stdout]      |                          ^^^^^^^^^^^^^^^^^^^^^^ use of unresolved module or unlinked crate `satteri_pulldown_cmark`
[INFO] [stdout]      |
[INFO] [stdout]      = help: if you wanted to use a crate named `satteri_pulldown_cmark`, use `cargo add satteri_pulldown_cmark` to add it to your `Cargo.toml`
[INFO] [stdout] 
[INFO] [stdout] 
[INFO] [stdout] error[E0433]: cannot find module or crate `satteri_pulldown_cmark` in this scope
[INFO] [stdout]     --> src/convert.rs:1634:30
[INFO] [stdout]      |
[INFO] [stdout] 1634 |         let (mut mdast, _) = satteri_pulldown_cmark::parse(
[INFO] [stdout]      |                              ^^^^^^^^^^^^^^^^^^^^^^ use of unresolved module or unlinked crate `satteri_pulldown_cmark`
[INFO] [stdout]      |
[INFO] [stdout]      = help: if you wanted to use a crate named `satteri_pulldown_cmark`, use `cargo add satteri_pulldown_cmark` to add it to your `Cargo.toml`
[INFO] [stdout] 
[INFO] [stdout] 
[INFO] [stdout] error[E0433]: cannot find module or crate `satteri_pulldown_cmark` in this scope
[INFO] [stdout]     --> src/convert.rs:1654:30
[INFO] [stdout]      |
[INFO] [stdout] 1654 |         let (mut mdast, _) = satteri_pulldown_cmark::parse(
[INFO] [stdout]      |                              ^^^^^^^^^^^^^^^^^^^^^^ use of unresolved module or unlinked crate `satteri_pulldown_cmark`
[INFO] [stdout]      |
[INFO] [stdout]      = help: if you wanted to use a crate named `satteri_pulldown_cmark`, use `cargo add satteri_pulldown_cmark` to add it to your `Cargo.toml`
[INFO] [stdout] 
[INFO] [stdout] 
[INFO] [stdout] error[E0433]: cannot find module or crate `satteri_pulldown_cmark` in this scope
[INFO] [stdout]     --> src/convert.rs:1682:30
[INFO] [stdout]      |
[INFO] [stdout] 1682 |         let (mut mdast, _) = satteri_pulldown_cmark::parse(
[INFO] [stdout]      |                              ^^^^^^^^^^^^^^^^^^^^^^ use of unresolved module or unlinked crate `satteri_pulldown_cmark`
[INFO] [stdout]      |
[INFO] [stdout]      = help: if you wanted to use a crate named `satteri_pulldown_cmark`, use `cargo add satteri_pulldown_cmark` to add it to your `Cargo.toml`
[INFO] [stdout] 
[INFO] [stdout] 
[INFO] [stdout] error[E0433]: cannot find module or crate `satteri_pulldown_cmark` in this scope
[INFO] [stdout]     --> src/convert.rs:1707:26
[INFO] [stdout]      |
[INFO] [stdout] 1707 |         let (mdast, _) = satteri_pulldown_cmark::parse(
[INFO] [stdout]      |                          ^^^^^^^^^^^^^^^^^^^^^^ use of unresolved module or unlinked crate `satteri_pulldown_cmark`
[INFO] [stdout]      |
[INFO] [stdout]      = help: if you wanted to use a crate named `satteri_pulldown_cmark`, use `cargo add satteri_pulldown_cmark` to add it to your `Cargo.toml`
[INFO] [stdout] 
[INFO] [stdout] 
[INFO] [stdout] error[E0433]: cannot find module or crate `satteri_pulldown_cmark` in this scope
[INFO] [stdout]     --> tests/patch.rs:2132:9
[INFO] [stdout]      |
[INFO] [stdout] 2132 |         satteri_pulldown_cmark::parse(doc, satteri_pulldown_cmark::Options::ENABLE_GFM);
[INFO] [stdout]      |         ^^^^^^^^^^^^^^^^^^^^^^ use of unresolved module or unlinked crate `satteri_pulldown_cmark`
[INFO] [stdout]      |
[INFO] [stdout]      = help: if you wanted to use a crate named `satteri_pulldown_cmark`, use `cargo add satteri_pulldown_cmark` to add it to your `Cargo.toml`
[INFO] [stdout] 
[INFO] [stdout] 
[INFO] [stdout] error[E0433]: cannot find module or crate `satteri_pulldown_cmark` in this scope
[INFO] [stdout]     --> tests/patch.rs:2372:21
[INFO] [stdout]      |
[INFO] [stdout] 2372 |     let (orig, _) = satteri_pulldown_cmark::parse(doc, satteri_pulldown_cmark::Options::ENABLE_GFM);
[INFO] [stdout]      |                     ^^^^^^^^^^^^^^^^^^^^^^ use of unresolved module or unlinked crate `satteri_pulldown_cmark`
[INFO] [stdout]      |
[INFO] [stdout]      = help: if you wanted to use a crate named `satteri_pulldown_cmark`, use `cargo add satteri_pulldown_cmark` to add it to your `Cargo.toml`
[INFO] [stdout] 
[INFO] [stdout] 
[INFO] [stdout] For more information about this error, try `rustc --explain E0433`.
[INFO] [stdout] 
[INFO] [stderr] error: could not compile `satteri-ast` (test "patch") due to 4 previous errors
[INFO] [stdout] Some errors have detailed explanations: E0432, E0433.
[INFO] [stdout] 
[INFO] [stdout] For more information about an error, try `rustc --explain E0432`.
[INFO] [stdout] 
[INFO] [stderr] error: could not compile `satteri-ast` (lib test) due to 25 previous errors
[INFO] running `Command { std: "docker" "inspect" "71ce9c0b7072b7a2c4913f4ca99ef5c5874d3321988a258570205d5af3d85266", kill_on_drop: false }`
[INFO] running `Command { std: "docker" "rm" "-f" "71ce9c0b7072b7a2c4913f4ca99ef5c5874d3321988a258570205d5af3d85266", kill_on_drop: false }`
[INFO] [stdout] 71ce9c0b7072b7a2c4913f4ca99ef5c5874d3321988a258570205d5af3d85266
