[INFO] fetching crate satrs-mib-codegen 0.1.2...
[INFO] testing satrs-mib-codegen-0.1.2 against 1.99.0-beta.8+cargoflags=--release for beta-release-1.100-2
[INFO] extracting crate satrs-mib-codegen 0.1.2 into /workspace/builds/worker-0-tc1/source
[INFO] started tweaking crates.io crate satrs-mib-codegen 0.1.2
[INFO] removed 0 missing tests
[INFO] finished tweaking crates.io crate satrs-mib-codegen 0.1.2
[INFO] tweaked toml for crates.io crate satrs-mib-codegen 0.1.2 written to /workspace/builds/worker-0-tc1/source/Cargo.toml
[INFO] validating manifest of crates.io crate satrs-mib-codegen 0.1.2 on toolchain 1.99.0-beta.8
[INFO] running `Command { std: CARGO_HOME="/workspace/cargo-home" RUSTUP_HOME="/workspace/rustup-home" "/workspace/cargo-home/bin/cargo" "+1.99.0-beta.8" "metadata" "--manifest-path" "Cargo.toml" "--no-deps", kill_on_drop: false }`
[INFO] running `Command { std: CARGO_HOME="/workspace/cargo-home" RUSTUP_HOME="/workspace/rustup-home" "/workspace/cargo-home/bin/cargo" "+1.99.0-beta.8" "generate-lockfile" "--manifest-path" "Cargo.toml", kill_on_drop: false }`
[INFO] [stderr]     Updating crates.io index
[INFO] [stderr]      Locking 43 packages to highest compatible versions
[INFO] [stderr]       Adding satrs-shared v0.1.4 (available: v0.2.4)
[INFO] [stderr]       Adding syn v2.0.119 (available: v3.0.9)
[INFO] running `Command { std: CARGO_HOME="/workspace/cargo-home" RUSTUP_HOME="/workspace/rustup-home" "/workspace/cargo-home/bin/cargo" "+1.99.0-beta.8" "fetch" "--manifest-path" "Cargo.toml", kill_on_drop: false }`
[INFO] [stderr]  Downloading crates ...
[INFO] [stderr]   Downloaded delegate v0.10.0
[INFO] [stderr]   Downloaded satrs-shared v0.1.4
[INFO] [stderr]   Downloaded spacepackets v0.11.2
[INFO] running `Command { std: "docker" "create" "-v" "/var/lib/crater-agent-workspace/builds/worker-0-tc1/source:/opt/rustwide/workdir:ro,Z" "-v" "/var/lib/crater-agent-workspace/builds/worker-0-tc1/target:/opt/rustwide/target:rw,Z" "-v" "/var/lib/crater-agent-workspace/cargo-home:/opt/rustwide/cargo-home:ro,Z" "-v" "/var/lib/crater-agent-workspace/rustup-home:/opt/rustwide/rustup-home:ro,Z" "-m" "1610612736" "--network" "none" "ghcr.io/rust-lang/crates-build-env/linux@sha256:77db811e55d90add9212f6832c23229e3de5f1c1f9905e8cb07319ea15df73ac" "sleep" "infinity", kill_on_drop: false }`
[INFO] [stdout] b83ce01a877ccd36dc4defd993bb5933c509f8a491b975fdb9b94783a716c017
[INFO] running `Command { std: "docker" "start" "b83ce01a877ccd36dc4defd993bb5933c509f8a491b975fdb9b94783a716c017", kill_on_drop: false }`
[INFO] running `Command { std: "docker" "inspect" "b83ce01a877ccd36dc4defd993bb5933c509f8a491b975fdb9b94783a716c017", kill_on_drop: false }`
[INFO] running `Command { std: "docker" "exec" "-e" "SOURCE_DIR=/opt/rustwide/workdir" "-e" "CARGO_HOME=/opt/rustwide/cargo-home" "-e" "RUSTUP_HOME=/opt/rustwide/rustup-home" "-e" "CARGO_TARGET_DIR=/opt/rustwide/target" "-w" "/opt/rustwide/workdir" "--user" "0:0" "b83ce01a877ccd36dc4defd993bb5933c509f8a491b975fdb9b94783a716c017" "/opt/rustwide/cargo-home/bin/cargo" "+1.99.0-beta.8" "metadata" "--no-deps" "--format-version=1", kill_on_drop: false }`
[INFO] running `Command { std: "docker" "inspect" "b83ce01a877ccd36dc4defd993bb5933c509f8a491b975fdb9b94783a716c017", kill_on_drop: false }`
[INFO] running `Command { std: "docker" "exec" "-e" "SOURCE_DIR=/opt/rustwide/workdir" "-e" "CARGO_HOME=/opt/rustwide/cargo-home" "-e" "RUSTUP_HOME=/opt/rustwide/rustup-home" "-e" "CARGO_TARGET_DIR=/opt/rustwide/target" "-e" "CARGO_INCREMENTAL=0" "-e" "RUST_BACKTRACE=full" "-e" "RUSTFLAGS=--cap-lints=warn" "-e" "RUSTDOCFLAGS=--cap-lints=warn" "-w" "/opt/rustwide/workdir" "--user" "0:0" "b83ce01a877ccd36dc4defd993bb5933c509f8a491b975fdb9b94783a716c017" "/opt/rustwide/cargo-home/bin/cargo" "+1.99.0-beta.8" "build" "--frozen" "--message-format=json" "--release", kill_on_drop: false }`
[INFO] [stderr]    Compiling satrs-mib-codegen v0.1.2 (/opt/rustwide/workdir)
[INFO] [stderr]     Finished `release` profile [optimized] target(s) in 2.49s
[INFO] running `Command { std: "docker" "inspect" "b83ce01a877ccd36dc4defd993bb5933c509f8a491b975fdb9b94783a716c017", kill_on_drop: false }`
[INFO] running `Command { std: "docker" "exec" "-e" "SOURCE_DIR=/opt/rustwide/workdir" "-e" "CARGO_HOME=/opt/rustwide/cargo-home" "-e" "RUSTUP_HOME=/opt/rustwide/rustup-home" "-e" "CARGO_TARGET_DIR=/opt/rustwide/target" "-e" "CARGO_INCREMENTAL=0" "-e" "RUST_BACKTRACE=full" "-e" "RUSTFLAGS=--cap-lints=warn" "-e" "RUSTDOCFLAGS=--cap-lints=warn" "-w" "/opt/rustwide/workdir" "--user" "0:0" "b83ce01a877ccd36dc4defd993bb5933c509f8a491b975fdb9b94783a716c017" "/opt/rustwide/cargo-home/bin/cargo" "+1.99.0-beta.8" "test" "--frozen" "--no-run" "--message-format=json" "--release", kill_on_drop: false }`
[INFO] [stderr]    Compiling syn v2.0.119
[INFO] [stderr]    Compiling target-tuple v1.0.2
[INFO] [stderr]    Compiling proc-macro2 v1.0.107
[INFO] [stderr]    Compiling crc-catalog v2.5.0
[INFO] [stderr]    Compiling unicode-ident v1.0.27
[INFO] [stderr]    Compiling serde v1.0.229
[INFO] [stderr]    Compiling syn v1.0.109
[INFO] [stderr]    Compiling toml_parser v1.1.5+spec-1.1.0
[INFO] [stderr]    Compiling toml_writer v1.1.3+spec-1.1.0
[INFO] [stderr]    Compiling toml_datetime v1.1.2+spec-1.1.0
[INFO] [stderr]    Compiling serde_spanned v1.1.2
[INFO] [stderr]    Compiling num-traits v0.2.19
[INFO] [stderr]    Compiling serde_json v1.0.154
[INFO] [stderr]    Compiling termcolor v1.4.1
[INFO] [stderr]    Compiling glob v0.3.4
[INFO] [stderr]    Compiling crc v3.4.0
[INFO] [stderr]    Compiling dissimilar v1.0.11
[INFO] [stderr]    Compiling byteorder v1.5.0
[INFO] [stderr]    Compiling toml v1.1.8+spec-1.1.0
[INFO] [stderr]    Compiling quote v1.0.47
[INFO] [stderr]    Compiling trybuild v1.0.122
[INFO] [stderr]    Compiling zerocopy-derive v0.7.35
[INFO] [stderr]    Compiling num_enum_derive v0.7.6
[INFO] [stderr]    Compiling satrs-mib-codegen v0.1.2 (/opt/rustwide/workdir)
[INFO] [stderr]    Compiling delegate v0.10.0
[INFO] [stderr]    Compiling zerocopy v0.7.35
[INFO] [stderr]    Compiling num_enum v0.7.6
[INFO] [stderr]    Compiling spacepackets v0.11.2
[INFO] [stderr]    Compiling satrs-shared v0.1.4
[INFO] [stdout] error[E0432]: unresolved import `satrs_mib`
[INFO] [stdout]  --> tests/basic.rs:2:5
[INFO] [stdout]   |
[INFO] [stdout] 2 | use satrs_mib::resultcode;
[INFO] [stdout]   |     ^^^^^^^^^ use of unresolved module or unlinked crate `satrs_mib`
[INFO] [stdout]   |
[INFO] [stdout]   = help: if you wanted to use a crate named `satrs_mib`, use `cargo add satrs_mib` to add it to your `Cargo.toml`
[INFO] [stdout] 
[INFO] [stdout] 
[INFO] [stdout] For more information about this error, try `rustc --explain E0432`.
[INFO] [stdout] 
[INFO] [stderr] error: could not compile `satrs-mib-codegen` (test "basic") due to 1 previous error
[INFO] [stderr] warning: build failed, waiting for other jobs to finish...
[INFO] [stdout] error[E0433]: cannot find module or crate `satrs_mib` in this scope
[INFO] [stdout]  --> tests/verify_gen_struct.rs:1:5
[INFO] [stdout]   |
[INFO] [stdout] 1 | use satrs_mib::res_code::ResultU16Info;
[INFO] [stdout]   |     ^^^^^^^^^ use of unresolved module or unlinked crate `satrs_mib`
[INFO] [stdout]   |
[INFO] [stdout]   = help: if you wanted to use a crate named `satrs_mib`, use `cargo add satrs_mib` to add it to your `Cargo.toml`
[INFO] [stdout] 
[INFO] [stdout] 
[INFO] [stdout] error[E0432]: unresolved import `satrs_mib`
[INFO] [stdout]  --> tests/verify_gen_struct.rs:2:5
[INFO] [stdout]   |
[INFO] [stdout] 2 | use satrs_mib::resultcode;
[INFO] [stdout]   |     ^^^^^^^^^ use of unresolved module or unlinked crate `satrs_mib`
[INFO] [stdout]   |
[INFO] [stdout]   = help: if you wanted to use a crate named `satrs_mib`, use `cargo add satrs_mib` to add it to your `Cargo.toml`
[INFO] [stdout] 
[INFO] [stdout] 
[INFO] [stdout] error[E0425]: cannot find value `TEST_RESULT_EXT` in this scope
[INFO] [stdout]  --> tests/verify_gen_struct.rs:8:46
[INFO] [stdout]   |
[INFO] [stdout] 6 | const TEST_RESULT: ResultU16 = ResultU16::new(0, 1);
[INFO] [stdout]   | ---------------------------------------------------- similarly named constant `TEST_RESULT` defined here
[INFO] [stdout] 7 | // Create named reference of auto-generated struct, which can be used by IDEs etc.
[INFO] [stdout] 8 | const TEST_RESULT_EXT_REF: &ResultU16Info = &TEST_RESULT_EXT;
[INFO] [stdout]   |                                              ^^^^^^^^^^^^^^^
[INFO] [stdout]   |
[INFO] [stdout] help: a constant with a similar name exists
[INFO] [stdout]   |
[INFO] [stdout] 8 - const TEST_RESULT_EXT_REF: &ResultU16Info = &TEST_RESULT_EXT;
[INFO] [stdout] 8 + const TEST_RESULT_EXT_REF: &ResultU16Info = &TEST_RESULT;
[INFO] [stdout]   |
[INFO] [stdout] 
[INFO] [stdout] 
[INFO] [stdout] error[E0425]: cannot find value `TEST_RESULT_EXT` in this scope
[INFO] [stdout]   --> tests/verify_gen_struct.rs:11:16
[INFO] [stdout]    |
[INFO] [stdout]  6 | const TEST_RESULT: ResultU16 = ResultU16::new(0, 1);
[INFO] [stdout]    | ---------------------------------------------------- similarly named constant `TEST_RESULT` defined here
[INFO] [stdout] ...
[INFO] [stdout] 11 |     assert_eq!(TEST_RESULT_EXT.name, "TEST_RESULT");
[INFO] [stdout]    |                ^^^^^^^^^^^^^^^
[INFO] [stdout]    |
[INFO] [stdout] help: a constant with a similar name exists
[INFO] [stdout]    |
[INFO] [stdout] 11 -     assert_eq!(TEST_RESULT_EXT.name, "TEST_RESULT");
[INFO] [stdout] 11 +     assert_eq!(TEST_RESULT.name, "TEST_RESULT");
[INFO] [stdout]    |
[INFO] [stdout] 
[INFO] [stdout] 
[INFO] [stdout] error[E0425]: cannot find value `TEST_RESULT_EXT` in this scope
[INFO] [stdout]   --> tests/verify_gen_struct.rs:12:16
[INFO] [stdout]    |
[INFO] [stdout]  6 | const TEST_RESULT: ResultU16 = ResultU16::new(0, 1);
[INFO] [stdout]    | ---------------------------------------------------- similarly named constant `TEST_RESULT` defined here
[INFO] [stdout] ...
[INFO] [stdout] 12 |     assert_eq!(TEST_RESULT_EXT.result, &TEST_RESULT);
[INFO] [stdout]    |                ^^^^^^^^^^^^^^^
[INFO] [stdout]    |
[INFO] [stdout] help: a constant with a similar name exists
[INFO] [stdout]    |
[INFO] [stdout] 12 -     assert_eq!(TEST_RESULT_EXT.result, &TEST_RESULT);
[INFO] [stdout] 12 +     assert_eq!(TEST_RESULT.result, &TEST_RESULT);
[INFO] [stdout]    |
[INFO] [stdout] 
[INFO] [stdout] 
[INFO] [stdout] error[E0425]: cannot find value `TEST_RESULT_EXT` in this scope
[INFO] [stdout]   --> tests/verify_gen_struct.rs:14:9
[INFO] [stdout]    |
[INFO] [stdout]  6 | const TEST_RESULT: ResultU16 = ResultU16::new(0, 1);
[INFO] [stdout]    | ---------------------------------------------------- similarly named constant `TEST_RESULT` defined here
[INFO] [stdout] ...
[INFO] [stdout] 14 |         TEST_RESULT_EXT.info,
[INFO] [stdout]    |         ^^^^^^^^^^^^^^^
[INFO] [stdout]    |
[INFO] [stdout] help: a constant with a similar name exists
[INFO] [stdout]    |
[INFO] [stdout] 14 -         TEST_RESULT_EXT.info,
[INFO] [stdout] 14 +         TEST_RESULT.info,
[INFO] [stdout]    |
[INFO] [stdout] 
[INFO] [stdout] 
[INFO] [stdout] Some errors have detailed explanations: E0425, E0432, E0433.
[INFO] [stdout] 
[INFO] [stdout] For more information about an error, try `rustc --explain E0425`.
[INFO] [stdout] 
[INFO] [stderr] error: could not compile `satrs-mib-codegen` (test "verify_gen_struct") due to 6 previous errors
[INFO] [stdout] error[E0432]: unresolved import `satrs_mib`
[INFO] [stdout]  --> tests/basic_with_info.rs:2:5
[INFO] [stdout]   |
[INFO] [stdout] 2 | use satrs_mib::resultcode;
[INFO] [stdout]   |     ^^^^^^^^^ use of unresolved module or unlinked crate `satrs_mib`
[INFO] [stdout]   |
[INFO] [stdout]   = help: if you wanted to use a crate named `satrs_mib`, use `cargo add satrs_mib` to add it to your `Cargo.toml`
[INFO] [stdout] 
[INFO] [stdout] 
[INFO] [stderr] error: could not compile `satrs-mib-codegen` (test "basic_with_info") due to 1 previous error
[INFO] [stdout] For more information about this error, try `rustc --explain E0432`.
[INFO] [stdout] 
[INFO] running `Command { std: "docker" "inspect" "b83ce01a877ccd36dc4defd993bb5933c509f8a491b975fdb9b94783a716c017", kill_on_drop: false }`
[INFO] running `Command { std: "docker" "rm" "-f" "b83ce01a877ccd36dc4defd993bb5933c509f8a491b975fdb9b94783a716c017", kill_on_drop: false }`
[INFO] [stdout] b83ce01a877ccd36dc4defd993bb5933c509f8a491b975fdb9b94783a716c017
