[INFO] fetching crate sat-solvers 0.1.1...
[INFO] testing sat-solvers-0.1.1 against 1.100.0-beta.1+cargoflags=--release for beta-release-1.100-2
[INFO] extracting crate sat-solvers 0.1.1 into /workspace/builds/worker-7-tc2/source
[INFO] started tweaking crates.io crate sat-solvers 0.1.1
[INFO] removed 0 missing tests
[INFO] finished tweaking crates.io crate sat-solvers 0.1.1
[INFO] tweaked toml for crates.io crate sat-solvers 0.1.1 written to /workspace/builds/worker-7-tc2/source/Cargo.toml
[INFO] validating manifest of crates.io crate sat-solvers 0.1.1 on toolchain 1.100.0-beta.1
[INFO] running `Command { std: CARGO_HOME="/workspace/cargo-home" RUSTUP_HOME="/workspace/rustup-home" "/workspace/cargo-home/bin/cargo" "+1.100.0-beta.1" "metadata" "--manifest-path" "Cargo.toml" "--no-deps", kill_on_drop: false }`
[INFO] crate crates.io crate sat-solvers 0.1.1 already has a lockfile, it will not be regenerated
[INFO] running `Command { std: CARGO_HOME="/workspace/cargo-home" RUSTUP_HOME="/workspace/rustup-home" "/workspace/cargo-home/bin/cargo" "+1.100.0-beta.1" "fetch" "--manifest-path" "Cargo.toml", kill_on_drop: false }`
[INFO] [stderr] warning: `package.homepage` is redundant with `package.repository`
[INFO] [stderr]   --> Cargo.toml:37:12
[INFO] [stderr]    |
[INFO] [stderr] 37 | homepage = "https://github.com/alexjackson1/sat-solvers"
[INFO] [stderr]    |            ^^^^^^^^^^^^^^^^^^^^^^^^^^^^^^^^^^^^^^^^^^^^^
[INFO] [stderr] ...
[INFO] [stderr] 42 | repository = "https://github.com/alexjackson1/sat-solvers"
[INFO] [stderr]    |              ---------------------------------------------
[INFO] [stderr]    |
[INFO] [stderr]    = note: `cargo::redundant_homepage` is set to `warn` by default
[INFO] [stderr] help: consider removing `package.homepage`
[INFO] [stderr] warning: `sat-solvers` (manifest) generated 1 warning
[INFO] running `Command { std: "docker" "create" "-v" "/var/lib/crater-agent-workspace/builds/worker-7-tc2/source:/opt/rustwide/workdir:ro,Z" "-v" "/var/lib/crater-agent-workspace/builds/worker-7-tc2/target:/opt/rustwide/target:rw,Z" "-v" "/var/lib/crater-agent-workspace/cargo-home:/opt/rustwide/cargo-home:ro,Z" "-v" "/var/lib/crater-agent-workspace/rustup-home:/opt/rustwide/rustup-home:ro,Z" "-m" "1610612736" "--network" "none" "ghcr.io/rust-lang/crates-build-env/linux@sha256:77db811e55d90add9212f6832c23229e3de5f1c1f9905e8cb07319ea15df73ac" "sleep" "infinity", kill_on_drop: false }`
[INFO] [stdout] 15a12c3fb2a57a2fe1ae0a87b95e25d59dcdbf83c2242e564961affd54ca1f7d
[INFO] running `Command { std: "docker" "start" "15a12c3fb2a57a2fe1ae0a87b95e25d59dcdbf83c2242e564961affd54ca1f7d", kill_on_drop: false }`
[INFO] running `Command { std: "docker" "inspect" "15a12c3fb2a57a2fe1ae0a87b95e25d59dcdbf83c2242e564961affd54ca1f7d", kill_on_drop: false }`
[INFO] running `Command { std: "docker" "exec" "-e" "SOURCE_DIR=/opt/rustwide/workdir" "-e" "CARGO_HOME=/opt/rustwide/cargo-home" "-e" "RUSTUP_HOME=/opt/rustwide/rustup-home" "-e" "CARGO_TARGET_DIR=/opt/rustwide/target" "-w" "/opt/rustwide/workdir" "--user" "0:0" "15a12c3fb2a57a2fe1ae0a87b95e25d59dcdbf83c2242e564961affd54ca1f7d" "/opt/rustwide/cargo-home/bin/cargo" "+1.100.0-beta.1" "metadata" "--no-deps" "--format-version=1", kill_on_drop: false }`
[INFO] running `Command { std: "docker" "inspect" "15a12c3fb2a57a2fe1ae0a87b95e25d59dcdbf83c2242e564961affd54ca1f7d", kill_on_drop: false }`
[INFO] running `Command { std: "docker" "exec" "-e" "SOURCE_DIR=/opt/rustwide/workdir" "-e" "CARGO_HOME=/opt/rustwide/cargo-home" "-e" "RUSTUP_HOME=/opt/rustwide/rustup-home" "-e" "CARGO_TARGET_DIR=/opt/rustwide/target" "-e" "CARGO_INCREMENTAL=0" "-e" "RUST_BACKTRACE=full" "-e" "RUSTFLAGS=--cap-lints=warn" "-e" "RUSTDOCFLAGS=--cap-lints=warn" "-w" "/opt/rustwide/workdir" "--user" "0:0" "15a12c3fb2a57a2fe1ae0a87b95e25d59dcdbf83c2242e564961affd54ca1f7d" "/opt/rustwide/cargo-home/bin/cargo" "+1.100.0-beta.1" "build" "--frozen" "--message-format=json" "--release", kill_on_drop: false }`
[INFO] [stderr] warning: `package.homepage` is redundant with `package.repository`
[INFO] [stderr]   --> Cargo.toml:37:12
[INFO] [stderr]    |
[INFO] [stderr] 37 | homepage = "https://github.com/alexjackson1/sat-solvers"
[INFO] [stderr]    |            ^^^^^^^^^^^^^^^^^^^^^^^^^^^^^^^^^^^^^^^^^^^^^
[INFO] [stderr] ...
[INFO] [stderr] 42 | repository = "https://github.com/alexjackson1/sat-solvers"
[INFO] [stderr]    |              ---------------------------------------------
[INFO] [stderr]    |
[INFO] [stderr]    = note: `cargo::redundant_homepage` is set to `warn` by default
[INFO] [stderr] help: consider removing `package.homepage`
[INFO] [stderr] warning: `sat-solvers` (manifest) generated 1 warning
[INFO] [stderr]    Compiling proc-macro2 v1.0.103
[INFO] [stderr]    Compiling unicode-ident v1.0.22
[INFO] [stderr]    Compiling quote v1.0.42
[INFO] [stderr]    Compiling libc v0.2.180
[INFO] [stderr]    Compiling getrandom v0.3.4
[INFO] [stderr]    Compiling rustix v1.1.3
[INFO] [stderr]    Compiling serde_core v1.0.228
[INFO] [stderr]    Compiling linux-raw-sys v0.11.0
[INFO] [stderr]    Compiling cfg-if v1.0.4
[INFO] [stderr]    Compiling serde v1.0.228
[INFO] [stderr]    Compiling thiserror v2.0.17
[INFO] [stderr]    Compiling bitflags v2.10.0
[INFO] [stderr]    Compiling once_cell v1.21.3
[INFO] [stderr]    Compiling sat-solvers v0.1.1 (/opt/rustwide/workdir)
[INFO] [stderr]    Compiling log v0.4.28
[INFO] [stderr]    Compiling syn v2.0.110
[INFO] [stderr] error: could not compile `rustix` (lib)
[INFO] [stderr] 
[INFO] [stderr] Caused by:
[INFO] [stderr]   process didn't exit successfully: `/opt/rustwide/rustup-home/toolchains/1.100.0-beta.1-x86_64-unknown-linux-gnu/bin/rustc --crate-name rustix --edition=2021 /opt/rustwide/cargo-home/registry/src/index.crates.io-1949cf8c6b5b557f/rustix-1.1.3/src/lib.rs --error-format=json --json=diagnostic-rendered-ansi,artifacts,future-incompat,unused-externs-silent --crate-type lib --emit=dep-info,metadata,link -C opt-level=3 -C embed-bitcode=no --cfg 'feature="alloc"' --cfg 'feature="default"' --cfg 'feature="fs"' --cfg 'feature="std"' --check-cfg 'cfg(docsrs,test)' --check-cfg 'cfg(feature, values("all-apis", "alloc", "core", "default", "event", "fs", "io_uring", "libc", "libc_errno", "linux_4_11", "linux_5_1", "linux_5_11", "linux_latest", "mm", "mount", "net", "param", "pipe", "process", "pty", "rand", "runtime", "rustc-dep-of-std", "rustc-std-workspace-alloc", "shm", "std", "stdio", "system", "termios", "thread", "time", "try_close", "use-explicitly-provided-auxv", "use-libc", "use-libc-auxv"))' -C metadata=8a2217eddb272215 -C extra-filename=-d446fed4773a340f --out-dir /opt/rustwide/target/release/build/rustix/d446fed4773a340f/out -C strip=debuginfo --extern bitflags=/opt/rustwide/target/release/build/bitflags/4b509395af94d244/out/libbitflags-4b509395af94d244.rmeta --extern linux_raw_sys=/opt/rustwide/target/release/build/linux-raw-sys/acf0a64239d0c97f/out/liblinux_raw_sys-acf0a64239d0c97f.rmeta --cap-lints allow --cap-lints=warn --force-warn=unused_crate_dependencies --cfg static_assertions --cfg lower_upper_exp_for_non_zero --cfg rustc_diagnostics --cfg linux_raw_dep --cfg linux_raw --cfg linux_like --cfg linux_kernel` (signal: 9, SIGKILL: kill)
[INFO] [stderr] warning: build failed, waiting for other jobs to finish...
[INFO] [stderr] error: could not compile `syn` (lib)
[INFO] [stderr] 
[INFO] [stderr] Caused by:
[INFO] [stderr]   process didn't exit successfully: `/opt/rustwide/rustup-home/toolchains/1.100.0-beta.1-x86_64-unknown-linux-gnu/bin/rustc --crate-name syn --edition=2021 /opt/rustwide/cargo-home/registry/src/index.crates.io-1949cf8c6b5b557f/syn-2.0.110/src/lib.rs --error-format=json --json=diagnostic-rendered-ansi,artifacts,future-incompat,unused-externs-silent --crate-type lib --emit=dep-info,metadata,link -C embed-bitcode=no -C debug-assertions=off --cfg 'feature="clone-impls"' --cfg 'feature="default"' --cfg 'feature="derive"' --cfg 'feature="parsing"' --cfg 'feature="printing"' --cfg 'feature="proc-macro"' --check-cfg 'cfg(docsrs,test)' --check-cfg 'cfg(feature, values("clone-impls", "default", "derive", "extra-traits", "fold", "full", "parsing", "printing", "proc-macro", "test", "visit", "visit-mut"))' -C metadata=c77bd32ee32537c5 -C extra-filename=-4c68c8a33a2395c7 --out-dir /opt/rustwide/target/release/build/syn/4c68c8a33a2395c7/out -C strip=debuginfo -L dependency=/opt/rustwide/target/release/build/proc-macro2/65328d7212518a11/out -L dependency=/opt/rustwide/target/release/build/unicode-ident/c79326c9fe5e1db9/out --extern proc_macro2=/opt/rustwide/target/release/build/proc-macro2/65328d7212518a11/out/libproc_macro2-65328d7212518a11.rmeta --extern quote=/opt/rustwide/target/release/build/quote/c053c075a4c1a1d3/out/libquote-c053c075a4c1a1d3.rmeta --extern unicode_ident=/opt/rustwide/target/release/build/unicode-ident/c79326c9fe5e1db9/out/libunicode_ident-c79326c9fe5e1db9.rmeta --cap-lints allow --cap-lints=warn --force-warn=unused_crate_dependencies` (signal: 9, SIGKILL: kill)
[INFO] [stderr] error: could not compile `serde_core` (lib)
[INFO] [stderr] 
[INFO] [stderr] Caused by:
[INFO] [stderr]   process didn't exit successfully: `/opt/rustwide/rustup-home/toolchains/1.100.0-beta.1-x86_64-unknown-linux-gnu/bin/rustc --crate-name serde_core --edition=2021 /opt/rustwide/cargo-home/registry/src/index.crates.io-1949cf8c6b5b557f/serde_core-1.0.228/src/lib.rs --error-format=json --json=diagnostic-rendered-ansi,artifacts,future-incompat,unused-externs-silent --crate-type lib --emit=dep-info,metadata,link -C opt-level=3 -C embed-bitcode=no --cfg 'feature="result"' --cfg 'feature="std"' --check-cfg 'cfg(docsrs,test)' --check-cfg 'cfg(feature, values("alloc", "default", "rc", "result", "std", "unstable"))' -C metadata=bb67b0492887ba8f -C extra-filename=-fc2e9ba380840c21 --out-dir /opt/rustwide/target/release/build/serde_core/fc2e9ba380840c21/out -C strip=debuginfo --cap-lints allow --cap-lints=warn --force-warn=unused_crate_dependencies --check-cfg 'cfg(if_docsrs_then_no_serde_core)' --check-cfg 'cfg(no_core_cstr)' --check-cfg 'cfg(no_core_error)' --check-cfg 'cfg(no_core_net)' --check-cfg 'cfg(no_core_num_saturating)' --check-cfg 'cfg(no_diagnostic_namespace)' --check-cfg 'cfg(no_serde_derive)' --check-cfg 'cfg(no_std_atomic)' --check-cfg 'cfg(no_std_atomic64)' --check-cfg 'cfg(no_target_has_atomic)'` (signal: 9, SIGKILL: kill)
[INFO] [stderr] warning: sat-solvers@0.1.1: CaDiCaL build failed
[INFO] [stderr] error: failed to run custom build command for `sat-solvers v0.1.1 (/opt/rustwide/workdir)`
[INFO] [stderr] note: To improve backtraces for build dependencies, set the CARGO_PROFILE_RELEASE_BUILD_OVERRIDE_DEBUG=true environment variable to enable debug information generation.
[INFO] [stderr] 
[INFO] [stderr] Caused by:
[INFO] [stderr]   process didn't exit successfully: `/opt/rustwide/target/release/build/sat-solvers/d36579688ac776b4/out/build_script_build` (exit status: 101)
[INFO] [stderr]   --- stdout
[INFO] [stderr]   cargo:rustc-env=MINISAT_VERSION=2.2.0
[INFO] [stderr]   cargo:rustc-env=CADICAL_VERSION=2.1.3
[INFO] [stderr]   Building in: /opt/rustwide/target/release/build/sat-solvers/23d38b8d736b3032/out
[INFO] [stderr]   Starting concurrent builds for 2 solver(s)...
[INFO] [stderr]   cargo:rerun-if-changed=lib/minisat
[INFO] [stderr]   MiniSAT source found at: lib/minisat
[INFO] [stderr]   Building MiniSAT v2.2.0 binary...
[INFO] [stderr]   cargo:rerun-if-changed=lib/cadical
[INFO] [stderr]   CaDiCaL source found at: lib/cadical
[INFO] [stderr]   Building CaDiCaL SAT solver...
[INFO] [stderr]   MiniSAT binary available at: /opt/rustwide/target/release/build/sat-solvers/23d38b8d736b3032/out/minisat/release/bin/minisat
[INFO] [stderr]   cargo:rustc-env=MINISAT_BINARY_PATH=/opt/rustwide/target/release/build/sat-solvers/23d38b8d736b3032/out/minisat/release/bin/minisat
[INFO] [stderr]   MiniSAT build completed successfully
[INFO] [stderr]   cargo:warning=CaDiCaL build failed
[INFO] [stderr] 
[INFO] [stderr]   --- stderr
[INFO] [stderr] 
[INFO] [stderr]   thread '<unnamed>' (393) panicked at build.rs:126:45:
[INFO] [stderr]   Failed to build CaDiCaL SAT solver: "Failed to build CaDiCaL with make: g++: fatal error: Killed signal terminated program cc1plus\ncompilation terminated.\nmake[1]: *** [makefile:48: block.o] Error 1\nmake[1]: *** Waiting for unfinished jobs....\ng++: fatal error: Killed signal terminated program cc1plus\ncompilation terminated.\nmake[1]: *** [makefile:48: bins.o] Error 1\ng++: fatal error: Killed signal terminated program cc1plus\ncompilation terminated.\nmake[1]: *** [makefile:48: cadical.o] Error 1\ng++: fatal error: Killed signal terminated program cc1plus\ncompilation terminated.\nmake[1]: *** [makefile:48: averages.o] Error 1\ng++: fatal error: Killed signal terminated program cc1plus\ncompilation terminated.\nmake[1]: *** [makefile:48: compact.o] Error 1\nmake: *** [makefile:19: cadical] Error 2\n"
[INFO] [stderr]   stack backtrace:
[INFO] [stderr]      0:     0x5c4f61139451 - <<std[617be2ca0a6fd877]::sys::backtrace::BacktraceLock>::print::DisplayBacktrace as core[a373ad73a504971]::fmt::Display>::fmt
[INFO] [stderr]      1:     0x5c4f6114b2ba - core[a373ad73a504971]::fmt::write
[INFO] [stderr]      2:     0x5c4f6113d7ec - <std[617be2ca0a6fd877]::sys::stdio::unix::Stderr as core[a373ad73a504971]::io::write::Write>::write_fmt
[INFO] [stderr]      3:     0x5c4f61115136 - std[617be2ca0a6fd877]::panicking::default_hook::{closure#0}
[INFO] [stderr]      4:     0x5c4f611310c1 - std[617be2ca0a6fd877]::panicking::default_hook
[INFO] [stderr]      5:     0x5c4f6113127b - std[617be2ca0a6fd877]::panicking::panic_with_hook
[INFO] [stderr]      6:     0x5c4f611151e2 - std[617be2ca0a6fd877]::panicking::panic_handler::{closure#0}
[INFO] [stderr]      7:     0x5c4f6110de59 - std[617be2ca0a6fd877]::sys::backtrace::__rust_end_short_backtrace::<std[617be2ca0a6fd877]::panicking::panic_handler::{closure#0}, !>
[INFO] [stderr]      8:     0x5c4f61115dbd - __rustc[ea4f61d10b84890b]::rust_begin_unwind
[INFO] [stderr]      9:     0x5c4f6114ba2c - core[a373ad73a504971]::panicking::panic_fmt
[INFO] [stderr]     10:     0x5c4f6114b802 - core[a373ad73a504971]::result::unwrap_failed
[INFO] [stderr]     11:     0x5c4f610fda24 - <core[a373ad73a504971]::result::Result<std[617be2ca0a6fd877]::path::PathBuf, alloc[2e1b2a31b91974c5]::string::String>>::expect
[INFO] [stderr]     12:     0x5c4f610f7142 - build_script_build[ac11f60fd340c035]::build_all::{closure#2}
[INFO] [stderr]     13:     0x5c4f610fc786 - std[617be2ca0a6fd877]::sys::backtrace::__rust_begin_short_backtrace::<build_script_build[ac11f60fd340c035]::build_all::{closure#2}, ()>
[INFO] [stderr]     14:     0x5c4f610f6b77 - std[617be2ca0a6fd877]::thread::lifecycle::spawn_unchecked::<build_script_build[ac11f60fd340c035]::build_all::{closure#2}, ()>::{closure#1}::{closure#0}
[INFO] [stderr]     15:     0x5c4f610fb4f0 - <core[a373ad73a504971]::panic::unwind_safe::AssertUnwindSafe<std[617be2ca0a6fd877]::thread::lifecycle::spawn_unchecked<build_script_build[ac11f60fd340c035]::build_all::{closure#2}, ()>::{closure#1}::{closure#0}> as core[a373ad73a504971]::ops::function::FnOnce<()>>::call_once
[INFO] [stderr]     16:     0x5c4f610f61fc - std[617be2ca0a6fd877]::panicking::catch_unwind::do_call::<core[a373ad73a504971]::panic::unwind_safe::AssertUnwindSafe<std[617be2ca0a6fd877]::thread::lifecycle::spawn_unchecked<build_script_build[ac11f60fd340c035]::build_all::{closure#2}, ()>::{closure#1}::{closure#0}>, ()>
[INFO] [stderr]     17:     0x5c4f610fb8ab - __rust_try
[INFO] [stderr]     18:     0x5c4f610f6550 - std[617be2ca0a6fd877]::thread::lifecycle::spawn_unchecked::<build_script_build[ac11f60fd340c035]::build_all::{closure#2}, ()>::{closure#1}
[INFO] [stderr]     19:     0x5c4f610f72b6 - <std[617be2ca0a6fd877]::thread::lifecycle::spawn_unchecked<build_script_build[ac11f60fd340c035]::build_all::{closure#2}, ()>::{closure#1} as core[a373ad73a504971]::ops::function::FnOnce<()>>::call_once::{shim:vtable#0}
[INFO] [stderr]     20:     0x5c4f61138bef - <std[617be2ca0a6fd877]::sys::thread::unix::Thread>::new::thread_start
[INFO] [stderr]     21:     0x7d3d92e8bdfa - <unknown>
[INFO] [stderr]     22:     0x7d3d92f1f3d4 - clone
[INFO] [stderr]     23:                0x0 - <unknown>
[INFO] [stderr] 
[INFO] [stderr]   thread 'main' (388) panicked at build.rs:55:13:
[INFO] [stderr]   Failed to build SAT solvers: Build errors: CaDiCaL build failed
[INFO] [stderr]   stack backtrace:
[INFO] [stderr]      0:     0x5c4f61139451 - <<std[617be2ca0a6fd877]::sys::backtrace::BacktraceLock>::print::DisplayBacktrace as core[a373ad73a504971]::fmt::Display>::fmt
[INFO] [stderr]      1:     0x5c4f6114b2ba - core[a373ad73a504971]::fmt::write
[INFO] [stderr]      2:     0x5c4f6113d7ec - <std[617be2ca0a6fd877]::sys::stdio::unix::Stderr as core[a373ad73a504971]::io::write::Write>::write_fmt
[INFO] [stderr]      3:     0x5c4f61115136 - std[617be2ca0a6fd877]::panicking::default_hook::{closure#0}
[INFO] [stderr]      4:     0x5c4f611310c1 - std[617be2ca0a6fd877]::panicking::default_hook
[INFO] [stderr]      5:     0x5c4f6113127b - std[617be2ca0a6fd877]::panicking::panic_with_hook
[INFO] [stderr]      6:     0x5c4f611151e2 - std[617be2ca0a6fd877]::panicking::panic_handler::{closure#0}
[INFO] [stderr]      7:     0x5c4f6110de59 - std[617be2ca0a6fd877]::sys::backtrace::__rust_end_short_backtrace::<std[617be2ca0a6fd877]::panicking::panic_handler::{closure#0}, !>
[INFO] [stderr]      8:     0x5c4f61115dbd - __rustc[ea4f61d10b84890b]::rust_begin_unwind
[INFO] [stderr]      9:     0x5c4f6114ba2c - core[a373ad73a504971]::panicking::panic_fmt
[INFO] [stderr]     10:     0x5c4f610f6fd5 - build_script_build[ac11f60fd340c035]::main::{closure#0}
[INFO] [stderr]     11:     0x5c4f610fbc45 - <core[a373ad73a504971]::result::Result<(), alloc[2e1b2a31b91974c5]::string::String>>::unwrap_or_else::<build_script_build[ac11f60fd340c035]::main::{closure#0}>
[INFO] [stderr]     12:     0x5c4f610f8ad8 - build_script_build[ac11f60fd340c035]::main
[INFO] [stderr]     13:     0x5c4f610fb703 - <fn() as core[a373ad73a504971]::ops::function::FnOnce<()>>::call_once
[INFO] [stderr]     14:     0x5c4f610fc76e - std[617be2ca0a6fd877]::sys::backtrace::__rust_begin_short_backtrace::<fn(), ()>
[INFO] [stderr]     15:     0x5c4f610fd579 - std[617be2ca0a6fd877]::rt::lang_start::<()>::{closure#0}
[INFO] [stderr]     16:     0x5c4f61130538 - std[617be2ca0a6fd877]::rt::lang_start_internal
[INFO] [stderr]     17:     0x5c4f610fc661 - std[617be2ca0a6fd877]::rt::lang_start::<()>
[INFO] [stderr]     18:     0x5c4f610fb8e5 - main
[INFO] [stderr]     19:     0x7d3d92e12601 - <unknown>
[INFO] [stderr]     20:     0x7d3d92e12718 - __libc_start_main
[INFO] [stderr]     21:     0x5c4f610f25d5 - _start
[INFO] [stderr]     22:                0x0 - <unknown>
[INFO] running `Command { std: "docker" "inspect" "15a12c3fb2a57a2fe1ae0a87b95e25d59dcdbf83c2242e564961affd54ca1f7d", kill_on_drop: false }`
[INFO] running `Command { std: "docker" "rm" "-f" "15a12c3fb2a57a2fe1ae0a87b95e25d59dcdbf83c2242e564961affd54ca1f7d", kill_on_drop: false }`
[INFO] [stdout] 15a12c3fb2a57a2fe1ae0a87b95e25d59dcdbf83c2242e564961affd54ca1f7d
