[INFO] fetching crate sapphire-framework-sync 0.20.0...
[INFO] testing sapphire-framework-sync-0.20.0 against 1.100.0-beta.1+cargoflags=--release for beta-release-1.100-2
[INFO] extracting crate sapphire-framework-sync 0.20.0 into /workspace/builds/worker-4-tc2/source
[INFO] started tweaking crates.io crate sapphire-framework-sync 0.20.0
[INFO] removed 0 missing tests
[INFO] finished tweaking crates.io crate sapphire-framework-sync 0.20.0
[INFO] tweaked toml for crates.io crate sapphire-framework-sync 0.20.0 written to /workspace/builds/worker-4-tc2/source/Cargo.toml
[INFO] validating manifest of crates.io crate sapphire-framework-sync 0.20.0 on toolchain 1.100.0-beta.1
[INFO] running `Command { std: CARGO_HOME="/workspace/cargo-home" RUSTUP_HOME="/workspace/rustup-home" "/workspace/cargo-home/bin/cargo" "+1.100.0-beta.1" "metadata" "--manifest-path" "Cargo.toml" "--no-deps", kill_on_drop: false }`
[INFO] crate crates.io crate sapphire-framework-sync 0.20.0 already has a lockfile, it will not be regenerated
[INFO] running `Command { std: CARGO_HOME="/workspace/cargo-home" RUSTUP_HOME="/workspace/rustup-home" "/workspace/cargo-home/bin/cargo" "+1.100.0-beta.1" "fetch" "--manifest-path" "Cargo.toml", kill_on_drop: false }`
[INFO] running `Command { std: "docker" "create" "-v" "/var/lib/crater-agent-workspace/builds/worker-4-tc2/source:/opt/rustwide/workdir:ro,Z" "-v" "/var/lib/crater-agent-workspace/builds/worker-4-tc2/target:/opt/rustwide/target:rw,Z" "-v" "/var/lib/crater-agent-workspace/cargo-home:/opt/rustwide/cargo-home:ro,Z" "-v" "/var/lib/crater-agent-workspace/rustup-home:/opt/rustwide/rustup-home:ro,Z" "-m" "1610612736" "--network" "none" "ghcr.io/rust-lang/crates-build-env/linux@sha256:77db811e55d90add9212f6832c23229e3de5f1c1f9905e8cb07319ea15df73ac" "sleep" "infinity", kill_on_drop: false }`
[INFO] [stdout] 17f2e056fdea8ad72fcf6ee275292654042073ece0a9e866bd9c0cb0bc162243
[INFO] running `Command { std: "docker" "start" "17f2e056fdea8ad72fcf6ee275292654042073ece0a9e866bd9c0cb0bc162243", kill_on_drop: false }`
[INFO] running `Command { std: "docker" "inspect" "17f2e056fdea8ad72fcf6ee275292654042073ece0a9e866bd9c0cb0bc162243", kill_on_drop: false }`
[INFO] running `Command { std: "docker" "exec" "-e" "SOURCE_DIR=/opt/rustwide/workdir" "-e" "CARGO_HOME=/opt/rustwide/cargo-home" "-e" "RUSTUP_HOME=/opt/rustwide/rustup-home" "-e" "CARGO_TARGET_DIR=/opt/rustwide/target" "-w" "/opt/rustwide/workdir" "--user" "0:0" "17f2e056fdea8ad72fcf6ee275292654042073ece0a9e866bd9c0cb0bc162243" "/opt/rustwide/cargo-home/bin/cargo" "+1.100.0-beta.1" "metadata" "--no-deps" "--format-version=1", kill_on_drop: false }`
[INFO] running `Command { std: "docker" "inspect" "17f2e056fdea8ad72fcf6ee275292654042073ece0a9e866bd9c0cb0bc162243", kill_on_drop: false }`
[INFO] running `Command { std: "docker" "exec" "-e" "SOURCE_DIR=/opt/rustwide/workdir" "-e" "CARGO_HOME=/opt/rustwide/cargo-home" "-e" "RUSTUP_HOME=/opt/rustwide/rustup-home" "-e" "CARGO_TARGET_DIR=/opt/rustwide/target" "-e" "CARGO_INCREMENTAL=0" "-e" "RUST_BACKTRACE=full" "-e" "RUSTFLAGS=--cap-lints=warn" "-e" "RUSTDOCFLAGS=--cap-lints=warn" "-w" "/opt/rustwide/workdir" "--user" "0:0" "17f2e056fdea8ad72fcf6ee275292654042073ece0a9e866bd9c0cb0bc162243" "/opt/rustwide/cargo-home/bin/cargo" "+1.100.0-beta.1" "build" "--frozen" "--message-format=json" "--release", kill_on_drop: false }`
[INFO] [stderr]    Compiling unicode-ident v1.0.27
[INFO] [stderr]    Compiling either v1.19.0
[INFO] [stderr]    Compiling libc v0.2.190
[INFO] [stderr]    Compiling rustix v1.1.5
[INFO] [stderr]    Compiling foldhash v0.1.5
[INFO] [stderr]    Compiling prettyplease v0.2.37
[INFO] [stderr]    Compiling bitflags v2.13.2
[INFO] [stderr]    Compiling linux-raw-sys v0.12.1
[INFO] [stderr]    Compiling serde_core v1.0.229
[INFO] [stderr]    Compiling regex-syntax v0.8.11
[INFO] [stderr]    Compiling memchr v2.8.3
[INFO] [stderr]    Compiling cfg-if v1.0.5
[INFO] [stderr]    Compiling bytes v1.12.1
[INFO] [stderr]    Compiling equivalent v1.0.3
[INFO] [stderr]    Compiling hashbrown v0.17.1
[INFO] [stderr]    Compiling fixedbitset v0.5.7
[INFO] [stderr]    Compiling once_cell v1.21.4
[INFO] [stderr]    Compiling crossbeam-utils v0.8.23
[INFO] [stderr]    Compiling proc-macro2 v1.0.107
[INFO] [stderr]    Compiling fastrand v2.5.0
[INFO] [stderr]    Compiling hashbrown v0.15.5
[INFO] [stderr]    Compiling getrandom v0.4.3
[INFO] [stderr]    Compiling rand_core v0.10.1
[INFO] [stderr]    Compiling typenum v1.20.1
[INFO] [stderr]    Compiling cpufeatures v0.3.1
[INFO] [stderr]    Compiling itertools v0.14.0
[INFO] [stderr]    Compiling crossbeam-epoch v0.9.21
[INFO] [stderr]    Compiling log v0.4.34
[INFO] [stderr]    Compiling multimap v0.10.1
[INFO] [stderr]    Compiling heck v0.5.0
[INFO] [stderr]    Compiling crossbeam-deque v0.8.8
[INFO] [stderr]    Compiling thiserror v2.0.21
[INFO] [stderr]    Compiling chacha20 v0.10.2
[INFO] [stderr]    Compiling redb v4.4.0
[INFO] [stderr]    Compiling serde_json v1.0.154
[INFO] [stderr]    Compiling aho-corasick v1.1.5
[INFO] [stderr]    Compiling bstr v1.13.1
[INFO] [stderr]    Compiling quote v1.0.47
[INFO] [stderr]    Compiling syn v2.0.119
[INFO] [stderr]    Compiling syn v3.0.9
[INFO] [stderr]    Compiling indexmap v2.14.2
[INFO] [stderr]    Compiling rand v0.10.3
[INFO] [stderr]    Compiling hybrid-array v0.4.15
[INFO] [stderr]    Compiling petgraph v0.8.3
[INFO] [stderr]    Compiling regex-automata v0.4.18
[INFO] [stderr]    Compiling crypto-common v0.2.2
[INFO] [stderr]    Compiling block-buffer v0.12.1
[INFO] [stderr]    Compiling tempfile v3.27.0
[INFO] [stderr]    Compiling digest v0.11.3
[INFO] [stderr]    Compiling sha2 v0.11.1
[INFO] [stderr]    Compiling thiserror-impl v2.0.21
[INFO] [stderr]    Compiling serde_derive v1.0.229
[INFO] [stderr]    Compiling uuid v1.28.0
[INFO] [stderr]    Compiling regex v1.13.1
[INFO] [stderr]    Compiling prost-derive v0.14.4
[INFO] [stderr]    Compiling tracing-attributes v0.1.31
[INFO] [stderr]    Compiling globset v0.4.20
[INFO] [stderr]    Compiling ignore v0.4.33
[INFO] [stderr]    Compiling tracing v0.1.44
[INFO] [stderr]    Compiling serde v1.0.229
[INFO] [stderr]    Compiling prost v0.14.4
[INFO] [stderr]    Compiling prost-types v0.14.4
[INFO] [stderr]    Compiling prost-build v0.14.4
[INFO] [stderr]    Compiling grain-id v0.16.0
[INFO] [stderr]    Compiling sapphire-framework-sync v0.20.0 (/opt/rustwide/workdir)
[INFO] [stderr]     Finished `release` profile [optimized] target(s) in 57.34s
[INFO] running `Command { std: "docker" "inspect" "17f2e056fdea8ad72fcf6ee275292654042073ece0a9e866bd9c0cb0bc162243", kill_on_drop: false }`
[INFO] running `Command { std: "docker" "exec" "-e" "SOURCE_DIR=/opt/rustwide/workdir" "-e" "CARGO_HOME=/opt/rustwide/cargo-home" "-e" "RUSTUP_HOME=/opt/rustwide/rustup-home" "-e" "CARGO_TARGET_DIR=/opt/rustwide/target" "-e" "CARGO_INCREMENTAL=0" "-e" "RUST_BACKTRACE=full" "-e" "RUSTFLAGS=--cap-lints=warn" "-e" "RUSTDOCFLAGS=--cap-lints=warn" "-w" "/opt/rustwide/workdir" "--user" "0:0" "17f2e056fdea8ad72fcf6ee275292654042073ece0a9e866bd9c0cb0bc162243" "/opt/rustwide/cargo-home/bin/cargo" "+1.100.0-beta.1" "test" "--frozen" "--no-run" "--message-format=json" "--release", kill_on_drop: false }`
[INFO] [stderr]    Compiling rustix v1.1.5
[INFO] [stderr]    Compiling bitflags v2.13.2
[INFO] [stderr]    Compiling num-traits v0.2.19
[INFO] [stderr]    Compiling regex-automata v0.4.18
[INFO] [stderr]    Compiling fastrand v2.5.0
[INFO] [stderr]    Compiling wait-timeout v0.2.1
[INFO] [stderr]    Compiling quick-error v1.2.3
[INFO] [stderr]    Compiling fnv v1.0.7
[INFO] [stderr]    Compiling bit-vec v0.10.1
[INFO] [stderr]    Compiling rand_xorshift v0.5.0
[INFO] [stderr]    Compiling core_detect v1.0.0
[INFO] [stderr]    Compiling unarray v0.1.4
[INFO] [stderr]    Compiling bit-set v0.11.1
[INFO] [stderr]    Compiling tempfile v3.27.0
[INFO] [stderr]    Compiling rusty-fork v0.3.1
[INFO] [stderr]    Compiling proptest v1.12.0
[INFO] [stderr]    Compiling globset v0.4.20
[INFO] [stderr]    Compiling ignore v0.4.33
[INFO] [stderr]    Compiling sapphire-framework-sync v0.20.0 (/opt/rustwide/workdir)
[INFO] [stdout] error[E0432]: unresolved import `sapphire_framework_sync::testing`
[INFO] [stdout]   --> tests/common/mod.rs:8:30
[INFO] [stdout]    |
[INFO] [stdout]  8 | use sapphire_framework_sync::testing::ManualClock;
[INFO] [stdout]    |                              ^^^^^^^ could not find `testing` in `sapphire_framework_sync`
[INFO] [stdout]    |
[INFO] [stdout] note: found an item that was configured out
[INFO] [stdout]   --> src/lib.rs:18:9
[INFO] [stdout]    |
[INFO] [stdout] 17 | #[cfg(any(test, feature = "test-util"))]
[INFO] [stdout]    |          ----------------------------- the item is gated here
[INFO] [stdout] 18 | pub mod testing;
[INFO] [stdout]    |         ^^^^^^^
[INFO] [stdout] 
[INFO] [stdout] 
[INFO] [stdout] error[E0432]: unresolved import `sapphire_framework_sync::testing`
[INFO] [stdout]   --> tests/replica_conflict.rs:6:30
[INFO] [stdout]    |
[INFO] [stdout]  6 | use sapphire_framework_sync::testing::MapSource;
[INFO] [stdout]    |                              ^^^^^^^ could not find `testing` in `sapphire_framework_sync`
[INFO] [stdout]    |
[INFO] [stdout] note: found an item that was configured out
[INFO] [stdout]   --> src/lib.rs:18:9
[INFO] [stdout]    |
[INFO] [stdout] 17 | #[cfg(any(test, feature = "test-util"))]
[INFO] [stdout]    |          ----------------------------- the item is gated here
[INFO] [stdout] 18 | pub mod testing;
[INFO] [stdout]    |         ^^^^^^^
[INFO] [stdout] 
[INFO] [stdout] 
[INFO] [stdout] error[E0432]: unresolved import `sapphire_framework_sync::testing`
[INFO] [stdout]   --> tests/common/mod.rs:8:30
[INFO] [stdout]    |
[INFO] [stdout]  8 | use sapphire_framework_sync::testing::ManualClock;
[INFO] [stdout]    |                              ^^^^^^^ could not find `testing` in `sapphire_framework_sync`
[INFO] [stdout]    |
[INFO] [stdout] note: found an item that was configured out
[INFO] [stdout]   --> src/lib.rs:18:9
[INFO] [stdout]    |
[INFO] [stdout] 17 | #[cfg(any(test, feature = "test-util"))]
[INFO] [stdout]    |          ----------------------------- the item is gated here
[INFO] [stdout] 18 | pub mod testing;
[INFO] [stdout]    |         ^^^^^^^
[INFO] [stdout] 
[INFO] [stdout] 
[INFO] [stdout] error[E0432]: unresolved import `sapphire_framework_sync::testing`
[INFO] [stdout]   --> tests/replica_guards.rs:4:30
[INFO] [stdout]    |
[INFO] [stdout]  4 | use sapphire_framework_sync::testing::FaultPoint;
[INFO] [stdout]    |                              ^^^^^^^ could not find `testing` in `sapphire_framework_sync`
[INFO] [stdout]    |
[INFO] [stdout] note: found an item that was configured out
[INFO] [stdout]   --> src/lib.rs:18:9
[INFO] [stdout]    |
[INFO] [stdout] 17 | #[cfg(any(test, feature = "test-util"))]
[INFO] [stdout]    |          ----------------------------- the item is gated here
[INFO] [stdout] 18 | pub mod testing;
[INFO] [stdout]    |         ^^^^^^^
[INFO] [stdout] 
[INFO] [stdout] 
[INFO] [stdout] error[E0432]: unresolved import `sapphire_framework_sync::testing`
[INFO] [stdout]   --> tests/golden.rs:5:30
[INFO] [stdout]    |
[INFO] [stdout]  5 | use sapphire_framework_sync::testing::ManualClock;
[INFO] [stdout]    |                              ^^^^^^^ could not find `testing` in `sapphire_framework_sync`
[INFO] [stdout]    |
[INFO] [stdout] note: found an item that was configured out
[INFO] [stdout]   --> src/lib.rs:18:9
[INFO] [stdout]    |
[INFO] [stdout] 17 | #[cfg(any(test, feature = "test-util"))]
[INFO] [stdout]    |          ----------------------------- the item is gated here
[INFO] [stdout] 18 | pub mod testing;
[INFO] [stdout]    |         ^^^^^^^
[INFO] [stdout] 
[INFO] [stdout] 
[INFO] [stdout] error[E0432]: unresolved import `sapphire_framework_sync::testing`
[INFO] [stdout]   --> tests/common/mod.rs:8:30
[INFO] [stdout]    |
[INFO] [stdout]  8 | use sapphire_framework_sync::testing::ManualClock;
[INFO] [stdout]    |                              ^^^^^^^ could not find `testing` in `sapphire_framework_sync`
[INFO] [stdout]    |
[INFO] [stdout] note: found an item that was configured out
[INFO] [stdout]   --> src/lib.rs:18:9
[INFO] [stdout]    |
[INFO] [stdout] 17 | #[cfg(any(test, feature = "test-util"))]
[INFO] [stdout]    |          ----------------------------- the item is gated here
[INFO] [stdout] 18 | pub mod testing;
[INFO] [stdout]    |         ^^^^^^^
[INFO] [stdout] 
[INFO] [stdout] 
[INFO] [stdout] error[E0432]: unresolved import `sapphire_framework_sync::testing`
[INFO] [stdout]   --> tests/replica_basic.rs:4:30
[INFO] [stdout]    |
[INFO] [stdout]  4 | use sapphire_framework_sync::testing::MapSource;
[INFO] [stdout]    |                              ^^^^^^^ could not find `testing` in `sapphire_framework_sync`
[INFO] [stdout]    |
[INFO] [stdout] note: found an item that was configured out
[INFO] [stdout]   --> src/lib.rs:18:9
[INFO] [stdout]    |
[INFO] [stdout] 17 | #[cfg(any(test, feature = "test-util"))]
[INFO] [stdout]    |          ----------------------------- the item is gated here
[INFO] [stdout] 18 | pub mod testing;
[INFO] [stdout]    |         ^^^^^^^
[INFO] [stdout] 
[INFO] [stdout] 
[INFO] [stdout] error[E0432]: unresolved import `sapphire_framework_sync::testing`
[INFO] [stdout]   --> tests/common/mod.rs:8:30
[INFO] [stdout]    |
[INFO] [stdout]  8 | use sapphire_framework_sync::testing::ManualClock;
[INFO] [stdout]    |                              ^^^^^^^ could not find `testing` in `sapphire_framework_sync`
[INFO] [stdout]    |
[INFO] [stdout] note: found an item that was configured out
[INFO] [stdout]   --> src/lib.rs:18:9
[INFO] [stdout]    |
[INFO] [stdout] 17 | #[cfg(any(test, feature = "test-util"))]
[INFO] [stdout]    |          ----------------------------- the item is gated here
[INFO] [stdout] 18 | pub mod testing;
[INFO] [stdout]    |         ^^^^^^^
[INFO] [stdout] 
[INFO] [stdout] 
[INFO] [stdout] error[E0599]: no associated function or constant named `open_with_replica_id` found for struct `Replica` in the current scope
[INFO] [stdout]    --> tests/golden.rs:29:28
[INFO] [stdout]     |
[INFO] [stdout]  29 |     let replica = Replica::open_with_replica_id(config, clock.clone(), id).unwrap();
[INFO] [stdout]     |                            ^^^^^^^^^^^^^^^^^^^^ associated function or constant not found in `Replica`
[INFO] [stdout]     |
[INFO] [stdout] note: if you're trying to build a new `Replica`, consider using `Replica::open` which returns `Result<Replica, sapphire_framework_sync::Error>`
[INFO] [stdout]    --> src/replica.rs:214:5
[INFO] [stdout]     |
[INFO] [stdout] 214 |     pub fn open(config: ReplicaConfig, clock: Arc<dyn Clock>) -> Result<Self> {
[INFO] [stdout]     |     ^^^^^^^^^^^^^^^^^^^^^^^^^^^^^^^^^^^^^^^^^^^^^^^^^^^^^^^^^^^^^^^^^^^^^^^^^
[INFO] [stdout] help: there is a method `replica_id` with a similar name, but with different arguments
[INFO] [stdout]    --> src/replica.rs:239:5
[INFO] [stdout]     |
[INFO] [stdout] 239 |     pub fn replica_id(&self) -> ReplicaId {
[INFO] [stdout]     |     ^^^^^^^^^^^^^^^^^^^^^^^^^^^^^^^^^^^^^
[INFO] [stdout] 
[INFO] [stdout] 
[INFO] [stdout] error[E0599]: no method named `logical_dump` found for struct `Replica` in the current scope
[INFO] [stdout]   --> tests/golden.rs:87:24
[INFO] [stdout]    |
[INFO] [stdout] 87 |         "a": a.replica.logical_dump().unwrap(),
[INFO] [stdout]    |                        ^^^^^^^^^^^^ method not found in `Replica`
[INFO] [stdout] 
[INFO] [stdout] 
[INFO] [stdout] error[E0599]: no method named `inject_fault` found for struct `Replica` in the current scope
[INFO] [stdout]   --> tests/replica_guards.rs:79:15
[INFO] [stdout]    |
[INFO] [stdout] 79 |     b.replica.inject_fault(FaultPoint::AfterCommitBeforeWrite);
[INFO] [stdout]    |               ^^^^^^^^^^^^ method not found in `Replica`
[INFO] [stdout] 
[INFO] [stdout] 
[INFO] [stdout] error[E0599]: no variant, associated function, or constant named `InjectedFault` found for enum `sapphire_framework_sync::Error` in the current scope
[INFO] [stdout]   --> tests/replica_guards.rs:83:20
[INFO] [stdout]    |
[INFO] [stdout] 83 |         Err(Error::InjectedFault)
[INFO] [stdout]    |                    ^^^^^^^^^^^^^ variant, associated function, or constant not found in `sapphire_framework_sync::Error`
[INFO] [stdout] 
[INFO] [stdout] 
[INFO] [stderr] error: could not compile `sapphire-framework-sync` (test "golden") due to 4 previous errors
[INFO] [stdout] error[E0599]: no method named `logical_dump` found for struct `Replica` in the current scope
[INFO] [stdout]   --> tests/golden.rs:88:24
[INFO] [stdout]    |
[INFO] [stdout] 88 |         "b": b.replica.logical_dump().unwrap(),
[INFO] [stdout]    |                        ^^^^^^^^^^^^ method not found in `Replica`
[INFO] [stdout] 
[INFO] [stdout] 
[INFO] [stderr] warning: build failed, waiting for other jobs to finish...
[INFO] [stdout] error[E0599]: no method named `inject_fault` found for struct `Replica` in the current scope
[INFO] [stdout]    --> tests/replica_guards.rs:114:15
[INFO] [stdout]     |
[INFO] [stdout] 114 |     b.replica.inject_fault(FaultPoint::AfterCommitBeforeWrite);
[INFO] [stdout]     |               ^^^^^^^^^^^^ method not found in `Replica`
[INFO] [stdout] 
[INFO] [stdout] 
[INFO] [stdout] Some errors have detailed explanations: E0432, E0599.
[INFO] [stdout] 
[INFO] [stdout] For more information about an error, try `rustc --explain E0432`.
[INFO] [stdout] 
[INFO] [stdout] error[E0599]: no variant, associated function, or constant named `InjectedFault` found for enum `sapphire_framework_sync::Error` in the current scope
[INFO] [stdout]    --> tests/replica_guards.rs:118:20
[INFO] [stdout]     |
[INFO] [stdout] 118 |         Err(Error::InjectedFault)
[INFO] [stdout]     |                    ^^^^^^^^^^^^^ variant, associated function, or constant not found in `sapphire_framework_sync::Error`
[INFO] [stdout] 
[INFO] [stdout] 
[INFO] [stdout] For more information about this error, try `rustc --explain E0432`.
[INFO] [stdout] 
[INFO] [stdout] For more information about this error, try `rustc --explain E0432`.
[INFO] [stdout] 
[INFO] [stderr] error: could not compile `sapphire-framework-sync` (test "replica_basic") due to 2 previous errors
[INFO] [stdout] error[E0599]: no method named `inject_after_reconcile` found for struct `Replica` in the current scope
[INFO] [stdout]    --> tests/replica_guards.rs:267:15
[INFO] [stdout]     |
[INFO] [stdout] 267 |     a.replica.inject_after_reconcile(Box::new(move || {
[INFO] [stdout]     |               ^^^^^^^^^^^^^^^^^^^^^^ method not found in `Replica`
[INFO] [stdout] 
[INFO] [stdout] 
[INFO] [stderr] error: could not compile `sapphire-framework-sync` (test "replica_conflict") due to 2 previous errors
[INFO] [stdout] Some errors have detailed explanations: E0432, E0599.
[INFO] [stdout] 
[INFO] [stdout] For more information about an error, try `rustc --explain E0432`.
[INFO] [stdout] 
[INFO] [stderr] error: could not compile `sapphire-framework-sync` (test "replica_guards") due to 7 previous errors
[INFO] [stdout] For more information about this error, try `rustc --explain E0432`.
[INFO] [stdout] 
[INFO] [stderr] error: could not compile `sapphire-framework-sync` (test "convergence") due to 1 previous error
[INFO] running `Command { std: "docker" "inspect" "17f2e056fdea8ad72fcf6ee275292654042073ece0a9e866bd9c0cb0bc162243", kill_on_drop: false }`
[INFO] running `Command { std: "docker" "rm" "-f" "17f2e056fdea8ad72fcf6ee275292654042073ece0a9e866bd9c0cb0bc162243", kill_on_drop: false }`
[INFO] [stdout] 17f2e056fdea8ad72fcf6ee275292654042073ece0a9e866bd9c0cb0bc162243
